[INFO] cloning repository https://github.com/iang-msft/openvmm_brajax
[INFO] running `Command { std: "git" "-c" "credential.helper=" "-c" "credential.helper=/workspace/cargo-home/bin/git-credential-null" "clone" "--bare" "https://github.com/iang-msft/openvmm_brajax" "/workspace/cache/git-repos/https%3A%2F%2Fgithub.com%2Fiang-msft%2Fopenvmm_brajax", kill_on_drop: false }`
[INFO] [stderr] Cloning into bare repository '/workspace/cache/git-repos/https%3A%2F%2Fgithub.com%2Fiang-msft%2Fopenvmm_brajax'...
[INFO] running `Command { std: "git" "rev-parse" "HEAD", kill_on_drop: false }`
[INFO] [stdout] 9d67cfcfab12c11b43a6591f42f279af12b1a1e2
[INFO] checking iang-msft/openvmm_brajax against 3154cc1a3e6424e44f438a95007d043ed5ceaaf6 for pr-133502-30
[INFO] running `Command { std: "git" "clone" "/workspace/cache/git-repos/https%3A%2F%2Fgithub.com%2Fiang-msft%2Fopenvmm_brajax" "/workspace/builds/worker-1-tc2/source", kill_on_drop: false }`
[INFO] [stderr] Cloning into '/workspace/builds/worker-1-tc2/source'...
[INFO] [stderr] done.
[INFO] removed /workspace/builds/worker-1-tc2/source/.cargo/config.toml
[INFO] started tweaking git repo https://github.com/iang-msft/openvmm_brajax
[INFO] finished tweaking git repo https://github.com/iang-msft/openvmm_brajax
[INFO] tweaked toml for git repo https://github.com/iang-msft/openvmm_brajax written to /workspace/builds/worker-1-tc2/source/Cargo.toml
[INFO] validating manifest of git repo https://github.com/iang-msft/openvmm_brajax on toolchain 3154cc1a3e6424e44f438a95007d043ed5ceaaf6
[INFO] running `Command { std: CARGO_HOME="/workspace/cargo-home" RUSTUP_HOME="/workspace/rustup-home" "/workspace/cargo-home/bin/cargo" "+3154cc1a3e6424e44f438a95007d043ed5ceaaf6" "metadata" "--manifest-path" "Cargo.toml" "--no-deps", kill_on_drop: false }`
[INFO] crate git repo https://github.com/iang-msft/openvmm_brajax already has a lockfile, it will not be regenerated
[INFO] running `Command { std: CARGO_HOME="/workspace/cargo-home" RUSTUP_HOME="/workspace/rustup-home" "/workspace/cargo-home/bin/cargo" "+3154cc1a3e6424e44f438a95007d043ed5ceaaf6" "fetch" "--manifest-path" "Cargo.toml", kill_on_drop: false }`
[INFO] running `Command { std: "docker" "create" "-v" "/var/lib/crater-agent-workspace/builds/worker-1-tc2/source:/opt/rustwide/workdir:ro,Z" "-v" "/var/lib/crater-agent-workspace/builds/worker-1-tc2/target:/opt/rustwide/target:rw,Z" "-v" "/var/lib/crater-agent-workspace/cargo-home:/opt/rustwide/cargo-home:ro,Z" "-v" "/var/lib/crater-agent-workspace/rustup-home:/opt/rustwide/rustup-home:ro,Z" "-m" "1610612736" "--network" "none" "ghcr.io/rust-lang/crates-build-env/linux@sha256:77db811e55d90add9212f6832c23229e3de5f1c1f9905e8cb07319ea15df73ac" "sleep" "infinity", kill_on_drop: false }`
[INFO] [stdout] 20700ac379b754c5474429e07779302eebe587e704b2d47bcd6c807620e73231
[INFO] running `Command { std: "docker" "start" "20700ac379b754c5474429e07779302eebe587e704b2d47bcd6c807620e73231", kill_on_drop: false }`
[INFO] running `Command { std: "docker" "inspect" "20700ac379b754c5474429e07779302eebe587e704b2d47bcd6c807620e73231", kill_on_drop: false }`
[INFO] running `Command { std: "docker" "exec" "-e" "SOURCE_DIR=/opt/rustwide/workdir" "-e" "CARGO_HOME=/opt/rustwide/cargo-home" "-e" "RUSTUP_HOME=/opt/rustwide/rustup-home" "-e" "CARGO_TARGET_DIR=/opt/rustwide/target" "-w" "/opt/rustwide/workdir" "--user" "0:0" "20700ac379b754c5474429e07779302eebe587e704b2d47bcd6c807620e73231" "/opt/rustwide/cargo-home/bin/cargo" "+3154cc1a3e6424e44f438a95007d043ed5ceaaf6" "metadata" "--no-deps" "--format-version=1", kill_on_drop: false }`
[INFO] running `Command { std: "docker" "inspect" "20700ac379b754c5474429e07779302eebe587e704b2d47bcd6c807620e73231", kill_on_drop: false }`
[INFO] running `Command { std: "docker" "exec" "-e" "SOURCE_DIR=/opt/rustwide/workdir" "-e" "CARGO_HOME=/opt/rustwide/cargo-home" "-e" "RUSTUP_HOME=/opt/rustwide/rustup-home" "-e" "CARGO_TARGET_DIR=/opt/rustwide/target" "-e" "CARGO_INCREMENTAL=0" "-e" "RUST_BACKTRACE=full" "-e" "RUSTFLAGS=--cap-lints=forbid" "-e" "RUSTDOCFLAGS=--cap-lints=forbid" "-w" "/opt/rustwide/workdir" "--user" "0:0" "20700ac379b754c5474429e07779302eebe587e704b2d47bcd6c807620e73231" "/opt/rustwide/cargo-home/bin/cargo" "+3154cc1a3e6424e44f438a95007d043ed5ceaaf6" "check" "--frozen" "--all" "--all-targets" "--message-format=json", kill_on_drop: false }`
[INFO] [stderr]    Compiling proc-macro2 v1.0.101
[INFO] [stderr]    Compiling libc v0.2.184
[INFO] [stderr]    Compiling zerocopy v0.8.27
[INFO] [stderr]    Compiling either v1.15.0
[INFO] [stderr]    Compiling rustix v0.38.44
[INFO] [stderr]    Compiling prettyplease v0.1.25
[INFO] [stderr]    Compiling bitflags v2.9.3
[INFO] [stderr]    Compiling fs-err v3.1.1
[INFO] [stderr]    Compiling getrandom v0.3.3
[INFO] [stderr]    Compiling lock_api v0.4.13
[INFO] [stderr]    Compiling bytes v1.11.1
[INFO] [stderr]    Compiling rustix v1.0.8
[INFO] [stderr]    Compiling linux-raw-sys v0.4.15
[INFO] [stderr]    Compiling regex-syntax v0.8.6
[INFO] [stderr]    Compiling fixedbitset v0.4.2
[INFO] [stderr]    Compiling home v0.5.11
[INFO] [stderr]    Compiling log v0.4.27
[INFO] [stderr]    Compiling multimap v0.8.3
[INFO] [stderr]    Compiling getrandom v0.4.2
[INFO] [stderr]    Compiling itertools v0.10.5
[INFO] [stderr]    Compiling linkme-impl v0.3.33
[INFO] [stderr]     Checking tracing-core v0.1.35
[INFO] [stderr]    Compiling smallbox v0.8.8
[INFO] [stderr]    Compiling io-uring v0.7.11
[INFO] [stderr]    Compiling petgraph v0.6.5
[INFO] [stderr]     Checking open_enum v0.0.0 (/opt/rustwide/workdir/support/open_enum)
[INFO] [stderr]     Checking filepath v0.2.0
[INFO] [stderr]     Checking event-listener v5.4.1
[INFO] [stderr]     Checking loan_cell v0.0.0 (/opt/rustwide/workdir/support/loan_cell)
[INFO] [stderr]     Checking cfg-if v1.0.3
[INFO] [stderr]     Checking futures-lite v2.6.1
[INFO] [stderr]     Checking diatomic-waker v0.2.3
[INFO] [stderr]     Checking cordyceps v0.3.4
[INFO] [stderr]     Checking memchr v2.7.5
[INFO] [stderr]    Compiling quote v1.0.40
[INFO] [stderr]     Checking spin v0.10.0
[INFO] [stderr]     Checking event-listener-strategy v0.5.4
[INFO] [stderr]     Checking pin-project-lite v0.2.16
[INFO] [stderr]     Checking smallvec v1.15.1
[INFO] [stderr]     Checking async-channel v2.5.0
[INFO] [stderr]    Compiling syn v2.0.106
[INFO] [stderr]    Compiling syn v1.0.109
[INFO] [stderr]     Checking futures-buffered v0.2.12
[INFO] [stderr]     Checking once_cell v1.21.3
[INFO] [stderr]     Checking futures-core v0.3.31
[INFO] [stderr]     Checking scopeguard v1.2.0
[INFO] [stderr]     Checking futures-sink v0.3.31
[INFO] [stderr]     Checking futures-io v0.3.31
[INFO] [stderr]     Checking slab v0.4.11
[INFO] [stderr]     Checking futures-channel v0.3.31
[INFO] [stderr]     Checking parking_lot_core v0.9.11
[INFO] [stderr]     Checking socket2 v0.6.0
[INFO] [stderr]     Checking seccompiler v0.5.0
[INFO] [stderr]     Checking unix_socket v0.0.0 (/opt/rustwide/workdir/support/unix_socket)
[INFO] [stderr]     Checking pin-utils v0.1.0
[INFO] [stderr]     Checking parking_lot v0.12.4
[INFO] [stderr]     Checking futures-task v0.3.31
[INFO] [stderr]     Checking heck v0.5.0
[INFO] [stderr]     Checking rand_core v0.10.1
[INFO] [stderr]     Checking base64 v0.22.1
[INFO] [stderr]     Checking serde_core v1.0.228
[INFO] [stderr]     Checking crossbeam-utils v0.8.21
[INFO] [stderr]     Checking aho-corasick v1.1.3
[INFO] [stderr]    Compiling build_rs_guest_arch v0.0.0 (/opt/rustwide/workdir/vm/vmcore/build_rs_guest_arch)
[INFO] [stderr]     Checking parking v2.2.1
[INFO] [stderr]    Compiling regex-automata v0.4.14
[INFO] [stderr]     Checking static_assertions v1.1.0
[INFO] [stderr]     Checking anyhow v1.0.99
[INFO] [stderr]    Compiling tempfile v3.21.0
[INFO] [stderr]     Checking fastrand v2.3.0
[INFO] [stderr]     Checking linux-raw-sys v0.9.4
[INFO] [stderr]     Checking concurrent-queue v2.5.0
[INFO] [stderr]     Checking async-task v4.7.1
[INFO] [stderr]    Compiling which v4.4.2
[INFO] [stderr]     Checking tracing-log v0.2.0
[INFO] [stderr]     Checking thread_local v1.1.9
[INFO] [stderr]     Checking fixedbitset v0.5.7
[INFO] [stderr]     Checking nu-ansi-term v0.50.1
[INFO] [stderr]    Compiling nix v0.30.1
[INFO] [stderr]    Compiling vm_topology v0.0.0 (/opt/rustwide/workdir/vm/vmcore/vm_topology)
[INFO] [stderr]    Compiling serde_json v1.0.143
[INFO] [stderr]    Compiling jobserver v0.1.34
[INFO] [stderr]     Checking fast_select v0.0.0 (/opt/rustwide/workdir/support/fast_select)
[INFO] [stderr]     Checking safe_intrinsics v0.0.0 (/opt/rustwide/workdir/support/safe_intrinsics)
[INFO] [stderr]    Compiling virt v0.0.0 (/opt/rustwide/workdir/vmm_core/virt)
[INFO] [stderr]    Compiling cc v1.2.34
[INFO] [stderr]     Checking stackfuture v0.3.0
[INFO] [stderr]     Checking uniset v0.2.4
[INFO] [stderr]    Compiling typenum v1.18.0
[INFO] [stderr]     Checking unicycle v0.10.2
[INFO] [stderr]     Checking lazy_static v1.5.0
[INFO] [stderr]     Checking sharded-slab v0.1.7
[INFO] [stderr]     Checking headervec v0.0.0 (/opt/rustwide/workdir/support/headervec)
[INFO] [stderr]    Compiling wchar v0.11.1
[INFO] [stderr]    Compiling openssl v0.10.80
[INFO] [stderr]     Checking arrayvec v0.7.6
[INFO] [stderr]     Checking itoa v1.0.15
[INFO] [stderr]    Compiling libm v0.2.15
[INFO] [stderr]     Checking indexmap v2.11.0
[INFO] [stderr]     Checking device_emulators v0.0.0 (/opt/rustwide/workdir/vm/devices/support/device_emulators)
[INFO] [stderr]     Checking vfio-bindings v0.4.0
[INFO] [stderr]    Compiling crypto v0.0.0 (/opt/rustwide/workdir/support/crypto)
[INFO] [stderr]    Compiling object v0.37.3
[INFO] [stderr]     Checking bitvec v1.1.0 (https://github.com/smalis-msft/bitvec?branch=set-aliased-previous-val#d0aea0cf)
[INFO] [stderr] warning: crypto@0.0.0: No or multiple crypto backends enabled. This may cause a link-time error.
[INFO] [stderr]     Checking crc32fast v1.5.0
[INFO] [stderr]     Checking signal-hook-registry v1.4.6
[INFO] [stderr]     Checking is_terminal_polyfill v1.70.1
[INFO] [stderr]     Checking anstyle-query v1.1.4
[INFO] [stderr]     Checking signal-hook v0.3.18
[INFO] [stderr]    Compiling regex v1.12.3
[INFO] [stderr]     Checking anstream v0.6.20
[INFO] [stderr]    Compiling openssl-src v300.6.1+3.6.3
[INFO] [stderr]    Compiling ryu v1.0.20
[INFO] [stderr]     Checking range_map_vec v0.2.0
[INFO] [stderr]     Checking const-oid v0.10.2
[INFO] [stderr]     Checking mio v1.0.4
[INFO] [stderr]     Checking closeable_mutex v0.0.0 (/opt/rustwide/workdir/support/closeable_mutex)
[INFO] [stderr]     Checking clap_builder v4.5.46
[INFO] [stderr]     Checking blocking v1.6.2
[INFO] [stderr]    Compiling hv1_emulator v0.0.0 (/opt/rustwide/workdir/vm/hv1/hv1_emulator)
[INFO] [stderr]    Compiling openssl-sys v0.9.116
[INFO] [stderr]     Checking equivalent v1.0.2
[INFO] [stderr]    Compiling mesh_protobuf v0.0.0 (/opt/rustwide/workdir/support/mesh/mesh_protobuf)
[INFO] [stderr]     Checking arc_cyclic_builder v0.0.0 (/opt/rustwide/workdir/support/arc_cyclic_builder)
[INFO] [stderr]     Checking allocator-api2 v0.2.21
[INFO] [stderr]     Checking foldhash v0.1.5
[INFO] [stderr]     Checking base64ct v1.8.0
[INFO] [stderr]     Checking pem-rfc7468 v1.0.0
[INFO] [stderr]     Checking flagset v0.4.7
[INFO] [stderr]     Checking hashbrown v0.15.5
[INFO] [stderr]    Compiling xshell-macros v0.2.2
[INFO] [stderr]     Checking http v1.3.1
[INFO] [stderr]     Checking hybrid-array v0.4.10
[INFO] [stderr]     Checking tokio v1.47.1
[INFO] [stderr]     Checking iced-x86 v1.21.0
[INFO] [stderr]     Checking cpubits v0.1.0
[INFO] [stderr]     Checking atomic-waker v1.1.2
[INFO] [stderr]     Checking crypto-bigint v0.7.3
[INFO] [stderr]     Checking matchers v0.2.0
[INFO] [stderr]    Compiling libfuzzer-sys v0.4.10
[INFO] [stderr]     Checking num-traits v0.2.19
[INFO] [stderr]     Checking crypto-common v0.2.1
[INFO] [stderr]     Checking block-buffer v0.12.0
[INFO] [stderr] error: could not compile `syn` (lib)
[INFO] [stderr] 
[INFO] [stderr] Caused by:
[INFO] [stderr]   process didn't exit successfully: `/opt/rustwide/rustup-home/toolchains/3154cc1a3e6424e44f438a95007d043ed5ceaaf6/bin/rustc --crate-name syn --edition=2021 /opt/rustwide/cargo-home/registry/src/index.crates.io-1949cf8c6b5b557f/syn-2.0.106/src/lib.rs --error-format=json --json=diagnostic-rendered-ansi,artifacts,future-incompat,unused-externs-silent --crate-type lib --emit=dep-info,metadata,link -Z embed-metadata=no -C embed-bitcode=no --cfg 'feature="clone-impls"' --cfg 'feature="default"' --cfg 'feature="derive"' --cfg 'feature="extra-traits"' --cfg 'feature="full"' --cfg 'feature="parsing"' --cfg 'feature="printing"' --cfg 'feature="proc-macro"' --cfg 'feature="visit-mut"' --check-cfg 'cfg(docsrs,test)' --check-cfg 'cfg(feature, values("clone-impls", "default", "derive", "extra-traits", "fold", "full", "parsing", "printing", "proc-macro", "test", "visit", "visit-mut"))' -C metadata=5318ff2f2b73cecf -C extra-filename=-3d7ba2e0582b0d2a --out-dir /opt/rustwide/target/debug/build/syn/3d7ba2e0582b0d2a/out -L dependency=/opt/rustwide/target/debug/build/proc-macro2/c158e4dd87109244/out -L dependency=/opt/rustwide/target/debug/build/unicode-ident/b3925cc8f83e9ac1/out --extern proc_macro2=/opt/rustwide/target/debug/build/proc-macro2/c158e4dd87109244/out/libproc_macro2-c158e4dd87109244.rmeta --extern quote=/opt/rustwide/target/debug/build/quote/d215eade8192900f/out/libquote-d215eade8192900f.rmeta --extern unicode_ident=/opt/rustwide/target/debug/build/unicode-ident/b3925cc8f83e9ac1/out/libunicode_ident-b3925cc8f83e9ac1.rmeta --cap-lints allow --cap-lints=forbid --force-warn=unused_crate_dependencies` (signal: 9, SIGKILL: kill)
[INFO] [stderr] warning: build failed, waiting for other jobs to finish...
[INFO] [stderr] error: could not compile `iced-x86` (lib)
[INFO] [stderr] 
[INFO] [stderr] Caused by:
[INFO] [stderr]   process didn't exit successfully: `/opt/rustwide/rustup-home/toolchains/3154cc1a3e6424e44f438a95007d043ed5ceaaf6/bin/rustc --crate-name iced_x86 --edition=2021 /opt/rustwide/cargo-home/registry/src/index.crates.io-1949cf8c6b5b557f/iced-x86-1.21.0/src/lib.rs --error-format=json --json=diagnostic-rendered-ansi,artifacts,future-incompat,unused-externs-silent --crate-type lib --emit=dep-info,metadata -C embed-bitcode=no -C debuginfo=2 --cfg 'feature="block_encoder"' --cfg 'feature="code_asm"' --cfg 'feature="decoder"' --cfg 'feature="encoder"' --cfg 'feature="fast_fmt"' --cfg 'feature="instr_info"' --cfg 'feature="lazy_static"' --cfg 'feature="no_d3now"' --cfg 'feature="no_evex"' --cfg 'feature="no_vex"' --cfg 'feature="no_xop"' --cfg 'feature="std"' --check-cfg 'cfg(docsrs,test)' --check-cfg 'cfg(feature, values("__internal_flip", "block_encoder", "code_asm", "db", "decoder", "default", "encoder", "exhaustive_enums", "fast_fmt", "gas", "instr_info", "intel", "lazy_static", "masm", "mvex", "nasm", "no_d3now", "no_evex", "no_std", "no_vex", "no_xop", "op_code_info", "serde", "std"))' -C metadata=8984d3a21eed6d8d -C extra-filename=-b6ea42c84b9ab1fa --out-dir /opt/rustwide/target/debug/build/iced-x86/b6ea42c84b9ab1fa/out --extern lazy_static=/opt/rustwide/target/debug/build/lazy_static/cb8ca6aa8c56979f/out/liblazy_static-cb8ca6aa8c56979f.rmeta --cap-lints allow --cap-lints=forbid --force-warn=unused_crate_dependencies` (signal: 9, SIGKILL: kill)
[INFO] [stderr] error: could not compile `tokio` (lib)
[INFO] [stderr] 
[INFO] [stderr] Caused by:
[INFO] [stderr]   process didn't exit successfully: `/opt/rustwide/rustup-home/toolchains/3154cc1a3e6424e44f438a95007d043ed5ceaaf6/bin/rustc --crate-name tokio --edition=2021 /opt/rustwide/cargo-home/registry/src/index.crates.io-1949cf8c6b5b557f/tokio-1.47.1/src/lib.rs --error-format=json --json=diagnostic-rendered-ansi,artifacts,future-incompat,unused-externs-silent --crate-type lib --emit=dep-info,metadata -C embed-bitcode=no -C debuginfo=2 --cfg 'feature="bytes"' --cfg 'feature="default"' --cfg 'feature="io-util"' --cfg 'feature="libc"' --cfg 'feature="mio"' --cfg 'feature="net"' --cfg 'feature="rt"' --cfg 'feature="rt-multi-thread"' --cfg 'feature="socket2"' --cfg 'feature="sync"' --cfg 'feature="time"' --check-cfg 'cfg(docsrs,test)' --check-cfg 'cfg(feature, values("bytes", "default", "fs", "full", "io-std", "io-util", "libc", "macros", "mio", "net", "parking_lot", "process", "rt", "rt-multi-thread", "signal", "signal-hook-registry", "socket2", "sync", "test-util", "time", "tokio-macros", "tracing", "windows-sys"))' -C metadata=f9bec35648bd4956 -C extra-filename=-b8d5cddb49f53172 --out-dir /opt/rustwide/target/debug/build/tokio/b8d5cddb49f53172/out -L dependency=/opt/rustwide/target/debug/build/libc/c746263dbbbb441f/out -L dependency=/opt/rustwide/target/debug/build/log/9dd860993e8ea465/out --extern bytes=/opt/rustwide/target/debug/build/bytes/c3c82aecfaa31497/out/libbytes-c3c82aecfaa31497.rmeta --extern libc=/opt/rustwide/target/debug/build/libc/c746263dbbbb441f/out/liblibc-c746263dbbbb441f.rmeta --extern mio=/opt/rustwide/target/debug/build/mio/be155d9a67c95d48/out/libmio-be155d9a67c95d48.rmeta --extern pin_project_lite=/opt/rustwide/target/debug/build/pin-project-lite/dccf8aabedbf6d41/out/libpin_project_lite-dccf8aabedbf6d41.rmeta --extern socket2=/opt/rustwide/target/debug/build/socket2/5b4bc0c502f1ad72/out/libsocket2-5b4bc0c502f1ad72.rmeta --cap-lints allow --cap-lints=forbid --force-warn=unused_crate_dependencies` (signal: 9, SIGKILL: kill)
[INFO] [stderr] error: could not compile `object` (lib)
[INFO] [stderr] 
[INFO] [stderr] Caused by:
[INFO] [stderr]   process didn't exit successfully: `/opt/rustwide/rustup-home/toolchains/3154cc1a3e6424e44f438a95007d043ed5ceaaf6/bin/rustc --crate-name object --edition=2018 /opt/rustwide/cargo-home/registry/src/index.crates.io-1949cf8c6b5b557f/object-0.37.3/src/lib.rs --error-format=json --json=diagnostic-rendered-ansi,artifacts,future-incompat,unused-externs-silent --crate-type lib --emit=dep-info,metadata -C embed-bitcode=no -C debuginfo=2 --cfg 'feature="archive"' --cfg 'feature="coff"' --cfg 'feature="elf"' --cfg 'feature="macho"' --cfg 'feature="pe"' --cfg 'feature="read"' --cfg 'feature="read_core"' --cfg 'feature="std"' --cfg 'feature="unaligned"' --cfg 'feature="xcoff"' --check-cfg 'cfg(docsrs,test)' --check-cfg 'cfg(feature, values("all", "alloc", "archive", "build", "build_core", "cargo-all", "coff", "compression", "core", "default", "doc", "elf", "macho", "pe", "read", "read_core", "rustc-dep-of-std", "std", "unaligned", "unstable", "unstable-all", "wasm", "write", "write_core", "write_std", "xcoff"))' -C metadata=a687eca22b52f7ca -C extra-filename=-4235c705ab487f84 --out-dir /opt/rustwide/target/debug/build/object/4235c705ab487f84/out --extern memchr=/opt/rustwide/target/debug/build/memchr/2998dc56ed90fbb0/out/libmemchr-2998dc56ed90fbb0.rmeta --cap-lints allow --cap-lints=forbid --force-warn=unused_crate_dependencies --cfg core_error --check-cfg 'cfg(core_error)'` (signal: 9, SIGKILL: kill)
[INFO] [stderr] error: could not compile `crypto-bigint` (lib)
[INFO] [stderr] 
[INFO] [stderr] Caused by:
[INFO] [stderr]   process didn't exit successfully: `/opt/rustwide/rustup-home/toolchains/3154cc1a3e6424e44f438a95007d043ed5ceaaf6/bin/rustc --crate-name crypto_bigint --edition=2024 /opt/rustwide/cargo-home/registry/src/index.crates.io-1949cf8c6b5b557f/crypto-bigint-0.7.3/src/lib.rs --error-format=json --json=diagnostic-rendered-ansi,artifacts,future-incompat,unused-externs-silent --crate-type lib --emit=dep-info,metadata -C embed-bitcode=no -C debuginfo=2 --cfg 'feature="alloc"' --cfg 'feature="rand_core"' --cfg 'feature="zeroize"' --check-cfg 'cfg(docsrs,test)' --check-cfg 'cfg(feature, values("alloc", "default", "der", "extra-sizes", "getrandom", "hybrid-array", "rand_core", "rlp", "serde", "subtle", "zeroize"))' -C metadata=816d7cf14532a6a5 -C extra-filename=-25d51a3b6fd098f5 --out-dir /opt/rustwide/target/debug/build/crypto-bigint/25d51a3b6fd098f5/out -L dependency=/opt/rustwide/target/debug/build/cmov/d863bcfeab538103/out --extern cpubits=/opt/rustwide/target/debug/build/cpubits/e3d8904820d9f40c/out/libcpubits-e3d8904820d9f40c.rmeta --extern ctutils=/opt/rustwide/target/debug/build/ctutils/670f59174de6c720/out/libctutils-670f59174de6c720.rmeta --extern num_traits=/opt/rustwide/target/debug/build/num-traits/5926fbb98e608a95/out/libnum_traits-5926fbb98e608a95.rmeta --extern rand_core=/opt/rustwide/target/debug/build/rand_core/9a5dc38792b219e1/out/librand_core-9a5dc38792b219e1.rmeta --extern zeroize=/opt/rustwide/target/debug/build/zeroize/9cea171f801bc7db/out/libzeroize-9cea171f801bc7db.rmeta --cap-lints allow --cap-lints=forbid --force-warn=unused_crate_dependencies` (signal: 9, SIGKILL: kill)
[INFO] [stderr] warning: libfuzzer-sys@0.4.10: c++: fatal error: Killed signal terminated program cc1plus
[INFO] [stderr] warning: libfuzzer-sys@0.4.10: compilation terminated.
[INFO] [stderr] warning: libfuzzer-sys@0.4.10: ToolExecError: command did not execute successfully (status code exit status: 1): LC_ALL="C" "c++" "-O0" "-ffunction-sections" "-fdata-sections" "-fPIC" "-gdwarf-4" "-fno-omit-frame-pointer" "-m64" "-std=c++17" "-o" "/opt/rustwide/target/debug/build/libfuzzer-sys/d1a3515b352167cd/out/e5f0d71fb86e9d6b-FuzzerDriver.o" "-c" "libfuzzer/FuzzerDriver.cpp"cargo:warning=c++: fatal error: Killed signal terminated program cc1plus
[INFO] [stderr] warning: libfuzzer-sys@0.4.10: compilation terminated.
[INFO] [stderr] warning: libfuzzer-sys@0.4.10: ToolExecError: command did not execute successfully (status code exit status: 1): LC_ALL="C" "c++" "-O0" "-ffunction-sections" "-fdata-sections" "-fPIC" "-gdwarf-4" "-fno-omit-frame-pointer" "-m64" "-std=c++17" "-o" "/opt/rustwide/target/debug/build/libfuzzer-sys/d1a3515b352167cd/out/e5f0d71fb86e9d6b-FuzzerLoop.o" "-c" "libfuzzer/FuzzerLoop.cpp"
[INFO] [stderr] error: failed to run custom build command for `libfuzzer-sys v0.4.10`
[INFO] [stderr] note: To improve backtraces for build dependencies, set the CARGO_PROFILE_DEV_BUILD_OVERRIDE_DEBUG=true environment variable to enable debug information generation.
[INFO] [stderr] 
[INFO] [stderr] Caused by:
[INFO] [stderr]   process didn't exit successfully: `/opt/rustwide/target/debug/build/libfuzzer-sys/15e416feb1f30cca/out/build_script_build` (exit status: 1)
[INFO] [stderr]   --- stdout
[INFO] [stderr]   cargo:rerun-if-env-changed=CUSTOM_LIBFUZZER_PATH
[INFO] [stderr]   cargo:rerun-if-changed=libfuzzer/FuzzerDriver.cpp
[INFO] [stderr]   cargo:rerun-if-changed=libfuzzer/FuzzerIO.cpp
[INFO] [stderr]   cargo:rerun-if-changed=libfuzzer/FuzzerUtilLinux.cpp
[INFO] [stderr]   cargo:rerun-if-changed=libfuzzer/FuzzerLoop.cpp
[INFO] [stderr]   cargo:rerun-if-changed=libfuzzer/FuzzerIOPosix.cpp
[INFO] [stderr]   cargo:rerun-if-changed=libfuzzer/FuzzerInterceptors.cpp
[INFO] [stderr]   cargo:rerun-if-changed=libfuzzer/FuzzerExtFunctionsWindows.cpp
[INFO] [stderr]   cargo:rerun-if-changed=libfuzzer/FuzzerExtraCountersDarwin.cpp
[INFO] [stderr]   cargo:rerun-if-changed=libfuzzer/FuzzerExtFunctionsWeak.cpp
[INFO] [stderr]   cargo:rerun-if-changed=libfuzzer/FuzzerUtilPosix.cpp
[INFO] [stderr]   cargo:rerun-if-changed=libfuzzer/FuzzerUtilDarwin.cpp
[INFO] [stderr]   cargo:rerun-if-changed=libfuzzer/FuzzerFork.cpp
[INFO] [stderr]   cargo:rerun-if-changed=libfuzzer/FuzzerIOWindows.cpp
[INFO] [stderr]   cargo:rerun-if-changed=libfuzzer/FuzzerDataFlowTrace.cpp
[INFO] [stderr]   cargo:rerun-if-changed=libfuzzer/FuzzerTracePC.cpp
[INFO] [stderr]   cargo:rerun-if-changed=libfuzzer/FuzzerExtraCounters.cpp
[INFO] [stderr]   cargo:rerun-if-changed=libfuzzer/FuzzerExtFunctionsDlsym.cpp
[INFO] [stderr]   cargo:rerun-if-changed=libfuzzer/FuzzerUtilWindows.cpp
[INFO] [stderr]   cargo:rerun-if-changed=libfuzzer/FuzzerUtil.cpp
[INFO] [stderr]   cargo:rerun-if-changed=libfuzzer/FuzzerMain.cpp
[INFO] [stderr]   cargo:rerun-if-changed=libfuzzer/FuzzerMerge.cpp
[INFO] [stderr]   cargo:rerun-if-changed=libfuzzer/FuzzerExtraCountersWindows.cpp
[INFO] [stderr]   cargo:rerun-if-changed=libfuzzer/FuzzerCrossOver.cpp
[INFO] [stderr]   cargo:rerun-if-changed=libfuzzer/FuzzerSHA1.cpp
[INFO] [stderr]   cargo:rerun-if-changed=libfuzzer/FuzzerMutate.cpp
[INFO] [stderr]   cargo:rerun-if-changed=libfuzzer/FuzzerUtilFuchsia.cpp
[INFO] [stderr]   OUT_DIR = Some(/opt/rustwide/target/debug/build/libfuzzer-sys/d1a3515b352167cd/out)
[INFO] [stderr]   OPT_LEVEL = Some(0)
[INFO] [stderr]   TARGET = Some(x86_64-unknown-linux-gnu)
[INFO] [stderr]   HOST = Some(x86_64-unknown-linux-gnu)
[INFO] [stderr]   cargo:rerun-if-env-changed=CXX_x86_64-unknown-linux-gnu
[INFO] [stderr]   CXX_x86_64-unknown-linux-gnu = None
[INFO] [stderr]   cargo:rerun-if-env-changed=CXX_x86_64_unknown_linux_gnu
[INFO] [stderr]   CXX_x86_64_unknown_linux_gnu = None
[INFO] [stderr]   cargo:rerun-if-env-changed=HOST_CXX
[INFO] [stderr]   HOST_CXX = None
[INFO] [stderr]   cargo:rerun-if-env-changed=CXX
[INFO] [stderr]   CXX = None
[INFO] [stderr]   cargo:rerun-if-env-changed=CC_ENABLE_DEBUG_OUTPUT
[INFO] [stderr]   RUSTC_WRAPPER = None
[INFO] [stderr]   cargo:rerun-if-env-changed=CRATE_CC_NO_DEFAULTS
[INFO] [stderr]   CRATE_CC_NO_DEFAULTS = None
[INFO] [stderr]   DEBUG = Some(true)
[INFO] [stderr]   CARGO_CFG_TARGET_FEATURE = Some(fxsr,sse,sse2,x87)
[INFO] [stderr]   cargo:rerun-if-env-changed=CXXFLAGS
[INFO] [stderr]   CXXFLAGS = None
[INFO] [stderr]   cargo:rerun-if-env-changed=HOST_CXXFLAGS
[INFO] [stderr]   HOST_CXXFLAGS = None
[INFO] [stderr]   cargo:rerun-if-env-changed=CXXFLAGS_x86_64_unknown_linux_gnu
[INFO] [stderr]   CXXFLAGS_x86_64_unknown_linux_gnu = None
[INFO] [stderr]   cargo:rerun-if-env-changed=CXXFLAGS_x86_64-unknown-linux-gnu
[INFO] [stderr]   CXXFLAGS_x86_64-unknown-linux-gnu = None
[INFO] [stderr]   CARGO_ENCODED_RUSTFLAGS = Some(--cap-lints=forbid)
[INFO] [stderr]   exit status: 0
[INFO] [stderr]   exit status: 0
[INFO] [stderr]   exit status: 0
[INFO] [stderr]   exit status: 0
[INFO] [stderr]   exit status: 0
[INFO] [stderr]   exit status: 0
[INFO] [stderr]   exit status: 0
[INFO] [stderr]   exit status: 0
[INFO] [stderr]   cargo:warning=c++: fatal error: Killed signal terminated program cc1plus
[INFO] [stderr]   cargo:warning=compilation terminated.
[INFO] [stderr]   exit status: 0
[INFO] [stderr]   exit status: 0
[INFO] [stderr]   exit status: 0
[INFO] [stderr]   exit status: 0
[INFO] [stderr]   exit status: 0
[INFO] [stderr]   exit status: 0
[INFO] [stderr]   exit status: 0
[INFO] [stderr]   exit status: 1
[INFO] [stderr]   cargo:warning=ToolExecError: command did not execute successfully (status code exit status: 1): LC_ALL="C" "c++" "-O0" "-ffunction-sections" "-fdata-sections" "-fPIC" "-gdwarf-4" "-fno-omit-frame-pointer" "-m64" "-std=c++17" "-o" "/opt/rustwide/target/debug/build/libfuzzer-sys/d1a3515b352167cd/out/e5f0d71fb86e9d6b-FuzzerDriver.o" "-c" "libfuzzer/FuzzerDriver.cpp"cargo:warning=c++: fatal error: Killed signal terminated program cc1plus
[INFO] [stderr]   cargo:warning=compilation terminated.
[INFO] [stderr] 
[INFO] [stderr]   exit status: 1
[INFO] [stderr]   cargo:warning=ToolExecError: command did not execute successfully (status code exit status: 1): LC_ALL="C" "c++" "-O0" "-ffunction-sections" "-fdata-sections" "-fPIC" "-gdwarf-4" "-fno-omit-frame-pointer" "-m64" "-std=c++17" "-o" "/opt/rustwide/target/debug/build/libfuzzer-sys/d1a3515b352167cd/out/e5f0d71fb86e9d6b-FuzzerLoop.o" "-c" "libfuzzer/FuzzerLoop.cpp"
[INFO] [stderr]   exit status: 0
[INFO] [stderr]   exit status: 0
[INFO] [stderr]   exit status: 0
[INFO] [stderr]   exit status: 0
[INFO] [stderr]   exit status: 0
[INFO] [stderr]   exit status: 0
[INFO] [stderr]   exit status: 0
[INFO] [stderr]   exit status: 0
[INFO] [stderr]   exit status: 0
[INFO] [stderr] 
[INFO] [stderr]   --- stderr
[INFO] [stderr] 
[INFO] [stderr] 
[INFO] [stderr]   error occurred in cc-rs: command did not execute successfully (status code exit status: 1): LC_ALL="C" "c++" "-O0" "-ffunction-sections" "-fdata-sections" "-fPIC" "-gdwarf-4" "-fno-omit-frame-pointer" "-m64" "-std=c++17" "-o" "/opt/rustwide/target/debug/build/libfuzzer-sys/d1a3515b352167cd/out/e5f0d71fb86e9d6b-FuzzerLoop.o" "-c" "libfuzzer/FuzzerLoop.cpp"
[INFO] [stderr] 
[INFO] [stderr] 
[INFO] running `Command { std: "docker" "inspect" "20700ac379b754c5474429e07779302eebe587e704b2d47bcd6c807620e73231", kill_on_drop: false }`
[INFO] running `Command { std: "docker" "rm" "-f" "20700ac379b754c5474429e07779302eebe587e704b2d47bcd6c807620e73231", kill_on_drop: false }`
[INFO] [stdout] 20700ac379b754c5474429e07779302eebe587e704b2d47bcd6c807620e73231
