[INFO] cloning repository https://github.com/iamjlintw/mylocate
[INFO] running `Command { std: "git" "-c" "credential.helper=" "-c" "credential.helper=/workspace/cargo-home/bin/git-credential-null" "clone" "--bare" "https://github.com/iamjlintw/mylocate" "/workspace/cache/git-repos/https%3A%2F%2Fgithub.com%2Fiamjlintw%2Fmylocate", kill_on_drop: false }`
[INFO] [stderr] Cloning into bare repository '/workspace/cache/git-repos/https%3A%2F%2Fgithub.com%2Fiamjlintw%2Fmylocate'...
[INFO] running `Command { std: "git" "rev-parse" "HEAD", kill_on_drop: false }`
[INFO] [stdout] f06e382bc02ccfbe282a6a6c3625f245e7dea27f
[INFO] checking iamjlintw/mylocate against 3154cc1a3e6424e44f438a95007d043ed5ceaaf6+rustflags=-Znext-solver=coherence for pr-133502-30
[INFO] running `Command { std: "git" "clone" "/workspace/cache/git-repos/https%3A%2F%2Fgithub.com%2Fiamjlintw%2Fmylocate" "/workspace/builds/worker-1-tc1/source", kill_on_drop: false }`
[INFO] [stderr] Cloning into '/workspace/builds/worker-1-tc1/source'...
[INFO] [stderr] done.
[INFO] started tweaking git repo https://github.com/iamjlintw/mylocate
[INFO] finished tweaking git repo https://github.com/iamjlintw/mylocate
[INFO] tweaked toml for git repo https://github.com/iamjlintw/mylocate written to /workspace/builds/worker-1-tc1/source/Cargo.toml
[INFO] validating manifest of git repo https://github.com/iamjlintw/mylocate on toolchain 3154cc1a3e6424e44f438a95007d043ed5ceaaf6
[INFO] running `Command { std: CARGO_HOME="/workspace/cargo-home" RUSTUP_HOME="/workspace/rustup-home" "/workspace/cargo-home/bin/cargo" "+3154cc1a3e6424e44f438a95007d043ed5ceaaf6" "metadata" "--manifest-path" "Cargo.toml" "--no-deps", kill_on_drop: false }`
[INFO] crate git repo https://github.com/iamjlintw/mylocate already has a lockfile, it will not be regenerated
[INFO] running `Command { std: CARGO_HOME="/workspace/cargo-home" RUSTUP_HOME="/workspace/rustup-home" "/workspace/cargo-home/bin/cargo" "+3154cc1a3e6424e44f438a95007d043ed5ceaaf6" "fetch" "--manifest-path" "Cargo.toml", kill_on_drop: false }`
[INFO] running `Command { std: "docker" "create" "-v" "/var/lib/crater-agent-workspace/builds/worker-1-tc1/source:/opt/rustwide/workdir:ro,Z" "-v" "/var/lib/crater-agent-workspace/builds/worker-1-tc1/target:/opt/rustwide/target:rw,Z" "-v" "/var/lib/crater-agent-workspace/cargo-home:/opt/rustwide/cargo-home:ro,Z" "-v" "/var/lib/crater-agent-workspace/rustup-home:/opt/rustwide/rustup-home:ro,Z" "-m" "1610612736" "--network" "none" "ghcr.io/rust-lang/crates-build-env/linux@sha256:77db811e55d90add9212f6832c23229e3de5f1c1f9905e8cb07319ea15df73ac" "sleep" "infinity", kill_on_drop: false }`
[INFO] [stdout] aaebecc1eb81f58287f1b9dac99f0bb0e228fd43868d36a1ad5f4e6cd42bcf66
[INFO] running `Command { std: "docker" "start" "aaebecc1eb81f58287f1b9dac99f0bb0e228fd43868d36a1ad5f4e6cd42bcf66", kill_on_drop: false }`
[INFO] running `Command { std: "docker" "inspect" "aaebecc1eb81f58287f1b9dac99f0bb0e228fd43868d36a1ad5f4e6cd42bcf66", kill_on_drop: false }`
[INFO] running `Command { std: "docker" "exec" "-e" "SOURCE_DIR=/opt/rustwide/workdir" "-e" "CARGO_HOME=/opt/rustwide/cargo-home" "-e" "RUSTUP_HOME=/opt/rustwide/rustup-home" "-e" "CARGO_TARGET_DIR=/opt/rustwide/target" "-w" "/opt/rustwide/workdir" "--user" "0:0" "aaebecc1eb81f58287f1b9dac99f0bb0e228fd43868d36a1ad5f4e6cd42bcf66" "/opt/rustwide/cargo-home/bin/cargo" "+3154cc1a3e6424e44f438a95007d043ed5ceaaf6" "metadata" "--no-deps" "--format-version=1", kill_on_drop: false }`
[INFO] running `Command { std: "docker" "inspect" "aaebecc1eb81f58287f1b9dac99f0bb0e228fd43868d36a1ad5f4e6cd42bcf66", kill_on_drop: false }`
[INFO] running `Command { std: "docker" "exec" "-e" "SOURCE_DIR=/opt/rustwide/workdir" "-e" "CARGO_HOME=/opt/rustwide/cargo-home" "-e" "RUSTUP_HOME=/opt/rustwide/rustup-home" "-e" "CARGO_TARGET_DIR=/opt/rustwide/target" "-e" "CARGO_INCREMENTAL=0" "-e" "RUST_BACKTRACE=full" "-e" "RUSTFLAGS=--cap-lints=forbid -Znext-solver=coherence" "-e" "RUSTDOCFLAGS=--cap-lints=forbid" "-w" "/opt/rustwide/workdir" "--user" "0:0" "aaebecc1eb81f58287f1b9dac99f0bb0e228fd43868d36a1ad5f4e6cd42bcf66" "/opt/rustwide/cargo-home/bin/cargo" "+3154cc1a3e6424e44f438a95007d043ed5ceaaf6" "check" "--frozen" "--all" "--all-targets" "--message-format=json", kill_on_drop: false }`
[INFO] [stderr]     Checking mylocate v0.2.0 (/opt/rustwide/workdir)
[INFO] [stdout] error[E0455]: link kind `framework` is only supported on Apple targets
[INFO] [stdout]   --> src/fsevents.rs:85:38
[INFO] [stdout]    |
[INFO] [stdout] 85 | #[link(name = "CoreServices", kind = "framework")]
[INFO] [stdout]    |                                      ^^^^^^^^^^^
[INFO] [stdout] 
[INFO] [stdout] 
[INFO] [stdout] error[E0455]: link kind `framework` is only supported on Apple targets
[INFO] [stdout]   --> src/fsevents.rs:85:38
[INFO] [stdout]    |
[INFO] [stdout] 85 | #[link(name = "CoreServices", kind = "framework")]
[INFO] [stdout]    |                                      ^^^^^^^^^^^
[INFO] [stdout] 
[INFO] [stdout] 
[INFO] [stdout] error[E0308]: mismatched types
[INFO] [stdout]    --> src/scan.rs:295:8
[INFO] [stdout]     |
[INFO] [stdout] 295 |     Ok(st.st_dev)
[INFO] [stdout]     |     -- ^^^^^^^^^ expected `i32`, found `u64`
[INFO] [stdout]     |     |
[INFO] [stdout]     |     arguments to this enum variant are incorrect
[INFO] [stdout]     |
[INFO] [stdout] help: the type constructed contains `u64` due to the type of the argument passed
[INFO] [stdout]    --> src/scan.rs:295:5
[INFO] [stdout]     |
[INFO] [stdout] 295 |     Ok(st.st_dev)
[INFO] [stdout]     |     ^^^---------^
[INFO] [stdout]     |        |
[INFO] [stdout]     |        this argument influences the type of `Ok`
[INFO] [stdout] note: tuple variant defined here
[INFO] [stdout]    --> /rustc/3154cc1a3e6424e44f438a95007d043ed5ceaaf6/library/core/src/result.rs:562:4
[INFO] [stdout] help: you can convert a `u64` to an `i32` and panic if the converted value doesn't fit
[INFO] [stdout]     |
[INFO] [stdout] 295 |     Ok(st.st_dev.try_into().unwrap())
[INFO] [stdout]     |                 ++++++++++++++++++++
[INFO] [stdout] 
[INFO] [stdout] 
[INFO] [stdout] error[E0308]: mismatched types
[INFO] [stdout]    --> src/scan.rs:452:76
[INFO] [stdout]     |
[INFO] [stdout] 452 |             if unsafe { libc::fstat(child, &mut st) } != 0 || st.st_dev != self.root_dev {
[INFO] [stdout]     |                                                               ---------    ^^^^^^^^^^^^^ expected `u64`, found `i32`
[INFO] [stdout]     |                                                               |
[INFO] [stdout]     |                                                               expected because this is `u64`
[INFO] [stdout]     |
[INFO] [stdout] help: you can convert an `i32` to a `u64` and panic if the converted value doesn't fit
[INFO] [stdout]     |
[INFO] [stdout] 452 |             if unsafe { libc::fstat(child, &mut st) } != 0 || st.st_dev != self.root_dev.try_into().unwrap() {
[INFO] [stdout]     |                                                                                         ++++++++++++++++++++
[INFO] [stdout] 
[INFO] [stdout] 
[INFO] [stdout] error[E0308]: mismatched types
[INFO] [stdout]    --> src/scan.rs:295:8
[INFO] [stdout]     |
[INFO] [stdout] 295 |     Ok(st.st_dev)
[INFO] [stdout]     |     -- ^^^^^^^^^ expected `i32`, found `u64`
[INFO] [stdout]     |     |
[INFO] [stdout]     |     arguments to this enum variant are incorrect
[INFO] [stdout]     |
[INFO] [stdout] help: the type constructed contains `u64` due to the type of the argument passed
[INFO] [stdout]    --> src/scan.rs:295:5
[INFO] [stdout]     |
[INFO] [stdout] 295 |     Ok(st.st_dev)
[INFO] [stdout]     |     ^^^---------^
[INFO] [stdout]     |        |
[INFO] [stdout]     |        this argument influences the type of `Ok`
[INFO] [stdout] note: tuple variant defined here
[INFO] [stdout]    --> /rustc/3154cc1a3e6424e44f438a95007d043ed5ceaaf6/library/core/src/result.rs:562:4
[INFO] [stdout] help: you can convert a `u64` to an `i32` and panic if the converted value doesn't fit
[INFO] [stdout]     |
[INFO] [stdout] 295 |     Ok(st.st_dev.try_into().unwrap())
[INFO] [stdout]     |                 ++++++++++++++++++++
[INFO] [stdout] 
[INFO] [stdout] 
[INFO] [stdout] error[E0308]: mismatched types
[INFO] [stdout]    --> src/scan.rs:452:76
[INFO] [stdout]     |
[INFO] [stdout] 452 |             if unsafe { libc::fstat(child, &mut st) } != 0 || st.st_dev != self.root_dev {
[INFO] [stdout]     |                                                               ---------    ^^^^^^^^^^^^^ expected `u64`, found `i32`
[INFO] [stdout]     |                                                               |
[INFO] [stdout]     |                                                               expected because this is `u64`
[INFO] [stdout]     |
[INFO] [stdout] help: you can convert an `i32` to a `u64` and panic if the converted value doesn't fit
[INFO] [stdout]     |
[INFO] [stdout] 452 |             if unsafe { libc::fstat(child, &mut st) } != 0 || st.st_dev != self.root_dev.try_into().unwrap() {
[INFO] [stdout]     |                                                                                         ++++++++++++++++++++
[INFO] [stdout] 
[INFO] [stdout] 
[INFO] [stdout] Some errors have detailed explanations: E0308, E0455.
[INFO] [stdout] 
[INFO] [stdout] For more information about an error, try `rustc --explain E0308`.
[INFO] [stdout] 
[INFO] [stderr] error: could not compile `mylocate` (bin "ml") due to 3 previous errors
[INFO] [stderr] warning: build failed, waiting for other jobs to finish...
[INFO] [stdout] Some errors have detailed explanations: E0308, E0455.
[INFO] [stdout] 
[INFO] [stdout] For more information about an error, try `rustc --explain E0308`.
[INFO] [stdout] 
[INFO] [stderr] error: could not compile `mylocate` (bin "ml" test) due to 3 previous errors
[INFO] running `Command { std: "docker" "inspect" "aaebecc1eb81f58287f1b9dac99f0bb0e228fd43868d36a1ad5f4e6cd42bcf66", kill_on_drop: false }`
[INFO] running `Command { std: "docker" "rm" "-f" "aaebecc1eb81f58287f1b9dac99f0bb0e228fd43868d36a1ad5f4e6cd42bcf66", kill_on_drop: false }`
[INFO] [stdout] aaebecc1eb81f58287f1b9dac99f0bb0e228fd43868d36a1ad5f4e6cd42bcf66
