[INFO] cloning repository https://github.com/iamaritrasaha/relay
[INFO] running `Command { std: "git" "-c" "credential.helper=" "-c" "credential.helper=/workspace/cargo-home/bin/git-credential-null" "clone" "--bare" "https://github.com/iamaritrasaha/relay" "/workspace/cache/git-repos/https%3A%2F%2Fgithub.com%2Fiamaritrasaha%2Frelay", kill_on_drop: false }`
[INFO] [stderr] Cloning into bare repository '/workspace/cache/git-repos/https%3A%2F%2Fgithub.com%2Fiamaritrasaha%2Frelay'...
[INFO] running `Command { std: "git" "rev-parse" "HEAD", kill_on_drop: false }`
[INFO] [stdout] e0e87af5019e4f5c5ceaf5f914f1f9b2b196983c
[INFO] checking iamaritrasaha/relay against 3154cc1a3e6424e44f438a95007d043ed5ceaaf6 for pr-133502-30
[INFO] running `Command { std: "git" "clone" "/workspace/cache/git-repos/https%3A%2F%2Fgithub.com%2Fiamaritrasaha%2Frelay" "/workspace/builds/worker-6-tc2/source", kill_on_drop: false }`
[INFO] [stderr] Cloning into '/workspace/builds/worker-6-tc2/source'...
[INFO] [stderr] done.
[INFO] removed /workspace/builds/worker-6-tc2/source/rust-toolchain.toml
[INFO] started tweaking git repo https://github.com/iamaritrasaha/relay
[INFO] finished tweaking git repo https://github.com/iamaritrasaha/relay
[INFO] tweaked toml for git repo https://github.com/iamaritrasaha/relay written to /workspace/builds/worker-6-tc2/source/Cargo.toml
[INFO] validating manifest of git repo https://github.com/iamaritrasaha/relay on toolchain 3154cc1a3e6424e44f438a95007d043ed5ceaaf6
[INFO] running `Command { std: CARGO_HOME="/workspace/cargo-home" RUSTUP_HOME="/workspace/rustup-home" "/workspace/cargo-home/bin/cargo" "+3154cc1a3e6424e44f438a95007d043ed5ceaaf6" "metadata" "--manifest-path" "Cargo.toml" "--no-deps", kill_on_drop: false }`
[INFO] crate git repo https://github.com/iamaritrasaha/relay already has a lockfile, it will not be regenerated
[INFO] running `Command { std: CARGO_HOME="/workspace/cargo-home" RUSTUP_HOME="/workspace/rustup-home" "/workspace/cargo-home/bin/cargo" "+3154cc1a3e6424e44f438a95007d043ed5ceaaf6" "fetch" "--manifest-path" "Cargo.toml", kill_on_drop: false }`
[INFO] running `Command { std: "docker" "create" "-v" "/var/lib/crater-agent-workspace/builds/worker-6-tc2/source:/opt/rustwide/workdir:ro,Z" "-v" "/var/lib/crater-agent-workspace/builds/worker-6-tc2/target:/opt/rustwide/target:rw,Z" "-v" "/var/lib/crater-agent-workspace/cargo-home:/opt/rustwide/cargo-home:ro,Z" "-v" "/var/lib/crater-agent-workspace/rustup-home:/opt/rustwide/rustup-home:ro,Z" "-m" "1610612736" "--network" "none" "ghcr.io/rust-lang/crates-build-env/linux@sha256:77db811e55d90add9212f6832c23229e3de5f1c1f9905e8cb07319ea15df73ac" "sleep" "infinity", kill_on_drop: false }`
[INFO] [stdout] cc78ab3ce1bd09539302e1c6c239272f3e78d8a9b0155f1b4844ef9fb9a04851
[INFO] running `Command { std: "docker" "start" "cc78ab3ce1bd09539302e1c6c239272f3e78d8a9b0155f1b4844ef9fb9a04851", kill_on_drop: false }`
[INFO] running `Command { std: "docker" "inspect" "cc78ab3ce1bd09539302e1c6c239272f3e78d8a9b0155f1b4844ef9fb9a04851", kill_on_drop: false }`
[INFO] running `Command { std: "docker" "exec" "-e" "SOURCE_DIR=/opt/rustwide/workdir" "-e" "CARGO_HOME=/opt/rustwide/cargo-home" "-e" "RUSTUP_HOME=/opt/rustwide/rustup-home" "-e" "CARGO_TARGET_DIR=/opt/rustwide/target" "-w" "/opt/rustwide/workdir" "--user" "0:0" "cc78ab3ce1bd09539302e1c6c239272f3e78d8a9b0155f1b4844ef9fb9a04851" "/opt/rustwide/cargo-home/bin/cargo" "+3154cc1a3e6424e44f438a95007d043ed5ceaaf6" "metadata" "--no-deps" "--format-version=1", kill_on_drop: false }`
[INFO] running `Command { std: "docker" "inspect" "cc78ab3ce1bd09539302e1c6c239272f3e78d8a9b0155f1b4844ef9fb9a04851", kill_on_drop: false }`
[INFO] running `Command { std: "docker" "exec" "-e" "SOURCE_DIR=/opt/rustwide/workdir" "-e" "CARGO_HOME=/opt/rustwide/cargo-home" "-e" "RUSTUP_HOME=/opt/rustwide/rustup-home" "-e" "CARGO_TARGET_DIR=/opt/rustwide/target" "-e" "CARGO_INCREMENTAL=0" "-e" "RUST_BACKTRACE=full" "-e" "RUSTFLAGS=--cap-lints=forbid" "-e" "RUSTDOCFLAGS=--cap-lints=forbid" "-w" "/opt/rustwide/workdir" "--user" "0:0" "cc78ab3ce1bd09539302e1c6c239272f3e78d8a9b0155f1b4844ef9fb9a04851" "/opt/rustwide/cargo-home/bin/cargo" "+3154cc1a3e6424e44f438a95007d043ed5ceaaf6" "check" "--frozen" "--all" "--all-targets" "--message-format=json", kill_on_drop: false }`
[INFO] [stderr]    Compiling proc-macro2 v1.0.107
[INFO] [stderr]    Compiling libc v0.2.189
[INFO] [stderr]     Checking cfg-if v1.0.4
[INFO] [stderr]    Compiling serde_core v1.0.229
[INFO] [stderr]    Compiling serde v1.0.229
[INFO] [stderr]     Checking log v0.4.33
[INFO] [stderr]    Compiling quote v1.0.47
[INFO] [stderr]     Checking smallvec v1.15.2
[INFO] [stderr]     Checking pin-project-lite v0.2.17
[INFO] [stderr]     Checking typenum v1.20.1
[INFO] [stderr]     Checking memchr v2.8.3
[INFO] [stderr]    Compiling parking_lot_core v0.9.12
[INFO] [stderr]     Checking subtle v2.6.1
[INFO] [stderr]     Checking bytes v1.12.1
[INFO] [stderr]     Checking scopeguard v1.2.0
[INFO] [stderr]    Compiling portable-atomic v1.14.0
[INFO] [stderr]     Checking lock_api v0.4.14
[INFO] [stderr]    Compiling generic-array v0.14.7
[INFO] [stderr]     Checking critical-section v1.2.0
[INFO] [stderr]     Checking futures-core v0.3.33
[INFO] [stderr]     Checking futures-io v0.3.33
[INFO] [stderr]     Checking itoa v1.0.18
[INFO] [stderr]    Compiling syn v2.0.119
[INFO] [stderr]    Compiling syn v3.0.3
[INFO] [stderr]     Checking futures-sink v0.3.33
[INFO] [stderr]     Checking slab v0.4.12
[INFO] [stderr]     Checking futures-task v0.3.33
[INFO] [stderr]     Checking futures-channel v0.3.33
[INFO] [stderr]     Checking rand_core v0.10.1
[INFO] [stderr]    Compiling thiserror v2.0.19
[INFO] [stderr]     Checking stable_deref_trait v1.2.1
[INFO] [stderr]     Checking const-oid v0.9.6
[INFO] [stderr]    Compiling libm v0.2.16
[INFO] [stderr]    Compiling ring v0.17.14
[INFO] [stderr]    Compiling num-traits v0.2.19
[INFO] [stderr]    Compiling zerocopy v0.8.55
[INFO] [stderr]    Compiling getrandom v0.4.3
[INFO] [stderr]     Checking equivalent v1.0.2
[INFO] [stderr]     Checking untrusted v0.9.0
[INFO] [stderr]     Checking cpufeatures v0.2.17
[INFO] [stderr]     Checking getrandom v0.2.17
[INFO] [stderr]     Checking errno v0.3.14
[INFO] [stderr]     Checking signal-hook-registry v1.4.8
[INFO] [stderr]     Checking parking_lot v0.12.5
[INFO] [stderr]     Checking mio v1.2.2
[INFO] [stderr]     Checking rand_core v0.6.4
[INFO] [stderr]     Checking socket2 v0.6.5
[INFO] [stderr]     Checking litemap v0.8.2
[INFO] [stderr]     Checking foldhash v0.2.0
[INFO] [stderr]     Checking base64ct v1.8.3
[INFO] [stderr]     Checking allocator-api2 v0.2.21
[INFO] [stderr]     Checking writeable v0.6.3
[INFO] [stderr]     Checking http v1.5.0
[INFO] [stderr]    Compiling getrandom v0.3.4
[INFO] [stderr]     Checking spin v0.9.9
[INFO] [stderr]     Checking utf8_iter v1.0.4
[INFO] [stderr]     Checking percent-encoding v2.3.2
[INFO] [stderr]    Compiling icu_properties_data v2.2.0
[INFO] [stderr]    Compiling icu_normalizer_data v2.2.0
[INFO] [stderr]     Checking lazy_static v1.5.0
[INFO] [stderr]     Checking deranged v0.5.8
[INFO] [stderr]     Checking num-conv v0.2.2
[INFO] [stderr]     Checking num_threads v0.1.7
[INFO] [stderr]     Checking powerfmt v0.2.0
[INFO] [stderr]     Checking time-core v0.1.9
[INFO] [stderr]     Checking bitflags v2.13.1
[INFO] [stderr]    Compiling thiserror v1.0.69
[INFO] [stderr]     Checking hashbrown v0.17.1
[INFO] [stderr]     Checking cpufeatures v0.3.0
[INFO] [stderr]     Checking rand_core v0.9.5
[INFO] [stderr]     Checking form_urlencoded v1.2.2
[INFO] [stderr]     Checking base64 v0.22.1
[INFO] [stderr]    Compiling rustls v0.23.43
[INFO] [stderr]    Compiling toml_datetime v1.1.1+spec-1.1.0
[INFO] [stderr]     Checking time v0.3.54
[INFO] [stderr]     Checking data-encoding v2.11.1
[INFO] [stderr]     Checking atomic-waker v1.1.2
[INFO] [stderr]    Compiling memoffset v0.7.1
[INFO] [stderr]    Compiling httparse v1.10.1
[INFO] [stderr]     Checking chacha20 v0.10.1
[INFO] [stderr]     Checking bitflags v1.3.2
[INFO] [stderr]     Checking const-oid v0.10.2
[INFO] [stderr]     Checking either v1.17.0
[INFO] [stderr]     Checking pin-utils v0.1.0
[INFO] [stderr]     Checking nix v0.26.4
[INFO] [stderr]     Checking rand v0.10.2
[INFO] [stderr]    Compiling synstructure v0.13.2
[INFO] [stderr]    Compiling indexmap v2.14.0
[INFO] [stderr]     Checking pem-rfc7468 v0.7.0
[INFO] [stderr]     Checking ppv-lite86 v0.2.21
[INFO] [stderr]     Checking hybrid-array v0.4.14
[INFO] [stderr]     Checking rand_chacha v0.9.0
[INFO] [stderr]    Compiling serde_derive v1.0.229
[INFO] [stderr]    Compiling tokio-macros v2.7.2
[INFO] [stderr]    Compiling displaydoc v0.2.7
[INFO] [stderr]    Compiling thiserror-impl v2.0.19
[INFO] [stderr]    Compiling async-trait v0.1.91
[INFO] [stderr]     Checking rand v0.9.5
[INFO] [stderr]    Compiling zeroize_derive v1.5.0
[INFO] [stderr]     Checking tokio v1.53.1
[INFO] [stderr]    Compiling futures-macro v0.3.33
[INFO] [stderr]     Checking zeroize v1.9.0
[INFO] [stderr]    Compiling zerofrom-derive v0.1.7
[INFO] [stderr]    Compiling yoke-derive v0.8.2
[INFO] [stderr]    Compiling zerovec-derive v0.11.3
[INFO] [stderr]     Checking crypto-common v0.1.7
[INFO] [stderr]     Checking futures-util v0.3.33
[INFO] [stderr]    Compiling tracing-attributes v0.1.31
[INFO] [stderr]     Checking block-buffer v0.10.4
[INFO] [stderr]     Checking digest v0.10.7
[INFO] [stderr]     Checking rustls-pki-types v1.15.1
[INFO] [stderr]    Compiling thiserror-impl v1.0.69
[INFO] [stderr]     Checking zerofrom v0.1.8
[INFO] [stderr]     Checking block-padding v0.3.3
[INFO] [stderr]     Checking inout v0.1.4
[INFO] [stderr]     Checking yoke v0.8.3
[INFO] [stderr]     Checking rustls-webpki v0.103.13
[INFO] [stderr]     Checking cipher v0.4.4
[INFO] [stderr]     Checking zerovec v0.11.6
[INFO] [stderr]     Checking zerotrie v0.2.4
[INFO] [stderr]    Compiling derive_more-impl v2.1.1
[INFO] [stderr]     Checking universal-hash v0.5.1
[INFO] [stderr]    Compiling toml_edit v0.25.13+spec-1.1.0
[INFO] [stderr]     Checking opaque-debug v0.3.1
[INFO] [stderr]     Checking ryu v1.0.23
[INFO] [stderr]     Checking fnv v1.0.7
[INFO] [stderr]     Checking minimal-lexical v0.2.1
[INFO] [stderr]     Checking tinystr v0.8.3
[INFO] [stderr]     Checking potential_utf v0.1.5
[INFO] [stderr]     Checking icu_collections v2.2.0
[INFO] [stderr]     Checking icu_locale_core v2.2.0
[INFO] [stderr]     Checking nom v7.1.3
[INFO] [stderr]     Checking der v0.7.10
[INFO] [stderr]    Compiling proc-macro-crate v3.5.0
[INFO] [stderr]     Checking icu_provider v2.2.0
[INFO] [stderr]     Checking ipnet v2.12.0
[INFO] [stderr]     Checking icu_properties v2.2.0
[INFO] [stderr]     Checking icu_normalizer v2.2.0
[INFO] [stderr]     Checking once_cell v1.21.4
[INFO] [stderr]     Checking http-body v1.1.0
[INFO] [stderr]     Checking tracing-core v0.1.36
[INFO] [stderr]     Checking parking v2.2.1
[INFO] [stderr]     Checking spki v0.7.3
[INFO] [stderr]     Checking hmac v0.12.1
[INFO] [stderr]     Checking aead v0.5.2
[INFO] [stderr]    Compiling asn1-rs-impl v0.2.0
[INFO] [stderr]     Checking block-buffer v0.12.1
[INFO] [stderr]     Checking tracing v0.1.44
[INFO] [stderr]     Checking crypto-common v0.2.2
[INFO] [stderr]     Checking uuid v1.24.0
[INFO] [stderr]     Checking num-integer v0.1.46
[INFO] [stderr]     Checking rusticata-macros v4.1.0
[INFO] [stderr]     Checking tower-service v0.3.3
[INFO] [stderr]     Checking fastrand v2.5.0
[INFO] [stderr]     Checking pkcs8 v0.10.2
[INFO] [stderr]     Checking polyval v0.6.2
[INFO] [stderr]     Checking ctr v0.9.2
[INFO] [stderr]     Checking tokio-util v0.7.19
[INFO] [stderr]     Checking idna_adapter v1.2.2
[INFO] [stderr]     Checking webrtc-util v0.12.0
[INFO] [stderr]    Compiling strum_macros v0.28.0
[INFO] [stderr]     Checking idna v1.1.0
[INFO] [stderr]     Checking digest v0.11.3
[INFO] [stderr]    Compiling curve25519-dalek-derive v0.1.1
[INFO] [stderr]     Checking url v2.5.8
[INFO] [stderr]     Checking try-lock v0.2.5
[INFO] [stderr]     Checking want v0.3.1
[INFO] [stderr]     Checking ghash v0.5.1
[INFO] [stderr]     Checking futures-executor v0.3.33
[INFO] [stderr]     Checking aes v0.8.4
[INFO] [stderr]     Checking h2 v0.4.15
[INFO] [stderr]    Compiling spez v0.1.2
[INFO] [stderr]    Compiling n0-error-macros v1.0.0
[INFO] [stderr]     Checking pem-rfc7468 v1.0.0
[INFO] [stderr]     Checking httpdate v1.0.3
[INFO] [stderr]     Checking tinyvec_macros v0.1.1
[INFO] [stderr]    Compiling rustix v1.1.4
[INFO] [stderr]     Checking derive_more v2.1.1
[INFO] [stderr]    Compiling crossbeam-utils v0.8.22
[INFO] [stderr]     Checking tinyvec v1.12.0
[INFO] [stderr]     Checking der v0.8.1
[INFO] [stderr]    Compiling zmij v1.0.23
[INFO] [stderr]     Checking aes-gcm v0.10.3
[INFO] [stderr]     Checking futures v0.3.33
[INFO] [stderr]     Checking futures-lite v2.6.1
[INFO] [stderr]    Compiling pin-project-internal v1.1.13
[INFO] [stderr]    Compiling enumflags2_derive v0.7.12
[INFO] [stderr]     Checking n0-error v1.0.0
[INFO] [stderr]     Checking lru v0.18.1
[INFO] [stderr]    Compiling n0-future v0.3.2
[INFO] [stderr]     Checking ff v0.13.1
[INFO] [stderr]     Checking base16ct v0.2.0
[INFO] [stderr]     Checking cordyceps v0.3.5
[INFO] [stderr]     Checking strum v0.28.0
[INFO] [stderr]     Checking linux-raw-sys v0.12.1
[INFO] [stderr]    Compiling serde_json v1.0.151
[INFO] [stderr]     Checking tower-layer v0.3.3
[INFO] [stderr]     Checking spin v0.10.1
[INFO] [stderr]     Checking diatomic-waker v0.2.3
[INFO] [stderr]     Checking spki v0.8.0
[INFO] [stderr]     Checking tokio-rustls v0.26.4
[INFO] [stderr]     Checking futures-buffered v0.2.13
[INFO] [stderr]     Checking sec1 v0.7.3
[INFO] [stderr]     Checking group v0.13.0
[INFO] [stderr]     Checking pin-project v1.1.13
[INFO] [stderr]    Compiling zvariant_utils v4.2.0
[INFO] [stderr]     Checking num-bigint v0.4.8
[INFO] [stderr]     Checking hkdf v0.12.4
[INFO] [stderr]     Checking http-body-util v0.1.4
[INFO] [stderr]     Checking sha1 v0.10.7
[INFO] [stderr]     Checking crypto-bigint v0.5.5
[INFO] [stderr]    Compiling asn1-rs-derive v0.5.1
[INFO] [stderr]    Compiling curve25519-dalek v5.0.0
[INFO] [stderr]     Checking arc-swap v1.9.2
[INFO] [stderr]    Compiling noq-udp v1.1.1
[INFO] [stderr]     Checking sync_wrapper v1.0.2
[INFO] [stderr]    Compiling crossbeam-epoch v0.9.20
[INFO] [stderr]     Checking crc-catalog v2.5.0
[INFO] [stderr]     Checking base16ct v1.0.0
[INFO] [stderr]     Checking unicode-ident v1.0.24
[INFO] [stderr]     Checking asn1-rs v0.6.2
[INFO] [stderr]     Checking serdect v0.4.3
[INFO] [stderr]     Checking crc v3.4.0
[INFO] [stderr]    Compiling zvariant_derive v5.15.0
[INFO] [stderr]     Checking netlink-packet-core v0.8.2
[INFO] [stderr]     Checking pkcs8 v0.11.0
[INFO] [stderr]     Checking prefix-trie v0.8.4
[INFO] [stderr]     Checking signature v2.2.0
[INFO] [stderr]     Checking signature v3.0.0
[INFO] [stderr]     Checking mime v0.3.17
[INFO] [stderr]    Compiling oid-registry v0.7.1
[INFO] [stderr]     Checking elliptic-curve v0.13.8
[INFO] [stderr]     Checking winnow v1.0.4
[INFO] [stderr]     Checking byteorder v1.5.0
[INFO] [stderr]     Checking ed25519 v3.0.0
[INFO] [stderr]     Checking hickory-proto v0.26.1
[INFO] [stderr]     Checking tower v0.5.3
[INFO] [stderr]     Checking crossbeam-channel v0.5.16
[INFO] [stderr]    Compiling data-encoding-macro-internal v0.1.19
[INFO] [stderr]     Checking hyper v1.11.0
[INFO] [stderr]     Checking sha2 v0.11.0
[INFO] [stderr]     Checking netlink-sys v0.8.8
[INFO] [stderr]     Checking rfc6979 v0.4.0
[INFO] [stderr]     Checking sha2 v0.10.9
[INFO] [stderr]    Compiling curve25519-dalek v4.1.3
[INFO] [stderr]     Checking tagptr v0.2.0
[INFO] [stderr]     Checking adler2 v2.0.1
[INFO] [stderr]     Checking simd-adler32 v0.3.10
[INFO] [stderr]     Checking openssl-probe v0.2.1
[INFO] [stderr]    Compiling netdev v0.45.0
[INFO] [stderr]     Checking moka v0.12.16
[INFO] [stderr]     Checking ed25519-dalek v3.0.0
[INFO] [stderr]     Checking rustls-native-certs v0.8.4
[INFO] [stderr]     Checking miniz_oxide v0.8.9
[INFO] [stderr]     Checking ecdsa v0.16.9
[INFO] [stderr]     Checking data-encoding-macro v0.1.21
[INFO] [stderr]     Checking primeorder v0.13.6
[INFO] [stderr]     Checking der-parser v9.0.0
[INFO] [stderr]     Checking netlink-packet-route v0.31.0
[INFO] [stderr]    Compiling enumflags2 v0.7.12
[INFO] [stderr]     Checking rtp v0.14.0
[INFO] [stderr]     Checking hickory-net v0.26.1
[INFO] [stderr]     Checking hyper-util v0.1.20
[INFO] [stderr]    Compiling zcheapstr v1.1.0
[INFO] [stderr]    Compiling num_enum_derive v0.7.6
[INFO] [stderr]     Checking webpki-roots v1.0.9
[INFO] [stderr]     Checking md-5 v0.10.6
[INFO] [stderr]    Compiling iroh-metrics-derive v1.0.1
[INFO] [stderr]    Compiling asn1-rs-derive v0.6.0
[INFO] [stderr]    Compiling enum-assoc v1.4.0
[INFO] [stderr]     Checking pem v3.0.6
[INFO] [stderr]    Compiling iroh-dns v1.0.3
[INFO] [stderr]    Compiling noq v1.1.1
[INFO] [stderr]    Compiling netwatch v0.19.1
[INFO] [stderr]     Checking rand_pcg v0.10.2
[INFO] [stderr]    Compiling blake3 v1.8.6
[INFO] [stderr]    Compiling substring v1.4.5
[INFO] [stderr]     Checking rustc-hash v2.1.3
[INFO] [stderr]     Checking identity-hash v0.1.0
[INFO] [stderr]     Checking resolv-conf v0.7.6
[INFO] [stderr]     Checking lru-slab v0.1.2
[INFO] [stderr]     Checking mac-addr v0.3.0
[INFO] [stderr]     Checking xml-rs v0.8.29
[INFO] [stderr]     Checking sorted-index-buffer v0.2.1
[INFO] [stderr]    Compiling anyhow v1.0.104
[INFO] [stderr]     Checking hickory-resolver v0.26.1
[INFO] [stderr]    Compiling zvariant v5.15.0
[INFO] [stderr]     Checking noq-proto v1.1.1
[INFO] [stderr]     Checking hyper-rustls v0.27.9
[INFO] [stderr]     Checking asn1-rs v0.7.2
[INFO] [stderr]     Checking xmltree v0.10.3
[INFO] [stderr]     Checking num_enum v0.7.6
[INFO] [stderr]     Checking iroh-metrics v1.0.1
[INFO] [stderr]     Checking stun v0.9.0
[INFO] [stderr]     Checking x509-parser v0.16.0
[INFO] [stderr]     Checking iroh-base v1.0.3
[INFO] [stderr]     Checking rustls-platform-verifier v0.7.0
[INFO] [stderr]     Checking tower-http v0.6.11
[INFO] [stderr]     Checking netlink-proto v0.12.2
[INFO] [stderr]     Checking n0-watcher v1.0.0
[INFO] [stderr]     Checking rtcp v0.14.0
[INFO] [stderr]     Checking attohttpc v0.30.1
[INFO] [stderr]     Checking tokio-stream v0.1.19
[INFO] [stderr]     Checking event-listener v5.4.2
[INFO] [stderr]     Checking poly1305 v0.8.0
[INFO] [stderr]     Checking chacha20 v0.9.1
[INFO] [stderr]     Checking cobs v0.3.0
[INFO] [stderr]    Compiling postcard-derive v0.2.2
[INFO] [stderr]     Checking yasna v0.5.2
[INFO] [stderr]     Checking rand_chacha v0.3.1
[INFO] [stderr]     Checking waitgroup v0.1.2
[INFO] [stderr]     Checking simple-dns v0.11.3
[INFO] [stderr]    Compiling iroh-relay v1.0.3
[INFO] [stderr]     Checking socket2 v0.5.10
[INFO] [stderr]     Checking aho-corasick v1.1.4
[INFO] [stderr]     Checking encoding_rs v0.8.35
[INFO] [stderr]     Checking simdutf8 v0.1.5
[INFO] [stderr]    Compiling num-bigint-dig v0.8.6
[INFO] [stderr]     Checking constant_time_eq v0.4.2
[INFO] [stderr]     Checking endi v1.1.1
[INFO] [stderr]     Checking arrayref v0.3.9
[INFO] [stderr]     Checking regex-syntax v0.8.11
[INFO] [stderr]     Checking arrayvec v0.7.8
[INFO] [stderr]     Checking sha1_smol v1.0.1
[INFO] [stderr]     Checking tokio-websockets v0.13.3
[INFO] [stderr]    Compiling crc32fast v1.5.0
[INFO] [stderr]    Compiling oid-registry v0.8.1
[INFO] [stderr]    Compiling zbus_names v4.3.4
[INFO] [stderr]     Checking rcgen v0.13.2
[INFO] [stderr]     Checking reqwest v0.13.4
[INFO] [stderr]     Checking webrtc-mdns v0.10.0
[INFO] [stderr]     Checking postcard v1.1.3
[INFO] [stderr]     Checking rand v0.8.7
[INFO] [stderr]     Checking chacha20poly1305 v0.10.1
[INFO] [stderr]     Checking x25519-dalek v2.0.1
[INFO] [stderr]     Checking event-listener-strategy v0.5.4
[INFO] [stderr]     Checking webrtc-srtp v0.16.0
[INFO] [stderr]     Checking igd-next v0.17.1
[INFO] [stderr]     Checking turn v0.11.0
[INFO] [stderr]     Checking regex-automata v0.4.16
[INFO] [stderr]     Checking p384 v0.13.1
[INFO] [stderr]     Checking p256 v0.13.2
[INFO] [stderr]     Checking webrtc-sctp v0.13.0
[INFO] [stderr]     Checking sha1 v0.11.0
[INFO] [stderr]     Checking ccm v0.5.0
[INFO] [stderr]     Checking num-iter v0.1.46
[INFO] [stderr]     Checking bincode v1.3.3
[INFO] [stderr]     Checking cbc v0.1.2
[INFO] [stderr]    Compiling iroh v1.0.3
[INFO] [stderr]     Checking serde_bytes v0.11.19
[INFO] [stderr]     Checking seize v0.5.1
[INFO] [stderr]     Checking hex v0.4.3
[INFO] [stderr]     Checking unicase v2.9.0
[INFO] [stderr]     Checking cmov v0.5.4
[INFO] [stderr]     Checking papaya v0.2.4
[INFO] [stderr]     Checking dtls v0.13.0
[INFO] [stderr]     Checking ctutils v0.4.2
[INFO] [stderr]     Checking tungstenite v0.30.0
[INFO] [stderr]     Checking portmapper v0.19.1
[INFO] [stderr]     Checking webrtc-ice v0.14.0
[INFO] [stderr]     Checking interceptor v0.15.0
[INFO] [stderr]     Checking webrtc-data v0.12.0
[INFO] [stderr]     Checking sdp v0.10.0
[INFO] [stderr]     Checking regex v1.13.1
[INFO] [stderr]     Checking async-broadcast v0.7.2
[INFO] [stderr]    Compiling zbus_macros v5.19.0
[INFO] [stderr]     Checking der-parser v10.0.0
[INFO] [stderr]     Checking webrtc-media v0.11.0
[INFO] [stderr]     Checking webpki-roots v0.26.11
[INFO] [stderr]     Checking backon v1.6.0
[INFO] [stderr]     Checking pkcs1 v0.7.5
[INFO] [stderr]     Checking tracing-log v0.2.0
[INFO] [stderr]     Checking smol_str v0.2.2
[INFO] [stderr]    Compiling async-recursion v1.1.1
[INFO] [stderr]     Checking yasna v0.6.0
[INFO] [stderr]    Compiling serde_repr v0.1.21
[INFO] [stderr]     Checking sharded-slab v0.1.7
[INFO] [stderr]     Checking ordered-stream v0.2.0
[INFO] [stderr]     Checking thread_local v1.1.10
[INFO] [stderr]     Checking base64 v0.23.0
[INFO] [stderr]     Checking nu-ansi-term v0.50.3
[INFO] [stderr]     Checking rcgen v0.14.8
[INFO] [stderr]     Checking x509-parser v0.18.1
[INFO] [stderr]     Checking rsa v0.9.10
[INFO] [stderr]     Checking webrtc v0.14.0
[INFO] [stderr]     Checking pem v4.0.0
[INFO] [stderr]     Checking tracing-subscriber v0.3.23
[INFO] [stderr]     Checking tokio-tungstenite v0.30.0
[INFO] [stderr]     Checking flate2 v1.1.9
[INFO] [stderr]     Checking if-addrs v0.15.0
[INFO] [stderr]     Checking tempfile v3.27.0
[INFO] [stderr]    Compiling darling_core v0.23.0
[INFO] [stderr]     Checking itertools v0.14.0
[INFO] [stderr]     Checking castaway v0.2.4
[INFO] [stderr]     Checking hashbrown v0.16.1
[INFO] [stderr]     Checking static_assertions v1.1.0
[INFO] [stderr]    Compiling instability v0.3.12
[INFO] [stderr]    Compiling signal-hook v0.3.18
[INFO] [stderr]     Checking unicode-width v0.2.2
[INFO] [stderr]     Checking unicode-segmentation v1.13.3
[INFO] [stderr]     Checking kasuari v0.4.12
[INFO] [stderr]     Checking compact_str v0.9.1
[INFO] [stderr]    Compiling indoc v2.0.7
[INFO] [stderr]     Checking zbus v5.19.0
[INFO] [stderr]    Compiling litrs v1.0.0
[INFO] [stderr]    Compiling object v0.37.3
[INFO] [stderr]     Checking unicode-truncate v2.0.1
[INFO] [stderr]     Checking signal-hook-mio v0.2.5
[INFO] [stderr]    Compiling serde_spanned v1.1.1
[INFO] [stderr]     Checking ratatui-core v0.1.2
[INFO] [stderr]     Checking line-clipping v0.3.7
[INFO] [stderr]     Checking utf8parse v0.2.2
[INFO] [stderr]     Checking gimli v0.32.3
[INFO] [stderr]    Compiling document-features v0.2.12
[INFO] [stderr]     Checking crossterm v0.29.0
[INFO] [stderr]     Checking anstyle-parse v1.0.0
[INFO] [stderr]    Compiling toml v1.1.4+spec-1.1.0
[INFO] [stderr]    Compiling enum-ordinalize-derive v4.4.1
[INFO] [stderr]    Compiling darling_macro v0.23.0
[INFO] [stderr]    Compiling darling v0.23.0
[INFO] [stderr]    Compiling dart-sys v4.1.5
[INFO] [stderr]     Checking iana-time-zone v0.1.65
[INFO] [stderr]     Checking colorchoice v1.0.5
[INFO] [stderr]     Checking rustc-demangle v0.1.28
[INFO] [stderr]     Checking ratatui-widgets v0.3.2
[INFO] [stderr]    Compiling build-target v0.4.0
[INFO] [stderr]     Checking anstyle-query v1.1.5
[INFO] [stderr]     Checking is_terminal_polyfill v1.70.2
[INFO] [stderr]     Checking anstyle v1.0.14
[INFO] [stderr]    Compiling flutter_rust_bridge v2.12.0
[INFO] [stderr]     Checking addr2line v0.25.1
[INFO] [stderr]     Checking anstream v1.0.0
[INFO] [stderr]    Compiling mime_guess v2.0.5
[INFO] [stderr]     Checking ratatui-crossterm v0.1.2
[INFO] [stderr]     Checking chrono v0.4.45
[INFO] [stderr]    Compiling winresource v0.1.31
[INFO] [stderr]    Compiling enum-ordinalize v4.4.2
[INFO] [stderr]     Checking tungstenite v0.29.0
[INFO] [stderr]     Checking num_cpus v1.17.0
[INFO] [stderr]     Checking ratatui-macros v0.7.2
[INFO] [stderr]    Compiling tokio-cron-scheduler v0.13.0
[INFO] [stderr]     Checking option-ext v0.2.0
[INFO] [stderr]     Checking clap_lex v1.1.0
[INFO] [stderr]     Checking atomic v0.5.3
[INFO] [stderr]     Checking strsim v0.11.1
[INFO] [stderr]     Checking dirs-sys v0.5.0
[INFO] [stderr]     Checking clap_builder v4.6.2
[INFO] [stderr]     Checking tokio-tungstenite v0.29.0
[INFO] [stderr]     Checking ratatui v0.30.2
[INFO] [stderr]    Compiling flutter_rust_bridge_macros v2.12.0
[INFO] [stderr]     Checking threadpool v1.8.1
[INFO] [stderr]    Compiling relay-cli v1.18.1 (/opt/rustwide/workdir/cli)
[INFO] [stderr]    Compiling educe v0.6.0
[INFO] [stderr]     Checking toml_parser v1.1.3+spec-1.1.0
[INFO] [stderr]     Checking croner v2.2.0
[INFO] [stderr]     Checking axum-core v0.5.6
[INFO] [stderr]     Checking serde_urlencoded v0.7.1
[INFO] [stderr]    Compiling num-derive v0.4.2
[INFO] [stderr]    Compiling clap_derive v4.6.4
[INFO] [stderr]     Checking backtrace v0.3.76
[INFO] [stderr]    Compiling delegate-attr v0.3.1
[INFO] [stderr]     Checking serde_path_to_error v0.1.20
[INFO] [stderr]     Checking allo-isolate v0.1.27
[INFO] [stderr]     Checking matchit v0.8.4
[INFO] [stderr]     Checking toml_writer v1.1.2+spec-1.1.0
[INFO] [stderr]     Checking relay_core v0.1.0 (/opt/rustwide/workdir/packages/core)
[INFO] [stderr]     Checking ratatui-explorer v0.3.0
[INFO] [stderr]     Checking dirs v6.0.0
[INFO] [stderr]     Checking gethostname v1.1.0
[INFO] [stderr]     Checking qrcode v0.14.1
[INFO] [stderr]     Checking clap v4.6.4
[INFO] [stderr]     Checking axum v0.8.9
[INFO] [stdout] warning: unused import: `crate::http::server::v2::ServerEventV2`
[INFO] [stdout]     --> packages/core/src/http/server/relay.rs:1452:9
[INFO] [stdout]      |
[INFO] [stdout] 1452 |     use crate::http::server::v2::ServerEventV2;
[INFO] [stdout]      |         ^^^^^^^^^^^^^^^^^^^^^^^^^^^^^^^^^^^^^^
[INFO] [stdout]      |
[INFO] [stdout]      = note: `#[warn(unused_imports)]` (part of `#[warn(unused)]`) on by default
[INFO] [stdout] 
[INFO] [stdout] 
[INFO] [stderr]     Checking server v0.1.0 (/opt/rustwide/workdir/server)
[INFO] [stderr]     Checking rust_lib_relay_app v0.1.0 (/opt/rustwide/workdir/packages/relay_isolates/rust)
[INFO] [stdout] error[E0027]: pattern does not mention fields `origin`, `authenticated_relay_id`
[INFO] [stdout]    --> cli/src/app/receive.rs:120:13
[INFO] [stdout]     |
[INFO] [stdout] 120 | /             ServerEventV2::PrepareUpload {
[INFO] [stdout] 121 | |                 session_id,
[INFO] [stdout] 122 | |                 ip,
[INFO] [stdout] 123 | |                 info,
[INFO] [stdout] ...   |
[INFO] [stdout] 126 | |                 decision_tx,
[INFO] [stdout] 127 | |             } => {
[INFO] [stdout]     | |_____________^ missing fields `origin`, `authenticated_relay_id`
[INFO] [stdout]     |
[INFO] [stdout] help: include the missing fields in the pattern
[INFO] [stdout]     |
[INFO] [stdout] 126 -                 decision_tx,
[INFO] [stdout] 127 -             } => {
[INFO] [stdout] 126 +                 decision_tx, origin, authenticated_relay_id } => {
[INFO] [stdout]     |
[INFO] [stdout] help: if you don't care about these missing fields, you can explicitly ignore them
[INFO] [stdout]     |
[INFO] [stdout] 126 -                 decision_tx,
[INFO] [stdout] 127 -             } => {
[INFO] [stdout] 126 +                 decision_tx, origin: _, authenticated_relay_id: _ } => {
[INFO] [stdout]     |
[INFO] [stdout] help: or always ignore missing fields here
[INFO] [stdout]     |
[INFO] [stdout] 126 -                 decision_tx,
[INFO] [stdout] 127 -             } => {
[INFO] [stdout] 126 +                 decision_tx, .. } => {
[INFO] [stdout]     |
[INFO] [stdout] 
[INFO] [stdout] 
[INFO] [stdout] error[E0027]: pattern does not mention field `origin`
[INFO] [stdout]    --> cli/src/app/receive.rs:229:13
[INFO] [stdout]     |
[INFO] [stdout] 229 |             ServerEventV2::CancelReceived { ip, session_id } => {
[INFO] [stdout]     |             ^^^^^^^^^^^^^^^^^^^^^^^^^^^^^^^^^^^^^^^^^^^^^^^^ missing field `origin`
[INFO] [stdout]     |
[INFO] [stdout] help: include the missing field in the pattern
[INFO] [stdout]     |
[INFO] [stdout] 229 |             ServerEventV2::CancelReceived { ip, session_id, origin } => {
[INFO] [stdout]     |                                                           ++++++++
[INFO] [stdout] help: if you don't care about this missing field, you can explicitly ignore it
[INFO] [stdout]     |
[INFO] [stdout] 229 |             ServerEventV2::CancelReceived { ip, session_id, origin: _ } => {
[INFO] [stdout]     |                                                           +++++++++++
[INFO] [stdout] help: or always ignore missing fields here
[INFO] [stdout]     |
[INFO] [stdout] 229 |             ServerEventV2::CancelReceived { ip, session_id, .. } => {
[INFO] [stdout]     |                                                           ++++
[INFO] [stdout] 
[INFO] [stdout] 
[INFO] [stdout] error[E0599]: `std::option::Option<PeerIp>` doesn't implement `std::fmt::Display`
[INFO] [stdout]    --> cli/src/app/receive.rs:129:42
[INFO] [stdout]     |
[INFO] [stdout] 129 |                 self.device_confirmed(ip.to_string(), info.clone());
[INFO] [stdout]     |                                          ^^^^^^^^^ method cannot be called on `std::option::Option<PeerIp>` due to unsatisfied trait bounds
[INFO] [stdout]     |
[INFO] [stdout]     = note: the following trait bounds were not satisfied:
[INFO] [stdout]             `std::option::Option<PeerIp>: std::fmt::Display`
[INFO] [stdout]             which is required by `std::option::Option<PeerIp>: ToString`
[INFO] [stdout] note: the method `to_string` exists on the type `PeerIp`
[INFO] [stdout]    --> /rustc/3154cc1a3e6424e44f438a95007d043ed5ceaaf6/library/alloc/src/string.rs:2957:4
[INFO] [stdout] help: consider using `Option::expect` to unwrap the `PeerIp` value, panicking if the value is an `Option::None`
[INFO] [stdout]     |
[INFO] [stdout] 129 |                 self.device_confirmed(ip.expect("REASON").to_string(), info.clone());
[INFO] [stdout]     |                                         +++++++++++++++++
[INFO] [stdout] 
[INFO] [stdout] 
[INFO] [stdout] error[E0599]: `std::option::Option<PeerIp>` doesn't implement `std::fmt::Display`
[INFO] [stdout]    --> cli/src/app/receive.rs:143:30
[INFO] [stdout]     |
[INFO] [stdout] 143 |                     host: ip.to_string(),
[INFO] [stdout]     |                              ^^^^^^^^^ method cannot be called on `std::option::Option<PeerIp>` due to unsatisfied trait bounds
[INFO] [stdout]     |
[INFO] [stdout]     = note: the following trait bounds were not satisfied:
[INFO] [stdout]             `std::option::Option<PeerIp>: std::fmt::Display`
[INFO] [stdout]             which is required by `std::option::Option<PeerIp>: ToString`
[INFO] [stdout] note: the method `to_string` exists on the type `PeerIp`
[INFO] [stdout]    --> /rustc/3154cc1a3e6424e44f438a95007d043ed5ceaaf6/library/alloc/src/string.rs:2957:4
[INFO] [stdout] help: consider using `Option::expect` to unwrap the `PeerIp` value, panicking if the value is an `Option::None`
[INFO] [stdout]     |
[INFO] [stdout] 143 |                     host: ip.expect("REASON").to_string(),
[INFO] [stdout]     |                             +++++++++++++++++
[INFO] [stdout] 
[INFO] [stdout] 
[INFO] [stdout] warning: unused import: `relay_core::reqwest`
[INFO] [stdout]   --> packages/relay_isolates/rust/src/api/http.rs:12:5
[INFO] [stdout]    |
[INFO] [stdout] 12 | use relay_core::reqwest;
[INFO] [stdout]    |     ^^^^^^^^^^^^^^^^^^^
[INFO] [stdout]    |
[INFO] [stdout]    = note: `#[warn(unused_imports)]` (part of `#[warn(unused)]`) on by default
[INFO] [stdout] 
[INFO] [stdout] 
[INFO] [stdout] error[E0027]: pattern does not mention fields `origin`, `authenticated_relay_id`
[INFO] [stdout]    --> cli/src/app/receive.rs:120:13
[INFO] [stdout]     |
[INFO] [stdout] 120 | /             ServerEventV2::PrepareUpload {
[INFO] [stdout] 121 | |                 session_id,
[INFO] [stdout] 122 | |                 ip,
[INFO] [stdout] 123 | |                 info,
[INFO] [stdout] ...   |
[INFO] [stdout] 126 | |                 decision_tx,
[INFO] [stdout] 127 | |             } => {
[INFO] [stdout]     | |_____________^ missing fields `origin`, `authenticated_relay_id`
[INFO] [stdout]     |
[INFO] [stdout] help: include the missing fields in the pattern
[INFO] [stdout]     |
[INFO] [stdout] 126 -                 decision_tx,
[INFO] [stdout] 127 -             } => {
[INFO] [stdout] 126 +                 decision_tx, origin, authenticated_relay_id } => {
[INFO] [stdout]     |
[INFO] [stdout] help: if you don't care about these missing fields, you can explicitly ignore them
[INFO] [stdout]     |
[INFO] [stdout] 126 -                 decision_tx,
[INFO] [stdout] 127 -             } => {
[INFO] [stdout] 126 +                 decision_tx, origin: _, authenticated_relay_id: _ } => {
[INFO] [stdout]     |
[INFO] [stdout] help: or always ignore missing fields here
[INFO] [stdout]     |
[INFO] [stdout] 126 -                 decision_tx,
[INFO] [stdout] 127 -             } => {
[INFO] [stdout] 126 +                 decision_tx, .. } => {
[INFO] [stdout]     |
[INFO] [stdout] 
[INFO] [stdout] 
[INFO] [stdout] error[E0027]: pattern does not mention field `origin`
[INFO] [stdout]    --> cli/src/app/receive.rs:229:13
[INFO] [stdout]     |
[INFO] [stdout] 229 |             ServerEventV2::CancelReceived { ip, session_id } => {
[INFO] [stdout]     |             ^^^^^^^^^^^^^^^^^^^^^^^^^^^^^^^^^^^^^^^^^^^^^^^^ missing field `origin`
[INFO] [stdout]     |
[INFO] [stdout] help: include the missing field in the pattern
[INFO] [stdout]     |
[INFO] [stdout] 229 |             ServerEventV2::CancelReceived { ip, session_id, origin } => {
[INFO] [stdout]     |                                                           ++++++++
[INFO] [stdout] help: if you don't care about this missing field, you can explicitly ignore it
[INFO] [stdout]     |
[INFO] [stdout] 229 |             ServerEventV2::CancelReceived { ip, session_id, origin: _ } => {
[INFO] [stdout]     |                                                           +++++++++++
[INFO] [stdout] help: or always ignore missing fields here
[INFO] [stdout]     |
[INFO] [stdout] 229 |             ServerEventV2::CancelReceived { ip, session_id, .. } => {
[INFO] [stdout]     |                                                           ++++
[INFO] [stdout] 
[INFO] [stdout] 
[INFO] [stdout] error[E0599]: `std::option::Option<PeerIp>` doesn't implement `std::fmt::Display`
[INFO] [stdout]    --> cli/src/app/receive.rs:232:40
[INFO] [stdout]     |
[INFO] [stdout] 232 |                     && send.host == ip.to_string()
[INFO] [stdout]     |                                        ^^^^^^^^^ method cannot be called on `std::option::Option<PeerIp>` due to unsatisfied trait bounds
[INFO] [stdout]     |
[INFO] [stdout]     = note: the following trait bounds were not satisfied:
[INFO] [stdout]             `std::option::Option<PeerIp>: std::fmt::Display`
[INFO] [stdout]             which is required by `std::option::Option<PeerIp>: ToString`
[INFO] [stdout] note: the method `to_string` exists on the type `PeerIp`
[INFO] [stdout]    --> /rustc/3154cc1a3e6424e44f438a95007d043ed5ceaaf6/library/alloc/src/string.rs:2957:4
[INFO] [stdout] help: consider using `Option::expect` to unwrap the `PeerIp` value, panicking if the value is an `Option::None`
[INFO] [stdout]     |
[INFO] [stdout] 232 |                     && send.host == ip.expect("REASON").to_string()
[INFO] [stdout]     |                                       +++++++++++++++++
[INFO] [stdout] 
[INFO] [stdout] 
[INFO] [stdout] warning: unused import: `relay_core::reqwest`
[INFO] [stdout]   --> packages/relay_isolates/rust/src/api/http.rs:12:5
[INFO] [stdout]    |
[INFO] [stdout] 12 | use relay_core::reqwest;
[INFO] [stdout]    |     ^^^^^^^^^^^^^^^^^^^
[INFO] [stdout]    |
[INFO] [stdout]    = note: `#[warn(unused_imports)]` (part of `#[warn(unused)]`) on by default
[INFO] [stdout] 
[INFO] [stdout] 
[INFO] [stdout] error[E0599]: `std::option::Option<PeerIp>` doesn't implement `std::fmt::Display`
[INFO] [stdout]    --> cli/src/app/receive.rs:129:42
[INFO] [stdout]     |
[INFO] [stdout] 129 |                 self.device_confirmed(ip.to_string(), info.clone());
[INFO] [stdout]     |                                          ^^^^^^^^^ method cannot be called on `std::option::Option<PeerIp>` due to unsatisfied trait bounds
[INFO] [stdout]     |
[INFO] [stdout]     = note: the following trait bounds were not satisfied:
[INFO] [stdout]             `std::option::Option<PeerIp>: std::fmt::Display`
[INFO] [stdout]             which is required by `std::option::Option<PeerIp>: ToString`
[INFO] [stdout] note: the method `to_string` exists on the type `PeerIp`
[INFO] [stdout]    --> /rustc/3154cc1a3e6424e44f438a95007d043ed5ceaaf6/library/alloc/src/string.rs:2957:4
[INFO] [stdout] help: consider using `Option::expect` to unwrap the `PeerIp` value, panicking if the value is an `Option::None`
[INFO] [stdout]     |
[INFO] [stdout] 129 |                 self.device_confirmed(ip.expect("REASON").to_string(), info.clone());
[INFO] [stdout]     |                                         +++++++++++++++++
[INFO] [stdout] 
[INFO] [stdout] 
[INFO] [stdout] error[E0599]: `std::option::Option<PeerIp>` doesn't implement `std::fmt::Display`
[INFO] [stdout]    --> cli/src/app/receive.rs:143:30
[INFO] [stdout]     |
[INFO] [stdout] 143 |                     host: ip.to_string(),
[INFO] [stdout]     |                              ^^^^^^^^^ method cannot be called on `std::option::Option<PeerIp>` due to unsatisfied trait bounds
[INFO] [stdout]     |
[INFO] [stdout]     = note: the following trait bounds were not satisfied:
[INFO] [stdout]             `std::option::Option<PeerIp>: std::fmt::Display`
[INFO] [stdout]             which is required by `std::option::Option<PeerIp>: ToString`
[INFO] [stdout] note: the method `to_string` exists on the type `PeerIp`
[INFO] [stdout]    --> /rustc/3154cc1a3e6424e44f438a95007d043ed5ceaaf6/library/alloc/src/string.rs:2957:4
[INFO] [stdout] help: consider using `Option::expect` to unwrap the `PeerIp` value, panicking if the value is an `Option::None`
[INFO] [stdout]     |
[INFO] [stdout] 143 |                     host: ip.expect("REASON").to_string(),
[INFO] [stdout]     |                             +++++++++++++++++
[INFO] [stdout] 
[INFO] [stdout] 
[INFO] [stdout] error[E0599]: `std::option::Option<PeerIp>` doesn't implement `std::fmt::Display`
[INFO] [stdout]    --> cli/src/app/receive.rs:232:40
[INFO] [stdout]     |
[INFO] [stdout] 232 |                     && send.host == ip.to_string()
[INFO] [stdout]     |                                        ^^^^^^^^^ method cannot be called on `std::option::Option<PeerIp>` due to unsatisfied trait bounds
[INFO] [stdout]     |
[INFO] [stdout]     = note: the following trait bounds were not satisfied:
[INFO] [stdout]             `std::option::Option<PeerIp>: std::fmt::Display`
[INFO] [stdout]             which is required by `std::option::Option<PeerIp>: ToString`
[INFO] [stdout] note: the method `to_string` exists on the type `PeerIp`
[INFO] [stdout]    --> /rustc/3154cc1a3e6424e44f438a95007d043ed5ceaaf6/library/alloc/src/string.rs:2957:4
[INFO] [stdout] help: consider using `Option::expect` to unwrap the `PeerIp` value, panicking if the value is an `Option::None`
[INFO] [stdout]     |
[INFO] [stdout] 232 |                     && send.host == ip.expect("REASON").to_string()
[INFO] [stdout]     |                                       +++++++++++++++++
[INFO] [stdout] 
[INFO] [stdout] 
[INFO] [stdout] Some errors have detailed explanations: E0027, E0599.
[INFO] [stdout] 
[INFO] [stdout] For more information about an error, try `rustc --explain E0027`.
[INFO] [stdout] 
[INFO] [stderr] error: could not compile `relay-cli` (bin "relay-cli") due to 5 previous errors
[INFO] [stderr] warning: build failed, waiting for other jobs to finish...
[INFO] [stdout] Some errors have detailed explanations: E0027, E0599.
[INFO] [stdout] 
[INFO] [stdout] For more information about an error, try `rustc --explain E0027`.
[INFO] [stdout] 
[INFO] [stderr] error: could not compile `relay-cli` (bin "relay-cli" test) due to 5 previous errors
[INFO] [stdout] warning: variable does not need to be mutable
[INFO] [stdout]    --> packages/core/src/kdeconnect/mod.rs:767:13
[INFO] [stdout]     |
[INFO] [stdout] 767 |         let mut alice = KdeConnectHandle::start(KdeConnectConfig {
[INFO] [stdout]     |             ----^^^^^
[INFO] [stdout]     |             |
[INFO] [stdout]     |             help: remove this `mut`
[INFO] [stdout]     |
[INFO] [stdout]     = note: `#[warn(unused_mut)]` (part of `#[warn(unused)]`) on by default
[INFO] [stdout] 
[INFO] [stdout] 
[INFO] [stdout] warning: variable does not need to be mutable
[INFO] [stdout]    --> packages/core/src/kdeconnect/mod.rs:775:13
[INFO] [stdout]     |
[INFO] [stdout] 775 |         let mut bob = KdeConnectHandle::start(KdeConnectConfig {
[INFO] [stdout]     |             ----^^^
[INFO] [stdout]     |             |
[INFO] [stdout]     |             help: remove this `mut`
[INFO] [stdout] 
[INFO] [stdout] 
[INFO] [stderr] warning: unused dependency `tracing-subscriber`
[INFO] [stderr]   --> packages/core/Cargo.toml:38:1
[INFO] [stderr]    |
[INFO] [stderr] 38 | tracing-subscriber = { version = "0.3.23" }
[INFO] [stderr]    | ^^^^^^^^^^^^^^^^^^^^^^^^^^^^^^^^^^^^^^^^^^^
[INFO] [stderr]    |
[INFO] [stderr]    = note: `cargo::unused_dependencies` is set to `warn` by default
[INFO] [stderr] help: consider removing the dependency on `tracing-subscriber`
[INFO] [stderr] help: to still use for development builds, move to `dev-dependencies`
[INFO] [stderr] warning: `relay_core` (manifest) generated 1 warning
[INFO] running `Command { std: "docker" "inspect" "cc78ab3ce1bd09539302e1c6c239272f3e78d8a9b0155f1b4844ef9fb9a04851", kill_on_drop: false }`
[INFO] running `Command { std: "docker" "rm" "-f" "cc78ab3ce1bd09539302e1c6c239272f3e78d8a9b0155f1b4844ef9fb9a04851", kill_on_drop: false }`
[INFO] [stdout] cc78ab3ce1bd09539302e1c6c239272f3e78d8a9b0155f1b4844ef9fb9a04851
