[INFO] cloning repository https://github.com/iagodpassos/autoitx
[INFO] running `Command { std: "git" "-c" "credential.helper=" "-c" "credential.helper=/workspace/cargo-home/bin/git-credential-null" "clone" "--bare" "https://github.com/iagodpassos/autoitx" "/workspace/cache/git-repos/https%3A%2F%2Fgithub.com%2Fiagodpassos%2Fautoitx", kill_on_drop: false }`
[INFO] [stderr] Cloning into bare repository '/workspace/cache/git-repos/https%3A%2F%2Fgithub.com%2Fiagodpassos%2Fautoitx'...
[INFO] running `Command { std: "git" "rev-parse" "HEAD", kill_on_drop: false }`
[INFO] [stdout] 30bcf612c7fcc417db49d7370d096f91072b0901
[INFO] checking iagodpassos/autoitx against 3154cc1a3e6424e44f438a95007d043ed5ceaaf6 for pr-133502-30
[INFO] running `Command { std: "git" "clone" "/workspace/cache/git-repos/https%3A%2F%2Fgithub.com%2Fiagodpassos%2Fautoitx" "/workspace/builds/worker-6-tc2/source", kill_on_drop: false }`
[INFO] [stderr] Cloning into '/workspace/builds/worker-6-tc2/source'...
[INFO] [stderr] done.
[INFO] removed /workspace/builds/worker-6-tc2/source/.cargo/config.toml
[INFO] started tweaking git repo https://github.com/iagodpassos/autoitx
[INFO] finished tweaking git repo https://github.com/iagodpassos/autoitx
[INFO] tweaked toml for git repo https://github.com/iagodpassos/autoitx written to /workspace/builds/worker-6-tc2/source/Cargo.toml
[INFO] validating manifest of git repo https://github.com/iagodpassos/autoitx on toolchain 3154cc1a3e6424e44f438a95007d043ed5ceaaf6
[INFO] running `Command { std: CARGO_HOME="/workspace/cargo-home" RUSTUP_HOME="/workspace/rustup-home" "/workspace/cargo-home/bin/cargo" "+3154cc1a3e6424e44f438a95007d043ed5ceaaf6" "metadata" "--manifest-path" "Cargo.toml" "--no-deps", kill_on_drop: false }`
[INFO] crate git repo https://github.com/iagodpassos/autoitx already has a lockfile, it will not be regenerated
[INFO] running `Command { std: CARGO_HOME="/workspace/cargo-home" RUSTUP_HOME="/workspace/rustup-home" "/workspace/cargo-home/bin/cargo" "+3154cc1a3e6424e44f438a95007d043ed5ceaaf6" "fetch" "--manifest-path" "Cargo.toml", kill_on_drop: false }`
[INFO] running `Command { std: "docker" "create" "-v" "/var/lib/crater-agent-workspace/builds/worker-6-tc2/source:/opt/rustwide/workdir:ro,Z" "-v" "/var/lib/crater-agent-workspace/builds/worker-6-tc2/target:/opt/rustwide/target:rw,Z" "-v" "/var/lib/crater-agent-workspace/cargo-home:/opt/rustwide/cargo-home:ro,Z" "-v" "/var/lib/crater-agent-workspace/rustup-home:/opt/rustwide/rustup-home:ro,Z" "-m" "1610612736" "--network" "none" "ghcr.io/rust-lang/crates-build-env/linux@sha256:77db811e55d90add9212f6832c23229e3de5f1c1f9905e8cb07319ea15df73ac" "sleep" "infinity", kill_on_drop: false }`
[INFO] [stdout] 86b3d8720249d82ff8769c4b84ca9edf0a483d12fd70901f2d845f8c7f794807
[INFO] running `Command { std: "docker" "start" "86b3d8720249d82ff8769c4b84ca9edf0a483d12fd70901f2d845f8c7f794807", kill_on_drop: false }`
[INFO] running `Command { std: "docker" "inspect" "86b3d8720249d82ff8769c4b84ca9edf0a483d12fd70901f2d845f8c7f794807", kill_on_drop: false }`
[INFO] running `Command { std: "docker" "exec" "-e" "SOURCE_DIR=/opt/rustwide/workdir" "-e" "CARGO_HOME=/opt/rustwide/cargo-home" "-e" "RUSTUP_HOME=/opt/rustwide/rustup-home" "-e" "CARGO_TARGET_DIR=/opt/rustwide/target" "-w" "/opt/rustwide/workdir" "--user" "0:0" "86b3d8720249d82ff8769c4b84ca9edf0a483d12fd70901f2d845f8c7f794807" "/opt/rustwide/cargo-home/bin/cargo" "+3154cc1a3e6424e44f438a95007d043ed5ceaaf6" "metadata" "--no-deps" "--format-version=1", kill_on_drop: false }`
[INFO] running `Command { std: "docker" "inspect" "86b3d8720249d82ff8769c4b84ca9edf0a483d12fd70901f2d845f8c7f794807", kill_on_drop: false }`
[INFO] running `Command { std: "docker" "exec" "-e" "SOURCE_DIR=/opt/rustwide/workdir" "-e" "CARGO_HOME=/opt/rustwide/cargo-home" "-e" "RUSTUP_HOME=/opt/rustwide/rustup-home" "-e" "CARGO_TARGET_DIR=/opt/rustwide/target" "-e" "CARGO_INCREMENTAL=0" "-e" "RUST_BACKTRACE=full" "-e" "RUSTFLAGS=--cap-lints=forbid" "-e" "RUSTDOCFLAGS=--cap-lints=forbid" "-w" "/opt/rustwide/workdir" "--user" "0:0" "86b3d8720249d82ff8769c4b84ca9edf0a483d12fd70901f2d845f8c7f794807" "/opt/rustwide/cargo-home/bin/cargo" "+3154cc1a3e6424e44f438a95007d043ed5ceaaf6" "check" "--frozen" "--all" "--all-targets" "--message-format=json", kill_on_drop: false }`
[INFO] [stderr]    Compiling syn v3.0.3
[INFO] [stderr]     Checking parking_lot_core v0.9.12
[INFO] [stderr]     Checking parking_lot v0.12.5
[INFO] [stderr]    Compiling thiserror-impl v2.0.19
[INFO] [stderr]     Checking thiserror v2.0.19
[INFO] [stderr]     Checking autoitx-sys v0.1.2 (/opt/rustwide/workdir/autoitx-sys)
[INFO] [stderr]     Checking xtask-mock-dll v0.1.2 (/opt/rustwide/workdir/xtask-mock-dll)
[INFO] [stderr]     Checking autoitx v0.1.2 (/opt/rustwide/workdir/autoitx)
[INFO] [stdout] error[E0432]: unresolved imports `autoitx::AutoIt`, `autoitx::recipes`
[INFO] [stdout]    --> autoitx/examples/read_field.rs:21:15
[INFO] [stdout]     |
[INFO] [stdout]  21 | use autoitx::{AutoIt, keys, recipes};
[INFO] [stdout]     |               ^^^^^^        ^^^^^^^ no `recipes` in the root
[INFO] [stdout]     |               |
[INFO] [stdout]     |               no `AutoIt` in the root
[INFO] [stdout]     |
[INFO] [stdout] note: found an item that was configured out
[INFO] [stdout]    --> autoitx/src/lib.rs:85:18
[INFO] [stdout]     |
[INFO] [stdout]  84 | #[cfg(any(windows, target_os = "macos", feature = "mock-loader", docsrs))]
[INFO] [stdout]     |          --------------------------------------------------------------- the item is gated here
[INFO] [stdout]  85 | pub use autoit::{AutoIt, AutoItBuilder, MouseButton, Session, WinCondition};
[INFO] [stdout]     |                  ^^^^^^
[INFO] [stdout] note: found an item that was configured out
[INFO] [stdout]    --> autoitx/src/lib.rs:155:9
[INFO] [stdout]     |
[INFO] [stdout] 154 | #[cfg(any(windows, target_os = "macos", feature = "mock-loader", docsrs))]
[INFO] [stdout]     |          --------------------------------------------------------------- the item is gated here
[INFO] [stdout] 155 | pub mod recipes;
[INFO] [stdout]     |         ^^^^^^^
[INFO] [stdout] 
[INFO] [stdout] 
[INFO] [stdout] For more information about this error, try `rustc --explain E0432`.
[INFO] [stdout] 
[INFO] [stderr] error: could not compile `autoitx` (example "read_field") due to 1 previous error
[INFO] [stderr] warning: build failed, waiting for other jobs to finish...
[INFO] [stdout] error[E0432]: unresolved imports `autoitx::AutoIt`, `autoitx::recipes`
[INFO] [stdout]    --> autoitx/examples/port_from_csharp.rs:14:15
[INFO] [stdout]     |
[INFO] [stdout]  14 | use autoitx::{AutoIt, Keys, Selector, keys, recipes};
[INFO] [stdout]     |               ^^^^^^                        ^^^^^^^ no `recipes` in the root
[INFO] [stdout]     |               |
[INFO] [stdout]     |               no `AutoIt` in the root
[INFO] [stdout]     |
[INFO] [stdout] note: found an item that was configured out
[INFO] [stdout]    --> autoitx/src/lib.rs:85:18
[INFO] [stdout]     |
[INFO] [stdout]  84 | #[cfg(any(windows, target_os = "macos", feature = "mock-loader", docsrs))]
[INFO] [stdout]     |          --------------------------------------------------------------- the item is gated here
[INFO] [stdout]  85 | pub use autoit::{AutoIt, AutoItBuilder, MouseButton, Session, WinCondition};
[INFO] [stdout]     |                  ^^^^^^
[INFO] [stdout] note: found an item that was configured out
[INFO] [stdout]    --> autoitx/src/lib.rs:155:9
[INFO] [stdout]     |
[INFO] [stdout] 154 | #[cfg(any(windows, target_os = "macos", feature = "mock-loader", docsrs))]
[INFO] [stdout]     |          --------------------------------------------------------------- the item is gated here
[INFO] [stdout] 155 | pub mod recipes;
[INFO] [stdout]     |         ^^^^^^^
[INFO] [stdout] 
[INFO] [stdout] 
[INFO] [stdout] For more information about this error, try `rustc --explain E0432`.
[INFO] [stdout] 
[INFO] [stdout] error[E0432]: unresolved import `autoitx::AutoIt`
[INFO] [stdout]   --> autoitx/examples/anchored_click.rs:14:15
[INFO] [stdout]    |
[INFO] [stdout] 14 | use autoitx::{AutoIt, Selector};
[INFO] [stdout]    |               ^^^^^^ no `AutoIt` in the root
[INFO] [stdout]    |
[INFO] [stdout] note: found an item that was configured out
[INFO] [stdout]   --> autoitx/src/lib.rs:85:18
[INFO] [stdout]    |
[INFO] [stdout] 84 | #[cfg(any(windows, target_os = "macos", feature = "mock-loader", docsrs))]
[INFO] [stdout]    |          --------------------------------------------------------------- the item is gated here
[INFO] [stdout] 85 | pub use autoit::{AutoIt, AutoItBuilder, MouseButton, Session, WinCondition};
[INFO] [stdout]    |                  ^^^^^^
[INFO] [stdout] 
[INFO] [stdout] 
[INFO] [stderr] error: could not compile `autoitx` (example "port_from_csharp") due to 1 previous error
[INFO] [stdout] error[E0433]: cannot find `AutoIt` in `autoitx`
[INFO] [stdout]   --> autoitx/examples/diagnose.rs:30:20
[INFO] [stdout]    |
[INFO] [stdout] 30 |     match autoitx::AutoIt::new() {
[INFO] [stdout]    |                    ^^^^^^ could not find `AutoIt` in `autoitx`
[INFO] [stdout]    |
[INFO] [stdout] note: found an item that was configured out
[INFO] [stdout]   --> autoitx/src/lib.rs:85:18
[INFO] [stdout]    |
[INFO] [stdout] 84 | #[cfg(any(windows, target_os = "macos", feature = "mock-loader", docsrs))]
[INFO] [stdout]    |          --------------------------------------------------------------- the item is gated here
[INFO] [stdout] 85 | pub use autoit::{AutoIt, AutoItBuilder, MouseButton, Session, WinCondition};
[INFO] [stdout]    |                  ^^^^^^
[INFO] [stdout] 
[INFO] [stdout] 
[INFO] [stdout] For more information about this error, try `rustc --explain E0432`.
[INFO] [stdout] 
[INFO] [stderr] error: could not compile `autoitx` (example "anchored_click") due to 1 previous error
[INFO] [stdout] error[E0432]: unresolved imports `autoitx::AutoIt`, `autoitx::recipes`
[INFO] [stdout]    --> autoitx/examples/wait_until_ready.rs:15:15
[INFO] [stdout]     |
[INFO] [stdout]  15 | use autoitx::{AutoIt, recipes};
[INFO] [stdout]     |               ^^^^^^  ^^^^^^^ no `recipes` in the root
[INFO] [stdout]     |               |
[INFO] [stdout]     |               no `AutoIt` in the root
[INFO] [stdout]     |
[INFO] [stdout] note: found an item that was configured out
[INFO] [stdout]    --> autoitx/src/lib.rs:85:18
[INFO] [stdout]     |
[INFO] [stdout]  84 | #[cfg(any(windows, target_os = "macos", feature = "mock-loader", docsrs))]
[INFO] [stdout]     |          --------------------------------------------------------------- the item is gated here
[INFO] [stdout]  85 | pub use autoit::{AutoIt, AutoItBuilder, MouseButton, Session, WinCondition};
[INFO] [stdout]     |                  ^^^^^^
[INFO] [stdout] note: found an item that was configured out
[INFO] [stdout]    --> autoitx/src/lib.rs:155:9
[INFO] [stdout]     |
[INFO] [stdout] 154 | #[cfg(any(windows, target_os = "macos", feature = "mock-loader", docsrs))]
[INFO] [stdout]     |          --------------------------------------------------------------- the item is gated here
[INFO] [stdout] 155 | pub mod recipes;
[INFO] [stdout]     |         ^^^^^^^
[INFO] [stdout] 
[INFO] [stdout] 
[INFO] [stdout] For more information about this error, try `rustc --explain E0433`.
[INFO] [stdout] 
[INFO] [stdout] For more information about this error, try `rustc --explain E0432`.
[INFO] [stdout] 
[INFO] [stderr] error: could not compile `autoitx` (example "wait_until_ready") due to 1 previous error
[INFO] [stderr] error: could not compile `autoitx` (example "diagnose") due to 1 previous error
[INFO] [stderr] warning: unused dependency `parking_lot`
[INFO] [stderr]   --> autoitx/Cargo.toml:29:1
[INFO] [stderr]    |
[INFO] [stderr] 29 | parking_lot = { workspace = true }
[INFO] [stderr]    | ^^^^^^^^^^^^^^^^^^^^^^^^^^^^^^^^^^
[INFO] [stderr]    |
[INFO] [stderr]    = note: `cargo::unused_dependencies` is set to `warn` by default
[INFO] [stderr] help: consider removing the dependency on `parking_lot`
[INFO] [stderr] warning: `autoitx` (manifest) generated 1 warning
[INFO] running `Command { std: "docker" "inspect" "86b3d8720249d82ff8769c4b84ca9edf0a483d12fd70901f2d845f8c7f794807", kill_on_drop: false }`
[INFO] running `Command { std: "docker" "rm" "-f" "86b3d8720249d82ff8769c4b84ca9edf0a483d12fd70901f2d845f8c7f794807", kill_on_drop: false }`
[INFO] [stdout] 86b3d8720249d82ff8769c4b84ca9edf0a483d12fd70901f2d845f8c7f794807
