[INFO] cloning repository https://github.com/iKadmium/reapackdb-cli
[INFO] running `Command { std: "git" "-c" "credential.helper=" "-c" "credential.helper=/workspace/cargo-home/bin/git-credential-null" "clone" "--bare" "https://github.com/iKadmium/reapackdb-cli" "/workspace/cache/git-repos/https%3A%2F%2Fgithub.com%2FiKadmium%2Freapackdb-cli", kill_on_drop: false }`
[INFO] [stderr] Cloning into bare repository '/workspace/cache/git-repos/https%3A%2F%2Fgithub.com%2FiKadmium%2Freapackdb-cli'...
[INFO] running `Command { std: "git" "rev-parse" "HEAD", kill_on_drop: false }`
[INFO] [stdout] 22696c2cb3d7429ecb2912c8f3f0fb79b5c84f72
[INFO] checking iKadmium/reapackdb-cli against 3154cc1a3e6424e44f438a95007d043ed5ceaaf6 for pr-133502-30
[INFO] running `Command { std: "git" "clone" "/workspace/cache/git-repos/https%3A%2F%2Fgithub.com%2FiKadmium%2Freapackdb-cli" "/workspace/builds/worker-4-tc2/source", kill_on_drop: false }`
[INFO] [stderr] Cloning into '/workspace/builds/worker-4-tc2/source'...
[INFO] [stderr] done.
[INFO] started tweaking git repo https://github.com/iKadmium/reapackdb-cli
[INFO] finished tweaking git repo https://github.com/iKadmium/reapackdb-cli
[INFO] tweaked toml for git repo https://github.com/iKadmium/reapackdb-cli written to /workspace/builds/worker-4-tc2/source/Cargo.toml
[INFO] validating manifest of git repo https://github.com/iKadmium/reapackdb-cli on toolchain 3154cc1a3e6424e44f438a95007d043ed5ceaaf6
[INFO] running `Command { std: CARGO_HOME="/workspace/cargo-home" RUSTUP_HOME="/workspace/rustup-home" "/workspace/cargo-home/bin/cargo" "+3154cc1a3e6424e44f438a95007d043ed5ceaaf6" "metadata" "--manifest-path" "Cargo.toml" "--no-deps", kill_on_drop: false }`
[INFO] crate git repo https://github.com/iKadmium/reapackdb-cli already has a lockfile, it will not be regenerated
[INFO] running `Command { std: CARGO_HOME="/workspace/cargo-home" RUSTUP_HOME="/workspace/rustup-home" "/workspace/cargo-home/bin/cargo" "+3154cc1a3e6424e44f438a95007d043ed5ceaaf6" "fetch" "--manifest-path" "Cargo.toml", kill_on_drop: false }`
[INFO] running `Command { std: "docker" "create" "-v" "/var/lib/crater-agent-workspace/builds/worker-4-tc2/source:/opt/rustwide/workdir:ro,Z" "-v" "/var/lib/crater-agent-workspace/builds/worker-4-tc2/target:/opt/rustwide/target:rw,Z" "-v" "/var/lib/crater-agent-workspace/cargo-home:/opt/rustwide/cargo-home:ro,Z" "-v" "/var/lib/crater-agent-workspace/rustup-home:/opt/rustwide/rustup-home:ro,Z" "-m" "1610612736" "--network" "none" "ghcr.io/rust-lang/crates-build-env/linux@sha256:77db811e55d90add9212f6832c23229e3de5f1c1f9905e8cb07319ea15df73ac" "sleep" "infinity", kill_on_drop: false }`
[INFO] [stdout] 8121423c9ee52a8065e93479404b413df0959952be82e251be1052a5b362fea1
[INFO] running `Command { std: "docker" "start" "8121423c9ee52a8065e93479404b413df0959952be82e251be1052a5b362fea1", kill_on_drop: false }`
[INFO] running `Command { std: "docker" "inspect" "8121423c9ee52a8065e93479404b413df0959952be82e251be1052a5b362fea1", kill_on_drop: false }`
[INFO] running `Command { std: "docker" "exec" "-e" "SOURCE_DIR=/opt/rustwide/workdir" "-e" "CARGO_HOME=/opt/rustwide/cargo-home" "-e" "RUSTUP_HOME=/opt/rustwide/rustup-home" "-e" "CARGO_TARGET_DIR=/opt/rustwide/target" "-w" "/opt/rustwide/workdir" "--user" "0:0" "8121423c9ee52a8065e93479404b413df0959952be82e251be1052a5b362fea1" "/opt/rustwide/cargo-home/bin/cargo" "+3154cc1a3e6424e44f438a95007d043ed5ceaaf6" "metadata" "--no-deps" "--format-version=1", kill_on_drop: false }`
[INFO] running `Command { std: "docker" "inspect" "8121423c9ee52a8065e93479404b413df0959952be82e251be1052a5b362fea1", kill_on_drop: false }`
[INFO] running `Command { std: "docker" "exec" "-e" "SOURCE_DIR=/opt/rustwide/workdir" "-e" "CARGO_HOME=/opt/rustwide/cargo-home" "-e" "RUSTUP_HOME=/opt/rustwide/rustup-home" "-e" "CARGO_TARGET_DIR=/opt/rustwide/target" "-e" "CARGO_INCREMENTAL=0" "-e" "RUST_BACKTRACE=full" "-e" "RUSTFLAGS=--cap-lints=forbid" "-e" "RUSTDOCFLAGS=--cap-lints=forbid" "-w" "/opt/rustwide/workdir" "--user" "0:0" "8121423c9ee52a8065e93479404b413df0959952be82e251be1052a5b362fea1" "/opt/rustwide/cargo-home/bin/cargo" "+3154cc1a3e6424e44f438a95007d043ed5ceaaf6" "check" "--frozen" "--all" "--all-targets" "--message-format=json", kill_on_drop: false }`
[INFO] [stderr]    Compiling libc v0.2.186
[INFO] [stderr]    Compiling syn v2.0.117
[INFO] [stderr]    Compiling find-msvc-tools v0.1.9
[INFO] [stderr]     Checking smallvec v1.15.1
[INFO] [stderr]     Checking log v0.4.29
[INFO] [stderr]     Checking bytes v1.11.1
[INFO] [stderr]     Checking futures-core v0.3.32
[INFO] [stderr]     Checking zeroize v1.8.2
[INFO] [stderr]     Checking futures-sink v0.3.32
[INFO] [stderr]    Compiling crunchy v0.2.4
[INFO] [stderr]     Checking rustls-pki-types v1.14.1
[INFO] [stderr]    Compiling cc v1.2.62
[INFO] [stderr]     Checking bitflags v2.11.1
[INFO] [stderr]    Compiling tiny-keccak v2.0.2
[INFO] [stderr]    Compiling rustls v0.23.45
[INFO] [stderr]     Checking futures-util v0.3.32
[INFO] [stderr]    Compiling syn v3.0.3
[INFO] [stderr]     Checking http v1.4.0
[INFO] [stderr]    Compiling signal-hook v0.3.18
[INFO] [stderr]    Compiling once_cell v1.21.4
[INFO] [stderr]    Compiling rustix v1.1.4
[INFO] [stderr]    Compiling unicode-segmentation v1.13.2
[INFO] [stderr]     Checking http-body v1.0.1
[INFO] [stderr]     Checking mio v1.2.0
[INFO] [stderr]     Checking socket2 v0.6.3
[INFO] [stderr]     Checking getrandom v0.2.17
[INFO] [stderr]     Checking errno v0.3.14
[INFO] [stderr]    Compiling const-random-macro v0.1.16
[INFO] [stderr]    Compiling convert_case v0.10.0
[INFO] [stderr]     Checking signal-hook-registry v1.4.8
[INFO] [stderr]    Compiling ring v0.17.14
[INFO] [stderr]     Checking futures-channel v0.3.32
[INFO] [stderr]     Checking tokio v1.52.3
[INFO] [stderr]    Compiling pkg-config v0.3.33
[INFO] [stderr]     Checking parking_lot_core v0.9.12
[INFO] [stderr]     Checking const-random v0.1.18
[INFO] [stderr]     Checking sync_wrapper v1.0.2
[INFO] [stderr]     Checking base64 v0.22.1
[INFO] [stderr]    Compiling libsqlite3-sys v0.38.2
[INFO] [stderr]    Compiling litrs v1.0.0
[INFO] [stderr]     Checking ipnet v2.12.0
[INFO] [stderr]    Compiling synstructure v0.13.2
[INFO] [stderr]     Checking openssl-probe v0.2.1
[INFO] [stderr]    Compiling zmij v1.0.21
[INFO] [stderr]     Checking rustls-native-certs v0.8.3
[INFO] [stderr]    Compiling document-features v0.2.12
[INFO] [stderr]     Checking hashbrown v0.17.1
[INFO] [stderr]     Checking dlv-list v0.5.2
[INFO] [stderr]    Compiling zerofrom-derive v0.1.7
[INFO] [stderr]    Compiling yoke-derive v0.8.2
[INFO] [stderr]    Compiling zerovec-derive v0.11.3
[INFO] [stderr]    Compiling displaydoc v0.2.5
[INFO] [stderr]    Compiling derive_more-impl v2.1.1
[INFO] [stderr]    Compiling serde_derive v1.0.229
[INFO] [stderr]     Checking zerofrom v0.1.8
[INFO] [stderr]     Checking yoke v0.8.2
[INFO] [stderr]     Checking zerotrie v0.2.4
[INFO] [stderr]     Checking parking_lot v0.12.5
[INFO] [stderr]     Checking signal-hook-mio v0.2.5
[INFO] [stderr]     Checking thread_local v1.1.9
[INFO] [stderr]     Checking option-ext v0.2.0
[INFO] [stderr]     Checking derive_more v2.1.1
[INFO] [stderr]     Checking hashbrown v0.14.5
[INFO] [stderr]     Checking zerovec v0.11.6
[INFO] [stderr]     Checking dirs-sys v0.5.0
[INFO] [stderr]     Checking fuzzy-matcher v0.3.7
[INFO] [stderr]    Compiling clap_derive v4.6.4
[INFO] [stderr]     Checking crossterm v0.29.0
[INFO] [stderr]     Checking hyper v1.9.0
[INFO] [stderr]     Checking tinystr v0.8.3
[INFO] [stderr]     Checking potential_utf v0.1.5
[INFO] [stderr]     Checking icu_collections v2.2.0
[INFO] [stderr]     Checking icu_locale_core v2.2.0
[INFO] [stderr]     Checking tower v0.5.3
[INFO] [stderr]     Checking rustls-webpki v0.103.15
[INFO] [stderr]     Checking ordered-multimap v0.7.3
[INFO] [stderr]     Checking hashlink v0.12.0
[INFO] [stderr]     Checking hyper-util v0.1.20
[INFO] [stderr]     Checking http-body-util v0.1.3
[INFO] [stderr]     Checking unicode-width v0.2.2
[INFO] [stderr]     Checking icu_provider v2.2.0
[INFO] [stderr]    Compiling getrandom v0.4.2
[INFO] [stderr]     Checking icu_properties v2.2.0
[INFO] [stderr]     Checking icu_normalizer v2.2.0
[INFO] [stderr]     Checking dyn-clone v1.0.20
[INFO] [stderr]     Checking fallible-iterator v0.3.0
[INFO] [stderr]     Checking fallible-streaming-iterator v0.1.9
[INFO] [stderr]     Checking inquire v0.9.4
[INFO] [stderr]     Checking clap v4.6.6
[INFO] [stderr]     Checking serde v1.0.229
[INFO] [stderr]     Checking serde_json v1.0.151
[INFO] [stderr]     Checking rust-ini v0.21.3
[INFO] [stderr]     Checking dirs v7.0.0
[INFO] [stderr]     Checking fastrand v2.4.1
[INFO] [stderr]     Checking tempfile v3.27.0
[INFO] [stderr]     Checking quick-xml v0.42.0
[INFO] [stderr]     Checking idna_adapter v1.2.2
[INFO] [stderr]     Checking idna v1.1.0
[INFO] [stderr]     Checking url v2.5.8
[INFO] [stderr]     Checking tower-http v0.6.11
[INFO] [stderr]     Checking tokio-rustls v0.26.4
[INFO] [stderr]     Checking rustls-platform-verifier v0.7.0
[INFO] [stderr]     Checking hyper-rustls v0.27.9
[INFO] [stderr]     Checking reqwest v0.13.5
[INFO] [stderr]     Checking rusqlite v0.40.2
[INFO] [stderr]     Checking reapackdb v0.5.0 (/opt/rustwide/workdir)
[INFO] [stdout] error[E0308]: mismatched types
[INFO] [stdout]    --> src/reapack.rs:130:21
[INFO] [stdout]     |
[INFO] [stdout] 129 |                 match e.name().as_ref() {
[INFO] [stdout]     |                       ----------------- this expression has type `&str`
[INFO] [stdout] 130 |                     b"category" => {
[INFO] [stdout]     |                     ^^^^^^^^^^^ expected `&str`, found `&[u8; 8]`
[INFO] [stdout]     |
[INFO] [stdout]     = note: expected reference `&str`
[INFO] [stdout]                found reference `&'static [u8; 8]`
[INFO] [stdout] 
[INFO] [stdout] 
[INFO] [stdout] error[E0308]: mismatched types
[INFO] [stdout]    --> src/reapack.rs:140:21
[INFO] [stdout]     |
[INFO] [stdout] 129 |                 match e.name().as_ref() {
[INFO] [stdout]     |                       ----------------- this expression has type `&str`
[INFO] [stdout] ...
[INFO] [stdout] 140 |                     b"reapack" => {
[INFO] [stdout]     |                     ^^^^^^^^^^ expected `&str`, found `&[u8; 7]`
[INFO] [stdout]     |
[INFO] [stdout]     = note: expected reference `&str`
[INFO] [stdout]                found reference `&'static [u8; 7]`
[INFO] [stdout] 
[INFO] [stdout] 
[INFO] [stdout] error[E0277]: can't compare `str` with `[u8; 4]`
[INFO] [stdout]    --> src/reapack.rs:133:50
[INFO] [stdout]     |
[INFO] [stdout] 133 | ...                   if attr.key.as_ref() == b"name" {
[INFO] [stdout]     |                                            ^^ no implementation for `str == [u8; 4]`
[INFO] [stdout]     |
[INFO] [stdout]     = help: the trait `PartialEq<[u8; 4]>` is not implemented for `str`
[INFO] [stdout]     = help: the following other types implement trait `PartialEq<Rhs>`:
[INFO] [stdout]               `&str` implements `PartialEq<ByteStr>`
[INFO] [stdout]               `&str` implements `PartialEq<ByteString>`
[INFO] [stdout]               `&str` implements `PartialEq<Cow<'_, str>>`
[INFO] [stdout]               `&str` implements `PartialEq<HeaderName>`
[INFO] [stdout]               `&str` implements `PartialEq<HeaderValue>`
[INFO] [stdout]               `&str` implements `PartialEq<Method>`
[INFO] [stdout]               `&str` implements `PartialEq<OsString>`
[INFO] [stdout]               `&str` implements `PartialEq<bytes::bytes::Bytes>`
[INFO] [stdout]             and 26 others
[INFO] [stdout]     = note: required for `&str` to implement `PartialEq<&[u8; 4]>`
[INFO] [stdout] 
[INFO] [stdout] 
[INFO] [stdout] error[E0308]: mismatched types
[INFO] [stdout]    --> src/reapack.rs:135:61
[INFO] [stdout]     |
[INFO] [stdout] 135 | ...                   String::from_utf8_lossy(&attr.value).into_owned();
[INFO] [stdout]     |                       ----------------------- ^^^^^^^^^^^ expected `&[u8]`, found `&Cow<'_, str>`
[INFO] [stdout]     |                       |
[INFO] [stdout]     |                       arguments to this function are incorrect
[INFO] [stdout]     |
[INFO] [stdout]     = note: expected reference `&[u8]`
[INFO] [stdout]                found reference `&Cow<'_, str>`
[INFO] [stdout] note: associated function defined here
[INFO] [stdout]    --> /rustc/3154cc1a3e6424e44f438a95007d043ed5ceaaf6/library/alloc/src/string.rs:628:11
[INFO] [stdout] 
[INFO] [stdout] 
[INFO] [stdout] error[E0277]: can't compare `str` with `[u8; 4]`
[INFO] [stdout]    --> src/reapack.rs:143:50
[INFO] [stdout]     |
[INFO] [stdout] 143 | ...                   if attr.key.as_ref() == b"desc" {
[INFO] [stdout]     |                                            ^^ no implementation for `str == [u8; 4]`
[INFO] [stdout]     |
[INFO] [stdout]     = help: the trait `PartialEq<[u8; 4]>` is not implemented for `str`
[INFO] [stdout]     = help: the following other types implement trait `PartialEq<Rhs>`:
[INFO] [stdout]               `&str` implements `PartialEq<ByteStr>`
[INFO] [stdout]               `&str` implements `PartialEq<ByteString>`
[INFO] [stdout]               `&str` implements `PartialEq<Cow<'_, str>>`
[INFO] [stdout]               `&str` implements `PartialEq<HeaderName>`
[INFO] [stdout]               `&str` implements `PartialEq<HeaderValue>`
[INFO] [stdout]               `&str` implements `PartialEq<Method>`
[INFO] [stdout]               `&str` implements `PartialEq<OsString>`
[INFO] [stdout]               `&str` implements `PartialEq<bytes::bytes::Bytes>`
[INFO] [stdout]             and 26 others
[INFO] [stdout]     = note: required for `&str` to implement `PartialEq<&[u8; 4]>`
[INFO] [stdout] 
[INFO] [stdout] 
[INFO] [stdout] error[E0308]: mismatched types
[INFO] [stdout]    --> src/reapack.rs:145:61
[INFO] [stdout]     |
[INFO] [stdout] 145 | ...                   String::from_utf8_lossy(&attr.value).into_owned();
[INFO] [stdout]     |                       ----------------------- ^^^^^^^^^^^ expected `&[u8]`, found `&Cow<'_, str>`
[INFO] [stdout]     |                       |
[INFO] [stdout]     |                       arguments to this function are incorrect
[INFO] [stdout]     |
[INFO] [stdout]     = note: expected reference `&[u8]`
[INFO] [stdout]                found reference `&Cow<'_, str>`
[INFO] [stdout] note: associated function defined here
[INFO] [stdout]    --> /rustc/3154cc1a3e6424e44f438a95007d043ed5ceaaf6/library/alloc/src/string.rs:628:11
[INFO] [stdout] 
[INFO] [stdout] 
[INFO] [stdout] Some errors have detailed explanations: E0277, E0308.
[INFO] [stdout] 
[INFO] [stdout] For more information about an error, try `rustc --explain E0277`.
[INFO] [stdout] 
[INFO] [stderr] error: could not compile `reapackdb` (lib) due to 6 previous errors
[INFO] [stderr] warning: build failed, waiting for other jobs to finish...
[INFO] [stdout] error[E0308]: mismatched types
[INFO] [stdout]    --> src/reapack.rs:130:21
[INFO] [stdout]     |
[INFO] [stdout] 129 |                 match e.name().as_ref() {
[INFO] [stdout]     |                       ----------------- this expression has type `&str`
[INFO] [stdout] 130 |                     b"category" => {
[INFO] [stdout]     |                     ^^^^^^^^^^^ expected `&str`, found `&[u8; 8]`
[INFO] [stdout]     |
[INFO] [stdout]     = note: expected reference `&str`
[INFO] [stdout]                found reference `&'static [u8; 8]`
[INFO] [stdout] 
[INFO] [stdout] 
[INFO] [stdout] error[E0308]: mismatched types
[INFO] [stdout]    --> src/reapack.rs:140:21
[INFO] [stdout]     |
[INFO] [stdout] 129 |                 match e.name().as_ref() {
[INFO] [stdout]     |                       ----------------- this expression has type `&str`
[INFO] [stdout] ...
[INFO] [stdout] 140 |                     b"reapack" => {
[INFO] [stdout]     |                     ^^^^^^^^^^ expected `&str`, found `&[u8; 7]`
[INFO] [stdout]     |
[INFO] [stdout]     = note: expected reference `&str`
[INFO] [stdout]                found reference `&'static [u8; 7]`
[INFO] [stdout] 
[INFO] [stdout] 
[INFO] [stdout] error[E0277]: can't compare `str` with `[u8; 4]`
[INFO] [stdout]    --> src/reapack.rs:133:50
[INFO] [stdout]     |
[INFO] [stdout] 133 | ...                   if attr.key.as_ref() == b"name" {
[INFO] [stdout]     |                                            ^^ no implementation for `str == [u8; 4]`
[INFO] [stdout]     |
[INFO] [stdout]     = help: the trait `PartialEq<[u8; 4]>` is not implemented for `str`
[INFO] [stdout]     = help: the following other types implement trait `PartialEq<Rhs>`:
[INFO] [stdout]               `&str` implements `PartialEq<ByteStr>`
[INFO] [stdout]               `&str` implements `PartialEq<ByteString>`
[INFO] [stdout]               `&str` implements `PartialEq<Cow<'_, str>>`
[INFO] [stdout]               `&str` implements `PartialEq<HeaderName>`
[INFO] [stdout]               `&str` implements `PartialEq<HeaderValue>`
[INFO] [stdout]               `&str` implements `PartialEq<Method>`
[INFO] [stdout]               `&str` implements `PartialEq<OsString>`
[INFO] [stdout]               `&str` implements `PartialEq<bytes::bytes::Bytes>`
[INFO] [stdout]             and 26 others
[INFO] [stdout]     = note: required for `&str` to implement `PartialEq<&[u8; 4]>`
[INFO] [stdout] 
[INFO] [stdout] 
[INFO] [stdout] error[E0308]: mismatched types
[INFO] [stdout]    --> src/reapack.rs:135:61
[INFO] [stdout]     |
[INFO] [stdout] 135 | ...                   String::from_utf8_lossy(&attr.value).into_owned();
[INFO] [stdout]     |                       ----------------------- ^^^^^^^^^^^ expected `&[u8]`, found `&Cow<'_, str>`
[INFO] [stdout]     |                       |
[INFO] [stdout]     |                       arguments to this function are incorrect
[INFO] [stdout]     |
[INFO] [stdout]     = note: expected reference `&[u8]`
[INFO] [stdout]                found reference `&Cow<'_, str>`
[INFO] [stdout] note: associated function defined here
[INFO] [stdout]    --> /rustc/3154cc1a3e6424e44f438a95007d043ed5ceaaf6/library/alloc/src/string.rs:628:11
[INFO] [stdout] 
[INFO] [stdout] 
[INFO] [stdout] error[E0277]: can't compare `str` with `[u8; 4]`
[INFO] [stdout]    --> src/reapack.rs:143:50
[INFO] [stdout]     |
[INFO] [stdout] 143 | ...                   if attr.key.as_ref() == b"desc" {
[INFO] [stdout]     |                                            ^^ no implementation for `str == [u8; 4]`
[INFO] [stdout]     |
[INFO] [stdout]     = help: the trait `PartialEq<[u8; 4]>` is not implemented for `str`
[INFO] [stdout]     = help: the following other types implement trait `PartialEq<Rhs>`:
[INFO] [stdout]               `&str` implements `PartialEq<ByteStr>`
[INFO] [stdout]               `&str` implements `PartialEq<ByteString>`
[INFO] [stdout]               `&str` implements `PartialEq<Cow<'_, str>>`
[INFO] [stdout]               `&str` implements `PartialEq<HeaderName>`
[INFO] [stdout]               `&str` implements `PartialEq<HeaderValue>`
[INFO] [stdout]               `&str` implements `PartialEq<Method>`
[INFO] [stdout]               `&str` implements `PartialEq<OsString>`
[INFO] [stdout]               `&str` implements `PartialEq<bytes::bytes::Bytes>`
[INFO] [stdout]             and 26 others
[INFO] [stdout]     = note: required for `&str` to implement `PartialEq<&[u8; 4]>`
[INFO] [stdout] 
[INFO] [stdout] 
[INFO] [stdout] error[E0308]: mismatched types
[INFO] [stdout]    --> src/reapack.rs:145:61
[INFO] [stdout]     |
[INFO] [stdout] 145 | ...                   String::from_utf8_lossy(&attr.value).into_owned();
[INFO] [stdout]     |                       ----------------------- ^^^^^^^^^^^ expected `&[u8]`, found `&Cow<'_, str>`
[INFO] [stdout]     |                       |
[INFO] [stdout]     |                       arguments to this function are incorrect
[INFO] [stdout]     |
[INFO] [stdout]     = note: expected reference `&[u8]`
[INFO] [stdout]                found reference `&Cow<'_, str>`
[INFO] [stdout] note: associated function defined here
[INFO] [stdout]    --> /rustc/3154cc1a3e6424e44f438a95007d043ed5ceaaf6/library/alloc/src/string.rs:628:11
[INFO] [stdout] 
[INFO] [stdout] 
[INFO] [stdout] Some errors have detailed explanations: E0277, E0308.
[INFO] [stdout] 
[INFO] [stdout] For more information about an error, try `rustc --explain E0277`.
[INFO] [stdout] 
[INFO] [stderr] error: could not compile `reapackdb` (lib test) due to 6 previous errors
[INFO] running `Command { std: "docker" "inspect" "8121423c9ee52a8065e93479404b413df0959952be82e251be1052a5b362fea1", kill_on_drop: false }`
[INFO] running `Command { std: "docker" "rm" "-f" "8121423c9ee52a8065e93479404b413df0959952be82e251be1052a5b362fea1", kill_on_drop: false }`
[INFO] [stdout] 8121423c9ee52a8065e93479404b413df0959952be82e251be1052a5b362fea1
