[INFO] cloning repository https://github.com/i2c-hyperai/hyperai-ifs
[INFO] running `Command { std: "git" "-c" "credential.helper=" "-c" "credential.helper=/workspace/cargo-home/bin/git-credential-null" "clone" "--bare" "https://github.com/i2c-hyperai/hyperai-ifs" "/workspace/cache/git-repos/https%3A%2F%2Fgithub.com%2Fi2c-hyperai%2Fhyperai-ifs", kill_on_drop: false }`
[INFO] [stderr] Cloning into bare repository '/workspace/cache/git-repos/https%3A%2F%2Fgithub.com%2Fi2c-hyperai%2Fhyperai-ifs'...
[INFO] running `Command { std: "git" "rev-parse" "HEAD", kill_on_drop: false }`
[INFO] [stdout] 727f7c4adb18f90524fbf7e1334c1bfb32ef3639
[INFO] checking i2c-hyperai/hyperai-ifs against 3154cc1a3e6424e44f438a95007d043ed5ceaaf6+rustflags=-Znext-solver=coherence for pr-133502-30
[INFO] running `Command { std: "git" "clone" "/workspace/cache/git-repos/https%3A%2F%2Fgithub.com%2Fi2c-hyperai%2Fhyperai-ifs" "/workspace/builds/worker-7-tc1/source", kill_on_drop: false }`
[INFO] [stderr] Cloning into '/workspace/builds/worker-7-tc1/source'...
[INFO] [stderr] done.
[INFO] started tweaking git repo https://github.com/i2c-hyperai/hyperai-ifs
[INFO] finished tweaking git repo https://github.com/i2c-hyperai/hyperai-ifs
[INFO] tweaked toml for git repo https://github.com/i2c-hyperai/hyperai-ifs written to /workspace/builds/worker-7-tc1/source/Cargo.toml
[INFO] validating manifest of git repo https://github.com/i2c-hyperai/hyperai-ifs on toolchain 3154cc1a3e6424e44f438a95007d043ed5ceaaf6
[INFO] running `Command { std: CARGO_HOME="/workspace/cargo-home" RUSTUP_HOME="/workspace/rustup-home" "/workspace/cargo-home/bin/cargo" "+3154cc1a3e6424e44f438a95007d043ed5ceaaf6" "metadata" "--manifest-path" "Cargo.toml" "--no-deps", kill_on_drop: false }`
[INFO] crate git repo https://github.com/i2c-hyperai/hyperai-ifs already has a lockfile, it will not be regenerated
[INFO] running `Command { std: CARGO_HOME="/workspace/cargo-home" RUSTUP_HOME="/workspace/rustup-home" "/workspace/cargo-home/bin/cargo" "+3154cc1a3e6424e44f438a95007d043ed5ceaaf6" "fetch" "--manifest-path" "Cargo.toml", kill_on_drop: false }`
[INFO] [stderr] warning: unused workspace dependency `thiserror`
[INFO] [stderr]  --> Cargo.toml:9:1
[INFO] [stderr]   |
[INFO] [stderr] 9 | thiserror = "1"
[INFO] [stderr]   | ^^^^^^^^^
[INFO] [stderr]   |
[INFO] [stderr]   = note: `cargo::unused_workspace_dependencies` is set to `warn` by default
[INFO] [stderr] help: consider removing the workspace dependency `thiserror`
[INFO] [stderr] warning: workspace (manifest) generated 1 warning
[INFO] [stderr]     Updating crates.io index
[INFO] [stderr]  Downloading crates ...
[INFO] [stderr]   Downloaded tower-http v0.6.10
[INFO] [stderr]   Downloaded subenum v1.2.0
[INFO] [stderr]   Downloaded hf-hub v0.4.3
[INFO] [stderr]   Downloaded diffusion-rs v0.1.19
[INFO] [stderr]   Downloaded diffusion-rs-sys v0.1.19
[INFO] running `Command { std: "docker" "create" "-v" "/var/lib/crater-agent-workspace/builds/worker-7-tc1/source:/opt/rustwide/workdir:ro,Z" "-v" "/var/lib/crater-agent-workspace/builds/worker-7-tc1/target:/opt/rustwide/target:rw,Z" "-v" "/var/lib/crater-agent-workspace/cargo-home:/opt/rustwide/cargo-home:ro,Z" "-v" "/var/lib/crater-agent-workspace/rustup-home:/opt/rustwide/rustup-home:ro,Z" "-m" "1610612736" "--network" "none" "ghcr.io/rust-lang/crates-build-env/linux@sha256:77db811e55d90add9212f6832c23229e3de5f1c1f9905e8cb07319ea15df73ac" "sleep" "infinity", kill_on_drop: false }`
[INFO] [stdout] 00236ceaf5706e08561acc5b5b2ef20a1c80a5c375384f14e851eac1ca1b49fa
[INFO] running `Command { std: "docker" "start" "00236ceaf5706e08561acc5b5b2ef20a1c80a5c375384f14e851eac1ca1b49fa", kill_on_drop: false }`
[INFO] running `Command { std: "docker" "inspect" "00236ceaf5706e08561acc5b5b2ef20a1c80a5c375384f14e851eac1ca1b49fa", kill_on_drop: false }`
[INFO] running `Command { std: "docker" "exec" "-e" "SOURCE_DIR=/opt/rustwide/workdir" "-e" "CARGO_HOME=/opt/rustwide/cargo-home" "-e" "RUSTUP_HOME=/opt/rustwide/rustup-home" "-e" "CARGO_TARGET_DIR=/opt/rustwide/target" "-w" "/opt/rustwide/workdir" "--user" "0:0" "00236ceaf5706e08561acc5b5b2ef20a1c80a5c375384f14e851eac1ca1b49fa" "/opt/rustwide/cargo-home/bin/cargo" "+3154cc1a3e6424e44f438a95007d043ed5ceaaf6" "metadata" "--no-deps" "--format-version=1", kill_on_drop: false }`
[INFO] running `Command { std: "docker" "inspect" "00236ceaf5706e08561acc5b5b2ef20a1c80a5c375384f14e851eac1ca1b49fa", kill_on_drop: false }`
[INFO] running `Command { std: "docker" "exec" "-e" "SOURCE_DIR=/opt/rustwide/workdir" "-e" "CARGO_HOME=/opt/rustwide/cargo-home" "-e" "RUSTUP_HOME=/opt/rustwide/rustup-home" "-e" "CARGO_TARGET_DIR=/opt/rustwide/target" "-e" "CARGO_INCREMENTAL=0" "-e" "RUST_BACKTRACE=full" "-e" "RUSTFLAGS=--cap-lints=forbid -Znext-solver=coherence" "-e" "RUSTDOCFLAGS=--cap-lints=forbid" "-w" "/opt/rustwide/workdir" "--user" "0:0" "00236ceaf5706e08561acc5b5b2ef20a1c80a5c375384f14e851eac1ca1b49fa" "/opt/rustwide/cargo-home/bin/cargo" "+3154cc1a3e6424e44f438a95007d043ed5ceaaf6" "check" "--frozen" "--all" "--all-targets" "--message-format=json", kill_on_drop: false }`
[INFO] [stderr] warning: unused workspace dependency `thiserror`
[INFO] [stderr]  --> Cargo.toml:9:1
[INFO] [stderr]   |
[INFO] [stderr] 9 | thiserror = "1"
[INFO] [stderr]   | ^^^^^^^^^
[INFO] [stderr]   |
[INFO] [stderr]   = note: `cargo::unused_workspace_dependencies` is set to `warn` by default
[INFO] [stderr] help: consider removing the workspace dependency `thiserror`
[INFO] [stderr] warning: workspace (manifest) generated 1 warning
[INFO] [stderr]    Compiling num-traits v0.2.19
[INFO] [stderr]    Compiling syn v2.0.117
[INFO] [stderr]    Compiling cc v1.2.62
[INFO] [stderr]    Compiling zerocopy v0.8.48
[INFO] [stderr]     Checking rustls-pki-types v1.14.1
[INFO] [stderr]     Checking getrandom v0.2.17
[INFO] [stderr]    Compiling clang-sys v1.8.1
[INFO] [stderr]    Compiling rustls v0.23.40
[INFO] [stderr]    Compiling libc v0.2.186
[INFO] [stderr]     Checking futures-sink v0.3.32
[INFO] [stderr]     Checking tokio v1.52.3
[INFO] [stderr]    Compiling regex-syntax v0.8.10
[INFO] [stderr]    Compiling nom v7.1.3
[INFO] [stderr]     Checking webpki-roots v1.0.7
[INFO] [stderr]     Checking serde_json v1.0.149
[INFO] [stderr]     Checking num-integer v0.1.46
[INFO] [stderr]     Checking num-bigint v0.4.6
[INFO] [stderr]     Checking rayon v1.12.0
[INFO] [stderr]    Compiling ring v0.17.14
[INFO] [stderr]     Checking as-slice v0.2.1
[INFO] [stderr]    Compiling bindgen v0.71.1
[INFO] [stderr]    Compiling either v1.15.0
[INFO] [stderr]    Compiling regex-automata v0.4.14
[INFO] [stderr]     Checking num-rational v0.4.2
[INFO] [stderr]     Checking futures-io v0.3.32
[INFO] [stderr]    Compiling built v0.8.0
[INFO] [stderr]     Checking futures-util v0.3.32
[INFO] [stderr]    Compiling cexpr v0.6.0
[INFO] [stderr]    Compiling rav1e v0.8.1
[INFO] [stderr]    Compiling itertools v0.13.0
[INFO] [stderr]    Compiling av-scenechange v0.14.1
[INFO] [stderr]     Checking aligned v0.4.3
[INFO] [stderr]     Checking getrandom v0.3.4
[INFO] [stderr]    Compiling regex v1.12.3
[INFO] [stderr]     Checking nom v8.0.0
[INFO] [stderr]     Checking no_std_io2 v0.9.4
[INFO] [stderr]     Checking y4m v0.8.0
[INFO] [stderr]    Compiling synstructure v0.13.2
[INFO] [stderr]    Compiling darling_core v0.20.11
[INFO] [stderr]    Compiling prettyplease v0.2.37
[INFO] [stderr]    Compiling bitflags v2.11.1
[INFO] [stderr]    Compiling rustc-hash v2.1.2
[INFO] [stderr]    Compiling portable-atomic v1.13.1
[INFO] [stderr]     Checking bitstream-io v4.10.0
[INFO] [stderr]     Checking uuid v1.23.1
[INFO] [stderr]     Checking rustls-webpki v0.103.13
[INFO] [stderr]     Checking rand_core v0.9.5
[INFO] [stderr]     Checking maybe-rayon v0.1.1
[INFO] [stderr]    Compiling cmake v0.1.58
[INFO] [stderr]     Checking futures-channel v0.3.32
[INFO] [stderr]    Compiling zerofrom-derive v0.1.7
[INFO] [stderr]    Compiling yoke-derive v0.8.2
[INFO] [stderr]    Compiling zerovec-derive v0.11.3
[INFO] [stderr]    Compiling serde_derive v1.0.228
[INFO] [stderr]    Compiling displaydoc v0.2.5
[INFO] [stderr]    Compiling zerocopy-derive v0.8.48
[INFO] [stderr]     Checking zerofrom v0.1.8
[INFO] [stderr]     Checking yoke v0.8.2
[INFO] [stderr]    Compiling equator-macro v0.4.2
[INFO] [stderr]    Compiling thiserror-impl v2.0.18
[INFO] [stderr]     Checking zerovec v0.11.6
[INFO] [stderr]     Checking zerotrie v0.2.4
[INFO] [stderr]    Compiling darling_macro v0.20.11
[INFO] [stderr]    Compiling arg_enum_proc_macro v0.3.4
[INFO] [stderr]     Checking equator v0.4.2
[INFO] [stderr]     Checking tinystr v0.8.3
[INFO] [stderr]     Checking potential_utf v0.1.5
[INFO] [stderr]     Checking icu_collections v2.2.0
[INFO] [stderr]     Checking icu_locale_core v2.2.0
[INFO] [stderr]     Checking aligned-vec v0.6.4
[INFO] [stderr]     Checking thiserror v2.0.18
[INFO] [stderr]     Checking v_frame v0.3.9
[INFO] [stderr]    Compiling profiling-procmacros v1.0.18
[INFO] [stderr]    Compiling darling v0.20.11
[INFO] [stderr]    Compiling num-derive v0.4.2
[INFO] [stderr]     Checking profiling v1.0.18
[INFO] [stderr]     Checking av1-grain v0.2.5
[INFO] [stderr]     Checking icu_provider v2.2.0
[INFO] [stderr]     Checking icu_properties v2.2.0
[INFO] [stderr]     Checking icu_normalizer v2.2.0
[INFO] [stderr]     Checking itertools v0.14.0
[INFO] [stderr]    Compiling simd_helpers v0.1.0
[INFO] [stderr]     Checking imgref v1.12.1
[INFO] [stderr]     Checking socks v0.3.4
[INFO] [stderr]     Checking loop9 v0.1.5
[INFO] [stderr]     Checking console v0.15.11
[INFO] [stderr]     Checking dirs-sys v0.5.0
[INFO] [stderr]     Checking hyper v1.9.0
[INFO] [stderr]     Checking tracing v0.1.44
[INFO] [stderr]    Compiling derive_builder_core v0.20.2
[INFO] [stderr]     Checking serde v1.0.228
[INFO] [stderr]     Checking idna_adapter v1.2.2
[INFO] [stderr]     Checking idna v1.1.0
[INFO] [stderr]     Checking url v2.5.8
[INFO] [stderr]     Checking chrono v0.4.44
[INFO] [stderr]     Checking serde_spanned v0.6.9
[INFO] [stderr]     Checking toml_datetime v0.6.11
[INFO] [stderr]     Checking webpki-roots v0.26.11
[INFO] [stderr]     Checking avif-serialize v0.8.9
[INFO] [stderr]     Checking zune-inflate v0.2.54
[INFO] [stderr]     Checking fax v0.2.7
[INFO] [stderr]     Checking bytemuck v1.25.0
[INFO] [stderr]     Checking toml_edit v0.22.27
[INFO] [stderr]     Checking pxfm v0.1.29
[INFO] [stderr]     Checking rgb v0.8.53
[INFO] [stderr]     Checking lebe v0.5.3
[INFO] [stderr]     Checking bit_field v0.10.3
[INFO] [stderr]     Checking crc-catalog v2.5.0
[INFO] [stderr]     Checking indicatif v0.17.11
[INFO] [stderr]     Checking aiifs-schema v0.1.0 (/opt/rustwide/workdir/crates/aiifs-schema)
[INFO] [stderr]     Checking crc v3.4.0
[INFO] [stderr]     Checking hyper-util v0.1.20
[INFO] [stderr]     Checking qoi v0.4.1
[INFO] [stderr]     Checking tower v0.5.3
[INFO] [stderr]    Compiling derive_builder_macro v0.20.2
[INFO] [stderr]     Checking png v0.18.1
[INFO] [stderr]     Checking ureq v2.12.1
[INFO] [stderr]     Checking toml v0.8.23
[INFO] [stderr]     Checking brotli v8.0.2
[INFO] [stderr]     Checking tokio-rustls v0.26.4
[INFO] [stderr]     Checking dirs v6.0.0
[INFO] [stderr]    Compiling diffusion-rs-sys v0.1.19
[INFO] [stderr]    Compiling strum_macros v0.27.2
[INFO] [stderr]     Checking half v2.7.1
[INFO] [stderr]     Checking ppv-lite86 v0.2.21
[INFO] [stderr]     Checking quick-xml v0.37.5
[INFO] [stderr]     Checking tiff v0.11.3
[INFO] [stderr]     Checking rand_chacha v0.9.0
[INFO] [stderr]     Checking rand v0.9.4
[INFO] [stderr]     Checking moxcms v0.8.1
[INFO] [stderr]     Checking exr v1.74.0
[INFO] [stderr]     Checking serde_urlencoded v0.7.1
[INFO] [stderr]     Checking hf-hub v0.4.3
[INFO] [stderr]     Checking hyper-rustls v0.27.9
[INFO] [stderr]     Checking tower-http v0.6.10
[INFO] [stderr]     Checking derive_builder v0.20.2
[INFO] [stderr]    Compiling subenum v1.2.0
[INFO] [stderr]     Checking strum v0.27.2
[INFO] [stderr]     Checking num_cpus v1.17.0
[INFO] [stderr]     Checking reqwest v0.12.28
[INFO] [stderr]     Checking clap_builder v4.6.0
[INFO] [stderr]     Checking ravif v0.13.0
[INFO] [stderr]    Compiling clap_derive v4.6.1
[INFO] [stderr]     Checking aiifs-painter v0.1.0 (/opt/rustwide/workdir/crates/aiifs-painter)
[INFO] [stderr]     Checking little_exif v0.6.23
[INFO] [stderr]     Checking clap v4.6.1
[INFO] [stderr]     Checking image v0.25.10
[INFO] [stderr] error: failed to run custom build command for `diffusion-rs-sys v0.1.19`
[INFO] [stderr] note: To improve backtraces for build dependencies, set the CARGO_PROFILE_DEV_BUILD_OVERRIDE_DEBUG=true environment variable to enable debug information generation.
[INFO] [stderr] 
[INFO] [stderr] Caused by:
[INFO] [stderr]   process didn't exit successfully: `/opt/rustwide/target/debug/build/diffusion-rs-sys/2d4c7767c0171ea5/out/build_script_build` (exit status: 101)
[INFO] [stderr]   --- stdout
[INFO] [stderr]   cargo:rustc-link-lib=dylib=stdc++
[INFO] [stderr]   cargo:rerun-if-changed=wrapper.h
[INFO] [stderr]   cargo:rerun-if-env-changed=TARGET
[INFO] [stderr]   cargo:rerun-if-env-changed=BINDGEN_EXTRA_CLANG_ARGS_x86_64-unknown-linux-gnu
[INFO] [stderr]   cargo:rerun-if-env-changed=BINDGEN_EXTRA_CLANG_ARGS_x86_64_unknown_linux_gnu
[INFO] [stderr]   cargo:rerun-if-env-changed=BINDGEN_EXTRA_CLANG_ARGS
[INFO] [stderr]   cargo:rerun-if-changed=wrapper.h
[INFO] [stderr]   cargo:rerun-if-changed=./stable-diffusion.cpp/include/stable-diffusion.h
[INFO] [stderr]   cargo:rerun-if-changed=/usr/lib/llvm-21/lib/clang/21/include/stdbool.h
[INFO] [stderr]   cargo:rerun-if-changed=/usr/lib/llvm-21/lib/clang/21/include/stddef.h
[INFO] [stderr]   cargo:rerun-if-changed=/usr/lib/llvm-21/lib/clang/21/include/__stddef_header_macro.h
[INFO] [stderr]   cargo:rerun-if-changed=/usr/lib/llvm-21/lib/clang/21/include/__stddef_ptrdiff_t.h
[INFO] [stderr]   cargo:rerun-if-changed=/usr/lib/llvm-21/lib/clang/21/include/__stddef_size_t.h
[INFO] [stderr]   cargo:rerun-if-changed=/usr/lib/llvm-21/lib/clang/21/include/__stddef_wchar_t.h
[INFO] [stderr]   cargo:rerun-if-changed=/usr/lib/llvm-21/lib/clang/21/include/__stddef_null.h
[INFO] [stderr]   cargo:rerun-if-changed=/usr/lib/llvm-21/lib/clang/21/include/__stddef_max_align_t.h
[INFO] [stderr]   cargo:rerun-if-changed=/usr/lib/llvm-21/lib/clang/21/include/__stddef_offsetof.h
[INFO] [stderr]   cargo:rerun-if-changed=/usr/lib/llvm-21/lib/clang/21/include/stdint.h
[INFO] [stderr]   cargo:rerun-if-changed=/usr/include/stdint.h
[INFO] [stderr]   cargo:rerun-if-changed=/usr/include/x86_64-linux-gnu/bits/libc-header-start.h
[INFO] [stderr]   cargo:rerun-if-changed=/usr/include/features.h
[INFO] [stderr]   cargo:rerun-if-changed=/usr/include/features-time64.h
[INFO] [stderr]   cargo:rerun-if-changed=/usr/include/x86_64-linux-gnu/bits/wordsize.h
[INFO] [stderr]   cargo:rerun-if-changed=/usr/include/x86_64-linux-gnu/bits/timesize.h
[INFO] [stderr]   cargo:rerun-if-changed=/usr/include/x86_64-linux-gnu/bits/wordsize.h
[INFO] [stderr]   cargo:rerun-if-changed=/usr/include/stdc-predef.h
[INFO] [stderr]   cargo:rerun-if-changed=/usr/include/x86_64-linux-gnu/sys/cdefs.h
[INFO] [stderr]   cargo:rerun-if-changed=/usr/include/x86_64-linux-gnu/bits/wordsize.h
[INFO] [stderr]   cargo:rerun-if-changed=/usr/include/x86_64-linux-gnu/bits/long-double.h
[INFO] [stderr]   cargo:rerun-if-changed=/usr/include/x86_64-linux-gnu/gnu/stubs.h
[INFO] [stderr]   cargo:rerun-if-changed=/usr/include/x86_64-linux-gnu/gnu/stubs-64.h
[INFO] [stderr]   cargo:rerun-if-changed=/usr/include/x86_64-linux-gnu/bits/types.h
[INFO] [stderr]   cargo:rerun-if-changed=/usr/include/features.h
[INFO] [stderr]   cargo:rerun-if-changed=/usr/include/x86_64-linux-gnu/bits/wordsize.h
[INFO] [stderr]   cargo:rerun-if-changed=/usr/include/x86_64-linux-gnu/bits/timesize.h
[INFO] [stderr]   cargo:rerun-if-changed=/usr/include/x86_64-linux-gnu/bits/wordsize.h
[INFO] [stderr]   cargo:rerun-if-changed=/usr/include/x86_64-linux-gnu/bits/typesizes.h
[INFO] [stderr]   cargo:rerun-if-changed=/usr/include/x86_64-linux-gnu/bits/time64.h
[INFO] [stderr]   cargo:rerun-if-changed=/usr/include/x86_64-linux-gnu/bits/wchar.h
[INFO] [stderr]   cargo:rerun-if-changed=/usr/include/x86_64-linux-gnu/bits/wordsize.h
[INFO] [stderr]   cargo:rerun-if-changed=/usr/include/x86_64-linux-gnu/bits/stdint-intn.h
[INFO] [stderr]   cargo:rerun-if-changed=/usr/include/x86_64-linux-gnu/bits/types.h
[INFO] [stderr]   cargo:rerun-if-changed=/usr/include/x86_64-linux-gnu/bits/stdint-uintn.h
[INFO] [stderr]   cargo:rerun-if-changed=/usr/include/x86_64-linux-gnu/bits/types.h
[INFO] [stderr]   cargo:rerun-if-changed=/usr/include/x86_64-linux-gnu/bits/stdint-least.h
[INFO] [stderr]   cargo:rerun-if-changed=/usr/include/x86_64-linux-gnu/bits/types.h
[INFO] [stderr]   cargo:rerun-if-changed=/usr/include/string.h
[INFO] [stderr]   cargo:rerun-if-changed=/usr/include/x86_64-linux-gnu/bits/libc-header-start.h
[INFO] [stderr]   cargo:rerun-if-changed=/usr/include/features.h
[INFO] [stderr]   cargo:rerun-if-changed=/usr/lib/llvm-21/lib/clang/21/include/stddef.h
[INFO] [stderr]   cargo:rerun-if-changed=/usr/lib/llvm-21/lib/clang/21/include/__stddef_size_t.h
[INFO] [stderr]   cargo:rerun-if-changed=/usr/lib/llvm-21/lib/clang/21/include/__stddef_null.h
[INFO] [stderr]   cargo:rerun-if-changed=/usr/include/x86_64-linux-gnu/bits/types/locale_t.h
[INFO] [stderr]   cargo:rerun-if-changed=/usr/include/x86_64-linux-gnu/bits/types/__locale_t.h
[INFO] [stderr]   cargo:rerun-if-changed=/usr/include/strings.h
[INFO] [stderr]   cargo:rerun-if-changed=/usr/include/features.h
[INFO] [stderr]   cargo:rerun-if-changed=/usr/lib/llvm-21/lib/clang/21/include/stddef.h
[INFO] [stderr]   cargo:rerun-if-changed=/usr/lib/llvm-21/lib/clang/21/include/__stddef_size_t.h
[INFO] [stderr]   cargo:rerun-if-changed=/usr/include/x86_64-linux-gnu/bits/types/locale_t.h
[INFO] [stderr]   CMAKE_TOOLCHAIN_FILE_x86_64-unknown-linux-gnu = None
[INFO] [stderr]   CMAKE_TOOLCHAIN_FILE_x86_64_unknown_linux_gnu = None
[INFO] [stderr]   HOST_CMAKE_TOOLCHAIN_FILE = None
[INFO] [stderr]   CMAKE_TOOLCHAIN_FILE = None
[INFO] [stderr]   CMAKE_GENERATOR_x86_64-unknown-linux-gnu = None
[INFO] [stderr]   CMAKE_GENERATOR_x86_64_unknown_linux_gnu = None
[INFO] [stderr]   HOST_CMAKE_GENERATOR = None
[INFO] [stderr]   CMAKE_GENERATOR = None
[INFO] [stderr]   CMAKE_PREFIX_PATH_x86_64-unknown-linux-gnu = None
[INFO] [stderr]   CMAKE_PREFIX_PATH_x86_64_unknown_linux_gnu = None
[INFO] [stderr]   HOST_CMAKE_PREFIX_PATH = None
[INFO] [stderr]   CMAKE_PREFIX_PATH = None
[INFO] [stderr]   CMAKE_x86_64-unknown-linux-gnu = None
[INFO] [stderr]   CMAKE_x86_64_unknown_linux_gnu = None
[INFO] [stderr]   HOST_CMAKE = None
[INFO] [stderr]   CMAKE = None
[INFO] [stderr]   Running with debug output on.
[INFO] [stderr]   -- The C compiler identification is GNU 15.2.0
[INFO] [stderr]      Called from: [3]	/opt/rustwide/target/debug/build/diffusion-rs-sys/c64a106bebbb774f/out/stable-diffusion.cpp/CMakeLists.txt
[INFO] [stderr]                   [2]	/usr/share/cmake-4.2/Modules/CMakeDetermineCCompiler.cmake
[INFO] [stderr]                   [1]	/usr/share/cmake-4.2/Modules/CMakeDetermineCompilerId.cmake
[INFO] [stderr]   -- The CXX compiler identification is GNU 15.2.0
[INFO] [stderr]      Called from: [3]	/opt/rustwide/target/debug/build/diffusion-rs-sys/c64a106bebbb774f/out/stable-diffusion.cpp/CMakeLists.txt
[INFO] [stderr]                   [2]	/usr/share/cmake-4.2/Modules/CMakeDetermineCXXCompiler.cmake
[INFO] [stderr]                   [1]	/usr/share/cmake-4.2/Modules/CMakeDetermineCompilerId.cmake
[INFO] [stderr]   -- Detecting C compiler ABI info
[INFO] [stderr]      Called from: [3]	/opt/rustwide/target/debug/build/diffusion-rs-sys/c64a106bebbb774f/out/stable-diffusion.cpp/CMakeLists.txt
[INFO] [stderr]                   [2]	/usr/share/cmake-4.2/Modules/CMakeTestCCompiler.cmake
[INFO] [stderr]                   [1]	/usr/share/cmake-4.2/Modules/CMakeDetermineCompilerABI.cmake
[INFO] [stderr]   -- Detecting C compiler ABI info - done
[INFO] [stderr]      Called from: [3]	/opt/rustwide/target/debug/build/diffusion-rs-sys/c64a106bebbb774f/out/stable-diffusion.cpp/CMakeLists.txt
[INFO] [stderr]                   [2]	/usr/share/cmake-4.2/Modules/CMakeTestCCompiler.cmake
[INFO] [stderr]                   [1]	/usr/share/cmake-4.2/Modules/CMakeDetermineCompilerABI.cmake
[INFO] [stderr]   -- Check for working C compiler: /usr/bin/cc - skipped
[INFO] [stderr]      Called from: [2]	/opt/rustwide/target/debug/build/diffusion-rs-sys/c64a106bebbb774f/out/stable-diffusion.cpp/CMakeLists.txt
[INFO] [stderr]                   [1]	/usr/share/cmake-4.2/Modules/CMakeTestCCompiler.cmake
[INFO] [stderr]   -- Detecting C compile features
[INFO] [stderr]      Called from: [3]	/opt/rustwide/target/debug/build/diffusion-rs-sys/c64a106bebbb774f/out/stable-diffusion.cpp/CMakeLists.txt
[INFO] [stderr]                   [2]	/usr/share/cmake-4.2/Modules/CMakeTestCCompiler.cmake
[INFO] [stderr]                   [1]	/usr/share/cmake-4.2/Modules/CMakeDetermineCompilerSupport.cmake
[INFO] [stderr]   -- Detecting C compile features - done
[INFO] [stderr]      Called from: [3]	/opt/rustwide/target/debug/build/diffusion-rs-sys/c64a106bebbb774f/out/stable-diffusion.cpp/CMakeLists.txt
[INFO] [stderr]                   [2]	/usr/share/cmake-4.2/Modules/CMakeTestCCompiler.cmake
[INFO] [stderr]                   [1]	/usr/share/cmake-4.2/Modules/CMakeDetermineCompilerSupport.cmake
[INFO] [stderr]   -- Detecting CXX compiler ABI info
[INFO] [stderr]      Called from: [3]	/opt/rustwide/target/debug/build/diffusion-rs-sys/c64a106bebbb774f/out/stable-diffusion.cpp/CMakeLists.txt
[INFO] [stderr]                   [2]	/usr/share/cmake-4.2/Modules/CMakeTestCXXCompiler.cmake
[INFO] [stderr]                   [1]	/usr/share/cmake-4.2/Modules/CMakeDetermineCompilerABI.cmake
[INFO] [stderr]   -- Detecting CXX compiler ABI info - done
[INFO] [stderr]      Called from: [3]	/opt/rustwide/target/debug/build/diffusion-rs-sys/c64a106bebbb774f/out/stable-diffusion.cpp/CMakeLists.txt
[INFO] [stderr]                   [2]	/usr/share/cmake-4.2/Modules/CMakeTestCXXCompiler.cmake
[INFO] [stderr]                   [1]	/usr/share/cmake-4.2/Modules/CMakeDetermineCompilerABI.cmake
[INFO] [stderr]   -- Check for working CXX compiler: /usr/bin/c++ - skipped
[INFO] [stderr]      Called from: [2]	/opt/rustwide/target/debug/build/diffusion-rs-sys/c64a106bebbb774f/out/stable-diffusion.cpp/CMakeLists.txt
[INFO] [stderr]                   [1]	/usr/share/cmake-4.2/Modules/CMakeTestCXXCompiler.cmake
[INFO] [stderr]   -- Detecting CXX compile features
[INFO] [stderr]      Called from: [3]	/opt/rustwide/target/debug/build/diffusion-rs-sys/c64a106bebbb774f/out/stable-diffusion.cpp/CMakeLists.txt
[INFO] [stderr]                   [2]	/usr/share/cmake-4.2/Modules/CMakeTestCXXCompiler.cmake
[INFO] [stderr]                   [1]	/usr/share/cmake-4.2/Modules/CMakeDetermineCompilerSupport.cmake
[INFO] [stderr]   -- Detecting CXX compile features - done
[INFO] [stderr]      Called from: [3]	/opt/rustwide/target/debug/build/diffusion-rs-sys/c64a106bebbb774f/out/stable-diffusion.cpp/CMakeLists.txt
[INFO] [stderr]                   [2]	/usr/share/cmake-4.2/Modules/CMakeTestCXXCompiler.cmake
[INFO] [stderr]                   [1]	/usr/share/cmake-4.2/Modules/CMakeDetermineCompilerSupport.cmake
[INFO] [stderr]   -- stable-diffusion.cpp version unknown
[INFO] [stderr]      Called from: [1]	/opt/rustwide/target/debug/build/diffusion-rs-sys/c64a106bebbb774f/out/stable-diffusion.cpp/CMakeLists.txt
[INFO] [stderr]   -- stable-diffusion.cpp commit unknown
[INFO] [stderr]      Called from: [1]	/opt/rustwide/target/debug/build/diffusion-rs-sys/c64a106bebbb774f/out/stable-diffusion.cpp/CMakeLists.txt
[INFO] [stderr]   -- The ASM compiler identification is GNU
[INFO] [stderr]      Called from: [2]	/opt/rustwide/target/debug/build/diffusion-rs-sys/c64a106bebbb774f/out/stable-diffusion.cpp/ggml/CMakeLists.txt
[INFO] [stderr]                   [1]	/usr/share/cmake-4.2/Modules/CMakeDetermineASMCompiler.cmake
[INFO] [stderr]   -- Found assembler: /usr/bin/cc
[INFO] [stderr]      Called from: [2]	/opt/rustwide/target/debug/build/diffusion-rs-sys/c64a106bebbb774f/out/stable-diffusion.cpp/ggml/CMakeLists.txt
[INFO] [stderr]                   [1]	/usr/share/cmake-4.2/Modules/CMakeDetermineASMCompiler.cmake
[INFO] [stderr]   -- Performing Test CMAKE_HAVE_LIBC_PTHREAD
[INFO] [stderr]      Called from: [5]	/opt/rustwide/target/debug/build/diffusion-rs-sys/c64a106bebbb774f/out/stable-diffusion.cpp/ggml/CMakeLists.txt
[INFO] [stderr]                   [4]	/usr/share/cmake-4.2/Modules/FindThreads.cmake
[INFO] [stderr]                   [3]	/usr/share/cmake-4.2/Modules/FindThreads.cmake
[INFO] [stderr]                   [2]	/usr/share/cmake-4.2/Modules/CheckCSourceCompiles.cmake
[INFO] [stderr]                   [1]	/usr/share/cmake-4.2/Modules/Internal/CheckSourceCompiles.cmake
[INFO] [stderr]   -- Performing Test CMAKE_HAVE_LIBC_PTHREAD - Success
[INFO] [stderr]      Called from: [5]	/opt/rustwide/target/debug/build/diffusion-rs-sys/c64a106bebbb774f/out/stable-diffusion.cpp/ggml/CMakeLists.txt
[INFO] [stderr]                   [4]	/usr/share/cmake-4.2/Modules/FindThreads.cmake
[INFO] [stderr]                   [3]	/usr/share/cmake-4.2/Modules/FindThreads.cmake
[INFO] [stderr]                   [2]	/usr/share/cmake-4.2/Modules/CheckCSourceCompiles.cmake
[INFO] [stderr]                   [1]	/usr/share/cmake-4.2/Modules/Internal/CheckSourceCompiles.cmake
[INFO] [stderr]   -- Found Threads: TRUE
[INFO] [stderr]      Called from: [4]	/opt/rustwide/target/debug/build/diffusion-rs-sys/c64a106bebbb774f/out/stable-diffusion.cpp/ggml/CMakeLists.txt
[INFO] [stderr]                   [3]	/usr/share/cmake-4.2/Modules/FindThreads.cmake
[INFO] [stderr]                   [2]	/usr/share/cmake-4.2/Modules/FindPackageHandleStandardArgs.cmake
[INFO] [stderr]                   [1]	/usr/share/cmake-4.2/Modules/FindPackageMessage.cmake
[INFO] [stderr]   -- Warning: ccache not found - consider installing it for faster compilation or disable this warning with GGML_CCACHE=OFF
[INFO] [stderr]      Called from: [1]	/opt/rustwide/target/debug/build/diffusion-rs-sys/c64a106bebbb774f/out/stable-diffusion.cpp/ggml/src/CMakeLists.txt
[INFO] [stderr]   -- CMAKE_SYSTEM_PROCESSOR: x86_64
[INFO] [stderr]      Called from: [1]	/opt/rustwide/target/debug/build/diffusion-rs-sys/c64a106bebbb774f/out/stable-diffusion.cpp/ggml/src/CMakeLists.txt
[INFO] [stderr]   -- GGML_SYSTEM_ARCH: x86
[INFO] [stderr]      Called from: [1]	/opt/rustwide/target/debug/build/diffusion-rs-sys/c64a106bebbb774f/out/stable-diffusion.cpp/ggml/src/CMakeLists.txt
[INFO] [stderr]   -- Including CPU backend
[INFO] [stderr]      Called from: [2]	/opt/rustwide/target/debug/build/diffusion-rs-sys/c64a106bebbb774f/out/stable-diffusion.cpp/ggml/src/CMakeLists.txt
[INFO] [stderr]                   [1]	/opt/rustwide/target/debug/build/diffusion-rs-sys/c64a106bebbb774f/out/stable-diffusion.cpp/ggml/src/CMakeLists.txt
[INFO] [stderr]   -- x86 detected
[INFO] [stderr]      Called from: [2]	/opt/rustwide/target/debug/build/diffusion-rs-sys/c64a106bebbb774f/out/stable-diffusion.cpp/ggml/src/CMakeLists.txt
[INFO] [stderr]                   [1]	/opt/rustwide/target/debug/build/diffusion-rs-sys/c64a106bebbb774f/out/stable-diffusion.cpp/ggml/src/ggml-cpu/CMakeLists.txt
[INFO] [stderr]   -- Adding CPU backend variant ggml-cpu: -march=native 
[INFO] [stderr]      Called from: [2]	/opt/rustwide/target/debug/build/diffusion-rs-sys/c64a106bebbb774f/out/stable-diffusion.cpp/ggml/src/CMakeLists.txt
[INFO] [stderr]                   [1]	/opt/rustwide/target/debug/build/diffusion-rs-sys/c64a106bebbb774f/out/stable-diffusion.cpp/ggml/src/ggml-cpu/CMakeLists.txt
[INFO] [stderr]   -- ggml version: 0.9.5
[INFO] [stderr]      Called from: [1]	/opt/rustwide/target/debug/build/diffusion-rs-sys/c64a106bebbb774f/out/stable-diffusion.cpp/ggml/CMakeLists.txt
[INFO] [stderr]   -- ggml commit:  unknown
[INFO] [stderr]      Called from: [1]	/opt/rustwide/target/debug/build/diffusion-rs-sys/c64a106bebbb774f/out/stable-diffusion.cpp/ggml/CMakeLists.txt
[INFO] [stderr]   -- Configuring done (6.0s)
[INFO] [stderr]   -- Generating /opt/rustwide/target/debug/build/diffusion-rs-sys/c64a106bebbb774f/out/build
[INFO] [stderr]      Called from: [1]	/opt/rustwide/target/debug/build/diffusion-rs-sys/c64a106bebbb774f/out/stable-diffusion.cpp/CMakeLists.txt
[INFO] [stderr]   -- Generating /opt/rustwide/target/debug/build/diffusion-rs-sys/c64a106bebbb774f/out/build/ggml
[INFO] [stderr]      Called from: [1]	/opt/rustwide/target/debug/build/diffusion-rs-sys/c64a106bebbb774f/out/stable-diffusion.cpp/ggml/CMakeLists.txt
[INFO] [stderr]   -- Generating /opt/rustwide/target/debug/build/diffusion-rs-sys/c64a106bebbb774f/out/build/ggml/src
[INFO] [stderr]      Called from: [1]	/opt/rustwide/target/debug/build/diffusion-rs-sys/c64a106bebbb774f/out/stable-diffusion.cpp/ggml/src/CMakeLists.txt
[INFO] [stderr]   -- Generating /opt/rustwide/target/debug/build/diffusion-rs-sys/c64a106bebbb774f/out/build/ggml/src/ggml-cpu
[INFO] [stderr]      Called from: [1]	/opt/rustwide/target/debug/build/diffusion-rs-sys/c64a106bebbb774f/out/stable-diffusion.cpp/ggml/src/ggml-cpu/CMakeLists.txt
[INFO] [stderr]   -- Generating /opt/rustwide/target/debug/build/diffusion-rs-sys/c64a106bebbb774f/out/build/thirdparty
[INFO] [stderr]      Called from: [1]	/opt/rustwide/target/debug/build/diffusion-rs-sys/c64a106bebbb774f/out/stable-diffusion.cpp/thirdparty/CMakeLists.txt
[INFO] [stderr]   -- Generating done (0.2s)
[INFO] [stderr]   -- Build files have been written to: /opt/rustwide/target/debug/build/diffusion-rs-sys/c64a106bebbb774f/out/build
[INFO] [stderr]   Change Dir: '/opt/rustwide/target/debug/build/diffusion-rs-sys/c64a106bebbb774f/out/build'
[INFO] [stderr] 
[INFO] [stderr]   Run Build Command(s): /usr/bin/cmake -E env VERBOSE=1 /usr/bin/gmake -f Makefile install
[INFO] [stderr]   /usr/bin/cmake -S/opt/rustwide/target/debug/build/diffusion-rs-sys/c64a106bebbb774f/out/stable-diffusion.cpp -B/opt/rustwide/target/debug/build/diffusion-rs-sys/c64a106bebbb774f/out/build --check-build-system CMakeFiles/Makefile.cmake 0
[INFO] [stderr]   /usr/bin/cmake -E cmake_progress_start /opt/rustwide/target/debug/build/diffusion-rs-sys/c64a106bebbb774f/out/build/CMakeFiles /opt/rustwide/target/debug/build/diffusion-rs-sys/c64a106bebbb774f/out/build//CMakeFiles/progress.marks
[INFO] [stderr]   /usr/bin/gmake  -f CMakeFiles/Makefile2 all
[INFO] [stderr]   gmake[1]: Entering directory '/opt/rustwide/target/debug/build/diffusion-rs-sys/c64a106bebbb774f/out/build'
[INFO] [stderr]   /usr/bin/gmake  -f thirdparty/CMakeFiles/zip.dir/build.make thirdparty/CMakeFiles/zip.dir/depend
[INFO] [stderr]   gmake[2]: Entering directory '/opt/rustwide/target/debug/build/diffusion-rs-sys/c64a106bebbb774f/out/build'
[INFO] [stderr]   cd /opt/rustwide/target/debug/build/diffusion-rs-sys/c64a106bebbb774f/out/build && /usr/bin/cmake -E cmake_depends "Unix Makefiles" /opt/rustwide/target/debug/build/diffusion-rs-sys/c64a106bebbb774f/out/stable-diffusion.cpp /opt/rustwide/target/debug/build/diffusion-rs-sys/c64a106bebbb774f/out/stable-diffusion.cpp/thirdparty /opt/rustwide/target/debug/build/diffusion-rs-sys/c64a106bebbb774f/out/build /opt/rustwide/target/debug/build/diffusion-rs-sys/c64a106bebbb774f/out/build/thirdparty /opt/rustwide/target/debug/build/diffusion-rs-sys/c64a106bebbb774f/out/build/thirdparty/CMakeFiles/zip.dir/DependInfo.cmake "--color=" zip
[INFO] [stderr]   gmake[2]: Leaving directory '/opt/rustwide/target/debug/build/diffusion-rs-sys/c64a106bebbb774f/out/build'
[INFO] [stderr]   /usr/bin/gmake  -f thirdparty/CMakeFiles/zip.dir/build.make thirdparty/CMakeFiles/zip.dir/build
[INFO] [stderr]   gmake[2]: Entering directory '/opt/rustwide/target/debug/build/diffusion-rs-sys/c64a106bebbb774f/out/build'
[INFO] [stderr]   [  2%] Building C object thirdparty/CMakeFiles/zip.dir/zip.c.o
[INFO] [stderr]   cd /opt/rustwide/target/debug/build/diffusion-rs-sys/c64a106bebbb774f/out/build/thirdparty && /usr/bin/cc -DGGML_MAX_NAME=128 -I/opt/rustwide/target/debug/build/diffusion-rs-sys/c64a106bebbb774f/out/stable-diffusion.cpp/thirdparty/. -ffunction-sections -fdata-sections -fPIC -m64 -w -O3 -DNDEBUG -MD -MT thirdparty/CMakeFiles/zip.dir/zip.c.o -MF CMakeFiles/zip.dir/zip.c.o.d -o CMakeFiles/zip.dir/zip.c.o -c /opt/rustwide/target/debug/build/diffusion-rs-sys/c64a106bebbb774f/out/stable-diffusion.cpp/thirdparty/zip.c
[INFO] [stderr]   /usr/bin/gmake  -f ggml/src/CMakeFiles/ggml-base.dir/build.make ggml/src/CMakeFiles/ggml-base.dir/depend
[INFO] [stderr]   gmake[2]: Entering directory '/opt/rustwide/target/debug/build/diffusion-rs-sys/c64a106bebbb774f/out/build'
[INFO] [stderr]   cd /opt/rustwide/target/debug/build/diffusion-rs-sys/c64a106bebbb774f/out/build && /usr/bin/cmake -E cmake_depends "Unix Makefiles" /opt/rustwide/target/debug/build/diffusion-rs-sys/c64a106bebbb774f/out/stable-diffusion.cpp /opt/rustwide/target/debug/build/diffusion-rs-sys/c64a106bebbb774f/out/stable-diffusion.cpp/ggml/src /opt/rustwide/target/debug/build/diffusion-rs-sys/c64a106bebbb774f/out/build /opt/rustwide/target/debug/build/diffusion-rs-sys/c64a106bebbb774f/out/build/ggml/src /opt/rustwide/target/debug/build/diffusion-rs-sys/c64a106bebbb774f/out/build/ggml/src/CMakeFiles/ggml-base.dir/DependInfo.cmake "--color=" ggml-base
[INFO] [stderr]   gmake[2]: Leaving directory '/opt/rustwide/target/debug/build/diffusion-rs-sys/c64a106bebbb774f/out/build'
[INFO] [stderr]   /usr/bin/gmake  -f ggml/src/CMakeFiles/ggml-base.dir/build.make ggml/src/CMakeFiles/ggml-base.dir/build
[INFO] [stderr]   gmake[2]: Entering directory '/opt/rustwide/target/debug/build/diffusion-rs-sys/c64a106bebbb774f/out/build'
[INFO] [stderr]   [  5%] Building C object ggml/src/CMakeFiles/ggml-base.dir/ggml.c.o
[INFO] [stderr]   cd /opt/rustwide/target/debug/build/diffusion-rs-sys/c64a106bebbb774f/out/build/ggml/src && /usr/bin/cc -DGGML_COMMIT=\"unknown\" -DGGML_MAX_NAME=128 -DGGML_SCHED_MAX_COPIES=4 -DGGML_VERSION=\"0.9.5\" -D_GNU_SOURCE -D_XOPEN_SOURCE=600 -I/opt/rustwide/target/debug/build/diffusion-rs-sys/c64a106bebbb774f/out/stable-diffusion.cpp/ggml/src/. -I/opt/rustwide/target/debug/build/diffusion-rs-sys/c64a106bebbb774f/out/stable-diffusion.cpp/ggml/src/../include -ffunction-sections -fdata-sections -fPIC -m64 -w -O3 -DNDEBUG -std=gnu11 -Wshadow -Wstrict-prototypes -Wpointer-arith -Wmissing-prototypes -Werror=implicit-int -Werror=implicit-function-declaration -Wall -Wextra -Wpedantic -Wcast-qual -Wno-unused-function -Wdouble-promotion -MD -MT ggml/src/CMakeFiles/ggml-base.dir/ggml.c.o -MF CMakeFiles/ggml-base.dir/ggml.c.o.d -o CMakeFiles/ggml-base.dir/ggml.c.o -c /opt/rustwide/target/debug/build/diffusion-rs-sys/c64a106bebbb774f/out/stable-diffusion.cpp/ggml/src/ggml.c
[INFO] [stderr]   [  8%] Building CXX object ggml/src/CMakeFiles/ggml-base.dir/ggml.cpp.o
[INFO] [stderr]   cd /opt/rustwide/target/debug/build/diffusion-rs-sys/c64a106bebbb774f/out/build/ggml/src && /usr/bin/c++ -DGGML_COMMIT=\"unknown\" -DGGML_MAX_NAME=128 -DGGML_SCHED_MAX_COPIES=4 -DGGML_VERSION=\"0.9.5\" -D_GNU_SOURCE -D_XOPEN_SOURCE=600 -I/opt/rustwide/target/debug/build/diffusion-rs-sys/c64a106bebbb774f/out/stable-diffusion.cpp/ggml/src/. -I/opt/rustwide/target/debug/build/diffusion-rs-sys/c64a106bebbb774f/out/stable-diffusion.cpp/ggml/src/../include -ffunction-sections -fdata-sections -fPIC -m64 -w -O3 -DNDEBUG -std=gnu++17 -Wmissing-declarations -Wmissing-noreturn -Wall -Wextra -Wpedantic -Wcast-qual -Wno-unused-function -Wno-array-bounds -Wextra-semi -MD -MT ggml/src/CMakeFiles/ggml-base.dir/ggml.cpp.o -MF CMakeFiles/ggml-base.dir/ggml.cpp.o.d -o CMakeFiles/ggml-base.dir/ggml.cpp.o -c /opt/rustwide/target/debug/build/diffusion-rs-sys/c64a106bebbb774f/out/stable-diffusion.cpp/ggml/src/ggml.cpp
[INFO] [stderr]   [ 10%] Building C object ggml/src/CMakeFiles/ggml-base.dir/ggml-alloc.c.o
[INFO] [stderr]   cd /opt/rustwide/target/debug/build/diffusion-rs-sys/c64a106bebbb774f/out/build/ggml/src && /usr/bin/cc -DGGML_COMMIT=\"unknown\" -DGGML_MAX_NAME=128 -DGGML_SCHED_MAX_COPIES=4 -DGGML_VERSION=\"0.9.5\" -D_GNU_SOURCE -D_XOPEN_SOURCE=600 -I/opt/rustwide/target/debug/build/diffusion-rs-sys/c64a106bebbb774f/out/stable-diffusion.cpp/ggml/src/. -I/opt/rustwide/target/debug/build/diffusion-rs-sys/c64a106bebbb774f/out/stable-diffusion.cpp/ggml/src/../include -ffunction-sections -fdata-sections -fPIC -m64 -w -O3 -DNDEBUG -std=gnu11 -Wshadow -Wstrict-prototypes -Wpointer-arith -Wmissing-prototypes -Werror=implicit-int -Werror=implicit-function-declaration -Wall -Wextra -Wpedantic -Wcast-qual -Wno-unused-function -Wdouble-promotion -MD -MT ggml/src/CMakeFiles/ggml-base.dir/ggml-alloc.c.o -MF CMakeFiles/ggml-base.dir/ggml-alloc.c.o.d -o CMakeFiles/ggml-base.dir/ggml-alloc.c.o -c /opt/rustwide/target/debug/build/diffusion-rs-sys/c64a106bebbb774f/out/stable-diffusion.cpp/ggml/src/ggml-alloc.c
[INFO] [stderr]   [ 13%] Building CXX object ggml/src/CMakeFiles/ggml-base.dir/ggml-backend.cpp.o
[INFO] [stderr]   cd /opt/rustwide/target/debug/build/diffusion-rs-sys/c64a106bebbb774f/out/build/ggml/src && /usr/bin/c++ -DGGML_COMMIT=\"unknown\" -DGGML_MAX_NAME=128 -DGGML_SCHED_MAX_COPIES=4 -DGGML_VERSION=\"0.9.5\" -D_GNU_SOURCE -D_XOPEN_SOURCE=600 -I/opt/rustwide/target/debug/build/diffusion-rs-sys/c64a106bebbb774f/out/stable-diffusion.cpp/ggml/src/. -I/opt/rustwide/target/debug/build/diffusion-rs-sys/c64a106bebbb774f/out/stable-diffusion.cpp/ggml/src/../include -ffunction-sections -fdata-sections -fPIC -m64 -w -O3 -DNDEBUG -std=gnu++17 -Wmissing-declarations -Wmissing-noreturn -Wall -Wextra -Wpedantic -Wcast-qual -Wno-unused-function -Wno-array-bounds -Wextra-semi -MD -MT ggml/src/CMakeFiles/ggml-base.dir/ggml-backend.cpp.o -MF CMakeFiles/ggml-base.dir/ggml-backend.cpp.o.d -o CMakeFiles/ggml-base.dir/ggml-backend.cpp.o -c /opt/rustwide/target/debug/build/diffusion-rs-sys/c64a106bebbb774f/out/stable-diffusion.cpp/ggml/src/ggml-backend.cpp
[INFO] [stderr]   [ 16%] Building CXX object ggml/src/CMakeFiles/ggml-base.dir/ggml-opt.cpp.o
[INFO] [stderr]   cd /opt/rustwide/target/debug/build/diffusion-rs-sys/c64a106bebbb774f/out/build/ggml/src && /usr/bin/c++ -DGGML_COMMIT=\"unknown\" -DGGML_MAX_NAME=128 -DGGML_SCHED_MAX_COPIES=4 -DGGML_VERSION=\"0.9.5\" -D_GNU_SOURCE -D_XOPEN_SOURCE=600 -I/opt/rustwide/target/debug/build/diffusion-rs-sys/c64a106bebbb774f/out/stable-diffusion.cpp/ggml/src/. -I/opt/rustwide/target/debug/build/diffusion-rs-sys/c64a106bebbb774f/out/stable-diffusion.cpp/ggml/src/../include -ffunction-sections -fdata-sections -fPIC -m64 -w -O3 -DNDEBUG -std=gnu++17 -Wmissing-declarations -Wmissing-noreturn -Wall -Wextra -Wpedantic -Wcast-qual -Wno-unused-function -Wno-array-bounds -Wextra-semi -MD -MT ggml/src/CMakeFiles/ggml-base.dir/ggml-opt.cpp.o -MF CMakeFiles/ggml-base.dir/ggml-opt.cpp.o.d -o CMakeFiles/ggml-base.dir/ggml-opt.cpp.o -c /opt/rustwide/target/debug/build/diffusion-rs-sys/c64a106bebbb774f/out/stable-diffusion.cpp/ggml/src/ggml-opt.cpp
[INFO] [stderr]   [ 18%] Building CXX object ggml/src/CMakeFiles/ggml-base.dir/ggml-threading.cpp.o
[INFO] [stderr]   cd /opt/rustwide/target/debug/build/diffusion-rs-sys/c64a106bebbb774f/out/build/ggml/src && /usr/bin/c++ -DGGML_COMMIT=\"unknown\" -DGGML_MAX_NAME=128 -DGGML_SCHED_MAX_COPIES=4 -DGGML_VERSION=\"0.9.5\" -D_GNU_SOURCE -D_XOPEN_SOURCE=600 -I/opt/rustwide/target/debug/build/diffusion-rs-sys/c64a106bebbb774f/out/stable-diffusion.cpp/ggml/src/. -I/opt/rustwide/target/debug/build/diffusion-rs-sys/c64a106bebbb774f/out/stable-diffusion.cpp/ggml/src/../include -ffunction-sections -fdata-sections -fPIC -m64 -w -O3 -DNDEBUG -std=gnu++17 -Wmissing-declarations -Wmissing-noreturn -Wall -Wextra -Wpedantic -Wcast-qual -Wno-unused-function -Wno-array-bounds -Wextra-semi -MD -MT ggml/src/CMakeFiles/ggml-base.dir/ggml-threading.cpp.o -MF CMakeFiles/ggml-base.dir/ggml-threading.cpp.o.d -o CMakeFiles/ggml-base.dir/ggml-threading.cpp.o -c /opt/rustwide/target/debug/build/diffusion-rs-sys/c64a106bebbb774f/out/stable-diffusion.cpp/ggml/src/ggml-threading.cpp
[INFO] [stderr]   [ 21%] Building C object ggml/src/CMakeFiles/ggml-base.dir/ggml-quants.c.o
[INFO] [stderr]   cd /opt/rustwide/target/debug/build/diffusion-rs-sys/c64a106bebbb774f/out/build/ggml/src && /usr/bin/cc -DGGML_COMMIT=\"unknown\" -DGGML_MAX_NAME=128 -DGGML_SCHED_MAX_COPIES=4 -DGGML_VERSION=\"0.9.5\" -D_GNU_SOURCE -D_XOPEN_SOURCE=600 -I/opt/rustwide/target/debug/build/diffusion-rs-sys/c64a106bebbb774f/out/stable-diffusion.cpp/ggml/src/. -I/opt/rustwide/target/debug/build/diffusion-rs-sys/c64a106bebbb774f/out/stable-diffusion.cpp/ggml/src/../include -ffunction-sections -fdata-sections -fPIC -m64 -w -O3 -DNDEBUG -std=gnu11 -Wshadow -Wstrict-prototypes -Wpointer-arith -Wmissing-prototypes -Werror=implicit-int -Werror=implicit-function-declaration -Wall -Wextra -Wpedantic -Wcast-qual -Wno-unused-function -Wdouble-promotion -MD -MT ggml/src/CMakeFiles/ggml-base.dir/ggml-quants.c.o -MF CMakeFiles/ggml-base.dir/ggml-quants.c.o.d -o CMakeFiles/ggml-base.dir/ggml-quants.c.o -c /opt/rustwide/target/debug/build/diffusion-rs-sys/c64a106bebbb774f/out/stable-diffusion.cpp/ggml/src/ggml-quants.c
[INFO] [stderr]   [ 24%] Building CXX object ggml/src/CMakeFiles/ggml-base.dir/gguf.cpp.o
[INFO] [stderr]   cd /opt/rustwide/target/debug/build/diffusion-rs-sys/c64a106bebbb774f/out/build/ggml/src && /usr/bin/c++ -DGGML_COMMIT=\"unknown\" -DGGML_MAX_NAME=128 -DGGML_SCHED_MAX_COPIES=4 -DGGML_VERSION=\"0.9.5\" -D_GNU_SOURCE -D_XOPEN_SOURCE=600 -I/opt/rustwide/target/debug/build/diffusion-rs-sys/c64a106bebbb774f/out/stable-diffusion.cpp/ggml/src/. -I/opt/rustwide/target/debug/build/diffusion-rs-sys/c64a106bebbb774f/out/stable-diffusion.cpp/ggml/src/../include -ffunction-sections -fdata-sections -fPIC -m64 -w -O3 -DNDEBUG -std=gnu++17 -Wmissing-declarations -Wmissing-noreturn -Wall -Wextra -Wpedantic -Wcast-qual -Wno-unused-function -Wno-array-bounds -Wextra-semi -MD -MT ggml/src/CMakeFiles/ggml-base.dir/gguf.cpp.o -MF CMakeFiles/ggml-base.dir/gguf.cpp.o.d -o CMakeFiles/ggml-base.dir/gguf.cpp.o -c /opt/rustwide/target/debug/build/diffusion-rs-sys/c64a106bebbb774f/out/stable-diffusion.cpp/ggml/src/gguf.cpp
[INFO] [stderr]   gmake[2]: Leaving directory '/opt/rustwide/target/debug/build/diffusion-rs-sys/c64a106bebbb774f/out/build'
[INFO] [stderr]   [ 24%] Built target zip
[INFO] [stderr]   [ 27%] Linking CXX static library libggml-base.a
[INFO] [stderr]   cd /opt/rustwide/target/debug/build/diffusion-rs-sys/c64a106bebbb774f/out/build/ggml/src && /usr/bin/cmake -P CMakeFiles/ggml-base.dir/cmake_clean_target.cmake
[INFO] [stderr]   cd /opt/rustwide/target/debug/build/diffusion-rs-sys/c64a106bebbb774f/out/build/ggml/src && /usr/bin/cmake -E cmake_link_script CMakeFiles/ggml-base.dir/link.txt --verbose=1
[INFO] [stderr]   /usr/bin/ar qc libggml-base.a "CMakeFiles/ggml-base.dir/ggml.c.o" "CMakeFiles/ggml-base.dir/ggml.cpp.o" "CMakeFiles/ggml-base.dir/ggml-alloc.c.o" "CMakeFiles/ggml-base.dir/ggml-backend.cpp.o" "CMakeFiles/ggml-base.dir/ggml-opt.cpp.o" "CMakeFiles/ggml-base.dir/ggml-threading.cpp.o" "CMakeFiles/ggml-base.dir/ggml-quants.c.o" "CMakeFiles/ggml-base.dir/gguf.cpp.o"
[INFO] [stderr]   /usr/bin/ranlib libggml-base.a
[INFO] [stderr]   gmake[2]: Leaving directory '/opt/rustwide/target/debug/build/diffusion-rs-sys/c64a106bebbb774f/out/build'
[INFO] [stderr]   [ 27%] Built target ggml-base
[INFO] [stderr]   /usr/bin/gmake  -f ggml/src/CMakeFiles/ggml-cpu.dir/build.make ggml/src/CMakeFiles/ggml-cpu.dir/depend
[INFO] [stderr]   gmake[2]: Entering directory '/opt/rustwide/target/debug/build/diffusion-rs-sys/c64a106bebbb774f/out/build'
[INFO] [stderr]   cd /opt/rustwide/target/debug/build/diffusion-rs-sys/c64a106bebbb774f/out/build && /usr/bin/cmake -E cmake_depends "Unix Makefiles" /opt/rustwide/target/debug/build/diffusion-rs-sys/c64a106bebbb774f/out/stable-diffusion.cpp /opt/rustwide/target/debug/build/diffusion-rs-sys/c64a106bebbb774f/out/stable-diffusion.cpp/ggml/src /opt/rustwide/target/debug/build/diffusion-rs-sys/c64a106bebbb774f/out/build /opt/rustwide/target/debug/build/diffusion-rs-sys/c64a106bebbb774f/out/build/ggml/src /opt/rustwide/target/debug/build/diffusion-rs-sys/c64a106bebbb774f/out/build/ggml/src/CMakeFiles/ggml-cpu.dir/DependInfo.cmake "--color=" ggml-cpu
[INFO] [stderr]   gmake[2]: Leaving directory '/opt/rustwide/target/debug/build/diffusion-rs-sys/c64a106bebbb774f/out/build'
[INFO] [stderr]   /usr/bin/gmake  -f ggml/src/CMakeFiles/ggml-cpu.dir/build.make ggml/src/CMakeFiles/ggml-cpu.dir/build
[INFO] [stderr]   gmake[2]: Entering directory '/opt/rustwide/target/debug/build/diffusion-rs-sys/c64a106bebbb774f/out/build'
[INFO] [stderr]   [ 29%] Building CXX object ggml/src/CMakeFiles/ggml-cpu.dir/ggml-cpu/amx/amx.cpp.o
[INFO] [stderr]   cd /opt/rustwide/target/debug/build/diffusion-rs-sys/c64a106bebbb774f/out/build/ggml/src && /usr/bin/c++ -DGGML_MAX_NAME=128 -DGGML_SCHED_MAX_COPIES=4 -DGGML_USE_CPU_REPACK -D_GNU_SOURCE -D_XOPEN_SOURCE=600 -I/opt/rustwide/target/debug/build/diffusion-rs-sys/c64a106bebbb774f/out/stable-diffusion.cpp/ggml/src/.. -I/opt/rustwide/target/debug/build/diffusion-rs-sys/c64a106bebbb774f/out/stable-diffusion.cpp/ggml/src/. -I/opt/rustwide/target/debug/build/diffusion-rs-sys/c64a106bebbb774f/out/stable-diffusion.cpp/ggml/src/ggml-cpu -I/opt/rustwide/target/debug/build/diffusion-rs-sys/c64a106bebbb774f/out/stable-diffusion.cpp/ggml/src/../include -ffunction-sections -fdata-sections -fPIC -m64 -w -O3 -DNDEBUG -std=gnu++17 -Wmissing-declarations -Wmissing-noreturn -Wall -Wextra -Wpedantic -Wcast-qual -Wno-unused-function -Wno-array-bounds -Wextra-semi -march=native -MD -MT ggml/src/CMakeFiles/ggml-cpu.dir/ggml-cpu/amx/amx.cpp.o -MF CMakeFiles/ggml-cpu.dir/ggml-cpu/amx/amx.cpp.o.d -o CMakeFiles/ggml-cpu.dir/ggml-cpu/amx/amx.cpp.o -c /opt/rustwide/target/debug/build/diffusion-rs-sys/c64a106bebbb774f/out/stable-diffusion.cpp/ggml/src/ggml-cpu/amx/amx.cpp
[INFO] [stderr]   [ 35%] Building C object ggml/src/CMakeFiles/ggml-cpu.dir/ggml-cpu/ggml-cpu.c.o
[INFO] [stderr]   [ 32%] Building CXX object ggml/src/CMakeFiles/ggml-cpu.dir/ggml-cpu/ggml-cpu.cpp.o
[INFO] [stderr]   [ 37%] Building CXX object ggml/src/CMakeFiles/ggml-cpu.dir/ggml-cpu/traits.cpp.o
[INFO] [stderr]   [ 40%] Building CXX object ggml/src/CMakeFiles/ggml-cpu.dir/ggml-cpu/repack.cpp.o
[INFO] [stderr]   [ 43%] Building C object ggml/src/CMakeFiles/ggml-cpu.dir/ggml-cpu/quants.c.o
[INFO] [stderr]   [ 45%] Building CXX object ggml/src/CMakeFiles/ggml-cpu.dir/ggml-cpu/hbm.cpp.o
[INFO] [stderr]   cd /opt/rustwide/target/debug/build/diffusion-rs-sys/c64a106bebbb774f/out/build/ggml/src && /usr/bin/c++ -DGGML_MAX_NAME=128 -DGGML_SCHED_MAX_COPIES=4 -DGGML_USE_CPU_REPACK -D_GNU_SOURCE -D_XOPEN_SOURCE=600 -I/opt/rustwide/target/debug/build/diffusion-rs-sys/c64a106bebbb774f/out/stable-diffusion.cpp/ggml/src/.. -I/opt/rustwide/target/debug/build/diffusion-rs-sys/c64a106bebbb774f/out/stable-diffusion.cpp/ggml/src/. -I/opt/rustwide/target/debug/build/diffusion-rs-sys/c64a106bebbb774f/out/stable-diffusion.cpp/ggml/src/ggml-cpu -I/opt/rustwide/target/debug/build/diffusion-rs-sys/c64a106bebbb774f/out/stable-diffusion.cpp/ggml/src/../include -ffunction-sections -fdata-sections -fPIC -m64 -w -O3 -DNDEBUG -std=gnu++17 -Wmissing-declarations -Wmissing-noreturn -Wall -Wextra -Wpedantic -Wcast-qual -Wno-unused-function -Wno-array-bounds -Wextra-semi -march=native -MD -MT ggml/src/CMakeFiles/ggml-cpu.dir/ggml-cpu/traits.cpp.o -MF CMakeFiles/ggml-cpu.dir/ggml-cpu/traits.cpp.o.d -o CMakeFiles/ggml-cpu.dir/ggml-cpu/traits.cpp.o -c /opt/rustwide/target/debug/build/diffusion-rs-sys/c64a106bebbb774f/out/stable-diffusion.cpp/ggml/src/ggml-cpu/traits.cpp
[INFO] [stderr]   cd /opt/rustwide/target/debug/build/diffusion-rs-sys/c64a106bebbb774f/out/build/ggml/src && /usr/bin/c++ -DGGML_MAX_NAME=128 -DGGML_SCHED_MAX_COPIES=4 -DGGML_USE_CPU_REPACK -D_GNU_SOURCE -D_XOPEN_SOURCE=600 -I/opt/rustwide/target/debug/build/diffusion-rs-sys/c64a106bebbb774f/out/stable-diffusion.cpp/ggml/src/.. -I/opt/rustwide/target/debug/build/diffusion-rs-sys/c64a106bebbb774f/out/stable-diffusion.cpp/ggml/src/. -I/opt/rustwide/target/debug/build/diffusion-rs-sys/c64a106bebbb774f/out/stable-diffusion.cpp/ggml/src/ggml-cpu -I/opt/rustwide/target/debug/build/diffusion-rs-sys/c64a106bebbb774f/out/stable-diffusion.cpp/ggml/src/../include -ffunction-sections -fdata-sections -fPIC -m64 -w -O3 -DNDEBUG -std=gnu++17 -Wmissing-declarations -Wmissing-noreturn -Wall -Wextra -Wpedantic -Wcast-qual -Wno-unused-function -Wno-array-bounds -Wextra-semi -march=native -MD -MT ggml/src/CMakeFiles/ggml-cpu.dir/ggml-cpu/hbm.cpp.o -MF CMakeFiles/ggml-cpu.dir/ggml-cpu/hbm.cpp.o.d -o CMakeFiles/ggml-cpu.dir/ggml-cpu/hbm.cpp.o -c /opt/rustwide/target/debug/build/diffusion-rs-sys/c64a106bebbb774f/out/stable-diffusion.cpp/ggml/src/ggml-cpu/hbm.cpp
[INFO] [stderr]   cd /opt/rustwide/target/debug/build/diffusion-rs-sys/c64a106bebbb774f/out/build/ggml/src && /usr/bin/c++ -DGGML_MAX_NAME=128 -DGGML_SCHED_MAX_COPIES=4 -DGGML_USE_CPU_REPACK -D_GNU_SOURCE -D_XOPEN_SOURCE=600 -I/opt/rustwide/target/debug/build/diffusion-rs-sys/c64a106bebbb774f/out/stable-diffusion.cpp/ggml/src/.. -I/opt/rustwide/target/debug/build/diffusion-rs-sys/c64a106bebbb774f/out/stable-diffusion.cpp/ggml/src/. -I/opt/rustwide/target/debug/build/diffusion-rs-sys/c64a106bebbb774f/out/stable-diffusion.cpp/ggml/src/ggml-cpu -I/opt/rustwide/target/debug/build/diffusion-rs-sys/c64a106bebbb774f/out/stable-diffusion.cpp/ggml/src/../include -ffunction-sections -fdata-sections -fPIC -m64 -w -O3 -DNDEBUG -std=gnu++17 -Wmissing-declarations -Wmissing-noreturn -Wall -Wextra -Wpedantic -Wcast-qual -Wno-unused-function -Wno-array-bounds -Wextra-semi -march=native -MD -MT ggml/src/CMakeFiles/ggml-cpu.dir/ggml-cpu/repack.cpp.o -MF CMakeFiles/ggml-cpu.dir/ggml-cpu/repack.cpp.o.d -o CMakeFiles/ggml-cpu.dir/ggml-cpu/repack.cpp.o -c /opt/rustwide/target/debug/build/diffusion-rs-sys/c64a106bebbb774f/out/stable-diffusion.cpp/ggml/src/ggml-cpu/repack.cpp
[INFO] [stderr]   cd /opt/rustwide/target/debug/build/diffusion-rs-sys/c64a106bebbb774f/out/build/ggml/src && /usr/bin/c++ -DGGML_MAX_NAME=128 -DGGML_SCHED_MAX_COPIES=4 -DGGML_USE_CPU_REPACK -D_GNU_SOURCE -D_XOPEN_SOURCE=600 -I/opt/rustwide/target/debug/build/diffusion-rs-sys/c64a106bebbb774f/out/stable-diffusion.cpp/ggml/src/.. -I/opt/rustwide/target/debug/build/diffusion-rs-sys/c64a106bebbb774f/out/stable-diffusion.cpp/ggml/src/. -I/opt/rustwide/target/debug/build/diffusion-rs-sys/c64a106bebbb774f/out/stable-diffusion.cpp/ggml/src/ggml-cpu -I/opt/rustwide/target/debug/build/diffusion-rs-sys/c64a106bebbb774f/out/stable-diffusion.cpp/ggml/src/../include -ffunction-sections -fdata-sections -fPIC -m64 -w -O3 -DNDEBUG -std=gnu++17 -Wmissing-declarations -Wmissing-noreturn -Wall -Wextra -Wpedantic -Wcast-qual -Wno-unused-function -Wno-array-bounds -Wextra-semi -march=native -MD -MT ggml/src/CMakeFiles/ggml-cpu.dir/ggml-cpu/ggml-cpu.cpp.o -MF CMakeFiles/ggml-cpu.dir/ggml-cpu/ggml-cpu.cpp.o.d -o CMakeFiles/ggml-cpu.dir/ggml-cpu/ggml-cpu.cpp.o -c /opt/rustwide/target/debug/build/diffusion-rs-sys/c64a106bebbb774f/out/stable-diffusion.cpp/ggml/src/ggml-cpu/ggml-cpu.cpp
[INFO] [stderr]   [ 48%] Building CXX object ggml/src/CMakeFiles/ggml-cpu.dir/ggml-cpu/amx/mmq.cpp.o
[INFO] [stderr]   cd /opt/rustwide/target/debug/build/diffusion-rs-sys/c64a106bebbb774f/out/build/ggml/src && /usr/bin/c++ -DGGML_MAX_NAME=128 -DGGML_SCHED_MAX_COPIES=4 -DGGML_USE_CPU_REPACK -D_GNU_SOURCE -D_XOPEN_SOURCE=600 -I/opt/rustwide/target/debug/build/diffusion-rs-sys/c64a106bebbb774f/out/stable-diffusion.cpp/ggml/src/.. -I/opt/rustwide/target/debug/build/diffusion-rs-sys/c64a106bebbb774f/out/stable-diffusion.cpp/ggml/src/. -I/opt/rustwide/target/debug/build/diffusion-rs-sys/c64a106bebbb774f/out/stable-diffusion.cpp/ggml/src/ggml-cpu -I/opt/rustwide/target/debug/build/diffusion-rs-sys/c64a106bebbb774f/out/stable-diffusion.cpp/ggml/src/../include -ffunction-sections -fdata-sections -fPIC -m64 -w -O3 -DNDEBUG -std=gnu++17 -Wmissing-declarations -Wmissing-noreturn -Wall -Wextra -Wpedantic -Wcast-qual -Wno-unused-function -Wno-array-bounds -Wextra-semi -march=native -MD -MT ggml/src/CMakeFiles/ggml-cpu.dir/ggml-cpu/amx/mmq.cpp.o -MF CMakeFiles/ggml-cpu.dir/ggml-cpu/amx/mmq.cpp.o.d -o CMakeFiles/ggml-cpu.dir/ggml-cpu/amx/mmq.cpp.o -c /opt/rustwide/target/debug/build/diffusion-rs-sys/c64a106bebbb774f/out/stable-diffusion.cpp/ggml/src/ggml-cpu/amx/mmq.cpp
[INFO] [stderr]   cd /opt/rustwide/target/debug/build/diffusion-rs-sys/c64a106bebbb774f/out/build/ggml/src && /usr/bin/cc -DGGML_MAX_NAME=128 -DGGML_SCHED_MAX_COPIES=4 -DGGML_USE_CPU_REPACK -D_GNU_SOURCE -D_XOPEN_SOURCE=600 -I/opt/rustwide/target/debug/build/diffusion-rs-sys/c64a106bebbb774f/out/stable-diffusion.cpp/ggml/src/.. -I/opt/rustwide/target/debug/build/diffusion-rs-sys/c64a106bebbb774f/out/stable-diffusion.cpp/ggml/src/. -I/opt/rustwide/target/debug/build/diffusion-rs-sys/c64a106bebbb774f/out/stable-diffusion.cpp/ggml/src/ggml-cpu -I/opt/rustwide/target/debug/build/diffusion-rs-sys/c64a106bebbb774f/out/stable-diffusion.cpp/ggml/src/../include -ffunction-sections -fdata-sections -fPIC -m64 -w -O3 -DNDEBUG -std=gnu11 -Wshadow -Wstrict-prototypes -Wpointer-arith -Wmissing-prototypes -Werror=implicit-int -Werror=implicit-function-declaration -Wall -Wextra -Wpedantic -Wcast-qual -Wno-unused-function -Wdouble-promotion -march=native -MD -MT ggml/src/CMakeFiles/ggml-cpu.dir/ggml-cpu/ggml-cpu.c.o -MF CMakeFiles/ggml-cpu.dir/ggml-cpu/ggml-cpu.c.o.d -o CMakeFiles/ggml-cpu.dir/ggml-cpu/ggml-cpu.c.o -c /opt/rustwide/target/debug/build/diffusion-rs-sys/c64a106bebbb774f/out/stable-diffusion.cpp/ggml/src/ggml-cpu/ggml-cpu.c
[INFO] [stderr]   cd /opt/rustwide/target/debug/build/diffusion-rs-sys/c64a106bebbb774f/out/build/ggml/src && /usr/bin/cc -DGGML_MAX_NAME=128 -DGGML_SCHED_MAX_COPIES=4 -DGGML_USE_CPU_REPACK -D_GNU_SOURCE -D_XOPEN_SOURCE=600 -I/opt/rustwide/target/debug/build/diffusion-rs-sys/c64a106bebbb774f/out/stable-diffusion.cpp/ggml/src/.. -I/opt/rustwide/target/debug/build/diffusion-rs-sys/c64a106bebbb774f/out/stable-diffusion.cpp/ggml/src/. -I/opt/rustwide/target/debug/build/diffusion-rs-sys/c64a106bebbb774f/out/stable-diffusion.cpp/ggml/src/ggml-cpu -I/opt/rustwide/target/debug/build/diffusion-rs-sys/c64a106bebbb774f/out/stable-diffusion.cpp/ggml/src/../include -ffunction-sections -fdata-sections -fPIC -m64 -w -O3 -DNDEBUG -std=gnu11 -Wshadow -Wstrict-prototypes -Wpointer-arith -Wmissing-prototypes -Werror=implicit-int -Werror=implicit-function-declaration -Wall -Wextra -Wpedantic -Wcast-qual -Wno-unused-function -Wdouble-promotion -march=native -MD -MT ggml/src/CMakeFiles/ggml-cpu.dir/ggml-cpu/quants.c.o -MF CMakeFiles/ggml-cpu.dir/ggml-cpu/quants.c.o.d -o CMakeFiles/ggml-cpu.dir/ggml-cpu/quants.c.o -c /opt/rustwide/target/debug/build/diffusion-rs-sys/c64a106bebbb774f/out/stable-diffusion.cpp/ggml/src/ggml-cpu/quants.c
[INFO] [stderr]   [ 51%] Building CXX object ggml/src/CMakeFiles/ggml-cpu.dir/ggml-cpu/binary-ops.cpp.o
[INFO] [stderr]   cd /opt/rustwide/target/debug/build/diffusion-rs-sys/c64a106bebbb774f/out/build/ggml/src && /usr/bin/c++ -DGGML_MAX_NAME=128 -DGGML_SCHED_MAX_COPIES=4 -DGGML_USE_CPU_REPACK -D_GNU_SOURCE -D_XOPEN_SOURCE=600 -I/opt/rustwide/target/debug/build/diffusion-rs-sys/c64a106bebbb774f/out/stable-diffusion.cpp/ggml/src/.. -I/opt/rustwide/target/debug/build/diffusion-rs-sys/c64a106bebbb774f/out/stable-diffusion.cpp/ggml/src/. -I/opt/rustwide/target/debug/build/diffusion-rs-sys/c64a106bebbb774f/out/stable-diffusion.cpp/ggml/src/ggml-cpu -I/opt/rustwide/target/debug/build/diffusion-rs-sys/c64a106bebbb774f/out/stable-diffusion.cpp/ggml/src/../include -ffunction-sections -fdata-sections -fPIC -m64 -w -O3 -DNDEBUG -std=gnu++17 -Wmissing-declarations -Wmissing-noreturn -Wall -Wextra -Wpedantic -Wcast-qual -Wno-unused-function -Wno-array-bounds -Wextra-semi -march=native -MD -MT ggml/src/CMakeFiles/ggml-cpu.dir/ggml-cpu/binary-ops.cpp.o -MF CMakeFiles/ggml-cpu.dir/ggml-cpu/binary-ops.cpp.o.d -o CMakeFiles/ggml-cpu.dir/ggml-cpu/binary-ops.cpp.o -c /opt/rustwide/target/debug/build/diffusion-rs-sys/c64a106bebbb774f/out/stable-diffusion.cpp/ggml/src/ggml-cpu/binary-ops.cpp
[INFO] [stderr]   [ 54%] Building CXX object ggml/src/CMakeFiles/ggml-cpu.dir/ggml-cpu/unary-ops.cpp.o
[INFO] [stderr]   cd /opt/rustwide/target/debug/build/diffusion-rs-sys/c64a106bebbb774f/out/build/ggml/src && /usr/bin/c++ -DGGML_MAX_NAME=128 -DGGML_SCHED_MAX_COPIES=4 -DGGML_USE_CPU_REPACK -D_GNU_SOURCE -D_XOPEN_SOURCE=600 -I/opt/rustwide/target/debug/build/diffusion-rs-sys/c64a106bebbb774f/out/stable-diffusion.cpp/ggml/src/.. -I/opt/rustwide/target/debug/build/diffusion-rs-sys/c64a106bebbb774f/out/stable-diffusion.cpp/ggml/src/. -I/opt/rustwide/target/debug/build/diffusion-rs-sys/c64a106bebbb774f/out/stable-diffusion.cpp/ggml/src/ggml-cpu -I/opt/rustwide/target/debug/build/diffusion-rs-sys/c64a106bebbb774f/out/stable-diffusion.cpp/ggml/src/../include -ffunction-sections -fdata-sections -fPIC -m64 -w -O3 -DNDEBUG -std=gnu++17 -Wmissing-declarations -Wmissing-noreturn -Wall -Wextra -Wpedantic -Wcast-qual -Wno-unused-function -Wno-array-bounds -Wextra-semi -march=native -MD -MT ggml/src/CMakeFiles/ggml-cpu.dir/ggml-cpu/unary-ops.cpp.o -MF CMakeFiles/ggml-cpu.dir/ggml-cpu/unary-ops.cpp.o.d -o CMakeFiles/ggml-cpu.dir/ggml-cpu/unary-ops.cpp.o -c /opt/rustwide/target/debug/build/diffusion-rs-sys/c64a106bebbb774f/out/stable-diffusion.cpp/ggml/src/ggml-cpu/unary-ops.cpp
[INFO] [stderr]   [ 56%] Building CXX object ggml/src/CMakeFiles/ggml-cpu.dir/ggml-cpu/vec.cpp.o
[INFO] [stderr]   cd /opt/rustwide/target/debug/build/diffusion-rs-sys/c64a106bebbb774f/out/build/ggml/src && /usr/bin/c++ -DGGML_MAX_NAME=128 -DGGML_SCHED_MAX_COPIES=4 -DGGML_USE_CPU_REPACK -D_GNU_SOURCE -D_XOPEN_SOURCE=600 -I/opt/rustwide/target/debug/build/diffusion-rs-sys/c64a106bebbb774f/out/stable-diffusion.cpp/ggml/src/.. -I/opt/rustwide/target/debug/build/diffusion-rs-sys/c64a106bebbb774f/out/stable-diffusion.cpp/ggml/src/. -I/opt/rustwide/target/debug/build/diffusion-rs-sys/c64a106bebbb774f/out/stable-diffusion.cpp/ggml/src/ggml-cpu -I/opt/rustwide/target/debug/build/diffusion-rs-sys/c64a106bebbb774f/out/stable-diffusion.cpp/ggml/src/../include -ffunction-sections -fdata-sections -fPIC -m64 -w -O3 -DNDEBUG -std=gnu++17 -Wmissing-declarations -Wmissing-noreturn -Wall -Wextra -Wpedantic -Wcast-qual -Wno-unused-function -Wno-array-bounds -Wextra-semi -march=native -MD -MT ggml/src/CMakeFiles/ggml-cpu.dir/ggml-cpu/vec.cpp.o -MF CMakeFiles/ggml-cpu.dir/ggml-cpu/vec.cpp.o.d -o CMakeFiles/ggml-cpu.dir/ggml-cpu/vec.cpp.o -c /opt/rustwide/target/debug/build/diffusion-rs-sys/c64a106bebbb774f/out/stable-diffusion.cpp/ggml/src/ggml-cpu/vec.cpp
[INFO] [stderr]   [ 59%] Building CXX object ggml/src/CMakeFiles/ggml-cpu.dir/ggml-cpu/ops.cpp.o
[INFO] [stderr]   cd /opt/rustwide/target/debug/build/diffusion-rs-sys/c64a106bebbb774f/out/build/ggml/src && /usr/bin/c++ -DGGML_MAX_NAME=128 -DGGML_SCHED_MAX_COPIES=4 -DGGML_USE_CPU_REPACK -D_GNU_SOURCE -D_XOPEN_SOURCE=600 -I/opt/rustwide/target/debug/build/diffusion-rs-sys/c64a106bebbb774f/out/stable-diffusion.cpp/ggml/src/.. -I/opt/rustwide/target/debug/build/diffusion-rs-sys/c64a106bebbb774f/out/stable-diffusion.cpp/ggml/src/. -I/opt/rustwide/target/debug/build/diffusion-rs-sys/c64a106bebbb774f/out/stable-diffusion.cpp/ggml/src/ggml-cpu -I/opt/rustwide/target/debug/build/diffusion-rs-sys/c64a106bebbb774f/out/stable-diffusion.cpp/ggml/src/../include -ffunction-sections -fdata-sections -fPIC -m64 -w -O3 -DNDEBUG -std=gnu++17 -Wmissing-declarations -Wmissing-noreturn -Wall -Wextra -Wpedantic -Wcast-qual -Wno-unused-function -Wno-array-bounds -Wextra-semi -march=native -MD -MT ggml/src/CMakeFiles/ggml-cpu.dir/ggml-cpu/ops.cpp.o -MF CMakeFiles/ggml-cpu.dir/ggml-cpu/ops.cpp.o.d -o CMakeFiles/ggml-cpu.dir/ggml-cpu/ops.cpp.o -c /opt/rustwide/target/debug/build/diffusion-rs-sys/c64a106bebbb774f/out/stable-diffusion.cpp/ggml/src/ggml-cpu/ops.cpp
[INFO] [stderr]   [ 62%] Building C object ggml/src/CMakeFiles/ggml-cpu.dir/ggml-cpu/arch/x86/quants.c.o
[INFO] [stderr]   cd /opt/rustwide/target/debug/build/diffusion-rs-sys/c64a106bebbb774f/out/build/ggml/src && /usr/bin/cc -DGGML_MAX_NAME=128 -DGGML_SCHED_MAX_COPIES=4 -DGGML_USE_CPU_REPACK -D_GNU_SOURCE -D_XOPEN_SOURCE=600 -I/opt/rustwide/target/debug/build/diffusion-rs-sys/c64a106bebbb774f/out/stable-diffusion.cpp/ggml/src/.. -I/opt/rustwide/target/debug/build/diffusion-rs-sys/c64a106bebbb774f/out/stable-diffusion.cpp/ggml/src/. -I/opt/rustwide/target/debug/build/diffusion-rs-sys/c64a106bebbb774f/out/stable-diffusion.cpp/ggml/src/ggml-cpu -I/opt/rustwide/target/debug/build/diffusion-rs-sys/c64a106bebbb774f/out/stable-diffusion.cpp/ggml/src/../include -ffunction-sections -fdata-sections -fPIC -m64 -w -O3 -DNDEBUG -std=gnu11 -Wshadow -Wstrict-prototypes -Wpointer-arith -Wmissing-prototypes -Werror=implicit-int -Werror=implicit-function-declaration -Wall -Wextra -Wpedantic -Wcast-qual -Wno-unused-function -Wdouble-promotion -march=native -MD -MT ggml/src/CMakeFiles/ggml-cpu.dir/ggml-cpu/arch/x86/quants.c.o -MF CMakeFiles/ggml-cpu.dir/ggml-cpu/arch/x86/quants.c.o.d -o CMakeFiles/ggml-cpu.dir/ggml-cpu/arch/x86/quants.c.o -c /opt/rustwide/target/debug/build/diffusion-rs-sys/c64a106bebbb774f/out/stable-diffusion.cpp/ggml/src/ggml-cpu/arch/x86/quants.c
[INFO] [stderr]   [ 64%] Building CXX object ggml/src/CMakeFiles/ggml-cpu.dir/ggml-cpu/arch/x86/repack.cpp.o
[INFO] [stderr]   cd /opt/rustwide/target/debug/build/diffusion-rs-sys/c64a106bebbb774f/out/build/ggml/src && /usr/bin/c++ -DGGML_MAX_NAME=128 -DGGML_SCHED_MAX_COPIES=4 -DGGML_USE_CPU_REPACK -D_GNU_SOURCE -D_XOPEN_SOURCE=600 -I/opt/rustwide/target/debug/build/diffusion-rs-sys/c64a106bebbb774f/out/stable-diffusion.cpp/ggml/src/.. -I/opt/rustwide/target/debug/build/diffusion-rs-sys/c64a106bebbb774f/out/stable-diffusion.cpp/ggml/src/. -I/opt/rustwide/target/debug/build/diffusion-rs-sys/c64a106bebbb774f/out/stable-diffusion.cpp/ggml/src/ggml-cpu -I/opt/rustwide/target/debug/build/diffusion-rs-sys/c64a106bebbb774f/out/stable-diffusion.cpp/ggml/src/../include -ffunction-sections -fdata-sections -fPIC -m64 -w -O3 -DNDEBUG -std=gnu++17 -Wmissing-declarations -Wmissing-noreturn -Wall -Wextra -Wpedantic -Wcast-qual -Wno-unused-function -Wno-array-bounds -Wextra-semi -march=native -MD -MT ggml/src/CMakeFiles/ggml-cpu.dir/ggml-cpu/arch/x86/repack.cpp.o -MF CMakeFiles/ggml-cpu.dir/ggml-cpu/arch/x86/repack.cpp.o.d -o CMakeFiles/ggml-cpu.dir/ggml-cpu/arch/x86/repack.cpp.o -c /opt/rustwide/target/debug/build/diffusion-rs-sys/c64a106bebbb774f/out/stable-diffusion.cpp/ggml/src/ggml-cpu/arch/x86/repack.cpp
[INFO] [stderr]   [ 67%] Linking CXX static library libggml-cpu.a
[INFO] [stderr]   cd /opt/rustwide/target/debug/build/diffusion-rs-sys/c64a106bebbb774f/out/build/ggml/src && /usr/bin/cmake -P CMakeFiles/ggml-cpu.dir/cmake_clean_target.cmake
[INFO] [stderr]   cd /opt/rustwide/target/debug/build/diffusion-rs-sys/c64a106bebbb774f/out/build/ggml/src && /usr/bin/cmake -E cmake_link_script CMakeFiles/ggml-cpu.dir/link.txt --verbose=1
[INFO] [stderr]   /usr/bin/ar qc libggml-cpu.a "CMakeFiles/ggml-cpu.dir/ggml-cpu/ggml-cpu.c.o" "CMakeFiles/ggml-cpu.dir/ggml-cpu/ggml-cpu.cpp.o" "CMakeFiles/ggml-cpu.dir/ggml-cpu/repack.cpp.o" "CMakeFiles/ggml-cpu.dir/ggml-cpu/hbm.cpp.o" "CMakeFiles/ggml-cpu.dir/ggml-cpu/quants.c.o" "CMakeFiles/ggml-cpu.dir/ggml-cpu/traits.cpp.o" "CMakeFiles/ggml-cpu.dir/ggml-cpu/amx/amx.cpp.o" "CMakeFiles/ggml-cpu.dir/ggml-cpu/amx/mmq.cpp.o" "CMakeFiles/ggml-cpu.dir/ggml-cpu/binary-ops.cpp.o" "CMakeFiles/ggml-cpu.dir/ggml-cpu/unary-ops.cpp.o" "CMakeFiles/ggml-cpu.dir/ggml-cpu/vec.cpp.o" "CMakeFiles/ggml-cpu.dir/ggml-cpu/ops.cpp.o" "CMakeFiles/ggml-cpu.dir/ggml-cpu/arch/x86/quants.c.o" "CMakeFiles/ggml-cpu.dir/ggml-cpu/arch/x86/repack.cpp.o"
[INFO] [stderr]   /usr/bin/ranlib libggml-cpu.a
[INFO] [stderr]   gmake[2]: Leaving directory '/opt/rustwide/target/debug/build/diffusion-rs-sys/c64a106bebbb774f/out/build'
[INFO] [stderr]   [ 67%] Built target ggml-cpu
[INFO] [stderr]   /usr/bin/gmake  -f ggml/src/CMakeFiles/ggml.dir/build.make ggml/src/CMakeFiles/ggml.dir/depend
[INFO] [stderr]   gmake[2]: Entering directory '/opt/rustwide/target/debug/build/diffusion-rs-sys/c64a106bebbb774f/out/build'
[INFO] [stderr]   cd /opt/rustwide/target/debug/build/diffusion-rs-sys/c64a106bebbb774f/out/build && /usr/bin/cmake -E cmake_depends "Unix Makefiles" /opt/rustwide/target/debug/build/diffusion-rs-sys/c64a106bebbb774f/out/stable-diffusion.cpp /opt/rustwide/target/debug/build/diffusion-rs-sys/c64a106bebbb774f/out/stable-diffusion.cpp/ggml/src /opt/rustwide/target/debug/build/diffusion-rs-sys/c64a106bebbb774f/out/build /opt/rustwide/target/debug/build/diffusion-rs-sys/c64a106bebbb774f/out/build/ggml/src /opt/rustwide/target/debug/build/diffusion-rs-sys/c64a106bebbb774f/out/build/ggml/src/CMakeFiles/ggml.dir/DependInfo.cmake "--color=" ggml
[INFO] [stderr]   gmake[2]: Leaving directory '/opt/rustwide/target/debug/build/diffusion-rs-sys/c64a106bebbb774f/out/build'
[INFO] [stderr]   /usr/bin/gmake  -f ggml/src/CMakeFiles/ggml.dir/build.make ggml/src/CMakeFiles/ggml.dir/build
[INFO] [stderr]   gmake[2]: Entering directory '/opt/rustwide/target/debug/build/diffusion-rs-sys/c64a106bebbb774f/out/build'
[INFO] [stderr]   [ 70%] Building CXX object ggml/src/CMakeFiles/ggml.dir/ggml-backend-dl.cpp.o
[INFO] [stderr]   [ 72%] Building CXX object ggml/src/CMakeFiles/ggml.dir/ggml-backend-reg.cpp.o
[INFO] [stderr]   cd /opt/rustwide/target/debug/build/diffusion-rs-sys/c64a106bebbb774f/out/build/ggml/src && /usr/bin/c++ -DGGML_MAX_NAME=128 -DGGML_SCHED_MAX_COPIES=4 -DGGML_USE_CPU -D_GNU_SOURCE -D_XOPEN_SOURCE=600 -I/opt/rustwide/target/debug/build/diffusion-rs-sys/c64a106bebbb774f/out/stable-diffusion.cpp/ggml/src/../include -ffunction-sections -fdata-sections -fPIC -m64 -w -O3 -DNDEBUG -std=gnu++17 -Wmissing-declarations -Wmissing-noreturn -Wall -Wextra -Wpedantic -Wcast-qual -Wno-unused-function -Wno-array-bounds -Wextra-semi -MD -MT ggml/src/CMakeFiles/ggml.dir/ggml-backend-dl.cpp.o -MF CMakeFiles/ggml.dir/ggml-backend-dl.cpp.o.d -o CMakeFiles/ggml.dir/ggml-backend-dl.cpp.o -c /opt/rustwide/target/debug/build/diffusion-rs-sys/c64a106bebbb774f/out/stable-diffusion.cpp/ggml/src/ggml-backend-dl.cpp
[INFO] [stderr]   cd /opt/rustwide/target/debug/build/diffusion-rs-sys/c64a106bebbb774f/out/build/ggml/src && /usr/bin/c++ -DGGML_MAX_NAME=128 -DGGML_SCHED_MAX_COPIES=4 -DGGML_USE_CPU -D_GNU_SOURCE -D_XOPEN_SOURCE=600 -I/opt/rustwide/target/debug/build/diffusion-rs-sys/c64a106bebbb774f/out/stable-diffusion.cpp/ggml/src/../include -ffunction-sections -fdata-sections -fPIC -m64 -w -O3 -DNDEBUG -std=gnu++17 -Wmissing-declarations -Wmissing-noreturn -Wall -Wextra -Wpedantic -Wcast-qual -Wno-unused-function -Wno-array-bounds -Wextra-semi -MD -MT ggml/src/CMakeFiles/ggml.dir/ggml-backend-reg.cpp.o -MF CMakeFiles/ggml.dir/ggml-backend-reg.cpp.o.d -o CMakeFiles/ggml.dir/ggml-backend-reg.cpp.o -c /opt/rustwide/target/debug/build/diffusion-rs-sys/c64a106bebbb774f/out/stable-diffusion.cpp/ggml/src/ggml-backend-reg.cpp
[INFO] [stderr]   [ 75%] Linking CXX static library libggml.a
[INFO] [stderr]   cd /opt/rustwide/target/debug/build/diffusion-rs-sys/c64a106bebbb774f/out/build/ggml/src && /usr/bin/cmake -P CMakeFiles/ggml.dir/cmake_clean_target.cmake
[INFO] [stderr]   cd /opt/rustwide/target/debug/build/diffusion-rs-sys/c64a106bebbb774f/out/build/ggml/src && /usr/bin/cmake -E cmake_link_script CMakeFiles/ggml.dir/link.txt --verbose=1
[INFO] [stderr]   /usr/bin/ar qc libggml.a "CMakeFiles/ggml.dir/ggml-backend-dl.cpp.o" "CMakeFiles/ggml.dir/ggml-backend-reg.cpp.o"
[INFO] [stderr]   /usr/bin/ranlib libggml.a
[INFO] [stderr]   gmake[2]: Leaving directory '/opt/rustwide/target/debug/build/diffusion-rs-sys/c64a106bebbb774f/out/build'
[INFO] [stderr]   [ 75%] Built target ggml
[INFO] [stderr]   /usr/bin/gmake  -f CMakeFiles/stable-diffusion.dir/build.make CMakeFiles/stable-diffusion.dir/depend
[INFO] [stderr]   gmake[2]: Entering directory '/opt/rustwide/target/debug/build/diffusion-rs-sys/c64a106bebbb774f/out/build'
[INFO] [stderr]   cd /opt/rustwide/target/debug/build/diffusion-rs-sys/c64a106bebbb774f/out/build && /usr/bin/cmake -E cmake_depends "Unix Makefiles" /opt/rustwide/target/debug/build/diffusion-rs-sys/c64a106bebbb774f/out/stable-diffusion.cpp /opt/rustwide/target/debug/build/diffusion-rs-sys/c64a106bebbb774f/out/stable-diffusion.cpp /opt/rustwide/target/debug/build/diffusion-rs-sys/c64a106bebbb774f/out/build /opt/rustwide/target/debug/build/diffusion-rs-sys/c64a106bebbb774f/out/build /opt/rustwide/target/debug/build/diffusion-rs-sys/c64a106bebbb774f/out/build/CMakeFiles/stable-diffusion.dir/DependInfo.cmake "--color=" stable-diffusion
[INFO] [stderr]   gmake[2]: Leaving directory '/opt/rustwide/target/debug/build/diffusion-rs-sys/c64a106bebbb774f/out/build'
[INFO] [stderr]   /usr/bin/gmake  -f CMakeFiles/stable-diffusion.dir/build.make CMakeFiles/stable-diffusion.dir/build
[INFO] [stderr]   gmake[2]: Entering directory '/opt/rustwide/target/debug/build/diffusion-rs-sys/c64a106bebbb774f/out/build'
[INFO] [stderr]   [ 78%] Building CXX object CMakeFiles/stable-diffusion.dir/src/stable-diffusion.cpp.o
[INFO] [stderr]   /usr/bin/c++ -DGGML_MAX_NAME=128 -DGGML_USE_CPU -I/opt/rustwide/target/debug/build/diffusion-rs-sys/c64a106bebbb774f/out/stable-diffusion.cpp/. -I/opt/rustwide/target/debug/build/diffusion-rs-sys/c64a106bebbb774f/out/stable-diffusion.cpp/include -I/opt/rustwide/target/debug/build/diffusion-rs-sys/c64a106bebbb774f/out/stable-diffusion.cpp/thirdparty -I/opt/rustwide/target/debug/build/diffusion-rs-sys/c64a106bebbb774f/out/stable-diffusion.cpp/ggml/src/../include -I/opt/rustwide/target/debug/build/diffusion-rs-sys/c64a106bebbb774f/out/stable-diffusion.cpp/thirdparty/. -ffunction-sections -fdata-sections -fPIC -m64 -w -O3 -DNDEBUG -MD -MT CMakeFiles/stable-diffusion.dir/src/stable-diffusion.cpp.o -MF CMakeFiles/stable-diffusion.dir/src/stable-diffusion.cpp.o.d -o CMakeFiles/stable-diffusion.dir/src/stable-diffusion.cpp.o -c /opt/rustwide/target/debug/build/diffusion-rs-sys/c64a106bebbb774f/out/stable-diffusion.cpp/src/stable-diffusion.cpp
[INFO] [stderr]   [ 81%] Building CXX object CMakeFiles/stable-diffusion.dir/src/util.cpp.o
[INFO] [stderr]   [ 83%] Building CXX object CMakeFiles/stable-diffusion.dir/src/version.cpp.o
[INFO] [stderr]   /usr/bin/c++ -DGGML_MAX_NAME=128 -DGGML_USE_CPU -I/opt/rustwide/target/debug/build/diffusion-rs-sys/c64a106bebbb774f/out/stable-diffusion.cpp/. -I/opt/rustwide/target/debug/build/diffusion-rs-sys/c64a106bebbb774f/out/stable-diffusion.cpp/include -I/opt/rustwide/target/debug/build/diffusion-rs-sys/c64a106bebbb774f/out/stable-diffusion.cpp/thirdparty -I/opt/rustwide/target/debug/build/diffusion-rs-sys/c64a106bebbb774f/out/stable-diffusion.cpp/ggml/src/../include -I/opt/rustwide/target/debug/build/diffusion-rs-sys/c64a106bebbb774f/out/stable-diffusion.cpp/thirdparty/. -ffunction-sections -fdata-sections -fPIC -m64 -w -O3 -DNDEBUG -MD -MT CMakeFiles/stable-diffusion.dir/src/util.cpp.o -MF CMakeFiles/stable-diffusion.dir/src/util.cpp.o.d -o CMakeFiles/stable-diffusion.dir/src/util.cpp.o -c /opt/rustwide/target/debug/build/diffusion-rs-sys/c64a106bebbb774f/out/stable-diffusion.cpp/src/util.cpp
[INFO] [stderr]   [ 86%] Building CXX object CMakeFiles/stable-diffusion.dir/src/name_conversion.cpp.o
[INFO] [stderr]   [ 89%] Building CXX object CMakeFiles/stable-diffusion.dir/src/model.cpp.o
[INFO] [stderr]   /usr/bin/c++ -DGGML_MAX_NAME=128 -DGGML_USE_CPU -DSDCPP_BUILD_COMMIT=unknown -DSDCPP_BUILD_VERSION=unknown -I/opt/rustwide/target/debug/build/diffusion-rs-sys/c64a106bebbb774f/out/stable-diffusion.cpp/. -I/opt/rustwide/target/debug/build/diffusion-rs-sys/c64a106bebbb774f/out/stable-diffusion.cpp/include -I/opt/rustwide/target/debug/build/diffusion-rs-sys/c64a106bebbb774f/out/stable-diffusion.cpp/thirdparty -I/opt/rustwide/target/debug/build/diffusion-rs-sys/c64a106bebbb774f/out/stable-diffusion.cpp/ggml/src/../include -I/opt/rustwide/target/debug/build/diffusion-rs-sys/c64a106bebbb774f/out/stable-diffusion.cpp/thirdparty/. -ffunction-sections -fdata-sections -fPIC -m64 -w -O3 -DNDEBUG -MD -MT CMakeFiles/stable-diffusion.dir/src/version.cpp.o -MF CMakeFiles/stable-diffusion.dir/src/version.cpp.o.d -o CMakeFiles/stable-diffusion.dir/src/version.cpp.o -c /opt/rustwide/target/debug/build/diffusion-rs-sys/c64a106bebbb774f/out/stable-diffusion.cpp/src/version.cpp
[INFO] [stderr]   [ 91%] Building CXX object CMakeFiles/stable-diffusion.dir/src/tokenize_util.cpp.o
[INFO] [stderr]   /usr/bin/c++ -DGGML_MAX_NAME=128 -DGGML_USE_CPU -I/opt/rustwide/target/debug/build/diffusion-rs-sys/c64a106bebbb774f/out/stable-diffusion.cpp/. -I/opt/rustwide/target/debug/build/diffusion-rs-sys/c64a106bebbb774f/out/stable-diffusion.cpp/include -I/opt/rustwide/target/debug/build/diffusion-rs-sys/c64a106bebbb774f/out/stable-diffusion.cpp/thirdparty -I/opt/rustwide/target/debug/build/diffusion-rs-sys/c64a106bebbb774f/out/stable-diffusion.cpp/ggml/src/../include -I/opt/rustwide/target/debug/build/diffusion-rs-sys/c64a106bebbb774f/out/stable-diffusion.cpp/thirdparty/. -ffunction-sections -fdata-sections -fPIC -m64 -w -O3 -DNDEBUG -MD -MT CMakeFiles/stable-diffusion.dir/src/model.cpp.o -MF CMakeFiles/stable-diffusion.dir/src/model.cpp.o.d -o CMakeFiles/stable-diffusion.dir/src/model.cpp.o -c /opt/rustwide/target/debug/build/diffusion-rs-sys/c64a106bebbb774f/out/stable-diffusion.cpp/src/model.cpp
[INFO] [stderr]   [ 94%] Building CXX object CMakeFiles/stable-diffusion.dir/src/upscaler.cpp.o
[INFO] [stderr]   [ 97%] Building CXX object CMakeFiles/stable-diffusion.dir/src/vocab/vocab.cpp.o
[INFO] [stderr]   /usr/bin/c++ -DGGML_MAX_NAME=128 -DGGML_USE_CPU -I/opt/rustwide/target/debug/build/diffusion-rs-sys/c64a106bebbb774f/out/stable-diffusion.cpp/. -I/opt/rustwide/target/debug/build/diffusion-rs-sys/c64a106bebbb774f/out/stable-diffusion.cpp/include -I/opt/rustwide/target/debug/build/diffusion-rs-sys/c64a106bebbb774f/out/stable-diffusion.cpp/thirdparty -I/opt/rustwide/target/debug/build/diffusion-rs-sys/c64a106bebbb774f/out/stable-diffusion.cpp/ggml/src/../include -I/opt/rustwide/target/debug/build/diffusion-rs-sys/c64a106bebbb774f/out/stable-diffusion.cpp/thirdparty/. -ffunction-sections -fdata-sections -fPIC -m64 -w -O3 -DNDEBUG -MD -MT CMakeFiles/stable-diffusion.dir/src/name_conversion.cpp.o -MF CMakeFiles/stable-diffusion.dir/src/name_conversion.cpp.o.d -o CMakeFiles/stable-diffusion.dir/src/name_conversion.cpp.o -c /opt/rustwide/target/debug/build/diffusion-rs-sys/c64a106bebbb774f/out/stable-diffusion.cpp/src/name_conversion.cpp
[INFO] [stderr]   /usr/bin/c++ -DGGML_MAX_NAME=128 -DGGML_USE_CPU -I/opt/rustwide/target/debug/build/diffusion-rs-sys/c64a106bebbb774f/out/stable-diffusion.cpp/. -I/opt/rustwide/target/debug/build/diffusion-rs-sys/c64a106bebbb774f/out/stable-diffusion.cpp/include -I/opt/rustwide/target/debug/build/diffusion-rs-sys/c64a106bebbb774f/out/stable-diffusion.cpp/thirdparty -I/opt/rustwide/target/debug/build/diffusion-rs-sys/c64a106bebbb774f/out/stable-diffusion.cpp/ggml/src/../include -I/opt/rustwide/target/debug/build/diffusion-rs-sys/c64a106bebbb774f/out/stable-diffusion.cpp/thirdparty/. -ffunction-sections -fdata-sections -fPIC -m64 -w -O3 -DNDEBUG -MD -MT CMakeFiles/stable-diffusion.dir/src/tokenize_util.cpp.o -MF CMakeFiles/stable-diffusion.dir/src/tokenize_util.cpp.o.d -o CMakeFiles/stable-diffusion.dir/src/tokenize_util.cpp.o -c /opt/rustwide/target/debug/build/diffusion-rs-sys/c64a106bebbb774f/out/stable-diffusion.cpp/src/tokenize_util.cpp
[INFO] [stderr]   /usr/bin/c++ -DGGML_MAX_NAME=128 -DGGML_USE_CPU -I/opt/rustwide/target/debug/build/diffusion-rs-sys/c64a106bebbb774f/out/stable-diffusion.cpp/. -I/opt/rustwide/target/debug/build/diffusion-rs-sys/c64a106bebbb774f/out/stable-diffusion.cpp/include -I/opt/rustwide/target/debug/build/diffusion-rs-sys/c64a106bebbb774f/out/stable-diffusion.cpp/thirdparty -I/opt/rustwide/target/debug/build/diffusion-rs-sys/c64a106bebbb774f/out/stable-diffusion.cpp/ggml/src/../include -I/opt/rustwide/target/debug/build/diffusion-rs-sys/c64a106bebbb774f/out/stable-diffusion.cpp/thirdparty/. -ffunction-sections -fdata-sections -fPIC -m64 -w -O3 -DNDEBUG -MD -MT CMakeFiles/stable-diffusion.dir/src/upscaler.cpp.o -MF CMakeFiles/stable-diffusion.dir/src/upscaler.cpp.o.d -o CMakeFiles/stable-diffusion.dir/src/upscaler.cpp.o -c /opt/rustwide/target/debug/build/diffusion-rs-sys/c64a106bebbb774f/out/stable-diffusion.cpp/src/upscaler.cpp
[INFO] [stderr]   /usr/bin/c++ -DGGML_MAX_NAME=128 -DGGML_USE_CPU -I/opt/rustwide/target/debug/build/diffusion-rs-sys/c64a106bebbb774f/out/stable-diffusion.cpp/. -I/opt/rustwide/target/debug/build/diffusion-rs-sys/c64a106bebbb774f/out/stable-diffusion.cpp/include -I/opt/rustwide/target/debug/build/diffusion-rs-sys/c64a106bebbb774f/out/stable-diffusion.cpp/thirdparty -I/opt/rustwide/target/debug/build/diffusion-rs-sys/c64a106bebbb774f/out/stable-diffusion.cpp/ggml/src/../include -I/opt/rustwide/target/debug/build/diffusion-rs-sys/c64a106bebbb774f/out/stable-diffusion.cpp/thirdparty/. -ffunction-sections -fdata-sections -fPIC -m64 -w -O3 -DNDEBUG -MD -MT CMakeFiles/stable-diffusion.dir/src/vocab/vocab.cpp.o -MF CMakeFiles/stable-diffusion.dir/src/vocab/vocab.cpp.o.d -o CMakeFiles/stable-diffusion.dir/src/vocab/vocab.cpp.o -c /opt/rustwide/target/debug/build/diffusion-rs-sys/c64a106bebbb774f/out/stable-diffusion.cpp/src/vocab/vocab.cpp
[INFO] [stderr]   gmake[2]: Leaving directory '/opt/rustwide/target/debug/build/diffusion-rs-sys/c64a106bebbb774f/out/build'
[INFO] [stderr]   gmake[1]: Leaving directory '/opt/rustwide/target/debug/build/diffusion-rs-sys/c64a106bebbb774f/out/build'
[INFO] [stderr] 
[INFO] [stderr] 
[INFO] [stderr]   --- stderr
[INFO] [stderr]   error: 'rustfmt' is not installed for the custom toolchain '3154cc1a3e6424e44f438a95007d043ed5ceaaf6'.
[INFO] [stderr]   note: this is a custom toolchain, which cannot use `rustup component add`
[INFO] [stderr]   help: if you built this toolchain from source, and used `rustup toolchain link`, then you may be able to build the component with `x.py`
[INFO] [stderr]   Failed to run rustfmt: Internal rustfmt error (non-fatal, continuing)
[INFO] [stderr]   running: cd "/opt/rustwide/target/debug/build/diffusion-rs-sys/c64a106bebbb774f/out/build" && CMAKE_PREFIX_PATH="" LC_ALL="C" "cmake" "-Wdev" "--debug-output" "/opt/rustwide/target/debug/build/diffusion-rs-sys/c64a106bebbb774f/out/stable-diffusion.cpp/" "-B" "/opt/rustwide/target/debug/build/diffusion-rs-sys/c64a106bebbb774f/out/build" "-DSD_BUILD_SHARED_LIBS=OFF" "-DSD_BUILD_EXAMPLES=OFF" "-DSD_BUILD_SERVER=OFF" "-DGGML_OPENMP=OFF" "-DCMAKE_INSTALL_PREFIX=/opt/rustwide/target/debug/build/diffusion-rs-sys/c64a106bebbb774f/out" "-DCMAKE_C_FLAGS= -ffunction-sections -fdata-sections -fPIC -m64 -w" "-DCMAKE_C_COMPILER=/usr/bin/cc" "-DCMAKE_CXX_FLAGS= -ffunction-sections -fdata-sections -fPIC -m64 -w" "-DCMAKE_CXX_COMPILER=/usr/bin/c++" "-DCMAKE_ASM_FLAGS= -ffunction-sections -fdata-sections -fPIC -m64 -w" "-DCMAKE_ASM_COMPILER=/usr/bin/cc" "-DCMAKE_BUILD_TYPE=Release" "-DCMAKE_VERBOSE_MAKEFILE:BOOL=ON"
[INFO] [stderr]   CMake Warning (dev) at /usr/share/cmake-4.2/Modules/CMakeDetermineCompiler.cmake:128 (set):
[INFO] [stderr]     Policy CMP0126 is not set: set(CACHE) does not remove a normal variable of
[INFO] [stderr]     the same name.  Run "cmake --help-policy CMP0126" for policy details.  Use
[INFO] [stderr]     the cmake_policy command to set the policy and suppress this warning.
[INFO] [stderr] 
[INFO] [stderr]     For compatibility with older versions of CMake, normal variable
[INFO] [stderr]     "CMAKE_C_COMPILER" will be removed from the current scope.
[INFO] [stderr]   Call Stack (most recent call first):
[INFO] [stderr]     /usr/share/cmake-4.2/Modules/CMakeDetermineCCompiler.cmake:67 (_cmake_find_compiler_path)
[INFO] [stderr]     CMakeLists.txt:2 (project)
[INFO] [stderr]   This warning is for project developers.  Use -Wno-dev to suppress it.
[INFO] [stderr] 
[INFO] [stderr]      Called from: [3]	/opt/rustwide/target/debug/build/diffusion-rs-sys/c64a106bebbb774f/out/stable-diffusion.cpp/CMakeLists.txt
[INFO] [stderr]                   [2]	/usr/share/cmake-4.2/Modules/CMakeDetermineCCompiler.cmake
[INFO] [stderr]                   [1]	/usr/share/cmake-4.2/Modules/CMakeDetermineCompiler.cmake
[INFO] [stderr]   CMake Warning (dev) at /usr/share/cmake-4.2/Modules/CMakeDetermineCompiler.cmake:128 (set):
[INFO] [stderr]     Policy CMP0126 is not set: set(CACHE) does not remove a normal variable of
[INFO] [stderr]     the same name.  Run "cmake --help-policy CMP0126" for policy details.  Use
[INFO] [stderr]     the cmake_policy command to set the policy and suppress this warning.
[INFO] [stderr] 
[INFO] [stderr]     For compatibility with older versions of CMake, normal variable
[INFO] [stderr]     "CMAKE_CXX_COMPILER" will be removed from the current scope.
[INFO] [stderr]   Call Stack (most recent call first):
[INFO] [stderr]     /usr/share/cmake-4.2/Modules/CMakeDetermineCXXCompiler.cmake:71 (_cmake_find_compiler_path)
[INFO] [stderr]     CMakeLists.txt:2 (project)
[INFO] [stderr]   This warning is for project developers.  Use -Wno-dev to suppress it.
[INFO] [stderr] 
[INFO] [stderr]      Called from: [3]	/opt/rustwide/target/debug/build/diffusion-rs-sys/c64a106bebbb774f/out/stable-diffusion.cpp/CMakeLists.txt
[INFO] [stderr]                   [2]	/usr/share/cmake-4.2/Modules/CMakeDetermineCXXCompiler.cmake
[INFO] [stderr]                   [1]	/usr/share/cmake-4.2/Modules/CMakeDetermineCompiler.cmake
[INFO] [stderr]   CMake Warning (dev) at /usr/share/cmake-4.2/Modules/CMakeFindBinUtils.cmake:243 (find_program):
[INFO] [stderr]     Policy CMP0126 is not set: set(CACHE) does not remove a normal variable of
[INFO] [stderr]     the same name.  Run "cmake --help-policy CMP0126" for policy details.  Use
[INFO] [stderr]     the cmake_policy command to set the policy and suppress this warning.
[INFO] [stderr] 
[INFO] [stderr]     For compatibility with older versions of CMake, normal variable
[INFO] [stderr]     "CMAKE_TAPI" will be removed from the current scope.
[INFO] [stderr]   Call Stack (most recent call first):
[INFO] [stderr]     /usr/share/cmake-4.2/Modules/CMakeDetermineCXXCompiler.cmake:206 (include)
[INFO] [stderr]     CMakeLists.txt:2 (project)
[INFO] [stderr]   This warning is for project developers.  Use -Wno-dev to suppress it.
[INFO] [stderr] 
[INFO] [stderr]      Called from: [3]	/opt/rustwide/target/debug/build/diffusion-rs-sys/c64a106bebbb774f/out/stable-diffusion.cpp/CMakeLists.txt
[INFO] [stderr]                   [2]	/usr/share/cmake-4.2/Modules/CMakeDetermineCXXCompiler.cmake
[INFO] [stderr]                   [1]	/usr/share/cmake-4.2/Modules/CMakeFindBinUtils.cmake
[INFO] [stderr]   -- Build static library
[INFO] [stderr]      Called from: [1]	/opt/rustwide/target/debug/build/diffusion-rs-sys/c64a106bebbb774f/out/stable-diffusion.cpp/CMakeLists.txt
[INFO] [stderr]      Entering             /opt/rustwide/target/debug/build/diffusion-rs-sys/c64a106bebbb774f/out/stable-diffusion.cpp/ggml
[INFO] [stderr]      Called from: [1]	/opt/rustwide/target/debug/build/diffusion-rs-sys/c64a106bebbb774f/out/stable-diffusion.cpp/CMakeLists.txt
[INFO] [stderr]   CMake Warning (dev) at /usr/share/cmake-4.2/Modules/CMakeDetermineCompiler.cmake:128 (set):
[INFO] [stderr]     Policy CMP0126 is not set: set(CACHE) does not remove a normal variable of
[INFO] [stderr]     the same name.  Run "cmake --help-policy CMP0126" for policy details.  Use
[INFO] [stderr]     the cmake_policy command to set the policy and suppress this warning.
[INFO] [stderr] 
[INFO] [stderr]     For compatibility with older versions of CMake, normal variable
[INFO] [stderr]     "CMAKE_ASM_COMPILER" will be removed from the current scope.
[INFO] [stderr]   Call Stack (most recent call first):
[INFO] [stderr]     /usr/share/cmake-4.2/Modules/CMakeDetermineASMCompiler.cmake:64 (_cmake_find_compiler_path)
[INFO] [stderr]     ggml/CMakeLists.txt:2 (project)
[INFO] [stderr]   This warning is for project developers.  Use -Wno-dev to suppress it.
[INFO] [stderr] 
[INFO] [stderr]      Called from: [3]	/opt/rustwide/target/debug/build/diffusion-rs-sys/c64a106bebbb774f/out/stable-diffusion.cpp/ggml/CMakeLists.txt
[INFO] [stderr]                   [2]	/usr/share/cmake-4.2/Modules/CMakeDetermineASMCompiler.cmake
[INFO] [stderr]                   [1]	/usr/share/cmake-4.2/Modules/CMakeDetermineCompiler.cmake
[INFO] [stderr]   CMake Warning (dev) at /usr/share/cmake-4.2/Modules/CMakeFindBinUtils.cmake:243 (find_program):
[INFO] [stderr]     Policy CMP0126 is not set: set(CACHE) does not remove a normal variable of
[INFO] [stderr]     the same name.  Run "cmake --help-policy CMP0126" for policy details.  Use
[INFO] [stderr]     the cmake_policy command to set the policy and suppress this warning.
[INFO] [stderr] 
[INFO] [stderr]     For compatibility with older versions of CMake, normal variable
[INFO] [stderr]     "CMAKE_TAPI" will be removed from the current scope.
[INFO] [stderr]   Call Stack (most recent call first):
[INFO] [stderr]     /usr/share/cmake-4.2/Modules/CMakeDetermineASMCompiler.cmake:267 (include)
[INFO] [stderr]     ggml/CMakeLists.txt:2 (project)
[INFO] [stderr]   This warning is for project developers.  Use -Wno-dev to suppress it.
[INFO] [stderr] 
[INFO] [stderr]      Called from: [3]	/opt/rustwide/target/debug/build/diffusion-rs-sys/c64a106bebbb774f/out/stable-diffusion.cpp/ggml/CMakeLists.txt
[INFO] [stderr]                   [2]	/usr/share/cmake-4.2/Modules/CMakeDetermineASMCompiler.cmake
[INFO] [stderr]                   [1]	/usr/share/cmake-4.2/Modules/CMakeFindBinUtils.cmake
[INFO] [stderr]      Entering             /opt/rustwide/target/debug/build/diffusion-rs-sys/c64a106bebbb774f/out/stable-diffusion.cpp/ggml/src
[INFO] [stderr]      Called from: [1]	/opt/rustwide/target/debug/build/diffusion-rs-sys/c64a106bebbb774f/out/stable-diffusion.cpp/ggml/CMakeLists.txt
[INFO] [stderr]      Entering             /opt/rustwide/target/debug/build/diffusion-rs-sys/c64a106bebbb774f/out/stable-diffusion.cpp/ggml/src/ggml-cpu
[INFO] [stderr]      Called from: [2]	/opt/rustwide/target/debug/build/diffusion-rs-sys/c64a106bebbb774f/out/stable-diffusion.cpp/ggml/src/CMakeLists.txt
[INFO] [stderr]                   [1]	/opt/rustwide/target/debug/build/diffusion-rs-sys/c64a106bebbb774f/out/stable-diffusion.cpp/ggml/src/CMakeLists.txt
[INFO] [stderr]      Returning to         /opt/rustwide/target/debug/build/diffusion-rs-sys/c64a106bebbb774f/out/stable-diffusion.cpp/ggml/src
[INFO] [stderr]      Called from: [2]	/opt/rustwide/target/debug/build/diffusion-rs-sys/c64a106bebbb774f/out/stable-diffusion.cpp/ggml/src/CMakeLists.txt
[INFO] [stderr]                   [1]	/opt/rustwide/target/debug/build/diffusion-rs-sys/c64a106bebbb774f/out/stable-diffusion.cpp/ggml/src/CMakeLists.txt
[INFO] [stderr]      Returning to         /opt/rustwide/target/debug/build/diffusion-rs-sys/c64a106bebbb774f/out/stable-diffusion.cpp/ggml
[INFO] [stderr]      Called from: [1]	/opt/rustwide/target/debug/build/diffusion-rs-sys/c64a106bebbb774f/out/stable-diffusion.cpp/ggml/CMakeLists.txt
[INFO] [stderr]      Returning to         /opt/rustwide/target/debug/build/diffusion-rs-sys/c64a106bebbb774f/out/stable-diffusion.cpp
[INFO] [stderr]      Called from: [1]	/opt/rustwide/target/debug/build/diffusion-rs-sys/c64a106bebbb774f/out/stable-diffusion.cpp/CMakeLists.txt
[INFO] [stderr]      Entering             /opt/rustwide/target/debug/build/diffusion-rs-sys/c64a106bebbb774f/out/stable-diffusion.cpp/thirdparty
[INFO] [stderr]      Called from: [1]	/opt/rustwide/target/debug/build/diffusion-rs-sys/c64a106bebbb774f/out/stable-diffusion.cpp/CMakeLists.txt
[INFO] [stderr]      Returning to         /opt/rustwide/target/debug/build/diffusion-rs-sys/c64a106bebbb774f/out/stable-diffusion.cpp
[INFO] [stderr]      Called from: [1]	/opt/rustwide/target/debug/build/diffusion-rs-sys/c64a106bebbb774f/out/stable-diffusion.cpp/CMakeLists.txt
[INFO] [stderr]   CMake Warning (dev) in ggml/CMakeLists.txt:
[INFO] [stderr]     Policy CMP0200 is not set: Location and configuration selection for
[INFO] [stderr]     imported targets is more consistent.  Run "cmake --help-policy CMP0200" for
[INFO] [stderr]     policy details.  Use the cmake_policy command to set the policy and
[INFO] [stderr]     suppress this warning.
[INFO] [stderr] 
[INFO] [stderr]     Configuration selection for imported target "Threads::Threads" selected
[INFO] [stderr]     configuration "(none)", but would select configuration "RELEASE" under the
[INFO] [stderr]     NEW policy.
[INFO] [stderr] 
[INFO] [stderr]   This warning is for project developers.  Use -Wno-dev to suppress it.
[INFO] [stderr] 
[INFO] [stderr]   CMake Warning (dev) at CMakeLists.txt:144 (add_library):
[INFO] [stderr]     Policy CMP0156 is not set: De-duplicate libraries on link lines based on
[INFO] [stderr]     linker capabilities.  Run "cmake --help-policy CMP0156" for policy details.
[INFO] [stderr]     Use the cmake_policy command to set the policy and suppress this warning.
[INFO] [stderr] 
[INFO] [stderr]     Since the policy is not set, legacy libraries de-duplication strategy will
[INFO] [stderr]     be applied.
[INFO] [stderr]   This warning is for project developers.  Use -Wno-dev to suppress it.
[INFO] [stderr] 
[INFO] [stderr]      Called from: [1]	/opt/rustwide/target/debug/build/diffusion-rs-sys/c64a106bebbb774f/out/stable-diffusion.cpp/CMakeLists.txt
[INFO] [stderr]   CMake Warning (dev) in CMakeLists.txt:
[INFO] [stderr]     Policy CMP0082 is not set: Install rules from add_subdirectory() are
[INFO] [stderr]     interleaved with those in caller.  Run "cmake --help-policy CMP0082" for
[INFO] [stderr]     policy details.  Use the cmake_policy command to set the policy and
[INFO] [stderr]     suppress this warning.
[INFO] [stderr] 
[INFO] [stderr]   This warning is for project developers.  Use -Wno-dev to suppress it.
[INFO] [stderr] 
[INFO] [stderr]      Called from: [1]	/opt/rustwide/target/debug/build/diffusion-rs-sys/c64a106bebbb774f/out/stable-diffusion.cpp/CMakeLists.txt
[INFO] [stderr]   CMake Warning (dev) at ggml/src/CMakeLists.txt:192 (add_library):
[INFO] [stderr]     Policy CMP0156 is not set: De-duplicate libraries on link lines based on
[INFO] [stderr]     linker capabilities.  Run "cmake --help-policy CMP0156" for policy details.
[INFO] [stderr]     Use the cmake_policy command to set the policy and suppress this warning.
[INFO] [stderr] 
[INFO] [stderr]     Since the policy is not set, legacy libraries de-duplication strategy will
[INFO] [stderr]     be applied.
[INFO] [stderr]   This warning is for project developers.  Use -Wno-dev to suppress it.
[INFO] [stderr] 
[INFO] [stderr]      Called from: [1]	/opt/rustwide/target/debug/build/diffusion-rs-sys/c64a106bebbb774f/out/stable-diffusion.cpp/ggml/src/CMakeLists.txt
[INFO] [stderr]   CMake Warning (dev) at ggml/src/CMakeLists.txt:260 (add_library):
[INFO] [stderr]     Policy CMP0156 is not set: De-duplicate libraries on link lines based on
[INFO] [stderr]     linker capabilities.  Run "cmake --help-policy CMP0156" for policy details.
[INFO] [stderr]     Use the cmake_policy command to set the policy and suppress this warning.
[INFO] [stderr] 
[INFO] [stderr]     Since the policy is not set, legacy libraries de-duplication strategy will
[INFO] [stderr]     be applied.
[INFO] [stderr]   Call Stack (most recent call first):
[INFO] [stderr]     ggml/src/ggml-cpu/CMakeLists.txt:22 (ggml_add_backend_library)
[INFO] [stderr]     ggml/src/CMakeLists.txt:445 (ggml_add_cpu_backend_variant_impl)
[INFO] [stderr]   This warning is for project developers.  Use -Wno-dev to suppress it.
[INFO] [stderr] 
[INFO] [stderr]      Called from: [1]	/opt/rustwide/target/debug/build/diffusion-rs-sys/c64a106bebbb774f/out/stable-diffusion.cpp/ggml/src/CMakeLists.txt
[INFO] [stderr]   CMake Warning (dev) at ggml/src/CMakeLists.txt:224 (add_library):
[INFO] [stderr]     Policy CMP0156 is not set: De-duplicate libraries on link lines based on
[INFO] [stderr]     linker capabilities.  Run "cmake --help-policy CMP0156" for policy details.
[INFO] [stderr]     Use the cmake_policy command to set the policy and suppress this warning.
[INFO] [stderr] 
[INFO] [stderr]     Since the policy is not set, legacy libraries de-duplication strategy will
[INFO] [stderr]     be applied.
[INFO] [stderr]   This warning is for project developers.  Use -Wno-dev to suppress it.
[INFO] [stderr] 
[INFO] [stderr]      Called from: [1]	/opt/rustwide/target/debug/build/diffusion-rs-sys/c64a106bebbb774f/out/stable-diffusion.cpp/ggml/src/CMakeLists.txt
[INFO] [stderr]   CMake Warning:
[INFO] [stderr]     Manually-specified variables were not used by the project:
[INFO] [stderr] 
[INFO] [stderr]       SD_BUILD_SERVER
[INFO] [stderr] 
[INFO] [stderr] 
[INFO] [stderr]   running: cd "/opt/rustwide/target/debug/build/diffusion-rs-sys/c64a106bebbb774f/out/build" && LC_ALL="C" MAKEFLAGS="-j --jobserver-fds=4,5 --jobserver-auth=4,5" "cmake" "--build" "/opt/rustwide/target/debug/build/diffusion-rs-sys/c64a106bebbb774f/out/build" "--target" "install" "--config" "Release"
[INFO] [stderr]   In file included from /opt/rustwide/target/debug/build/diffusion-rs-sys/c64a106bebbb774f/out/stable-diffusion.cpp/thirdparty/zip.c:40:
[INFO] [stderr]   /opt/rustwide/target/debug/build/diffusion-rs-sys/c64a106bebbb774f/out/stable-diffusion.cpp/thirdparty/miniz.h:4988:9: note: '#pragma message: Using fopen, ftello, fseeko, stat() etc. path for file I/O - this path may not support large files.'
[INFO] [stderr]    4988 | #pragma message(                                                               \
[INFO] [stderr]         |         ^~~~~~~
[INFO] [stderr]   c++: fatal error: Killed signal terminated program cc1plus
[INFO] [stderr]   compilation terminated.
[INFO] [stderr]   gmake[2]: *** [CMakeFiles/stable-diffusion.dir/build.make:138: CMakeFiles/stable-diffusion.dir/src/upscaler.cpp.o] Error 1
[INFO] [stderr]   gmake[2]: *** Waiting for unfinished jobs....
[INFO] [stderr]   c++: fatal error: Killed signal terminated program cc1plus
[INFO] [stderr]   compilation terminated.
[INFO] [stderr]   gmake[2]: *** [CMakeFiles/stable-diffusion.dir/build.make:82: CMakeFiles/stable-diffusion.dir/src/model.cpp.o] Error 1
[INFO] [stderr]   c++: fatal error: Killed signal terminated program cc1plus
[INFO] [stderr]   compilation terminated.
[INFO] [stderr]   gmake[2]: *** [CMakeFiles/stable-diffusion.dir/build.make:110: CMakeFiles/stable-diffusion.dir/src/stable-diffusion.cpp.o] Error 1
[INFO] [stderr]   c++: fatal error: Killed signal terminated program cc1plus
[INFO] [stderr]   compilation terminated.
[INFO] [stderr]   gmake[2]: *** [CMakeFiles/stable-diffusion.dir/build.make:152: CMakeFiles/stable-diffusion.dir/src/util.cpp.o] Error 1
[INFO] [stderr]   gmake[1]: *** [CMakeFiles/Makefile2:185: CMakeFiles/stable-diffusion.dir/all] Error 2
[INFO] [stderr]   gmake: *** [Makefile:139: all] Error 2
[INFO] [stderr] 
[INFO] [stderr]   thread 'main' (1335) panicked at /opt/rustwide/cargo-home/registry/src/index.crates.io-1949cf8c6b5b557f/cmake-0.1.58/src/lib.rs:1132:5:
[INFO] [stderr] 
[INFO] [stderr]   command did not execute successfully, got: exit status: 2
[INFO] [stderr] 
[INFO] [stderr]   build script failed, must exit now
[INFO] [stderr]   stack backtrace:
[INFO] [stderr]      0:     0x584f35ec7051 - std[3164a59e47d3bde]::backtrace_rs::backtrace::libunwind::trace
[INFO] [stderr]                                  at /rustc/3154cc1a3e6424e44f438a95007d043ed5ceaaf6/library/std/src/../../backtrace/src/backtrace/libunwind.rs:117:9
[INFO] [stderr]      1:     0x584f35ec7051 - std[3164a59e47d3bde]::backtrace_rs::backtrace::trace_unsynchronized::<std[3164a59e47d3bde]::sys::backtrace::_print_fmt::{closure#1}>
[INFO] [stderr]                                  at /rustc/3154cc1a3e6424e44f438a95007d043ed5ceaaf6/library/std/src/../../backtrace/src/backtrace/mod.rs:66:14
[INFO] [stderr]      2:     0x584f35ec7051 - std[3164a59e47d3bde]::sys::backtrace::_print_fmt
[INFO] [stderr]                                  at /rustc/3154cc1a3e6424e44f438a95007d043ed5ceaaf6/library/std/src/sys/backtrace.rs:74:9
[INFO] [stderr]      3:     0x584f35ec7051 - <<std[3164a59e47d3bde]::sys::backtrace::BacktraceLock>::print::DisplayBacktrace as core[934024a1e6126fb4]::fmt::Display>::fmt
[INFO] [stderr]                                  at /rustc/3154cc1a3e6424e44f438a95007d043ed5ceaaf6/library/std/src/sys/backtrace.rs:44:26
[INFO] [stderr]      4:     0x584f35edf0ca - <core[934024a1e6126fb4]::fmt::rt::Argument>::fmt
[INFO] [stderr]                                  at /rustc/3154cc1a3e6424e44f438a95007d043ed5ceaaf6/library/core/src/fmt/rt.rs:152:76
[INFO] [stderr]      5:     0x584f35edf0ca - core[934024a1e6126fb4]::fmt::write
[INFO] [stderr]      6:     0x584f35ecd44c - core[934024a1e6126fb4]::io::write::default_write_fmt::<std[3164a59e47d3bde]::sys::stdio::unix::Stderr>
[INFO] [stderr]                                  at /rustc/3154cc1a3e6424e44f438a95007d043ed5ceaaf6/library/core/src/io/write.rs:402:11
[INFO] [stderr]      7:     0x584f35ecd44c - <std[3164a59e47d3bde]::sys::stdio::unix::Stderr as core[934024a1e6126fb4]::io::write::Write>::write_fmt
[INFO] [stderr]                                  at /rustc/3154cc1a3e6424e44f438a95007d043ed5ceaaf6/library/core/src/io/write.rs:335:13
[INFO] [stderr]      8:     0x584f35ea31c6 - <std[3164a59e47d3bde]::sys::backtrace::BacktraceLock>::print
[INFO] [stderr]                                  at /rustc/3154cc1a3e6424e44f438a95007d043ed5ceaaf6/library/std/src/sys/backtrace.rs:47:9
[INFO] [stderr]      9:     0x584f35ea31c6 - std[3164a59e47d3bde]::panicking::default_hook::{closure#0}
[INFO] [stderr]                                  at /rustc/3154cc1a3e6424e44f438a95007d043ed5ceaaf6/library/std/src/panicking.rs:289:27
[INFO] [stderr]     10:     0x584f35ec0081 - std[3164a59e47d3bde]::panicking::default_hook
[INFO] [stderr]                                  at /rustc/3154cc1a3e6424e44f438a95007d043ed5ceaaf6/library/std/src/panicking.rs:316:9
[INFO] [stderr]     11:     0x584f35ec03ab - std[3164a59e47d3bde]::panicking::panic_with_hook
[INFO] [stderr]                                  at /rustc/3154cc1a3e6424e44f438a95007d043ed5ceaaf6/library/std/src/panicking.rs:811:13
[INFO] [stderr]     12:     0x584f35ea3272 - std[3164a59e47d3bde]::panicking::panic_handler::{closure#0}
[INFO] [stderr]                                  at /rustc/3154cc1a3e6424e44f438a95007d043ed5ceaaf6/library/std/src/panicking.rs:685:13
[INFO] [stderr]     13:     0x584f35e9bdc9 - std[3164a59e47d3bde]::sys::backtrace::__rust_end_short_backtrace::<std[3164a59e47d3bde]::panicking::panic_handler::{closure#0}, !>
[INFO] [stderr]                                  at /rustc/3154cc1a3e6424e44f438a95007d043ed5ceaaf6/library/std/src/sys/backtrace.rs:182:18
[INFO] [stderr]     14:     0x584f35ea3aad - __rustc[2e7b49d4226056d3]::rust_begin_unwind
[INFO] [stderr]                                  at /rustc/3154cc1a3e6424e44f438a95007d043ed5ceaaf6/library/std/src/panicking.rs:676:5
[INFO] [stderr]     15:     0x584f35edf96c - core[934024a1e6126fb4]::panicking::panic_fmt
[INFO] [stderr]                                  at /rustc/3154cc1a3e6424e44f438a95007d043ed5ceaaf6/library/core/src/panicking.rs:80:14
[INFO] [stderr]     16:     0x584f35e2dca7 - cmake[5fd1be043e3c0109]::fail
[INFO] [stderr]     17:     0x584f35e2d933 - cmake[5fd1be043e3c0109]::run
[INFO] [stderr]     18:     0x584f35e33935 - <cmake[5fd1be043e3c0109]::Config>::build
[INFO] [stderr]     19:     0x584f3590fb21 - build_script_build[1ed953229fc89986]::main
[INFO] [stderr]     20:     0x584f359124a3 - <fn() as core[934024a1e6126fb4]::ops::function::FnOnce<()>>::call_once
[INFO] [stderr]     21:     0x584f3590e4fe - std[3164a59e47d3bde]::sys::backtrace::__rust_begin_short_backtrace::<fn(), ()>
[INFO] [stderr]     22:     0x584f3590e679 - std[3164a59e47d3bde]::rt::lang_start::<()>::{closure#0}
[INFO] [stderr]     23:     0x584f35ebf378 - <&dyn core[934024a1e6126fb4]::ops::function::Fn<(), Output = i32> + core[934024a1e6126fb4]::marker::Sync + core[934024a1e6126fb4]::panic::unwind_safe::RefUnwindSafe as core[934024a1e6126fb4]::ops::function::FnOnce<()>>::call_once
[INFO] [stderr]                                  at /rustc/3154cc1a3e6424e44f438a95007d043ed5ceaaf6/library/core/src/ops/function.rs:287:21
[INFO] [stderr]     24:     0x584f35ebf378 - std[3164a59e47d3bde]::panicking::catch_unwind::do_call::<&dyn core[934024a1e6126fb4]::ops::function::Fn<(), Output = i32> + core[934024a1e6126fb4]::marker::Sync + core[934024a1e6126fb4]::panic::unwind_safe::RefUnwindSafe, i32>
[INFO] [stderr]                                  at /rustc/3154cc1a3e6424e44f438a95007d043ed5ceaaf6/library/std/src/panicking.rs:573:43
[INFO] [stderr]     25:     0x584f35ebf378 - std[3164a59e47d3bde]::panicking::catch_unwind::<i32, &dyn core[934024a1e6126fb4]::ops::function::Fn<(), Output = i32> + core[934024a1e6126fb4]::marker::Sync + core[934024a1e6126fb4]::panic::unwind_safe::RefUnwindSafe>
[INFO] [stderr]                                  at /rustc/3154cc1a3e6424e44f438a95007d043ed5ceaaf6/library/std/src/panicking.rs:541:19
[INFO] [stderr]     26:     0x584f35ebf378 - std[3164a59e47d3bde]::panic::catch_unwind::<&dyn core[934024a1e6126fb4]::ops::function::Fn<(), Output = i32> + core[934024a1e6126fb4]::marker::Sync + core[934024a1e6126fb4]::panic::unwind_safe::RefUnwindSafe, i32>
[INFO] [stderr]                                  at /rustc/3154cc1a3e6424e44f438a95007d043ed5ceaaf6/library/std/src/panic.rs:359:14
[INFO] [stderr]     27:     0x584f35ebf378 - std[3164a59e47d3bde]::rt::lang_start_internal::{closure#0}
[INFO] [stderr]                                  at /rustc/3154cc1a3e6424e44f438a95007d043ed5ceaaf6/library/std/src/rt.rs:175:24
[INFO] [stderr]     28:     0x584f35ebf378 - std[3164a59e47d3bde]::panicking::catch_unwind::do_call::<std[3164a59e47d3bde]::rt::lang_start_internal::{closure#0}, isize>
[INFO] [stderr]                                  at /rustc/3154cc1a3e6424e44f438a95007d043ed5ceaaf6/library/std/src/panicking.rs:573:43
[INFO] [stderr]     29:     0x584f35ebf378 - std[3164a59e47d3bde]::panicking::catch_unwind::<isize, std[3164a59e47d3bde]::rt::lang_start_internal::{closure#0}>
[INFO] [stderr]                                  at /rustc/3154cc1a3e6424e44f438a95007d043ed5ceaaf6/library/std/src/panicking.rs:541:19
[INFO] [stderr]     30:     0x584f35ebf378 - std[3164a59e47d3bde]::panic::catch_unwind::<std[3164a59e47d3bde]::rt::lang_start_internal::{closure#0}, isize>
[INFO] [stderr]                                  at /rustc/3154cc1a3e6424e44f438a95007d043ed5ceaaf6/library/std/src/panic.rs:359:14
[INFO] [stderr]     31:     0x584f35ebf378 - std[3164a59e47d3bde]::rt::lang_start_internal
[INFO] [stderr]                                  at /rustc/3154cc1a3e6424e44f438a95007d043ed5ceaaf6/library/std/src/rt.rs:171:5
[INFO] [stderr]     32:     0x584f3590e4f1 - std[3164a59e47d3bde]::rt::lang_start::<()>
[INFO] [stderr]     33:     0x584f359127a5 - main
[INFO] [stderr]     34:     0x7caf44433601 - <unknown>
[INFO] [stderr]     35:     0x7caf44433718 - __libc_start_main
[INFO] [stderr]     36:     0x584f359086c5 - _start
[INFO] [stderr]     37:                0x0 - <unknown>
[INFO] [stderr] warning: unused dependency `toml`
[INFO] [stderr]   --> crates/aiifs-painter/Cargo.toml:13:1
[INFO] [stderr]    |
[INFO] [stderr] 13 | toml.workspace = true
[INFO] [stderr]    | ^^^^
[INFO] [stderr]    |
[INFO] [stderr]    = note: `cargo::unused_dependencies` is set to `warn` by default
[INFO] [stderr] help: consider removing the dependency on `toml`
[INFO] [stderr] warning: `aiifs-painter` (manifest) generated 1 warning
[INFO] running `Command { std: "docker" "inspect" "00236ceaf5706e08561acc5b5b2ef20a1c80a5c375384f14e851eac1ca1b49fa", kill_on_drop: false }`
[INFO] running `Command { std: "docker" "rm" "-f" "00236ceaf5706e08561acc5b5b2ef20a1c80a5c375384f14e851eac1ca1b49fa", kill_on_drop: false }`
[INFO] [stdout] 00236ceaf5706e08561acc5b5b2ef20a1c80a5c375384f14e851eac1ca1b49fa
