[INFO] cloning repository https://github.com/hzy-051201/BongoCat-1.0.0
[INFO] running `Command { std: "git" "-c" "credential.helper=" "-c" "credential.helper=/workspace/cargo-home/bin/git-credential-null" "clone" "--bare" "https://github.com/hzy-051201/BongoCat-1.0.0" "/workspace/cache/git-repos/https%3A%2F%2Fgithub.com%2Fhzy-051201%2FBongoCat-1.0.0", kill_on_drop: false }`
[INFO] [stderr] Cloning into bare repository '/workspace/cache/git-repos/https%3A%2F%2Fgithub.com%2Fhzy-051201%2FBongoCat-1.0.0'...
[INFO] running `Command { std: "git" "rev-parse" "HEAD", kill_on_drop: false }`
[INFO] [stdout] 625dc408385c4354515cf1d3cd86d714ff161333
[INFO] checking hzy-051201/BongoCat-1.0.0 against 3154cc1a3e6424e44f438a95007d043ed5ceaaf6+rustflags=-Znext-solver=coherence for pr-133502-30
[INFO] running `Command { std: "git" "clone" "/workspace/cache/git-repos/https%3A%2F%2Fgithub.com%2Fhzy-051201%2FBongoCat-1.0.0" "/workspace/builds/worker-7-tc1/source", kill_on_drop: false }`
[INFO] [stderr] Cloning into '/workspace/builds/worker-7-tc1/source'...
[INFO] [stderr] done.
[INFO] started tweaking git repo https://github.com/hzy-051201/BongoCat-1.0.0
[INFO] finished tweaking git repo https://github.com/hzy-051201/BongoCat-1.0.0
[INFO] tweaked toml for git repo https://github.com/hzy-051201/BongoCat-1.0.0 written to /workspace/builds/worker-7-tc1/source/Cargo.toml
[INFO] validating manifest of git repo https://github.com/hzy-051201/BongoCat-1.0.0 on toolchain 3154cc1a3e6424e44f438a95007d043ed5ceaaf6
[INFO] running `Command { std: CARGO_HOME="/workspace/cargo-home" RUSTUP_HOME="/workspace/rustup-home" "/workspace/cargo-home/bin/cargo" "+3154cc1a3e6424e44f438a95007d043ed5ceaaf6" "metadata" "--manifest-path" "Cargo.toml" "--no-deps", kill_on_drop: false }`
[INFO] crate git repo https://github.com/hzy-051201/BongoCat-1.0.0 already has a lockfile, it will not be regenerated
[INFO] running `Command { std: CARGO_HOME="/workspace/cargo-home" RUSTUP_HOME="/workspace/rustup-home" "/workspace/cargo-home/bin/cargo" "+3154cc1a3e6424e44f438a95007d043ed5ceaaf6" "fetch" "--manifest-path" "Cargo.toml", kill_on_drop: false }`
[INFO] [stderr] warning: unused workspace dependency `fs_extra`
[INFO] [stderr]   --> Cargo.toml:15:1
[INFO] [stderr]    |
[INFO] [stderr] 15 | fs_extra = "1"
[INFO] [stderr]    | ^^^^^^^^
[INFO] [stderr]    |
[INFO] [stderr]    = note: `cargo::unused_workspace_dependencies` is set to `warn` by default
[INFO] [stderr] help: consider removing the workspace dependency `fs_extra`
[INFO] [stderr] warning: workspace (manifest) generated 1 warning
[INFO] [stderr]     Updating git repository `https://github.com/ayangweb/gilrs`
[INFO] [stderr]     Updating git submodule `https://github.com/gabomdq/SDL_GameControllerDB.git`
[INFO] [stderr]     Updating git repository `https://github.com/kunkunsh/rdev`
[INFO] [stderr]     Updating crates.io index
[INFO] [stderr]     Updating git repository `https://github.com/ahkohd/tauri-nspanel`
[INFO] [stderr]  Downloading crates ...
[INFO] [stderr]   Downloaded tauri-plugin v2.2.0
[INFO] [stderr]   Downloaded value-bag v1.11.1
[INFO] [stderr]   Downloaded uuid v1.17.0
[INFO] [stderr]   Downloaded dyn-clone v1.0.19
[INFO] [stderr]   Downloaded potential_utf v0.1.2
[INFO] [stderr]   Downloaded serde-untagged v0.1.7
[INFO] [stderr]   Downloaded objc2-io-surface v0.3.1
[INFO] [stderr]   Downloaded webview2-com-macros v0.8.0
[INFO] [stderr]   Downloaded kuchikiki v0.8.2
[INFO] [stderr]   Downloaded erased-serde v0.4.6
[INFO] [stderr]   Downloaded proc-macro-crate v2.0.0
[INFO] [stderr]   Downloaded webview2-com v0.37.0
[INFO] [stderr]   Downloaded objc2-quartz-core v0.3.1
[INFO] [stderr]   Downloaded redox_users v0.5.0
[INFO] [stderr]   Downloaded objc2-core-data v0.3.1
[INFO] [stderr]   Downloaded tauri-utils v2.4.0
[INFO] [stderr]   Downloaded camino v1.1.10
[INFO] [stderr]   Downloaded serialize-to-javascript v0.1.1
[INFO] [stderr]   Downloaded objc2-cloud-kit v0.3.1
[INFO] [stderr]   Downloaded objc2-core-image v0.3.1
[INFO] [stderr]   Downloaded serialize-to-javascript-impl v0.1.1
[INFO] [stderr]   Downloaded dlopen2 v0.7.0
[INFO] [stderr]   Downloaded dlopen2_derive v0.4.1
[INFO] [stderr]   Downloaded tauri-winres v0.3.1
[INFO] [stderr]   Downloaded embed-resource v3.0.3
[INFO] [stderr]   Downloaded derive_arbitrary v1.4.1
[INFO] [stderr]   Downloaded zvariant_derive v5.5.3
[INFO] [stderr]   Downloaded enumflags2_derive v0.7.11
[INFO] [stderr]   Downloaded core-graphics v0.22.3
[INFO] [stderr]   Downloaded objc2-osa-kit v0.3.1
[INFO] [stderr]   Downloaded strum v0.27.1
[INFO] [stderr]   Downloaded rusty-xinput v1.3.0
[INFO] [stderr]   Downloaded macos-accessibility-client v0.0.1
[INFO] [stderr]   Downloaded utf8-width v0.1.7
[INFO] [stderr]   Downloaded io-kit-sys v0.4.1
[INFO] [stderr]   Downloaded os_pipe v1.2.2
[INFO] [stderr]   Downloaded inotify v0.11.0
[INFO] [stderr]   Downloaded gethostname v1.0.2
[INFO] [stderr]   Downloaded tauri-store-macros v0.12.0
[INFO] [stderr]   Downloaded cocoa v0.24.1
[INFO] [stderr]   Downloaded errno v0.3.12
[INFO] [stderr]   Downloaded plist v1.7.1
[INFO] [stderr]   Downloaded tauri-build v2.2.0
[INFO] [stderr]   Downloaded objc2-core-graphics v0.3.1
[INFO] [stderr]   Downloaded tauri-runtime-wry v2.6.0
[INFO] [stderr]   Downloaded tree_magic_mini v3.1.6
[INFO] [stderr]   Downloaded tauri-macros v2.2.0
[INFO] [stderr]   Downloaded cargo_toml v0.22.1
[INFO] [stderr]   Downloaded epoll v4.3.3
[INFO] [stderr]   Downloaded tauri-codegen v2.2.0
[INFO] [stderr]   Downloaded tauri-runtime v2.6.0
[INFO] [stderr]   Downloaded strum_macros v0.27.1
[INFO] [stderr]   Downloaded minisign-verify v0.2.4
[INFO] [stderr]   Downloaded async-executor v1.13.2
[INFO] [stderr]   Downloaded current_locale v0.1.1
[INFO] [stderr]   Downloaded os_info v3.11.0
[INFO] [stderr]   Downloaded android_logger v0.15.0
[INFO] [stderr]   Downloaded async-process v2.3.1
[INFO] [stderr]   Downloaded byte-unit v5.1.6
[INFO] [stderr]   Downloaded open v5.3.2
[INFO] [stderr]   Downloaded enumflags2 v0.7.11
[INFO] [stderr]   Downloaded async-signal v0.2.11
[INFO] [stderr]   Downloaded hyper-rustls v0.27.6
[INFO] [stderr]   Downloaded arbitrary v1.4.1
[INFO] [stderr]   Downloaded tempfile v3.20.0
[INFO] [stderr]   Downloaded wayland-protocols-wlr v0.3.8
[INFO] [stderr]   Downloaded wayland-sys v0.31.6
[INFO] [stderr]   Downloaded clipboard-win v5.4.0
[INFO] [stderr]   Downloaded softbuffer v0.4.6
[INFO] [stderr]   Downloaded bytemuck v1.23.0
[INFO] [stderr]   Downloaded zbus_macros v5.7.1
[INFO] [stderr]   Downloaded hermit-abi v0.5.1
[INFO] [stderr]   Downloaded tauri-plugin-prevent-default v1.3.1
[INFO] [stderr]   Downloaded tauri-plugin-pinia v3.7.0
[INFO] [stderr]   Downloaded tauri-store-utils v0.5.0
[INFO] [stderr]   Downloaded toml_edit v0.20.7
[INFO] [stderr]   Downloaded tray-icon v0.20.1
[INFO] [stderr]   Downloaded ico v0.4.0
[INFO] [stderr]   Downloaded dispatch2 v0.2.0
[INFO] [stderr]   Downloaded wl-clipboard-rs v0.9.2
[INFO] [stderr]   Downloaded inotify v0.10.2
[INFO] [stderr]   Downloaded rustls-webpki v0.103.3
[INFO] [stderr]   Downloaded polling v3.8.0
[INFO] [stderr]   Downloaded async-io v2.4.1
[INFO] [stderr]   Downloaded bon v3.6.3
[INFO] [stderr]   Downloaded tauri-plugin-locale v2.0.1
[INFO] [stderr]   Downloaded tauri-store v0.12.0
[INFO] [stderr]   Downloaded cc v1.2.25
[INFO] [stderr]   Downloaded zerovec v0.11.2
[INFO] [stderr]   Downloaded wayland-scanner v0.31.6
[INFO] [stderr]   Downloaded rfd v0.15.3
[INFO] [stderr]   Downloaded arboard v3.5.0
[INFO] [stderr]   Downloaded tauri-plugin-macos-permissions v2.3.0
[INFO] [stderr]   Downloaded prettyplease v0.2.33
[INFO] [stderr]   Downloaded tauri-plugin-opener v2.2.7
[INFO] [stderr]   Downloaded muda v0.16.1
[INFO] [stderr]   Downloaded wayland-client v0.31.10
[INFO] [stderr]   Downloaded wayland-backend v0.3.10
[INFO] [stderr]   Downloaded tauri-plugin-single-instance v2.2.4
[INFO] [stderr]   Downloaded tauri-plugin-log v2.4.0
[INFO] [stderr]   Downloaded bon-macros v3.6.3
[INFO] [stderr]   Downloaded quick-xml v0.32.0
[INFO] [stderr]   Downloaded zvariant v5.5.3
[INFO] [stderr]   Downloaded tauri-plugin-autostart v2.3.0
[INFO] [stderr]   Downloaded hyper-util v0.1.13
[INFO] [stderr]   Downloaded tauri-plugin-os v2.2.1
[INFO] [stderr]   Downloaded tauri-plugin-global-shortcut v2.2.1
[INFO] [stderr]   Downloaded winnow v0.7.10
[INFO] [stderr]   Downloaded widestring v1.2.0
[INFO] [stderr]   Downloaded objc2-web-kit v0.3.1
[INFO] [stderr]   Downloaded tauri-plugin-process v2.2.1
[INFO] [stderr]   Downloaded tauri-plugin-dialog v2.2.2
[INFO] [stderr]   Downloaded ashpd v0.11.0
[INFO] [stderr]   Downloaded tauri-plugin-fs v2.3.0
[INFO] [stderr]   Downloaded tauri-plugin-updater v2.7.1
[INFO] [stderr]   Downloaded tauri-plugin-clipboard-manager v2.2.2
[INFO] [stderr]   Downloaded wry v0.51.2
[INFO] [stderr]   Downloaded zbus v5.7.1
[INFO] [stderr]   Downloaded reqwest v0.12.19
[INFO] [stderr]   Downloaded tauri v2.5.1
[INFO] [stderr]   Downloaded image v0.25.6
[INFO] [stderr]   Downloaded wayland-protocols v0.32.8
[INFO] [stderr]   Downloaded fern v0.7.1
[INFO] [stderr]   Downloaded rustls v0.23.27
[INFO] [stderr]   Downloaded objc2-app-kit v0.3.1
[INFO] [stderr]   Downloaded objc2-ui-kit v0.3.1
[INFO] [stderr]   Downloaded tokio v1.45.1
[INFO] [stderr]   Downloaded tao v0.33.0
[INFO] [stderr]   Downloaded webview2-com-sys v0.37.0
[INFO] running `Command { std: "docker" "create" "-v" "/var/lib/crater-agent-workspace/builds/worker-7-tc1/source:/opt/rustwide/workdir:ro,Z" "-v" "/var/lib/crater-agent-workspace/builds/worker-7-tc1/target:/opt/rustwide/target:rw,Z" "-v" "/var/lib/crater-agent-workspace/cargo-home:/opt/rustwide/cargo-home:ro,Z" "-v" "/var/lib/crater-agent-workspace/rustup-home:/opt/rustwide/rustup-home:ro,Z" "-m" "1610612736" "--network" "none" "ghcr.io/rust-lang/crates-build-env/linux@sha256:77db811e55d90add9212f6832c23229e3de5f1c1f9905e8cb07319ea15df73ac" "sleep" "infinity", kill_on_drop: false }`
[INFO] [stdout] 5f63d7fafa19691215de01e071e41d48092d17a6448b943068b19b3dc70bdb07
[INFO] running `Command { std: "docker" "start" "5f63d7fafa19691215de01e071e41d48092d17a6448b943068b19b3dc70bdb07", kill_on_drop: false }`
[INFO] running `Command { std: "docker" "inspect" "5f63d7fafa19691215de01e071e41d48092d17a6448b943068b19b3dc70bdb07", kill_on_drop: false }`
[INFO] running `Command { std: "docker" "exec" "-e" "SOURCE_DIR=/opt/rustwide/workdir" "-e" "CARGO_HOME=/opt/rustwide/cargo-home" "-e" "RUSTUP_HOME=/opt/rustwide/rustup-home" "-e" "CARGO_TARGET_DIR=/opt/rustwide/target" "-w" "/opt/rustwide/workdir" "--user" "0:0" "5f63d7fafa19691215de01e071e41d48092d17a6448b943068b19b3dc70bdb07" "/opt/rustwide/cargo-home/bin/cargo" "+3154cc1a3e6424e44f438a95007d043ed5ceaaf6" "metadata" "--no-deps" "--format-version=1", kill_on_drop: false }`
[INFO] running `Command { std: "docker" "inspect" "5f63d7fafa19691215de01e071e41d48092d17a6448b943068b19b3dc70bdb07", kill_on_drop: false }`
[INFO] running `Command { std: "docker" "exec" "-e" "SOURCE_DIR=/opt/rustwide/workdir" "-e" "CARGO_HOME=/opt/rustwide/cargo-home" "-e" "RUSTUP_HOME=/opt/rustwide/rustup-home" "-e" "CARGO_TARGET_DIR=/opt/rustwide/target" "-e" "CARGO_INCREMENTAL=0" "-e" "RUST_BACKTRACE=full" "-e" "RUSTFLAGS=--cap-lints=forbid -Znext-solver=coherence" "-e" "RUSTDOCFLAGS=--cap-lints=forbid" "-w" "/opt/rustwide/workdir" "--user" "0:0" "5f63d7fafa19691215de01e071e41d48092d17a6448b943068b19b3dc70bdb07" "/opt/rustwide/cargo-home/bin/cargo" "+3154cc1a3e6424e44f438a95007d043ed5ceaaf6" "check" "--frozen" "--all" "--all-targets" "--message-format=json", kill_on_drop: false }`
[INFO] [stderr] warning: unused workspace dependency `fs_extra`
[INFO] [stderr]   --> Cargo.toml:15:1
[INFO] [stderr]    |
[INFO] [stderr] 15 | fs_extra = "1"
[INFO] [stderr]    | ^^^^^^^^
[INFO] [stderr]    |
[INFO] [stderr]    = note: `cargo::unused_workspace_dependencies` is set to `warn` by default
[INFO] [stderr] help: consider removing the workspace dependency `fs_extra`
[INFO] [stderr] warning: workspace (manifest) generated 1 warning
[INFO] [stderr]    Compiling proc-macro2 v1.0.95
[INFO] [stderr]    Compiling serde v1.0.219
[INFO] [stderr]    Compiling hashbrown v0.15.3
[INFO] [stderr]    Compiling smallvec v1.15.0
[INFO] [stderr]    Compiling winnow v0.7.10
[INFO] [stderr]    Compiling toml_write v0.1.1
[INFO] [stderr]    Compiling libc v0.2.172
[INFO] [stderr]    Compiling syn v1.0.109
[INFO] [stderr]    Compiling zerocopy v0.8.25
[INFO] [stderr]    Compiling siphasher v0.3.11
[INFO] [stderr]    Compiling version-compare v0.2.0
[INFO] [stderr]    Compiling getrandom v0.1.16
[INFO] [stderr]    Compiling semver v1.0.26
[INFO] [stderr]    Compiling lock_api v0.4.13
[INFO] [stderr]    Compiling siphasher v1.0.1
[INFO] [stderr]    Compiling stable_deref_trait v1.2.0
[INFO] [stderr]    Compiling phf_shared v0.8.0
[INFO] [stderr]    Compiling phf_shared v0.10.0
[INFO] [stderr]    Compiling cfg-expr v0.15.8
[INFO] [stderr]    Compiling proc-macro-hack v0.5.20+deprecated
[INFO] [stderr]    Compiling phf_shared v0.11.3
[INFO] [stderr]    Compiling typeid v1.0.3
[INFO] [stderr]    Compiling litemap v0.8.0
[INFO] [stderr]    Compiling writeable v0.6.1
[INFO] [stderr]    Compiling icu_properties_data v2.0.1
[INFO] [stderr]    Compiling icu_normalizer_data v2.0.0
[INFO] [stderr]    Compiling new_debug_unreachable v1.0.6
[INFO] [stderr]    Compiling serde_json v1.0.140
[INFO] [stderr]    Compiling anyhow v1.0.98
[INFO] [stderr]    Compiling mac v0.1.1
[INFO] [stderr]    Compiling precomputed-hash v0.1.1
[INFO] [stderr]    Compiling indexmap v1.9.3
[INFO] [stderr]    Compiling futf v0.1.5
[INFO] [stderr]    Compiling bitflags v1.3.2
[INFO] [stderr]    Compiling utf-8 v0.7.6
[INFO] [stderr]    Compiling percent-encoding v2.3.1
[INFO] [stderr]    Compiling dtoa v1.0.10
[INFO] [stderr]    Compiling phf v0.10.1
[INFO] [stderr]    Compiling alloc-no-stdlib v2.0.4
[INFO] [stderr]    Compiling tendril v0.4.3
[INFO] [stderr]    Compiling form_urlencoded v1.2.1
[INFO] [stderr]    Compiling unic-char-range v0.9.0
[INFO] [stderr]    Compiling matches v0.1.10
[INFO] [stderr]    Compiling hashbrown v0.12.3
[INFO] [stderr]    Compiling unic-common v0.9.0
[INFO] [stderr]    Compiling itoa v0.4.8
[INFO] [stderr]    Compiling dtoa-short v0.3.5
[INFO] [stderr]    Compiling camino v1.1.10
[INFO] [stderr]    Compiling nodrop v0.1.14
[INFO] [stderr]    Compiling unic-char-property v0.9.0
[INFO] [stderr]    Compiling servo_arc v0.1.1
[INFO] [stderr]    Compiling unic-ucd-version v0.9.0
[INFO] [stderr]    Compiling alloc-stdlib v0.2.2
[INFO] [stderr]    Compiling indexmap v2.9.0
[INFO] [stderr]    Compiling fxhash v0.2.1
[INFO] [stderr]    Compiling schemars v0.8.22
[INFO] [stderr]    Compiling thin-slice v0.1.1
[INFO] [stderr]    Compiling unic-ucd-ident v0.9.0
[INFO] [stderr]    Compiling brotli-decompressor v4.0.3
[INFO] [stderr]    Compiling dyn-clone v1.0.19
[INFO] [stderr]    Compiling http v1.3.1
[INFO] [stderr]    Compiling cc v1.2.25
[INFO] [stderr]    Compiling quote v1.0.40
[INFO] [stderr]    Compiling glob v0.3.2
[INFO] [stderr]    Compiling option-ext v0.2.0
[INFO] [stderr]     Checking value-bag v1.11.1
[INFO] [stderr]    Compiling syn v2.0.101
[INFO] [stderr]    Compiling getrandom v0.2.16
[INFO] [stderr]    Compiling rand_core v0.6.4
[INFO] [stderr]    Compiling parking_lot_core v0.9.11
[INFO] [stderr]    Compiling getrandom v0.3.3
[INFO] [stderr]    Compiling rand_core v0.5.1
[INFO] [stderr]    Compiling proc-macro-error-attr v1.0.4
[INFO] [stderr]    Compiling dirs-sys v0.5.0
[INFO] [stderr]     Checking log v0.4.27
[INFO] [stderr]    Compiling memoffset v0.9.1
[INFO] [stderr]    Compiling parking_lot v0.12.4
[INFO] [stderr]    Compiling rand_pcg v0.2.1
[INFO] [stderr]    Compiling dirs v6.0.0
[INFO] [stderr]    Compiling gtk v0.18.2
[INFO] [stderr]    Compiling typenum v1.18.0
[INFO] [stderr]    Compiling x11 v2.21.0
[INFO] [stderr]    Compiling brotli v7.0.0
[INFO] [stderr]     Checking simd-adler32 v0.3.7
[INFO] [stderr]    Compiling miniz_oxide v0.8.8
[INFO] [stderr]    Compiling time-macros v0.2.22
[INFO] [stderr]     Checking deranged v0.4.0
[INFO] [stderr]    Compiling x11-dl v2.21.0
[INFO] [stderr]     Checking mio v1.0.4
[INFO] [stderr]     Checking socket2 v0.5.10
[INFO] [stderr]     Checking num_threads v0.1.7
[INFO] [stderr]    Compiling generic-array v0.14.7
[INFO] [stderr]     Checking flate2 v1.1.1
[INFO] [stderr]    Compiling ppv-lite86 v0.2.21
[INFO] [stderr]     Checking fdeflate v0.3.7
[INFO] [stderr]    Compiling rand_chacha v0.3.1
[INFO] [stderr]    Compiling rand_chacha v0.2.2
[INFO] [stderr]     Checking libloading v0.7.4
[INFO] [stderr]    Compiling block-buffer v0.10.4
[INFO] [stderr]    Compiling crypto-common v0.1.6
[INFO] [stderr]     Checking png v0.17.16
[INFO] [stderr]    Compiling rand v0.7.3
[INFO] [stderr]    Compiling wry v0.51.2
[INFO] [stderr]    Compiling tauri-runtime v2.6.0
[INFO] [stderr]    Compiling digest v0.10.7
[INFO] [stderr]    Compiling rand v0.8.5
[INFO] [stderr]    Compiling base64 v0.22.1
[INFO] [stderr]    Compiling tauri-runtime-wry v2.6.0
[INFO] [stderr]     Checking time v0.3.41
[INFO] [stderr]     Checking bytemuck v1.23.0
[INFO] [stderr]    Compiling sha2 v0.10.9
[INFO] [stderr]     Checking heck v0.5.0
[INFO] [stderr]     Checking http-range v0.1.5
[INFO] [stderr]    Compiling rustix v1.0.7
[INFO] [stderr]     Checking linux-raw-sys v0.9.4
[INFO] [stderr]     Checking tracing-core v0.1.33
[INFO] [stderr]    Compiling rustix v0.38.44
[INFO] [stderr]    Compiling rustversion v1.0.21
[INFO] [stderr]     Checking event-listener v5.4.0
[INFO] [stderr]     Checking linux-raw-sys v0.4.15
[INFO] [stderr]    Compiling static_assertions v1.1.0
[INFO] [stderr]     Checking event-listener-strategy v0.5.4
[INFO] [stderr]    Compiling ring v0.17.14
[INFO] [stderr]    Compiling phf_generator v0.8.0
[INFO] [stderr]    Compiling wayland-sys v0.31.6
[INFO] [stderr]    Compiling phf_codegen v0.8.0
[INFO] [stderr]    Compiling phf_generator v0.11.3
[INFO] [stderr]    Compiling phf_generator v0.10.0
[INFO] [stderr]     Checking unicode-ident v1.0.18
[INFO] [stderr]     Checking image v0.25.6
[INFO] [stderr]    Compiling selectors v0.22.0
[INFO] [stderr]    Compiling string_cache_codegen v0.5.4
[INFO] [stderr]    Compiling phf_codegen v0.10.0
[INFO] [stderr]    Compiling ico v0.4.0
[INFO] [stderr]     Checking futures-lite v2.6.0
[INFO] [stderr]    Compiling wayland-backend v0.3.10
[INFO] [stderr]     Checking cookie v0.18.1
[INFO] [stderr]     Checking windows-link v0.1.1
[INFO] [stderr]     Checking rustls-pki-types v1.12.0
[INFO] [stderr]    Compiling markup5ever v0.11.0
[INFO] [stderr]    Compiling quick-xml v0.37.5
[INFO] [stderr]    Compiling wayland-client v0.31.10
[INFO] [stderr]    Compiling prettyplease v0.2.33
[INFO] [stderr]     Checking async-lock v3.4.0
[INFO] [stderr]    Compiling rustls v0.23.27
[INFO] [stderr]    Compiling endi v1.1.0
[INFO] [stderr]     Checking async-task v4.7.1
[INFO] [stderr]     Checking windows-result v0.3.4
[INFO] [stderr]     Checking windows-strings v0.4.2
[INFO] [stderr]     Checking async-channel v2.3.1
[INFO] [stderr]    Compiling nix v0.30.1
[INFO] [stderr]     Checking signal-hook-registry v1.4.5
[INFO] [stderr]     Checking inotify-sys v0.1.5
[INFO] [stderr]     Checking x11rb-protocol v0.13.1
[INFO] [stderr]     Checking fixedbitset v0.4.2
[INFO] [stderr]    Compiling tauri-store v0.12.0
[INFO] [stderr]     Checking piper v0.2.4
[INFO] [stderr]     Checking petgraph v0.6.5
[INFO] [stderr]    Compiling nix v0.29.0
[INFO] [stderr]     Checking sync_wrapper v1.0.2
[INFO] [stderr]    Compiling libudev-sys v0.1.4
[INFO] [stderr]    Compiling rust_decimal v1.37.1
[INFO] [stderr]     Checking either v1.15.0
[INFO] [stderr]     Checking async-executor v1.13.2
[INFO] [stderr]     Checking blocking v1.6.1
[INFO] [stderr]    Compiling wayland-scanner v0.31.6
[INFO] [stderr]     Checking webpki-roots v1.0.0
[INFO] [stderr]     Checking itertools v0.14.0
[INFO] [stderr]     Checking async-broadcast v0.7.2
[INFO] [stderr]     Checking os_pipe v1.2.2
[INFO] [stderr]     Checking dirs-sys v0.3.7
[INFO] [stderr]     Checking ordered-stream v0.2.0
[INFO] [stderr]     Checking is-docker v0.2.0
[INFO] [stderr]     Checking hashbrown v0.14.5
[INFO] [stderr]     Checking iri-string v0.7.8
[INFO] [stderr]    Compiling rfd v0.15.3
[INFO] [stderr]     Checking is-wsl v0.4.0
[INFO] [stderr]    Compiling proc-macro-error v1.0.4
[INFO] [stderr]     Checking dirs v4.0.0
[INFO] [stderr]     Checking windows-threading v0.1.0
[INFO] [stderr]     Checking filetime v0.2.25
[INFO] [stderr]    Compiling gilrs v0.11.0 (https://github.com/ayangweb/gilrs#f6cecd62)
[INFO] [stderr]    Compiling synstructure v0.13.2
[INFO] [stderr]    Compiling darling_core v0.20.11
[INFO] [stderr]    Compiling serde_derive_internals v0.29.1
[INFO] [stderr]     Checking dashmap v6.1.0
[INFO] [stderr]     Checking utf8-width v0.1.7
[INFO] [stderr]     Checking open v5.3.2
[INFO] [stderr]     Checking byte-unit v5.1.6
[INFO] [stderr]     Checking inotify v0.10.2
[INFO] [stderr]     Checking mio v0.8.11
[INFO] [stderr]     Checking fern v0.7.1
[INFO] [stderr]     Checking strum v0.24.1
[INFO] [stderr]     Checking widestring v1.2.0
[INFO] [stderr]     Checking minisign-verify v0.2.4
[INFO] [stderr]     Checking current_locale v0.1.1
[INFO] [stderr]     Checking fs_extra v1.3.0
[INFO] [stderr]     Checking tree_magic_mini v3.1.6
[INFO] [stderr]    Compiling serde_derive v1.0.219
[INFO] [stderr]    Compiling zerofrom-derive v0.1.6
[INFO] [stderr]    Compiling yoke-derive v0.8.0
[INFO] [stderr]    Compiling zerovec-derive v0.11.1
[INFO] [stderr]    Compiling displaydoc v0.2.5
[INFO] [stderr]    Compiling thiserror-impl v1.0.69
[INFO] [stderr]    Compiling thiserror-impl v2.0.12
[INFO] [stderr]    Compiling cssparser-macros v0.6.1
[INFO] [stderr]    Compiling derive_more v0.99.20
[INFO] [stderr]    Compiling phf_macros v0.11.3
[INFO] [stderr]    Compiling phf_macros v0.8.0
[INFO] [stderr]    Compiling cssparser v0.27.2
[INFO] [stderr]    Compiling html5ever v0.26.0
[INFO] [stderr]    Compiling phf v0.8.0
[INFO] [stderr]    Compiling ctor v0.2.9
[INFO] [stderr]    Compiling schemars_derive v0.8.22
[INFO] [stderr]    Compiling phf v0.11.3
[INFO] [stderr]    Compiling futures-macro v0.3.31
[INFO] [stderr]    Compiling tokio-macros v2.5.0
[INFO] [stderr]    Compiling dlopen2_derive v0.4.1
[INFO] [stderr]    Compiling serialize-to-javascript-impl v0.1.1
[INFO] [stderr]    Compiling serde_repr v0.1.20
[INFO] [stderr]    Compiling thiserror v1.0.69
[INFO] [stderr]    Compiling tracing-attributes v0.1.28
[INFO] [stderr]    Compiling enumflags2_derive v0.7.11
[INFO] [stderr]     Checking rustls-webpki v0.103.3
[INFO] [stderr]    Compiling zerofrom v0.1.6
[INFO] [stderr]    Compiling yoke v0.8.0
[INFO] [stderr]    Compiling thiserror v2.0.12
[INFO] [stderr]     Checking zerovec v0.11.2
[INFO] [stderr]    Compiling zerotrie v0.2.2
[INFO] [stderr]     Checking tokio v1.45.1
[INFO] [stderr]     Checking futures-util v0.3.31
[INFO] [stderr]     Checking dlopen2 v0.7.0
[INFO] [stderr]    Compiling windows-interface v0.59.1
[INFO] [stderr]    Compiling windows-implement v0.60.0
[INFO] [stderr]    Compiling async-trait v0.1.88
[INFO] [stderr]    Compiling enum-map-derive v0.17.0
[INFO] [stderr]    Compiling darling_macro v0.20.11
[INFO] [stderr]    Compiling tauri-store-macros v0.12.0
[INFO] [stderr]    Compiling darling v0.20.11
[INFO] [stderr]    Compiling strum_macros v0.27.1
[INFO] [stderr]    Compiling serde_with_macros v3.12.0
[INFO] [stderr]     Checking windows-core v0.61.2
[INFO] [stderr]    Compiling bon-macros v3.6.3
[INFO] [stderr]     Checking windows-numerics v0.2.0
[INFO] [stderr]     Checking windows-collections v0.2.0
[INFO] [stderr]     Checking windows-future v0.2.1
[INFO] [stderr]     Checking enum-map v2.7.3
[INFO] [stderr]     Checking tracing v0.1.41
[INFO] [stderr]     Checking auto-launch v0.5.0
[INFO] [stdout] error[E0425]: cannot find type `IMarshal` in module `windows_core::imp`
[INFO] [stdout]   --> /opt/rustwide/cargo-home/registry/src/index.crates.io-1949cf8c6b5b557f/windows-future-0.2.1/src/bindings.rs:89:51
[INFO] [stdout]    |
[INFO] [stdout] 89 |             } else if *iid == <windows_core::imp::IMarshal as windows_core::Interface>::IID {
[INFO] [stdout]    |                                                   ^^^^^^^^ not found in `windows_core::imp`
[INFO] [stdout] 
[INFO] [stdout] 
[INFO] [stdout] error[E0425]: cannot find function `marshaler` in module `windows_core::imp`
[INFO] [stdout]   --> /opt/rustwide/cargo-home/registry/src/index.crates.io-1949cf8c6b5b557f/windows-future-0.2.1/src/bindings.rs:91:43
[INFO] [stdout]    |
[INFO] [stdout] 91 |                 return windows_core::imp::marshaler(
[INFO] [stdout]    |                                           ^^^^^^^^^ not found in `windows_core::imp`
[INFO] [stdout] 
[INFO] [stdout] 
[INFO] [stdout] error[E0425]: cannot find type `IMarshal` in module `windows_core::imp`
[INFO] [stdout]    --> /opt/rustwide/cargo-home/registry/src/index.crates.io-1949cf8c6b5b557f/windows-future-0.2.1/src/bindings.rs:257:51
[INFO] [stdout]     |
[INFO] [stdout] 257 |             } else if *iid == <windows_core::imp::IMarshal as windows_core::Interface>::IID {
[INFO] [stdout]     |                                                   ^^^^^^^^ not found in `windows_core::imp`
[INFO] [stdout] 
[INFO] [stdout] 
[INFO] [stdout] error[E0425]: cannot find function `marshaler` in module `windows_core::imp`
[INFO] [stdout]    --> /opt/rustwide/cargo-home/registry/src/index.crates.io-1949cf8c6b5b557f/windows-future-0.2.1/src/bindings.rs:259:43
[INFO] [stdout]     |
[INFO] [stdout] 259 |                 return windows_core::imp::marshaler(
[INFO] [stdout]     |                                           ^^^^^^^^^ not found in `windows_core::imp`
[INFO] [stdout] 
[INFO] [stdout] 
[INFO] [stdout] error[E0425]: cannot find type `IMarshal` in module `windows_core::imp`
[INFO] [stdout]    --> /opt/rustwide/cargo-home/registry/src/index.crates.io-1949cf8c6b5b557f/windows-future-0.2.1/src/bindings.rs:424:364
[INFO] [stdout]     |
[INFO] [stdout] 424 | ... _ } else if * iid == < windows_core::imp::IMarshal as windows_core::Interface >::IID { ( * this ) . count . add_ref ( ) ; retur...
[INFO] [stdout]     |                                               ^^^^^^^^ not found in `windows_core::imp`
[INFO] [stdout] 
[INFO] [stdout] 
[INFO] [stdout] error[E0425]: cannot find function `marshaler` in module `windows_core::imp`
[INFO] [stdout]    --> /opt/rustwide/cargo-home/registry/src/index.crates.io-1949cf8c6b5b557f/windows-future-0.2.1/src/bindings.rs:424:470
[INFO] [stdout]     |
[INFO] [stdout] 424 | ... . add_ref ( ) ; return windows_core::imp::marshaler ( core::mem::transmute ( & mut ( * this ) . vtable as * mut _ as * mut core...
[INFO] [stdout]     |                                               ^^^^^^^^^ not found in `windows_core::imp`
[INFO] [stdout] 
[INFO] [stdout] 
[INFO] [stdout] error[E0425]: cannot find type `IMarshal` in module `windows_core::imp`
[INFO] [stdout]    --> /opt/rustwide/cargo-home/registry/src/index.crates.io-1949cf8c6b5b557f/windows-future-0.2.1/src/bindings.rs:583:51
[INFO] [stdout]     |
[INFO] [stdout] 583 |             } else if *iid == <windows_core::imp::IMarshal as windows_core::Interface>::IID {
[INFO] [stdout]     |                                                   ^^^^^^^^ not found in `windows_core::imp`
[INFO] [stdout] 
[INFO] [stdout] 
[INFO] [stdout] error[E0425]: cannot find function `marshaler` in module `windows_core::imp`
[INFO] [stdout]    --> /opt/rustwide/cargo-home/registry/src/index.crates.io-1949cf8c6b5b557f/windows-future-0.2.1/src/bindings.rs:585:43
[INFO] [stdout]     |
[INFO] [stdout] 585 |                 return windows_core::imp::marshaler(
[INFO] [stdout]     |                                           ^^^^^^^^^ not found in `windows_core::imp`
[INFO] [stdout] 
[INFO] [stdout] 
[INFO] [stdout] error[E0425]: cannot find type `IMarshal` in module `windows_core::imp`
[INFO] [stdout]    --> /opt/rustwide/cargo-home/registry/src/index.crates.io-1949cf8c6b5b557f/windows-future-0.2.1/src/bindings.rs:763:364
[INFO] [stdout]     |
[INFO] [stdout] 763 | ... _ } else if * iid == < windows_core::imp::IMarshal as windows_core::Interface >::IID { ( * this ) . count . add_ref ( ) ; retur...
[INFO] [stdout]     |                                               ^^^^^^^^ not found in `windows_core::imp`
[INFO] [stdout] 
[INFO] [stdout] 
[INFO] [stdout] error[E0425]: cannot find function `marshaler` in module `windows_core::imp`
[INFO] [stdout]    --> /opt/rustwide/cargo-home/registry/src/index.crates.io-1949cf8c6b5b557f/windows-future-0.2.1/src/bindings.rs:763:470
[INFO] [stdout]     |
[INFO] [stdout] 763 | ... . add_ref ( ) ; return windows_core::imp::marshaler ( core::mem::transmute ( & mut ( * this ) . vtable as * mut _ as * mut core...
[INFO] [stdout]     |                                               ^^^^^^^^^ not found in `windows_core::imp`
[INFO] [stdout] 
[INFO] [stdout] 
[INFO] [stdout] error[E0425]: cannot find type `IMarshal` in module `windows_core::imp`
[INFO] [stdout]    --> /opt/rustwide/cargo-home/registry/src/index.crates.io-1949cf8c6b5b557f/windows-future-0.2.1/src/bindings.rs:938:377
[INFO] [stdout]     |
[INFO] [stdout] 938 | ... _ } else if * iid == < windows_core::imp::IMarshal as windows_core::Interface >::IID { ( * this ) . count . add_ref ( ) ; retur...
[INFO] [stdout]     |                                               ^^^^^^^^ not found in `windows_core::imp`
[INFO] [stdout] 
[INFO] [stdout] 
[INFO] [stdout] error[E0425]: cannot find function `marshaler` in module `windows_core::imp`
[INFO] [stdout]    --> /opt/rustwide/cargo-home/registry/src/index.crates.io-1949cf8c6b5b557f/windows-future-0.2.1/src/bindings.rs:938:483
[INFO] [stdout]     |
[INFO] [stdout] 938 | ... . add_ref ( ) ; return windows_core::imp::marshaler ( core::mem::transmute ( & mut ( * this ) . vtable as * mut _ as * mut core...
[INFO] [stdout]     |                                               ^^^^^^^^^ not found in `windows_core::imp`
[INFO] [stdout] 
[INFO] [stdout] 
[INFO] [stderr]    Compiling strum_macros v0.24.3
[INFO] [stderr]    Compiling tinystr v0.8.1
[INFO] [stderr]    Compiling potential_utf v0.1.2
[INFO] [stderr]    Compiling icu_collections v2.0.0
[INFO] [stdout] For more information about this error, try `rustc --explain E0425`.
[INFO] [stdout] 
[INFO] [stderr]    Compiling icu_locale_core v2.0.0
[INFO] [stderr] error: could not compile `windows-future` (lib) due to 12 previous errors
[INFO] [stderr] warning: build failed, waiting for other jobs to finish...
[INFO] running `Command { std: "docker" "inspect" "5f63d7fafa19691215de01e071e41d48092d17a6448b943068b19b3dc70bdb07", kill_on_drop: false }`
[INFO] running `Command { std: "docker" "rm" "-f" "5f63d7fafa19691215de01e071e41d48092d17a6448b943068b19b3dc70bdb07", kill_on_drop: false }`
[INFO] [stdout] 5f63d7fafa19691215de01e071e41d48092d17a6448b943068b19b3dc70bdb07
