[INFO] cloning repository https://github.com/hyperpolymath/oikosbot
[INFO] running `Command { std: "git" "-c" "credential.helper=" "-c" "credential.helper=/workspace/cargo-home/bin/git-credential-null" "clone" "--bare" "https://github.com/hyperpolymath/oikosbot" "/workspace/cache/git-repos/https%3A%2F%2Fgithub.com%2Fhyperpolymath%2Foikosbot", kill_on_drop: false }`
[INFO] [stderr] Cloning into bare repository '/workspace/cache/git-repos/https%3A%2F%2Fgithub.com%2Fhyperpolymath%2Foikosbot'...
[INFO] running `Command { std: "git" "rev-parse" "HEAD", kill_on_drop: false }`
[INFO] [stdout] fa8be5abc73d5cc266c180567fedb4740ebe0ea3
[INFO] checking hyperpolymath/oikosbot against 3154cc1a3e6424e44f438a95007d043ed5ceaaf6+rustflags=-Znext-solver=coherence for pr-133502-30
[INFO] running `Command { std: "git" "clone" "/workspace/cache/git-repos/https%3A%2F%2Fgithub.com%2Fhyperpolymath%2Foikosbot" "/workspace/builds/worker-6-tc1/source", kill_on_drop: false }`
[INFO] [stderr] Cloning into '/workspace/builds/worker-6-tc1/source'...
[INFO] [stderr] done.
[INFO] removed /workspace/builds/worker-6-tc1/source/rust-toolchain.toml
[INFO] started tweaking git repo https://github.com/hyperpolymath/oikosbot
[INFO] finished tweaking git repo https://github.com/hyperpolymath/oikosbot
[INFO] tweaked toml for git repo https://github.com/hyperpolymath/oikosbot written to /workspace/builds/worker-6-tc1/source/Cargo.toml
[INFO] validating manifest of git repo https://github.com/hyperpolymath/oikosbot on toolchain 3154cc1a3e6424e44f438a95007d043ed5ceaaf6
[INFO] running `Command { std: CARGO_HOME="/workspace/cargo-home" RUSTUP_HOME="/workspace/rustup-home" "/workspace/cargo-home/bin/cargo" "+3154cc1a3e6424e44f438a95007d043ed5ceaaf6" "metadata" "--manifest-path" "Cargo.toml" "--no-deps", kill_on_drop: false }`
[INFO] crate git repo https://github.com/hyperpolymath/oikosbot already has a lockfile, it will not be regenerated
[INFO] running `Command { std: CARGO_HOME="/workspace/cargo-home" RUSTUP_HOME="/workspace/rustup-home" "/workspace/cargo-home/bin/cargo" "+3154cc1a3e6424e44f438a95007d043ed5ceaaf6" "fetch" "--manifest-path" "Cargo.toml", kill_on_drop: false }`
[INFO] [stderr] warning: unused workspace dependency `reqwest`
[INFO] [stderr]   --> Cargo.toml:26:25
[INFO] [stderr]    |
[INFO] [stderr] 26 | [workspace.dependencies.reqwest]
[INFO] [stderr]    |                         ^^^^^^^
[INFO] [stderr]    |
[INFO] [stderr]    = note: `cargo::unused_workspace_dependencies` is set to `warn` by default
[INFO] [stderr] help: consider removing the workspace dependency `reqwest`
[INFO] [stderr] warning: unused workspace dependency `tokio`
[INFO] [stderr]   --> Cargo.toml:34:25
[INFO] [stderr]    |
[INFO] [stderr] 34 | [workspace.dependencies.tokio]
[INFO] [stderr]    |                         ^^^^^
[INFO] [stderr]    |
[INFO] [stderr] help: consider removing the workspace dependency `tokio`
[INFO] [stderr] warning: workspace (manifest) generated 2 warnings
[INFO] [stderr]     Updating crates.io index
[INFO] [stderr]  Downloading crates ...
[INFO] [stderr]   Downloaded highs v2.4.0
[INFO] [stderr]   Downloaded good_lp v1.15.3
[INFO] [stderr]   Downloaded parquet_derive v59.3.0
[INFO] [stderr]   Downloaded lz4_flex v0.14.0
[INFO] [stderr]   Downloaded arrow-data v59.3.0
[INFO] [stderr]   Downloaded arrow-schema v59.3.0
[INFO] [stderr]   Downloaded arrow-select v59.3.0
[INFO] [stderr]   Downloaded arrow-buffer v59.3.0
[INFO] [stderr]   Downloaded arrow-ipc v59.3.0
[INFO] [stderr]   Downloaded arrow-array v59.3.0
[INFO] [stderr]   Downloaded parquet v59.3.0
[INFO] [stderr]   Downloaded highs-sys v1.15.0
[INFO] running `Command { std: "docker" "create" "-v" "/var/lib/crater-agent-workspace/builds/worker-6-tc1/source:/opt/rustwide/workdir:ro,Z" "-v" "/var/lib/crater-agent-workspace/builds/worker-6-tc1/target:/opt/rustwide/target:rw,Z" "-v" "/var/lib/crater-agent-workspace/cargo-home:/opt/rustwide/cargo-home:ro,Z" "-v" "/var/lib/crater-agent-workspace/rustup-home:/opt/rustwide/rustup-home:ro,Z" "-m" "1610612736" "--network" "none" "ghcr.io/rust-lang/crates-build-env/linux@sha256:77db811e55d90add9212f6832c23229e3de5f1c1f9905e8cb07319ea15df73ac" "sleep" "infinity", kill_on_drop: false }`
[INFO] [stdout] a46fc64385a4b67d51625f8948ad0240a30897da6eb2b9bf1b093c9e01b4c059
[INFO] running `Command { std: "docker" "start" "a46fc64385a4b67d51625f8948ad0240a30897da6eb2b9bf1b093c9e01b4c059", kill_on_drop: false }`
[INFO] running `Command { std: "docker" "inspect" "a46fc64385a4b67d51625f8948ad0240a30897da6eb2b9bf1b093c9e01b4c059", kill_on_drop: false }`
[INFO] running `Command { std: "docker" "exec" "-e" "SOURCE_DIR=/opt/rustwide/workdir" "-e" "CARGO_HOME=/opt/rustwide/cargo-home" "-e" "RUSTUP_HOME=/opt/rustwide/rustup-home" "-e" "CARGO_TARGET_DIR=/opt/rustwide/target" "-w" "/opt/rustwide/workdir" "--user" "0:0" "a46fc64385a4b67d51625f8948ad0240a30897da6eb2b9bf1b093c9e01b4c059" "/opt/rustwide/cargo-home/bin/cargo" "+3154cc1a3e6424e44f438a95007d043ed5ceaaf6" "metadata" "--no-deps" "--format-version=1", kill_on_drop: false }`
[INFO] running `Command { std: "docker" "inspect" "a46fc64385a4b67d51625f8948ad0240a30897da6eb2b9bf1b093c9e01b4c059", kill_on_drop: false }`
[INFO] running `Command { std: "docker" "exec" "-e" "SOURCE_DIR=/opt/rustwide/workdir" "-e" "CARGO_HOME=/opt/rustwide/cargo-home" "-e" "RUSTUP_HOME=/opt/rustwide/rustup-home" "-e" "CARGO_TARGET_DIR=/opt/rustwide/target" "-e" "CARGO_INCREMENTAL=0" "-e" "RUST_BACKTRACE=full" "-e" "RUSTFLAGS=--cap-lints=forbid -Znext-solver=coherence" "-e" "RUSTDOCFLAGS=--cap-lints=forbid" "-w" "/opt/rustwide/workdir" "--user" "0:0" "a46fc64385a4b67d51625f8948ad0240a30897da6eb2b9bf1b093c9e01b4c059" "/opt/rustwide/cargo-home/bin/cargo" "+3154cc1a3e6424e44f438a95007d043ed5ceaaf6" "check" "--frozen" "--all" "--all-targets" "--message-format=json", kill_on_drop: false }`
[INFO] [stderr] warning: unused workspace dependency `reqwest`
[INFO] [stderr]   --> Cargo.toml:26:25
[INFO] [stderr]    |
[INFO] [stderr] 26 | [workspace.dependencies.reqwest]
[INFO] [stderr]    |                         ^^^^^^^
[INFO] [stderr]    |
[INFO] [stderr]    = note: `cargo::unused_workspace_dependencies` is set to `warn` by default
[INFO] [stderr] help: consider removing the workspace dependency `reqwest`
[INFO] [stderr] warning: unused workspace dependency `tokio`
[INFO] [stderr]   --> Cargo.toml:34:25
[INFO] [stderr]    |
[INFO] [stderr] 34 | [workspace.dependencies.tokio]
[INFO] [stderr]    |                         ^^^^^
[INFO] [stderr]    |
[INFO] [stderr] help: consider removing the workspace dependency `tokio`
[INFO] [stderr] warning: workspace (manifest) generated 2 warnings
[INFO] [stderr]    Compiling serde_core v1.0.229
[INFO] [stderr]     Checking memchr v2.7.6
[INFO] [stderr]    Compiling zmij v1.0.17
[INFO] [stderr]     Checking itoa v1.0.17
[INFO] [stderr]    Compiling quote v1.0.45
[INFO] [stderr]    Compiling num-traits v0.2.19
[INFO] [stderr]    Compiling jobserver v0.1.35
[INFO] [stderr]    Compiling clang-sys v1.9.1
[INFO] [stderr]    Compiling prettyplease v0.2.37
[INFO] [stderr]    Compiling ahash v0.8.12
[INFO] [stderr]    Compiling regex-syntax v0.8.11
[INFO] [stderr]    Compiling libloading v0.8.9
[INFO] [stderr]     Checking getrandom v0.3.4
[INFO] [stderr]     Checking arrow-schema v59.3.0
[INFO] [stderr]    Compiling bindgen v0.72.1
[INFO] [stderr]    Compiling either v1.17.0
[INFO] [stderr]    Compiling cc v1.4.5
[INFO] [stderr]     Checking tracing-core v0.1.36
[INFO] [stderr]    Compiling rustc-hash v2.1.3
[INFO] [stderr]    Compiling serde_json v1.0.151
[INFO] [stderr]    Compiling bitflags v2.13.0
[INFO] [stderr]    Compiling syn v2.0.118
[INFO] [stderr]    Compiling syn v3.0.3
[INFO] [stderr]    Compiling itertools v0.13.0
[INFO] [stderr]    Compiling snap v1.1.2
[INFO] [stderr]     Checking flatbuffers v25.12.19
[INFO] [stderr]     Checking twox-hash v2.1.3
[INFO] [stderr]     Checking zlib-rs v0.6.7
[INFO] [stderr]     Checking lz4_flex v0.14.0
[INFO] [stderr]     Checking brotli v8.0.4
[INFO] [stderr]     Checking winnow v1.0.3
[INFO] [stderr]     Checking aho-corasick v1.1.4
[INFO] [stderr]     Checking simdutf8 v0.1.5
[INFO] [stderr]    Compiling nom v7.1.3
[INFO] [stderr]     Checking toml_writer v1.1.2+spec-1.1.0
[INFO] [stderr]     Checking anstream v1.0.0
[INFO] [stderr]     Checking toml_parser v1.1.3+spec-1.1.0
[INFO] [stderr]     Checking getrandom v0.4.3
[INFO] [stderr]     Checking num-integer v0.1.46
[INFO] [stderr]     Checking num-complex v0.4.6
[INFO] [stderr]     Checking chrono v0.4.45
[INFO] [stderr]     Checking num-bigint v0.5.1
[INFO] [stderr]    Compiling cmake v0.1.58
[INFO] [stderr]     Checking clap_builder v4.6.6
[INFO] [stderr]     Checking tempfile v3.27.0
[INFO] [stderr]    Compiling regex-automata v0.4.18
[INFO] [stderr]     Checking indexmap v2.13.0
[INFO] [stderr]     Checking flate2 v1.1.9
[INFO] [stderr]    Compiling zstd-sys v2.0.16+zstd.1.5.7
[INFO] [stderr]    Compiling tree-sitter-rust v0.24.2
[INFO] [stderr]    Compiling tree-sitter-javascript v0.25.0
[INFO] [stderr]    Compiling tree-sitter-python v0.25.0
[INFO] [stderr]    Compiling tree-sitter v0.27.0
[INFO] [stderr]     Checking bstr v1.13.0
[INFO] [stderr]     Checking tracing-log v0.2.0
[INFO] [stderr]     Checking smallvec v1.15.1
[INFO] [stderr]    Compiling cexpr v0.6.0
[INFO] [stderr]    Compiling regex v1.13.1
[INFO] [stderr]     Checking toml_datetime v1.1.1+spec-1.1.0
[INFO] [stderr]     Checking serde_spanned v1.1.1
[INFO] [stderr]     Checking toml v1.1.6+spec-1.1.0
[INFO] [stderr]     Checking matchers v0.2.0
[INFO] [stderr]     Checking globset v0.4.20
[INFO] [stderr]    Compiling serde_derive v1.0.229
[INFO] [stderr]    Compiling thiserror-impl v2.0.20
[INFO] [stderr]    Compiling parquet_derive v59.3.0
[INFO] [stderr]    Compiling clap_derive v4.6.4
[INFO] [stderr]    Compiling zerocopy-derive v0.8.55
[INFO] [stderr]    Compiling tracing-attributes v0.1.31
[INFO] [stderr]     Checking thiserror v2.0.20
[INFO] [stderr]     Checking clap v4.6.6
[INFO] [stderr]     Checking tracing v0.1.44
[INFO] [stderr]     Checking zerocopy v0.8.55
[INFO] [stderr]     Checking tracing-subscriber v0.3.23
[INFO] [stderr]    Compiling zstd-safe v7.2.4
[INFO] [stderr]     Checking serde v1.0.229
[INFO] [stderr]     Checking zstd v0.13.3
[INFO] [stderr]     Checking oikosbot-metrics v0.1.0 (/opt/rustwide/workdir/crates/oikosbot-metrics)
[INFO] [stderr]     Checking serde_yaml_ng v0.10.0
[INFO] [stderr]     Checking oikosbot-pareto v0.1.0 (/opt/rustwide/workdir/crates/oikosbot-pareto)
[INFO] [stderr]     Checking oikosbot-analysis v0.1.0 (/opt/rustwide/workdir/crates/oikosbot-analysis)
[INFO] [stderr]     Checking oikosbot-sarif v0.1.0 (/opt/rustwide/workdir/crates/oikosbot-sarif)
[INFO] [stderr]     Checking oikosbot-eclexia v0.1.0 (/opt/rustwide/workdir/crates/oikosbot-eclexia)
[INFO] [stderr]     Checking half v2.7.1
[INFO] [stderr]     Checking arrow-buffer v59.3.0
[INFO] [stderr]     Checking arrow-data v59.3.0
[INFO] [stderr]    Compiling highs-sys v1.15.0
[INFO] [stderr]     Checking arrow-array v59.3.0
[INFO] [stderr]     Checking arrow-select v59.3.0
[INFO] [stderr]     Checking arrow-ipc v59.3.0
[INFO] [stderr]     Checking parquet v59.3.0
[INFO] [stderr] error: could not compile `parquet` (lib)
[INFO] [stderr] 
[INFO] [stderr] Caused by:
[INFO] [stderr]   process didn't exit successfully: `/opt/rustwide/rustup-home/toolchains/3154cc1a3e6424e44f438a95007d043ed5ceaaf6/bin/rustc --crate-name parquet --edition=2024 /opt/rustwide/cargo-home/registry/src/index.crates.io-1949cf8c6b5b557f/parquet-59.3.0/src/lib.rs --error-format=json --json=diagnostic-rendered-ansi,artifacts,future-incompat,unused-externs-silent --crate-type lib --emit=dep-info,metadata -C embed-bitcode=no -C debuginfo=2 --cfg 'feature="arrow"' --cfg 'feature="arrow-array"' --cfg 'feature="arrow-buffer"' --cfg 'feature="arrow-data"' --cfg 'feature="arrow-ipc"' --cfg 'feature="arrow-schema"' --cfg 'feature="arrow-select"' --cfg 'feature="base64"' --cfg 'feature="brotli"' --cfg 'feature="default"' --cfg 'feature="flate2"' --cfg 'feature="flate2-zlib-rs"' --cfg 'feature="lz4"' --cfg 'feature="lz4_flex"' --cfg 'feature="simdutf8"' --cfg 'feature="snap"' --cfg 'feature="zstd"' --check-cfg 'cfg(docsrs,test)' --check-cfg 'cfg(feature, values("arrow", "arrow-array", "arrow-buffer", "arrow-csv", "arrow-data", "arrow-ipc", "arrow-schema", "arrow-select", "arrow_canonical_extension_types", "async", "base64", "brotli", "clap", "cli", "crc", "default", "encryption", "experimental", "flate2", "flate2-rust_backend", "flate2-rust_backened", "flate2-zlib-rs", "futures", "geospatial", "json", "lz4", "lz4_flex", "object_store", "parquet-geospatial", "parquet-variant", "parquet-variant-compute", "parquet-variant-json", "serde", "serde_json", "simdutf8", "snap", "test_common", "tokio", "variant_experimental", "zstd"))' -C metadata=e121171d12529b66 -C extra-filename=-fcd39582cfe74a36 --out-dir /opt/rustwide/target/debug/build/parquet/fcd39582cfe74a36/out -L dependency=/opt/rustwide/target/debug/build/ahash/cb800ca4f09b1039/out -L dependency=/opt/rustwide/target/debug/build/alloc-no-stdlib/d0275f613220f52b/out -L dependency=/opt/rustwide/target/debug/build/alloc-stdlib/556925a7212869b5/out -L dependency=/opt/rustwide/target/debug/build/arrow-array/26515a38edc70e22/out -L dependency=/opt/rustwide/target/debug/build/arrow-buffer/728c0a794b34db64/out -L dependency=/opt/rustwide/target/debug/build/arrow-data/333b12978a903f62/out -L dependency=/opt/rustwide/target/debug/build/arrow-schema/c8d9241f0ff2e685/out -L dependency=/opt/rustwide/target/debug/build/arrow-select/d2780c5d6f80af15/out -L dependency=/opt/rustwide/target/debug/build/bitflags/3072e252b120c0c1/out -L dependency=/opt/rustwide/target/debug/build/brotli-decompressor/bbecfcfb0e19fbe1/out -L dependency=/opt/rustwide/target/debug/build/bytes/0a99efe9a33d2eab/out -L dependency=/opt/rustwide/target/debug/build/cfg-if/455a21b2886a1534/out -L dependency=/opt/rustwide/target/debug/build/chrono/796625f94022f28a/out -L dependency=/opt/rustwide/target/debug/build/flatbuffers/e569eeff35840b34/out -L dependency=/opt/rustwide/target/debug/build/getrandom/1a7aec684123b194/out -L dependency=/opt/rustwide/target/debug/build/half/803d81eb8c5c8f75/out -L dependency=/opt/rustwide/target/debug/build/hashbrown/88ed4e4aff25222b/out -L dependency=/opt/rustwide/target/debug/build/iana-time-zone/76e6fb2c1855833b/out -L dependency=/opt/rustwide/target/debug/build/libc/678fe3a0c72fc840/out -L dependency=/opt/rustwide/target/debug/build/libm/2e0fe817bf4c866c/out -L dependency=/opt/rustwide/target/debug/build/num-bigint/0cd38e1d0ae25cfd/out -L dependency=/opt/rustwide/target/debug/build/num-complex/f88a6f1f7c6b699a/out -L dependency=/opt/rustwide/target/debug/build/num-integer/3feb7c588619517b/out -L dependency=/opt/rustwide/target/debug/build/num-traits/01cd34f09208508c/out -L dependency=/opt/rustwide/target/debug/build/once_cell/65ef733aa5ad93db/out -L dependency=/opt/rustwide/target/debug/build/twox-hash/403b200414b132b3/out -L dependency=/opt/rustwide/target/debug/build/zerocopy-derive/ef803b8c4ea764e6/out -L dependency=/opt/rustwide/target/debug/build/zerocopy/23ef7eafa1cbec47/out -L dependency=/opt/rustwide/target/debug/build/zlib-rs/7b1dd8493ba319c6/out -L dependency=/opt/rustwide/target/debug/build/zstd-safe/a243b458273e0ec6/out -L dependency=/opt/rustwide/target/debug/build/zstd-sys/3d753927a842547a/out --extern ahash=/opt/rustwide/target/debug/build/ahash/cb800ca4f09b1039/out/libahash-cb800ca4f09b1039.rmeta --extern arrow_array=/opt/rustwide/target/debug/build/arrow-array/26515a38edc70e22/out/libarrow_array-26515a38edc70e22.rmeta --extern arrow_buffer=/opt/rustwide/target/debug/build/arrow-buffer/728c0a794b34db64/out/libarrow_buffer-728c0a794b34db64.rmeta --extern arrow_data=/opt/rustwide/target/debug/build/arrow-data/333b12978a903f62/out/libarrow_data-333b12978a903f62.rmeta --extern arrow_ipc=/opt/rustwide/target/debug/build/arrow-ipc/3e7ceea61441a055/out/libarrow_ipc-3e7ceea61441a055.rmeta --extern arrow_schema=/opt/rustwide/target/debug/build/arrow-schema/c8d9241f0ff2e685/out/libarrow_schema-c8d9241f0ff2e685.rmeta --extern arrow_select=/opt/rustwide/target/debug/build/arrow-select/d2780c5d6f80af15/out/libarrow_select-d2780c5d6f80af15.rmeta --extern base64=/opt/rustwide/target/debug/build/base64/c074446c28a7d366/out/libbase64-c074446c28a7d366.rmeta --extern brotli=/opt/rustwide/target/debug/build/brotli/a25a20f7cec08430/out/libbrotli-a25a20f7cec08430.rmeta --extern bytes=/opt/rustwide/target/debug/build/bytes/0a99efe9a33d2eab/out/libbytes-0a99efe9a33d2eab.rmeta --extern chrono=/opt/rustwide/target/debug/build/chrono/796625f94022f28a/out/libchrono-796625f94022f28a.rmeta --extern flate2=/opt/rustwide/target/debug/build/flate2/075a630c6417429a/out/libflate2-075a630c6417429a.rmeta --extern half=/opt/rustwide/target/debug/build/half/803d81eb8c5c8f75/out/libhalf-803d81eb8c5c8f75.rmeta --extern hashbrown=/opt/rustwide/target/debug/build/hashbrown/88ed4e4aff25222b/out/libhashbrown-88ed4e4aff25222b.rmeta --extern lz4_flex=/opt/rustwide/target/debug/build/lz4_flex/e0ccc91ad78ec670/out/liblz4_flex-e0ccc91ad78ec670.rmeta --extern num_bigint=/opt/rustwide/target/debug/build/num-bigint/0cd38e1d0ae25cfd/out/libnum_bigint-0cd38e1d0ae25cfd.rmeta --extern num_integer=/opt/rustwide/target/debug/build/num-integer/3feb7c588619517b/out/libnum_integer-3feb7c588619517b.rmeta --extern num_traits=/opt/rustwide/target/debug/build/num-traits/01cd34f09208508c/out/libnum_traits-01cd34f09208508c.rmeta --extern seq_macro=/opt/rustwide/target/debug/build/seq-macro/1d9a37eb533b6d7a/out/libseq_macro-1d9a37eb533b6d7a.so --extern simdutf8=/opt/rustwide/target/debug/build/simdutf8/952943a9c5a9bd1f/out/libsimdutf8-952943a9c5a9bd1f.rmeta --extern snap=/opt/rustwide/target/debug/build/snap/cfda79355fa39241/out/libsnap-cfda79355fa39241.rmeta --extern twox_hash=/opt/rustwide/target/debug/build/twox-hash/403b200414b132b3/out/libtwox_hash-403b200414b132b3.rmeta --extern zstd=/opt/rustwide/target/debug/build/zstd/c30df544919f60da/out/libzstd-c30df544919f60da.rmeta --cap-lints allow --cap-lints=forbid -Znext-solver=coherence --force-warn=unused_crate_dependencies -L native=/opt/rustwide/target/debug/build/zstd-sys/80f863a9ecd6203c/out` (signal: 9, SIGKILL: kill)
[INFO] [stderr] warning: build failed, waiting for other jobs to finish...
[INFO] [stderr] error: failed to run custom build command for `highs-sys v1.15.0`
[INFO] [stderr] note: To improve backtraces for build dependencies, set the CARGO_PROFILE_DEV_BUILD_OVERRIDE_DEBUG=true environment variable to enable debug information generation.
[INFO] [stderr] 
[INFO] [stderr] Caused by:
[INFO] [stderr]   process didn't exit successfully: `/opt/rustwide/target/debug/build/highs-sys/66d008ac90c89db3/out/build_script_build` (exit status: 101)
[INFO] [stderr]   --- stdout
[INFO] [stderr]   cargo:rerun-if-env-changed=CARGO_CFG_TARGET_FEATURE
[INFO] [stderr]   CMAKE_TOOLCHAIN_FILE_x86_64-unknown-linux-gnu = None
[INFO] [stderr]   CMAKE_TOOLCHAIN_FILE_x86_64_unknown_linux_gnu = None
[INFO] [stderr]   HOST_CMAKE_TOOLCHAIN_FILE = None
[INFO] [stderr]   CMAKE_TOOLCHAIN_FILE = None
[INFO] [stderr]   CMAKE_GENERATOR_x86_64-unknown-linux-gnu = None
[INFO] [stderr]   CMAKE_GENERATOR_x86_64_unknown_linux_gnu = None
[INFO] [stderr]   HOST_CMAKE_GENERATOR = None
[INFO] [stderr]   CMAKE_GENERATOR = None
[INFO] [stderr]   CMAKE_PREFIX_PATH_x86_64-unknown-linux-gnu = None
[INFO] [stderr]   CMAKE_PREFIX_PATH_x86_64_unknown_linux_gnu = None
[INFO] [stderr]   HOST_CMAKE_PREFIX_PATH = None
[INFO] [stderr]   CMAKE_PREFIX_PATH = None
[INFO] [stderr]   CMAKE_x86_64-unknown-linux-gnu = None
[INFO] [stderr]   CMAKE_x86_64_unknown_linux_gnu = None
[INFO] [stderr]   HOST_CMAKE = None
[INFO] [stderr]   CMAKE = None
[INFO] [stderr]   -- HIGHS_VCPKG: OFF
[INFO] [stderr]   -- The CXX compiler identification is GNU 15.2.0
[INFO] [stderr]   -- The C compiler identification is GNU 15.2.0
[INFO] [stderr]   -- Detecting CXX compiler ABI info
[INFO] [stderr]   -- Detecting CXX compiler ABI info - done
[INFO] [stderr]   -- Check for working CXX compiler: /usr/bin/c++ - skipped
[INFO] [stderr]   -- Detecting CXX compile features
[INFO] [stderr]   -- Detecting CXX compile features - done
[INFO] [stderr]   -- Detecting C compiler ABI info
[INFO] [stderr]   -- Detecting C compiler ABI info - done
[INFO] [stderr]   -- Check for working C compiler: /usr/bin/cc - skipped
[INFO] [stderr]   -- Detecting C compile features
[INFO] [stderr]   -- Detecting C compile features - done
[INFO] [stderr]   -- HIGHS version: 1.15.0
[INFO] [stderr]   -- Git hash: n/a
[INFO] [stderr]   -- Build C++ library: ON
[INFO] [stderr]   -- Build C++ executable: OFF
[INFO] [stderr]   -- Build shared extras library: ON
[INFO] [stderr]   -- Build Fortran: OFF
[INFO] [stderr]   -- Build CSharp: OFF
[INFO] [stderr]   -- Build HIPO: OFF
[INFO] [stderr]   -- Build all tests: OFF
[INFO] [stderr]   -- ZLIB: OFF
[INFO] [stderr]   -- Build examples: OFF
[INFO] [stderr]   -- Build pdlp with GPU: OFF
[INFO] [stderr]   -- Use FindCUDAConf: OFF
[INFO] [stderr]   -- Build GPU with delayed loading: OFF
[INFO] [stderr]   -- Build OpenBLAS: OFF
[INFO] [stderr]   -- Build type: Release
[INFO] [stderr]   -- Looking for C++ include sys/types.h
[INFO] [stderr]   -- Looking for C++ include sys/types.h - found
[INFO] [stderr]   -- Looking for C++ include stdint.h
[INFO] [stderr]   -- Looking for C++ include stdint.h - found
[INFO] [stderr]   -- Looking for C++ include stddef.h
[INFO] [stderr]   -- Looking for C++ include stddef.h - found
[INFO] [stderr]   -- Check size of long
[INFO] [stderr]   -- Check size of long - done
[INFO] [stderr]   -- Found long size: 8
[INFO] [stderr]   -- Check size of long long
[INFO] [stderr]   -- Check size of long long - done
[INFO] [stderr]   -- Found long long size: 8
[INFO] [stderr]   -- Check size of int64_t
[INFO] [stderr]   -- Check size of int64_t - done
[INFO] [stderr]   -- Found int64_t size: 8
[INFO] [stderr]   -- Check size of unsigned long
[INFO] [stderr]   -- Check size of unsigned long - done
[INFO] [stderr]   -- Found unsigned long size: 8
[INFO] [stderr]   -- Check size of unsigned long long
[INFO] [stderr]   -- Check size of unsigned long long - done
[INFO] [stderr]   -- Found unsigned long long size: 8
[INFO] [stderr]   -- Check size of uint64_t
[INFO] [stderr]   -- Check size of uint64_t - done
[INFO] [stderr]   -- Found uint64_t size: 8
[INFO] [stderr]   -- Check size of int *
[INFO] [stderr]   -- Check size of int * - done
[INFO] [stderr]   -- Found int * size: 8
[INFO] [stderr]   -- IPO / LTO supported by compiler: YES
[INFO] [stderr]   -- IPO / LTO: FALSE as requested by user
[INFO] [stderr]   -- Performing Test HIGHS_HAVE_MM_PAUSE
[INFO] [stderr]   -- Performing Test HIGHS_HAVE_MM_PAUSE - Success
[INFO] [stderr]   -- Performing Test HIGHS_HAVE_BUILTIN_CLZ
[INFO] [stderr]   -- Performing Test HIGHS_HAVE_BUILTIN_CLZ - Success
[INFO] [stderr]   -- Performing Test COMPILER_SUPPORTS_POPCNT
[INFO] [stderr]   -- Performing Test COMPILER_SUPPORTS_POPCNT - Success
[INFO] [stderr]   -- FAST_BUILD set to on.
[INFO] [stderr]   -- Build C++ example: OFF
[INFO] [stderr]   -- Build CSharp example: OFF
[INFO] [stderr]   -- Build dotnet package: OFF
[INFO] [stderr]   -- Performing Test COMPILER_SUPPORTS_INVALID_OFFSET
[INFO] [stderr]   -- Performing Test COMPILER_SUPPORTS_INVALID_OFFSET - Success
[INFO] [stderr]   -- No CSharp support
[INFO] [stderr]   -- Performing Test CMAKE_HAVE_LIBC_PTHREAD
[INFO] [stderr]   -- Performing Test CMAKE_HAVE_LIBC_PTHREAD - Success
[INFO] [stderr]   -- Found Threads: TRUE
[INFO] [stderr]   -- Performing Test HAVE_CXX_ATOMICS_WITHOUT_LIB
[INFO] [stderr]   -- Performing Test HAVE_CXX_ATOMICS_WITHOUT_LIB - Success
[INFO] [stderr]   -- Performing Test HAVE_CXX_ATOMICS64_WITHOUT_LIB
[INFO] [stderr]   -- Performing Test HAVE_CXX_ATOMICS64_WITHOUT_LIB - Success
[INFO] [stderr]   -- Performing Test COMPILER_HAS_HIDDEN_VISIBILITY
[INFO] [stderr]   -- Performing Test COMPILER_HAS_HIDDEN_VISIBILITY - Success
[INFO] [stderr]   -- Performing Test COMPILER_HAS_HIDDEN_INLINE_VISIBILITY
[INFO] [stderr]   -- Performing Test COMPILER_HAS_HIDDEN_INLINE_VISIBILITY - Success
[INFO] [stderr]   -- Performing Test COMPILER_HAS_DEPRECATED_ATTR
[INFO] [stderr]   -- Performing Test COMPILER_HAS_DEPRECATED_ATTR - Success
[INFO] [stderr]   -- .Net: Use .Net Framework 2.1 support: ON
[INFO] [stderr]   -- Configuring highs_extras version 1.15.0
[INFO] [stderr]   -- Configuring done (12.2s)
[INFO] [stderr]   -- Generating done (0.1s)
[INFO] [stderr]   -- Build files have been written to: /opt/rustwide/target/debug/build/highs-sys/225b0fe0725d7419/out/build
[INFO] [stderr]   [  1%] Building CXX object extern/CMakeFiles/highs_extras.dir/HighsExtrasApi.cpp.o
[INFO] [stderr]   [  1%] Building CXX object extern/CMakeFiles/highs_extras.dir/HighsExtrasExternalDeps.cpp.o
[INFO] [stderr]   [  1%] Building CXX object highs/CMakeFiles/highs.dir/io/Filereader.cpp.o
[INFO] [stderr]   [  1%] Building CXX object highs/CMakeFiles/highs.dir/interfaces/highs_c_api.cpp.o
[INFO] [stderr]   [  1%] Building CXX object highs/CMakeFiles/highs.dir/ipm/IpxWrapper.cpp.o
[INFO] [stderr]   [  1%] Building CXX object highs/CMakeFiles/highs.dir/lp_data/HighsDebug.cpp.o
[INFO] [stderr]   [  2%] Building CXX object highs/CMakeFiles/highs.dir/io/filereaderlp/reader.cpp.o
[INFO] [stderr]   [  2%] Building CXX object highs/CMakeFiles/highs.dir/io/LoadOptions.cpp.o
[INFO] [stderr]   [  3%] Building CXX object highs/CMakeFiles/highs.dir/io/FilereaderLp.cpp.o
[INFO] [stderr]   [  3%] Building CXX object highs/CMakeFiles/highs.dir/io/FilereaderMps.cpp.o
[INFO] [stderr]   [  3%] Building CXX object highs/CMakeFiles/highs.dir/lp_data/HighsCallback.cpp.o
[INFO] [stderr]   [  4%] Building CXX object highs/CMakeFiles/highs.dir/io/HighsIO.cpp.o
[INFO] [stderr]   [  4%] Building CXX object highs/CMakeFiles/highs.dir/io/HMpsFF.cpp.o
[INFO] [stderr]   [  5%] Building CXX object highs/CMakeFiles/highs.dir/lp_data/Highs.cpp.o
[INFO] [stderr]   [  6%] Building CXX object highs/CMakeFiles/highs.dir/io/HMPSIO.cpp.o
[INFO] [stderr]   [  7%] Building CXX object highs/CMakeFiles/highs.dir/lp_data/HighsIis.cpp.o
[INFO] [stderr]   [  8%] Linking CXX shared library ../lib/libhighs_extras.so
[INFO] [stderr]   [  8%] Built target highs_extras
[INFO] [stderr]   [  8%] Building CXX object highs/CMakeFiles/highs.dir/lp_data/HighsInfo.cpp.o
[INFO] [stderr] 
[INFO] [stderr]   --- stderr
[INFO] [stderr]   running: cd "/opt/rustwide/target/debug/build/highs-sys/225b0fe0725d7419/out/build" && CMAKE_PREFIX_PATH="" LC_ALL="C" "cmake" "/opt/rustwide/cargo-home/registry/src/index.crates.io-1949cf8c6b5b557f/highs-sys-1.15.0/HiGHS" "-B" "/opt/rustwide/target/debug/build/highs-sys/225b0fe0725d7419/out/build" "-DBUILD_CXX_EXE=OFF" "-DBUILD_EXAMPLES=OFF" "-DFAST_BUILD=ON" "-DBUILD_SHARED_LIBS=OFF" "-DCMAKE_MSVC_RUNTIME_LIBRARY=MultiThreadedDLL" "-DCMAKE_INTERPROCEDURAL_OPTIMIZATION=FALSE" "-DZLIB=OFF" "-DCMAKE_INSTALL_PREFIX=/opt/rustwide/target/debug/build/highs-sys/225b0fe0725d7419/out" "-DCMAKE_C_FLAGS= -ffunction-sections -fdata-sections -fPIC -m64 -w" "-DCMAKE_C_COMPILER=/usr/bin/cc" "-DCMAKE_CXX_FLAGS= -ffunction-sections -fdata-sections -fPIC -m64 -w" "-DCMAKE_CXX_COMPILER=/usr/bin/c++" "-DCMAKE_ASM_FLAGS= -ffunction-sections -fdata-sections -fPIC -m64 -w" "-DCMAKE_ASM_COMPILER=/usr/bin/cc" "-DCMAKE_BUILD_TYPE=Release"
[INFO] [stderr]   CMake Warning:
[INFO] [stderr]     Manually-specified variables were not used by the project:
[INFO] [stderr] 
[INFO] [stderr]       CMAKE_ASM_COMPILER
[INFO] [stderr]       CMAKE_ASM_FLAGS
[INFO] [stderr] 
[INFO] [stderr] 
[INFO] [stderr]   running: cd "/opt/rustwide/target/debug/build/highs-sys/225b0fe0725d7419/out/build" && LC_ALL="C" MAKEFLAGS="-j --jobserver-fds=4,5 --jobserver-auth=4,5" "cmake" "--build" "/opt/rustwide/target/debug/build/highs-sys/225b0fe0725d7419/out/build" "--target" "install" "--config" "Release"
[INFO] [stderr]   c++: fatal error: Killed signal terminated program cc1plus
[INFO] [stderr]   compilation terminated.
[INFO] [stderr]   gmake[2]: *** [highs/CMakeFiles/highs.dir/build.make:219: highs/CMakeFiles/highs.dir/lp_data/Highs.cpp.o] Error 1
[INFO] [stderr]   gmake[2]: *** Waiting for unfinished jobs....
[INFO] [stderr]   gmake[1]: *** [CMakeFiles/Makefile2:1122: highs/CMakeFiles/highs.dir/all] Error 2
[INFO] [stderr]   gmake: *** [Makefile:166: all] Error 2
[INFO] [stderr] 
[INFO] [stderr]   thread 'main' (1444) panicked at /opt/rustwide/cargo-home/registry/src/index.crates.io-1949cf8c6b5b557f/cmake-0.1.58/src/lib.rs:1132:5:
[INFO] [stderr] 
[INFO] [stderr]   command did not execute successfully, got: exit status: 2
[INFO] [stderr] 
[INFO] [stderr]   build script failed, must exit now
[INFO] [stderr]   stack backtrace:
[INFO] [stderr]      0:     0x5ee575a4bee1 - std[3164a59e47d3bde]::backtrace_rs::backtrace::libunwind::trace
[INFO] [stderr]                                  at /rustc/3154cc1a3e6424e44f438a95007d043ed5ceaaf6/library/std/src/../../backtrace/src/backtrace/libunwind.rs:117:9
[INFO] [stderr]      1:     0x5ee575a4bee1 - std[3164a59e47d3bde]::backtrace_rs::backtrace::trace_unsynchronized::<std[3164a59e47d3bde]::sys::backtrace::_print_fmt::{closure#1}>
[INFO] [stderr]                                  at /rustc/3154cc1a3e6424e44f438a95007d043ed5ceaaf6/library/std/src/../../backtrace/src/backtrace/mod.rs:66:14
[INFO] [stderr]      2:     0x5ee575a4bee1 - std[3164a59e47d3bde]::sys::backtrace::_print_fmt
[INFO] [stderr]                                  at /rustc/3154cc1a3e6424e44f438a95007d043ed5ceaaf6/library/std/src/sys/backtrace.rs:74:9
[INFO] [stderr]      3:     0x5ee575a4bee1 - <<std[3164a59e47d3bde]::sys::backtrace::BacktraceLock>::print::DisplayBacktrace as core[934024a1e6126fb4]::fmt::Display>::fmt
[INFO] [stderr]                                  at /rustc/3154cc1a3e6424e44f438a95007d043ed5ceaaf6/library/std/src/sys/backtrace.rs:44:26
[INFO] [stderr]      4:     0x5ee575a63f7a - <core[934024a1e6126fb4]::fmt::rt::Argument>::fmt
[INFO] [stderr]                                  at /rustc/3154cc1a3e6424e44f438a95007d043ed5ceaaf6/library/core/src/fmt/rt.rs:152:76
[INFO] [stderr]      5:     0x5ee575a63f7a - core[934024a1e6126fb4]::fmt::write
[INFO] [stderr]      6:     0x5ee575a522fc - core[934024a1e6126fb4]::io::write::default_write_fmt::<std[3164a59e47d3bde]::sys::stdio::unix::Stderr>
[INFO] [stderr]                                  at /rustc/3154cc1a3e6424e44f438a95007d043ed5ceaaf6/library/core/src/io/write.rs:402:11
[INFO] [stderr]      7:     0x5ee575a522fc - <std[3164a59e47d3bde]::sys::stdio::unix::Stderr as core[934024a1e6126fb4]::io::write::Write>::write_fmt
[INFO] [stderr]                                  at /rustc/3154cc1a3e6424e44f438a95007d043ed5ceaaf6/library/core/src/io/write.rs:335:13
[INFO] [stderr]      8:     0x5ee575a25a96 - <std[3164a59e47d3bde]::sys::backtrace::BacktraceLock>::print
[INFO] [stderr]                                  at /rustc/3154cc1a3e6424e44f438a95007d043ed5ceaaf6/library/std/src/sys/backtrace.rs:47:9
[INFO] [stderr]      9:     0x5ee575a25a96 - std[3164a59e47d3bde]::panicking::default_hook::{closure#0}
[INFO] [stderr]                                  at /rustc/3154cc1a3e6424e44f438a95007d043ed5ceaaf6/library/std/src/panicking.rs:289:27
[INFO] [stderr]     10:     0x5ee575a437c1 - std[3164a59e47d3bde]::panicking::default_hook
[INFO] [stderr]                                  at /rustc/3154cc1a3e6424e44f438a95007d043ed5ceaaf6/library/std/src/panicking.rs:316:9
[INFO] [stderr]     11:     0x5ee575a43aeb - std[3164a59e47d3bde]::panicking::panic_with_hook
[INFO] [stderr]                                  at /rustc/3154cc1a3e6424e44f438a95007d043ed5ceaaf6/library/std/src/panicking.rs:811:13
[INFO] [stderr]     12:     0x5ee575a25b42 - std[3164a59e47d3bde]::panicking::panic_handler::{closure#0}
[INFO] [stderr]                                  at /rustc/3154cc1a3e6424e44f438a95007d043ed5ceaaf6/library/std/src/panicking.rs:685:13
[INFO] [stderr]     13:     0x5ee575a1e699 - std[3164a59e47d3bde]::sys::backtrace::__rust_end_short_backtrace::<std[3164a59e47d3bde]::panicking::panic_handler::{closure#0}, !>
[INFO] [stderr]                                  at /rustc/3154cc1a3e6424e44f438a95007d043ed5ceaaf6/library/std/src/sys/backtrace.rs:182:18
[INFO] [stderr]     14:     0x5ee575a2673d - __rustc[2e7b49d4226056d3]::rust_begin_unwind
[INFO] [stderr]                                  at /rustc/3154cc1a3e6424e44f438a95007d043ed5ceaaf6/library/std/src/panicking.rs:676:5
[INFO] [stderr]     15:     0x5ee575a6481c - core[934024a1e6126fb4]::panicking::panic_fmt
[INFO] [stderr]                                  at /rustc/3154cc1a3e6424e44f438a95007d043ed5ceaaf6/library/core/src/panicking.rs:80:14
[INFO] [stderr]     16:     0x5ee5759a69e7 - cmake[6421c474f94b961f]::fail
[INFO] [stderr]     17:     0x5ee5759a6673 - cmake[6421c474f94b961f]::run
[INFO] [stderr]     18:     0x5ee5759ac655 - <cmake[6421c474f94b961f]::Config>::build
[INFO] [stderr]     19:     0x5ee57547ea50 - build_script_build[e53afc302029afb1]::build
[INFO] [stderr]     20:     0x5ee57547e63d - build_script_build[e53afc302029afb1]::main
[INFO] [stderr]     21:     0x5ee575480b83 - <fn() as core[934024a1e6126fb4]::ops::function::FnOnce<()>>::call_once
[INFO] [stderr]     22:     0x5ee57547dc6e - std[3164a59e47d3bde]::sys::backtrace::__rust_begin_short_backtrace::<fn(), ()>
[INFO] [stderr]     23:     0x5ee57547e3b9 - std[3164a59e47d3bde]::rt::lang_start::<()>::{closure#0}
[INFO] [stderr]     24:     0x5ee575a42ab8 - <&dyn core[934024a1e6126fb4]::ops::function::Fn<(), Output = i32> + core[934024a1e6126fb4]::marker::Sync + core[934024a1e6126fb4]::panic::unwind_safe::RefUnwindSafe as core[934024a1e6126fb4]::ops::function::FnOnce<()>>::call_once
[INFO] [stderr]                                  at /rustc/3154cc1a3e6424e44f438a95007d043ed5ceaaf6/library/core/src/ops/function.rs:287:21
[INFO] [stderr]     25:     0x5ee575a42ab8 - std[3164a59e47d3bde]::panicking::catch_unwind::do_call::<&dyn core[934024a1e6126fb4]::ops::function::Fn<(), Output = i32> + core[934024a1e6126fb4]::marker::Sync + core[934024a1e6126fb4]::panic::unwind_safe::RefUnwindSafe, i32>
[INFO] [stderr]                                  at /rustc/3154cc1a3e6424e44f438a95007d043ed5ceaaf6/library/std/src/panicking.rs:573:43
[INFO] [stderr]     26:     0x5ee575a42ab8 - std[3164a59e47d3bde]::panicking::catch_unwind::<i32, &dyn core[934024a1e6126fb4]::ops::function::Fn<(), Output = i32> + core[934024a1e6126fb4]::marker::Sync + core[934024a1e6126fb4]::panic::unwind_safe::RefUnwindSafe>
[INFO] [stderr]                                  at /rustc/3154cc1a3e6424e44f438a95007d043ed5ceaaf6/library/std/src/panicking.rs:541:19
[INFO] [stderr]     27:     0x5ee575a42ab8 - std[3164a59e47d3bde]::panic::catch_unwind::<&dyn core[934024a1e6126fb4]::ops::function::Fn<(), Output = i32> + core[934024a1e6126fb4]::marker::Sync + core[934024a1e6126fb4]::panic::unwind_safe::RefUnwindSafe, i32>
[INFO] [stderr]                                  at /rustc/3154cc1a3e6424e44f438a95007d043ed5ceaaf6/library/std/src/panic.rs:359:14
[INFO] [stderr]     28:     0x5ee575a42ab8 - std[3164a59e47d3bde]::rt::lang_start_internal::{closure#0}
[INFO] [stderr]                                  at /rustc/3154cc1a3e6424e44f438a95007d043ed5ceaaf6/library/std/src/rt.rs:175:24
[INFO] [stderr]     29:     0x5ee575a42ab8 - std[3164a59e47d3bde]::panicking::catch_unwind::do_call::<std[3164a59e47d3bde]::rt::lang_start_internal::{closure#0}, isize>
[INFO] [stderr]                                  at /rustc/3154cc1a3e6424e44f438a95007d043ed5ceaaf6/library/std/src/panicking.rs:573:43
[INFO] [stderr]     30:     0x5ee575a42ab8 - std[3164a59e47d3bde]::panicking::catch_unwind::<isize, std[3164a59e47d3bde]::rt::lang_start_internal::{closure#0}>
[INFO] [stderr]                                  at /rustc/3154cc1a3e6424e44f438a95007d043ed5ceaaf6/library/std/src/panicking.rs:541:19
[INFO] [stderr]     31:     0x5ee575a42ab8 - std[3164a59e47d3bde]::panic::catch_unwind::<std[3164a59e47d3bde]::rt::lang_start_internal::{closure#0}, isize>
[INFO] [stderr]                                  at /rustc/3154cc1a3e6424e44f438a95007d043ed5ceaaf6/library/std/src/panic.rs:359:14
[INFO] [stderr]     32:     0x5ee575a42ab8 - std[3164a59e47d3bde]::rt::lang_start_internal
[INFO] [stderr]                                  at /rustc/3154cc1a3e6424e44f438a95007d043ed5ceaaf6/library/std/src/rt.rs:171:5
[INFO] [stderr]     33:     0x5ee57547dc61 - std[3164a59e47d3bde]::rt::lang_start::<()>
[INFO] [stderr]     34:     0x5ee575480de5 - main
[INFO] [stderr]     35:     0x772c8bd01601 - <unknown>
[INFO] [stderr]     36:     0x772c8bd01718 - __libc_start_main
[INFO] [stderr]     37:     0x5ee57547b015 - _start
[INFO] [stderr]     38:                0x0 - <unknown>
[INFO] [stderr] warning: unused dependency `tracing`
[INFO] [stderr]   --> crates/oikosbot-eclexia/Cargo.toml:27:1
[INFO] [stderr]    |
[INFO] [stderr] 27 | tracing.workspace = true
[INFO] [stderr]    | ^^^^^^^
[INFO] [stderr]    |
[INFO] [stderr]    = note: `cargo::unused_dependencies` is set to `warn` by default
[INFO] [stderr] help: consider removing the dependency on `tracing`
[INFO] [stderr] warning: `oikosbot-eclexia` (manifest) generated 1 warning
[INFO] [stderr] warning: unused dependency `serde_json`
[INFO] [stderr]   --> crates/oikosbot-metrics/Cargo.toml:14:1
[INFO] [stderr]    |
[INFO] [stderr] 14 | serde_json.workspace = true
[INFO] [stderr]    | ^^^^^^^^^^
[INFO] [stderr]    |
[INFO] [stderr]    = note: `cargo::unused_dependencies` is set to `warn` by default
[INFO] [stderr] help: consider removing the dependency on `serde_json`
[INFO] [stderr] warning: unused dependency `thiserror`
[INFO] [stderr]   --> crates/oikosbot-metrics/Cargo.toml:15:1
[INFO] [stderr]    |
[INFO] [stderr] 15 | thiserror.workspace = true
[INFO] [stderr]    | ^^^^^^^^^
[INFO] [stderr]    |
[INFO] [stderr] help: consider removing the dependency on `thiserror`
[INFO] [stderr] warning: `oikosbot-metrics` (manifest) generated 2 warnings
[INFO] running `Command { std: "docker" "inspect" "a46fc64385a4b67d51625f8948ad0240a30897da6eb2b9bf1b093c9e01b4c059", kill_on_drop: false }`
[INFO] running `Command { std: "docker" "rm" "-f" "a46fc64385a4b67d51625f8948ad0240a30897da6eb2b9bf1b093c9e01b4c059", kill_on_drop: false }`
[INFO] [stdout] a46fc64385a4b67d51625f8948ad0240a30897da6eb2b9bf1b093c9e01b4c059
