[INFO] cloning repository https://github.com/hyperpolymath/eclexia
[INFO] running `Command { std: "git" "-c" "credential.helper=" "-c" "credential.helper=/workspace/cargo-home/bin/git-credential-null" "clone" "--bare" "https://github.com/hyperpolymath/eclexia" "/workspace/cache/git-repos/https%3A%2F%2Fgithub.com%2Fhyperpolymath%2Feclexia", kill_on_drop: false }`
[INFO] [stderr] Cloning into bare repository '/workspace/cache/git-repos/https%3A%2F%2Fgithub.com%2Fhyperpolymath%2Feclexia'...
[INFO] running `Command { std: "git" "rev-parse" "HEAD", kill_on_drop: false }`
[INFO] [stdout] 558417c7ccd0240b8c91579821b108586fca8ac6
[INFO] checking hyperpolymath/eclexia against 3154cc1a3e6424e44f438a95007d043ed5ceaaf6 for pr-133502-30
[INFO] running `Command { std: "git" "clone" "/workspace/cache/git-repos/https%3A%2F%2Fgithub.com%2Fhyperpolymath%2Feclexia" "/workspace/builds/worker-4-tc2/source", kill_on_drop: false }`
[INFO] [stderr] Cloning into '/workspace/builds/worker-4-tc2/source'...
[INFO] [stderr] done.
[INFO] started tweaking git repo https://github.com/hyperpolymath/eclexia
[INFO] finished tweaking git repo https://github.com/hyperpolymath/eclexia
[INFO] tweaked toml for git repo https://github.com/hyperpolymath/eclexia written to /workspace/builds/worker-4-tc2/source/Cargo.toml
[INFO] validating manifest of git repo https://github.com/hyperpolymath/eclexia on toolchain 3154cc1a3e6424e44f438a95007d043ed5ceaaf6
[INFO] running `Command { std: CARGO_HOME="/workspace/cargo-home" RUSTUP_HOME="/workspace/rustup-home" "/workspace/cargo-home/bin/cargo" "+3154cc1a3e6424e44f438a95007d043ed5ceaaf6" "metadata" "--manifest-path" "Cargo.toml" "--no-deps", kill_on_drop: false }`
[INFO] crate git repo https://github.com/hyperpolymath/eclexia already has a lockfile, it will not be regenerated
[INFO] running `Command { std: CARGO_HOME="/workspace/cargo-home" RUSTUP_HOME="/workspace/rustup-home" "/workspace/cargo-home/bin/cargo" "+3154cc1a3e6424e44f438a95007d043ed5ceaaf6" "fetch" "--manifest-path" "Cargo.toml", kill_on_drop: false }`
[INFO] [stderr] warning: unused workspace dependency `ariadne`
[INFO] [stderr]   --> Cargo.toml:15:1
[INFO] [stderr]    |
[INFO] [stderr] 15 | ariadne = "0.4"
[INFO] [stderr]    | ^^^^^^^
[INFO] [stderr]    |
[INFO] [stderr]    = note: `cargo::unused_workspace_dependencies` is set to `warn` by default
[INFO] [stderr] help: consider removing the workspace dependency `ariadne`
[INFO] [stderr] warning: unused workspace dependency `bumpalo`
[INFO] [stderr]   --> Cargo.toml:16:1
[INFO] [stderr]    |
[INFO] [stderr] 16 | bumpalo = "3.16"
[INFO] [stderr]    | ^^^^^^^
[INFO] [stderr]    |
[INFO] [stderr] help: consider removing the workspace dependency `bumpalo`
[INFO] [stderr] warning: unused workspace dependency `im`
[INFO] [stderr]   --> Cargo.toml:19:1
[INFO] [stderr]    |
[INFO] [stderr] 19 | im = "15.0"
[INFO] [stderr]    | ^^
[INFO] [stderr]    |
[INFO] [stderr] help: consider removing the workspace dependency `im`
[INFO] [stderr] warning: unused workspace dependency `typed-arena`
[INFO] [stderr]   --> Cargo.toml:36:1
[INFO] [stderr]    |
[INFO] [stderr] 36 | typed-arena = "2.0"
[INFO] [stderr]    | ^^^^^^^^^^^
[INFO] [stderr]    |
[INFO] [stderr] help: consider removing the workspace dependency `typed-arena`
[INFO] [stderr] warning: unused workspace dependency `unicode-xid`
[INFO] [stderr]   --> Cargo.toml:37:1
[INFO] [stderr]    |
[INFO] [stderr] 37 | unicode-xid = "0.2"
[INFO] [stderr]    | ^^^^^^^^^^^
[INFO] [stderr]    |
[INFO] [stderr] help: consider removing the workspace dependency `unicode-xid`
[INFO] [stderr] warning: unused field `homepage` in `workspace.package`
[INFO] [stderr]   --> Cargo.toml:63:1
[INFO] [stderr]    |
[INFO] [stderr] 63 | homepage = "https://eclexia.org"
[INFO] [stderr]    | ^^^^^^^^
[INFO] [stderr]    |
[INFO] [stderr]    = note: `cargo::unused_workspace_package_fields` is set to `warn` by default
[INFO] [stderr] help: consider removing the field `workspace.package.homepage`
[INFO] [stderr] warning: unused field `rust-version` in `workspace.package`
[INFO] [stderr]   --> Cargo.toml:66:1
[INFO] [stderr]    |
[INFO] [stderr] 66 | rust-version = "1.85"
[INFO] [stderr]    | ^^^^^^^^^^^^
[INFO] [stderr]    |
[INFO] [stderr] help: consider removing the field `workspace.package.rust-version`
[INFO] [stderr] warning: workspace (manifest) generated 7 warnings
[INFO] [stderr]     Updating crates.io index
[INFO] [stderr]      Locking 37 packages to highest compatible versions
[INFO] [stderr]       Adding anes v0.1.6
[INFO] [stderr]       Adding cast v0.3.0
[INFO] [stderr]       Adding ciborium v0.2.2
[INFO] [stderr]       Adding ciborium-io v0.2.2
[INFO] [stderr]       Adding ciborium-ll v0.2.2
[INFO] [stderr]       Adding cranelift-assembler-x64 v0.117.2
[INFO] [stderr]       Adding cranelift-assembler-x64-meta v0.117.2
[INFO] [stderr]     Updating cranelift-bforest v0.116.1 -> v0.117.2
[INFO] [stderr]     Updating cranelift-bitset v0.116.1 -> v0.117.2
[INFO] [stderr]     Updating cranelift-codegen v0.116.1 -> v0.117.2 (available: v0.136.2)
[INFO] [stderr]     Updating cranelift-codegen-meta v0.116.1 -> v0.117.2
[INFO] [stderr]     Updating cranelift-codegen-shared v0.116.1 -> v0.117.2
[INFO] [stderr]     Updating cranelift-control v0.116.1 -> v0.117.2
[INFO] [stderr]     Updating cranelift-entity v0.116.1 -> v0.117.2
[INFO] [stderr]     Updating cranelift-frontend v0.116.1 -> v0.117.2 (available: v0.136.2)
[INFO] [stderr]     Updating cranelift-isle v0.116.1 -> v0.117.2
[INFO] [stderr]     Updating cranelift-jit v0.116.1 -> v0.117.2 (available: v0.136.2)
[INFO] [stderr]     Updating cranelift-module v0.116.1 -> v0.117.2 (available: v0.136.2)
[INFO] [stderr]     Updating cranelift-native v0.116.1 -> v0.117.2 (available: v0.136.2)
[INFO] [stderr]       Adding criterion v0.5.1 (available: v0.8.2)
[INFO] [stderr]       Adding criterion-plot v0.5.0
[INFO] [stderr]       Adding crunchy v0.2.4
[INFO] [stderr]     Updating dashmap v5.5.3 -> v6.2.1
[INFO] [stderr]       Adding fluent-uri v0.1.4
[INFO] [stderr]       Adding half v2.7.1
[INFO] [stderr]       Adding hermit-abi v0.5.3
[INFO] [stderr]       Adding is-terminal v0.4.17
[INFO] [stderr]       Adding itertools v0.10.5
[INFO] [stderr]     Updating lsp-types v0.94.1 -> v0.97.0
[INFO] [stderr]     Updating once_cell v1.21.3 -> v1.21.4
[INFO] [stderr]       Adding oorandom v11.1.5
[INFO] [stderr]       Adding plotters v0.3.7
[INFO] [stderr]       Adding plotters-backend v0.3.7
[INFO] [stderr]       Adding plotters-svg v0.3.7
[INFO] [stderr]       Adding tinytemplate v1.2.1
[INFO] [stderr]       Adding tower-lsp-server v0.21.1 (available: v0.23.0)
[INFO] [stderr]     Updating wasmtime-jit-icache-coherence v29.0.1 -> v30.0.2
[INFO] running `Command { std: "docker" "create" "-v" "/var/lib/crater-agent-workspace/builds/worker-4-tc2/source:/opt/rustwide/workdir:ro,Z" "-v" "/var/lib/crater-agent-workspace/builds/worker-4-tc2/target:/opt/rustwide/target:rw,Z" "-v" "/var/lib/crater-agent-workspace/cargo-home:/opt/rustwide/cargo-home:ro,Z" "-v" "/var/lib/crater-agent-workspace/rustup-home:/opt/rustwide/rustup-home:ro,Z" "-m" "1610612736" "--network" "none" "ghcr.io/rust-lang/crates-build-env/linux@sha256:77db811e55d90add9212f6832c23229e3de5f1c1f9905e8cb07319ea15df73ac" "sleep" "infinity", kill_on_drop: false }`
[INFO] [stdout] 02ebbdeffb8a857517bbf71fb89e908ae6601a556ea27a177c987fac7d9f5ad0
[INFO] running `Command { std: "docker" "start" "02ebbdeffb8a857517bbf71fb89e908ae6601a556ea27a177c987fac7d9f5ad0", kill_on_drop: false }`
[INFO] running `Command { std: "docker" "inspect" "02ebbdeffb8a857517bbf71fb89e908ae6601a556ea27a177c987fac7d9f5ad0", kill_on_drop: false }`
[INFO] running `Command { std: "docker" "exec" "-e" "SOURCE_DIR=/opt/rustwide/workdir" "-e" "CARGO_HOME=/opt/rustwide/cargo-home" "-e" "RUSTUP_HOME=/opt/rustwide/rustup-home" "-e" "CARGO_TARGET_DIR=/opt/rustwide/target" "-w" "/opt/rustwide/workdir" "--user" "0:0" "02ebbdeffb8a857517bbf71fb89e908ae6601a556ea27a177c987fac7d9f5ad0" "/opt/rustwide/cargo-home/bin/cargo" "+3154cc1a3e6424e44f438a95007d043ed5ceaaf6" "metadata" "--no-deps" "--format-version=1", kill_on_drop: false }`
[INFO] running `Command { std: "docker" "inspect" "02ebbdeffb8a857517bbf71fb89e908ae6601a556ea27a177c987fac7d9f5ad0", kill_on_drop: false }`
[INFO] running `Command { std: "docker" "exec" "-e" "SOURCE_DIR=/opt/rustwide/workdir" "-e" "CARGO_HOME=/opt/rustwide/cargo-home" "-e" "RUSTUP_HOME=/opt/rustwide/rustup-home" "-e" "CARGO_TARGET_DIR=/opt/rustwide/target" "-e" "CARGO_INCREMENTAL=0" "-e" "RUST_BACKTRACE=full" "-e" "RUSTFLAGS=--cap-lints=forbid" "-e" "RUSTDOCFLAGS=--cap-lints=forbid" "-w" "/opt/rustwide/workdir" "--user" "0:0" "02ebbdeffb8a857517bbf71fb89e908ae6601a556ea27a177c987fac7d9f5ad0" "/opt/rustwide/cargo-home/bin/cargo" "+3154cc1a3e6424e44f438a95007d043ed5ceaaf6" "check" "--frozen" "--all" "--all-targets" "--message-format=json", kill_on_drop: false }`
[INFO] [stderr] warning: unused workspace dependency `ariadne`
[INFO] [stderr]   --> Cargo.toml:15:1
[INFO] [stderr]    |
[INFO] [stderr] 15 | ariadne = "0.4"
[INFO] [stderr]    | ^^^^^^^
[INFO] [stderr]    |
[INFO] [stderr]    = note: `cargo::unused_workspace_dependencies` is set to `warn` by default
[INFO] [stderr] help: consider removing the workspace dependency `ariadne`
[INFO] [stderr] warning: unused workspace dependency `bumpalo`
[INFO] [stderr]   --> Cargo.toml:16:1
[INFO] [stderr]    |
[INFO] [stderr] 16 | bumpalo = "3.16"
[INFO] [stderr]    | ^^^^^^^
[INFO] [stderr]    |
[INFO] [stderr] help: consider removing the workspace dependency `bumpalo`
[INFO] [stderr] warning: unused workspace dependency `im`
[INFO] [stderr]   --> Cargo.toml:19:1
[INFO] [stderr]    |
[INFO] [stderr] 19 | im = "15.0"
[INFO] [stderr]    | ^^
[INFO] [stderr]    |
[INFO] [stderr] help: consider removing the workspace dependency `im`
[INFO] [stderr] warning: unused workspace dependency `typed-arena`
[INFO] [stderr]   --> Cargo.toml:36:1
[INFO] [stderr]    |
[INFO] [stderr] 36 | typed-arena = "2.0"
[INFO] [stderr]    | ^^^^^^^^^^^
[INFO] [stderr]    |
[INFO] [stderr] help: consider removing the workspace dependency `typed-arena`
[INFO] [stderr] warning: unused workspace dependency `unicode-xid`
[INFO] [stderr]   --> Cargo.toml:37:1
[INFO] [stderr]    |
[INFO] [stderr] 37 | unicode-xid = "0.2"
[INFO] [stderr]    | ^^^^^^^^^^^
[INFO] [stderr]    |
[INFO] [stderr] help: consider removing the workspace dependency `unicode-xid`
[INFO] [stderr] warning: unused field `homepage` in `workspace.package`
[INFO] [stderr]   --> Cargo.toml:63:1
[INFO] [stderr]    |
[INFO] [stderr] 63 | homepage = "https://eclexia.org"
[INFO] [stderr]    | ^^^^^^^^
[INFO] [stderr]    |
[INFO] [stderr]    = note: `cargo::unused_workspace_package_fields` is set to `warn` by default
[INFO] [stderr] help: consider removing the field `workspace.package.homepage`
[INFO] [stderr] warning: unused field `rust-version` in `workspace.package`
[INFO] [stderr]   --> Cargo.toml:66:1
[INFO] [stderr]    |
[INFO] [stderr] 66 | rust-version = "1.85"
[INFO] [stderr]    | ^^^^^^^^^^^^
[INFO] [stderr]    |
[INFO] [stderr] help: consider removing the field `workspace.package.rust-version`
[INFO] [stderr] warning: workspace (manifest) generated 7 warnings
[INFO] [stderr]    Compiling proc-macro2 v1.0.104
[INFO] [stderr]    Compiling serde v1.0.228
[INFO] [stderr]     Checking la-arena v0.3.1
[INFO] [stderr]    Compiling zmij v1.0.17
[INFO] [stderr]     Checking rustc-hash v1.1.0
[INFO] [stderr]     Checking parking_lot_core v0.9.12
[INFO] [stderr]    Compiling beef v0.5.2
[INFO] [stderr]    Compiling regex-syntax v0.8.8
[INFO] [stderr]    Compiling lazy_static v1.5.0
[INFO] [stderr]     Checking indexmap v2.12.1
[INFO] [stderr]     Checking errno v0.3.14
[INFO] [stderr]    Compiling cranelift-assembler-x64-meta v0.117.2
[INFO] [stderr]    Compiling rustix v1.1.3
[INFO] [stderr]     Checking parking_lot v0.12.5
[INFO] [stderr]     Checking signal-hook-registry v1.4.8
[INFO] [stderr]    Compiling crossbeam-epoch v0.9.20
[INFO] [stderr]     Checking linux-raw-sys v0.11.0
[INFO] [stderr]     Checking serde_json v1.0.149
[INFO] [stderr]     Checking getrandom v0.2.17
[INFO] [stderr]     Checking either v1.15.0
[INFO] [stderr]    Compiling cranelift-isle v0.117.2
[INFO] [stderr]     Checking rustc-hash v2.1.1
[INFO] [stderr]    Compiling cranelift-assembler-x64 v0.117.2
[INFO] [stderr]     Checking crossbeam-deque v0.8.6
[INFO] [stderr]    Compiling quote v1.0.42
[INFO] [stderr]    Compiling cranelift-codegen-shared v0.117.2
[INFO] [stderr]    Compiling cc v1.2.55
[INFO] [stderr]     Checking rayon-core v1.13.0
[INFO] [stderr]    Compiling syn v2.0.112
[INFO] [stderr]    Compiling target-lexicon v0.13.4
[INFO] [stderr]     Checking cranelift-bitset v0.117.2
[INFO] [stderr]     Checking cranelift-entity v0.117.2
[INFO] [stderr]    Compiling cranelift-codegen-meta v0.117.2
[INFO] [stderr]     Checking rayon v1.11.0
[INFO] [stderr]     Checking bumpalo v3.19.1
[INFO] [stderr]    Compiling zerocopy v0.8.39
[INFO] [stderr]     Checking arbitrary v1.4.2
[INFO] [stderr]    Compiling ring v0.17.14
[INFO] [stderr]     Checking regalloc2 v0.11.2
[INFO] [stderr]     Checking cranelift-control v0.117.2
[INFO] [stderr]     Checking cranelift-bforest v0.117.2
[INFO] [stderr]     Checking gimli v0.31.1
[INFO] [stderr]     Checking http v1.4.0
[INFO] [stderr]    Compiling anyhow v1.0.104
[INFO] [stderr]    Compiling memoffset v0.9.1
[INFO] [stderr]     Checking http-body v1.0.1
[INFO] [stderr]    Compiling portable-atomic v1.13.1
[INFO] [stderr]    Compiling rustls v0.23.36
[INFO] [stderr]    Compiling num-traits v0.2.19
[INFO] [stderr]     Checking inotify-sys v0.1.5
[INFO] [stderr]     Checking filetime v0.2.27
[INFO] [stderr]    Compiling cfg_aliases v0.1.1
[INFO] [stderr]    Compiling wasm-encoder v0.225.0
[INFO] [stderr]    Compiling nix v0.28.0
[INFO] [stderr]    Compiling target-lexicon v0.12.16
[INFO] [stderr]     Checking regex-automata v0.4.14
[INFO] [stderr]     Checking inotify v0.9.6
[INFO] [stderr]    Compiling cranelift-codegen v0.117.2
[INFO] [stderr]     Checking digest v0.10.7
[INFO] [stderr]     Checking intrusive-collections v0.9.7
[INFO] [stderr]     Checking wasmtime-jit-icache-coherence v30.0.2
[INFO] [stderr]     Checking region v3.0.2
[INFO] [stderr]     Checking crossbeam-queue v0.3.12
[INFO] [stderr]     Checking mio v0.8.11
[INFO] [stderr]     Checking fixedbitset v0.4.2
[INFO] [stderr]     Checking thin-vec v0.2.16
[INFO] [stderr]     Checking boxcar v0.2.14
[INFO] [stderr]     Checking salsa-macro-rules v0.26.0
[INFO] [stderr]     Checking leb128fmt v0.1.0
[INFO] [stderr]    Compiling owo-colors v4.2.3
[INFO] [stderr]     Checking inventory v0.3.21
[INFO] [stderr]     Checking petgraph v0.6.5
[INFO] [stderr]    Compiling logos-codegen v0.14.4
[INFO] [stderr]    Compiling synstructure v0.13.2
[INFO] [stderr]     Checking rustls-webpki v0.103.13
[INFO] [stderr]     Checking regex v1.12.3
[INFO] [stderr]     Checking notify v6.1.1
[INFO] [stderr]     Checking sha2 v0.10.9
[INFO] [stderr]     Checking webpki-roots v1.0.6
[INFO] [stderr]     Checking nibble_vec v0.1.0
[INFO] [stderr]     Checking endian-type v0.1.2
[INFO] [stderr]     Checking iri-string v0.7.10
[INFO] [stderr]     Checking unicode-linebreak v0.1.5
[INFO] [stderr]     Checking winnow v0.7.14
[INFO] [stderr]    Compiling serde_derive v1.0.228
[INFO] [stderr]    Compiling thiserror-impl v1.0.69
[INFO] [stderr]    Compiling logos-derive v0.14.4
[INFO] [stderr]    Compiling tokio-macros v2.6.0
[INFO] [stderr]     Checking logos v0.14.4
[INFO] [stderr]    Compiling tracing-attributes v0.1.31
[INFO] [stderr]     Checking tokio v1.48.0
[INFO] [stderr]     Checking thiserror v1.0.69
[INFO] [stderr]    Compiling zerofrom-derive v0.1.6
[INFO] [stderr]    Compiling yoke-derive v0.8.1
[INFO] [stderr]     Checking tracing v0.1.44
[INFO] [stderr]    Compiling futures-macro v0.3.31
[INFO] [stderr]    Compiling zerovec-derive v0.11.2
[INFO] [stderr]    Compiling displaydoc v0.2.5
[INFO] [stderr]     Checking zerofrom v0.1.6
[INFO] [stderr]    Compiling zerocopy-derive v0.8.39
[INFO] [stderr]     Checking yoke v0.8.1
[INFO] [stderr]     Checking futures-util v0.3.31
[INFO] [stderr]     Checking zerotrie v0.2.3
[INFO] [stderr]    Compiling clap_derive v4.5.49
[INFO] [stderr]     Checking zerovec v0.11.5
[INFO] [stderr]    Compiling salsa-macros v0.26.0
[INFO] [stderr]     Checking tinystr v0.8.2
[INFO] [stderr]     Checking icu_locale_core v2.1.1
[INFO] [stderr]     Checking potential_utf v0.1.4
[INFO] [stderr]     Checking icu_collections v2.1.1
[INFO] [stderr]     Checking smol_str v0.2.2
[INFO] [stderr]     Checking eclexia-dom v0.1.0 (/opt/rustwide/workdir/runtime/eclexia-dom)
[INFO] [stderr]     Checking eclexia-ast v0.1.0 (/opt/rustwide/workdir/compiler/eclexia-ast)
[INFO] [stderr]     Checking eclexia-carbon v0.1.0 (/opt/rustwide/workdir/runtime/eclexia-carbon)
[INFO] [stderr]     Checking icu_provider v2.1.1
[INFO] [stderr]     Checking clap v4.5.53
[INFO] [stderr]     Checking toml_datetime v0.6.11
[INFO] [stderr]     Checking icu_properties v2.1.2
[INFO] [stderr]     Checking icu_normalizer v2.1.1
[INFO] [stderr]     Checking eclexia-hir v0.1.0 (/opt/rustwide/workdir/compiler/eclexia-hir)
[INFO] [stderr]     Checking eclexia-lexer v0.1.0 (/opt/rustwide/workdir/compiler/eclexia-lexer)
[INFO] [stderr]     Checking eclexia-mir v0.1.0 (/opt/rustwide/workdir/compiler/eclexia-mir)
[INFO] [stderr]     Checking eclexia-typeck v0.1.0 (/opt/rustwide/workdir/compiler/eclexia-typeck)
[INFO] [stderr]     Checking eclexia-codegen v0.1.0 (/opt/rustwide/workdir/compiler/eclexia-codegen)
[INFO] [stdout] warning: unused imports: `Attribute`, `Objective`, `Param`, and `ResourceProvision`
[INFO] [stdout]   --> compiler/eclexia-typeck/src/lib.rs:21:23
[INFO] [stdout]    |
[INFO] [stdout] 21 |     AdaptiveFunction, Attribute, BinaryOp, Block, Constraint, ConstraintKind, ExprId, ExprKind,
[INFO] [stdout]    |                       ^^^^^^^^^
[INFO] [stdout] 22 |     Function, Item, Literal, Objective, Param, Pattern, ResourceProvision, SourceFile, StmtId,
[INFO] [stdout]    |                              ^^^^^^^^^  ^^^^^           ^^^^^^^^^^^^^^^^^
[INFO] [stdout]    |
[INFO] [stdout]    = note: `#[warn(unused_imports)]` (part of `#[warn(unused)]`) on by default
[INFO] [stdout] 
[INFO] [stdout] 
[INFO] [stdout] error[E0599]: no associated function or constant named `declared_resource_names` found for struct `TypeChecker<'a>` in the current scope
[INFO] [stdout]     --> compiler/eclexia-typeck/src/lib.rs:1249:19
[INFO] [stdout]      |
[INFO] [stdout]   32 | pub struct TypeChecker<'a> {
[INFO] [stdout]      | -------------------------- associated function or constant `declared_resource_names` not found for this struct
[INFO] [stdout] ...
[INFO] [stdout] 1249 |             Self::declared_resource_names(&func.constraints, &func.attributes, &[], &[]);
[INFO] [stdout]      |                   ^^^^^^^^^^^^^^^^^^^^^^^ associated function or constant not found in `TypeChecker<'a>`
[INFO] [stdout]      |
[INFO] [stdout] note: if you're trying to build a new `TypeChecker<'a>`, consider using `TypeChecker::<'a>::new` which returns `TypeChecker<'_>`
[INFO] [stdout]     --> compiler/eclexia-typeck/src/lib.rs:49:5
[INFO] [stdout]      |
[INFO] [stdout]   49 |     pub fn new(file: &'a SourceFile) -> Self {
[INFO] [stdout]      |     ^^^^^^^^^^^^^^^^^^^^^^^^^^^^^^^^^^^^^^^^
[INFO] [stdout] 
[INFO] [stdout] 
[INFO] [stdout] error[E0599]: no method named `check_resource_namespace_collisions` found for mutable reference `&mut TypeChecker<'a>` in the current scope
[INFO] [stdout]     --> compiler/eclexia-typeck/src/lib.rs:1250:14
[INFO] [stdout]      |
[INFO] [stdout] 1250 |         self.check_resource_namespace_collisions(&func.params, &declared_resources);
[INFO] [stdout]      |              ^^^^^^^^^^^^^^^^^^^^^^^^^^^^^^^^^^^
[INFO] [stdout]      |
[INFO] [stdout] help: there is a method `check_resource_provisions` with a similar name, but with different arguments
[INFO] [stdout]     --> compiler/eclexia-typeck/src/lib.rs:2586:5
[INFO] [stdout]      |
[INFO] [stdout] 2586 |     fn check_resource_provisions(&mut self, provisions: &[eclexia_ast::ResourceProvision]) {
[INFO] [stdout]      |     ^^^^^^^^^^^^^^^^^^^^^^^^^^^^^^^^^^^^^^^^^^^^^^^^^^^^^^^^^^^^^^^^^^^^^^^^^^^^^^^^^^^^^^
[INFO] [stdout] 
[INFO] [stdout] 
[INFO] [stdout] error[E0599]: no associated function or constant named `declared_resource_names` found for struct `TypeChecker<'a>` in the current scope
[INFO] [stdout]     --> compiler/eclexia-typeck/src/lib.rs:1303:19
[INFO] [stdout]      |
[INFO] [stdout]   32 | pub struct TypeChecker<'a> {
[INFO] [stdout]      | -------------------------- associated function or constant `declared_resource_names` not found for this struct
[INFO] [stdout] ...
[INFO] [stdout] 1303 |             Self::declared_resource_names(&func.constraints, &func.attributes, &func.optimize, &[]);
[INFO] [stdout]      |                   ^^^^^^^^^^^^^^^^^^^^^^^ associated function or constant not found in `TypeChecker<'a>`
[INFO] [stdout]      |
[INFO] [stdout] note: if you're trying to build a new `TypeChecker<'a>`, consider using `TypeChecker::<'a>::new` which returns `TypeChecker<'_>`
[INFO] [stdout]     --> compiler/eclexia-typeck/src/lib.rs:49:5
[INFO] [stdout]      |
[INFO] [stdout]   49 |     pub fn new(file: &'a SourceFile) -> Self {
[INFO] [stdout]      |     ^^^^^^^^^^^^^^^^^^^^^^^^^^^^^^^^^^^^^^^^
[INFO] [stdout] 
[INFO] [stdout] 
[INFO] [stdout] error[E0599]: no method named `check_resource_namespace_collisions` found for mutable reference `&mut TypeChecker<'a>` in the current scope
[INFO] [stdout]     --> compiler/eclexia-typeck/src/lib.rs:1304:14
[INFO] [stdout]      |
[INFO] [stdout] 1304 |         self.check_resource_namespace_collisions(&func.params, &declared_resources);
[INFO] [stdout]      |              ^^^^^^^^^^^^^^^^^^^^^^^^^^^^^^^^^^^
[INFO] [stdout]      |
[INFO] [stdout] help: there is a method `check_resource_provisions` with a similar name, but with different arguments
[INFO] [stdout]     --> compiler/eclexia-typeck/src/lib.rs:2586:5
[INFO] [stdout]      |
[INFO] [stdout] 2586 |     fn check_resource_provisions(&mut self, provisions: &[eclexia_ast::ResourceProvision]) {
[INFO] [stdout]      |     ^^^^^^^^^^^^^^^^^^^^^^^^^^^^^^^^^^^^^^^^^^^^^^^^^^^^^^^^^^^^^^^^^^^^^^^^^^^^^^^^^^^^^^
[INFO] [stdout] 
[INFO] [stdout] 
[INFO] [stdout] error[E0599]: no associated function or constant named `declared_resource_names` found for struct `TypeChecker<'a>` in the current scope
[INFO] [stdout]     --> compiler/eclexia-typeck/src/lib.rs:1313:23
[INFO] [stdout]      |
[INFO] [stdout]   32 | pub struct TypeChecker<'a> {
[INFO] [stdout]      | -------------------------- associated function or constant `declared_resource_names` not found for this struct
[INFO] [stdout] ...
[INFO] [stdout] 1313 |                 Self::declared_resource_names(&[], &[], &[], &solution.provides);
[INFO] [stdout]      |                       ^^^^^^^^^^^^^^^^^^^^^^^ associated function or constant not found in `TypeChecker<'a>`
[INFO] [stdout]      |
[INFO] [stdout] note: if you're trying to build a new `TypeChecker<'a>`, consider using `TypeChecker::<'a>::new` which returns `TypeChecker<'_>`
[INFO] [stdout]     --> compiler/eclexia-typeck/src/lib.rs:49:5
[INFO] [stdout]      |
[INFO] [stdout]   49 |     pub fn new(file: &'a SourceFile) -> Self {
[INFO] [stdout]      |     ^^^^^^^^^^^^^^^^^^^^^^^^^^^^^^^^^^^^^^^^
[INFO] [stdout] 
[INFO] [stdout] 
[INFO] [stdout] error[E0599]: no method named `check_resource_namespace_collisions` found for mutable reference `&mut TypeChecker<'a>` in the current scope
[INFO] [stdout]     --> compiler/eclexia-typeck/src/lib.rs:1314:18
[INFO] [stdout]      |
[INFO] [stdout] 1314 |             self.check_resource_namespace_collisions(&func.params, &solution_resources);
[INFO] [stdout]      |                  ^^^^^^^^^^^^^^^^^^^^^^^^^^^^^^^^^^^
[INFO] [stdout]      |
[INFO] [stdout] help: there is a method `check_resource_provisions` with a similar name, but with different arguments
[INFO] [stdout]     --> compiler/eclexia-typeck/src/lib.rs:2586:5
[INFO] [stdout]      |
[INFO] [stdout] 2586 |     fn check_resource_provisions(&mut self, provisions: &[eclexia_ast::ResourceProvision]) {
[INFO] [stdout]      |     ^^^^^^^^^^^^^^^^^^^^^^^^^^^^^^^^^^^^^^^^^^^^^^^^^^^^^^^^^^^^^^^^^^^^^^^^^^^^^^^^^^^^^^
[INFO] [stdout] 
[INFO] [stdout] 
[INFO] [stdout] For more information about this error, try `rustc --explain E0599`.
[INFO] [stdout] 
[INFO] [stderr] error: could not compile `eclexia-typeck` (lib) due to 6 previous errors; 1 warning emitted
[INFO] [stderr] warning: build failed, waiting for other jobs to finish...
[INFO] running `Command { std: "docker" "inspect" "02ebbdeffb8a857517bbf71fb89e908ae6601a556ea27a177c987fac7d9f5ad0", kill_on_drop: false }`
[INFO] running `Command { std: "docker" "rm" "-f" "02ebbdeffb8a857517bbf71fb89e908ae6601a556ea27a177c987fac7d9f5ad0", kill_on_drop: false }`
[INFO] [stdout] 02ebbdeffb8a857517bbf71fb89e908ae6601a556ea27a177c987fac7d9f5ad0
