[INFO] cloning repository https://github.com/hyper-light/focal
[INFO] running `Command { std: "git" "-c" "credential.helper=" "-c" "credential.helper=/workspace/cargo-home/bin/git-credential-null" "clone" "--bare" "https://github.com/hyper-light/focal" "/workspace/cache/git-repos/https%3A%2F%2Fgithub.com%2Fhyper-light%2Ffocal", kill_on_drop: false }`
[INFO] [stderr] Cloning into bare repository '/workspace/cache/git-repos/https%3A%2F%2Fgithub.com%2Fhyper-light%2Ffocal'...
[INFO] running `Command { std: "git" "rev-parse" "HEAD", kill_on_drop: false }`
[INFO] [stdout] 5b55db40f534f157e3bc9db57ec8476b6f25bd49
[INFO] checking hyper-light/focal against 3154cc1a3e6424e44f438a95007d043ed5ceaaf6+rustflags=-Znext-solver=coherence for pr-133502-30
[INFO] running `Command { std: "git" "clone" "/workspace/cache/git-repos/https%3A%2F%2Fgithub.com%2Fhyper-light%2Ffocal" "/workspace/builds/worker-0-tc1/source", kill_on_drop: false }`
[INFO] [stderr] Cloning into '/workspace/builds/worker-0-tc1/source'...
[INFO] [stderr] done.
[INFO] removed /workspace/builds/worker-0-tc1/source/rust-toolchain.toml
[INFO] started tweaking git repo https://github.com/hyper-light/focal
[INFO] finished tweaking git repo https://github.com/hyper-light/focal
[INFO] tweaked toml for git repo https://github.com/hyper-light/focal written to /workspace/builds/worker-0-tc1/source/Cargo.toml
[INFO] validating manifest of git repo https://github.com/hyper-light/focal on toolchain 3154cc1a3e6424e44f438a95007d043ed5ceaaf6
[INFO] running `Command { std: CARGO_HOME="/workspace/cargo-home" RUSTUP_HOME="/workspace/rustup-home" "/workspace/cargo-home/bin/cargo" "+3154cc1a3e6424e44f438a95007d043ed5ceaaf6" "metadata" "--manifest-path" "Cargo.toml" "--no-deps", kill_on_drop: false }`
[INFO] crate git repo https://github.com/hyper-light/focal already has a lockfile, it will not be regenerated
[INFO] running `Command { std: CARGO_HOME="/workspace/cargo-home" RUSTUP_HOME="/workspace/rustup-home" "/workspace/cargo-home/bin/cargo" "+3154cc1a3e6424e44f438a95007d043ed5ceaaf6" "fetch" "--manifest-path" "Cargo.toml", kill_on_drop: false }`
[INFO] [stderr]     Updating crates.io index
[INFO] [stderr]     Updating git repository `https://github.com/tikv/raft-rs`
[INFO] [stderr]  Downloading crates ...
[INFO] [stderr]   Downloaded fixedbitset v0.4.2
[INFO] [stderr]   Downloaded multimap v0.8.3
[INFO] [stderr]   Downloaded encoding_rs_io v0.1.8
[INFO] [stderr]   Downloaded granit-parser v1.2.0
[INFO] [stderr]   Downloaded erased-serde v0.3.31
[INFO] [stderr]   Downloaded prost-derive v0.11.9
[INFO] [stderr]   Downloaded prost-types v0.11.9
[INFO] [stderr]   Downloaded prost v0.11.9
[INFO] [stderr]   Downloaded prost-build v0.11.9
[INFO] [stderr]   Downloaded rcgen v0.14.10
[INFO] [stderr]   Downloaded prettyplease v0.1.25
[INFO] [stderr]   Downloaded clap_complete v4.6.6
[INFO] [stderr]   Downloaded tinyvec v1.13.2
[INFO] [stderr]   Downloaded slog v2.8.2
[INFO] [stderr]   Downloaded blake3 v1.8.7
[INFO] [stderr]   Downloaded quinn-proto v0.11.18
[INFO] [stderr]   Downloaded serde-saphyr v1.2.0
[INFO] [stderr]   Downloaded petgraph v0.6.5
[INFO] [stderr]   Downloaded protobuf-build v0.15.1
[INFO] [stderr]   Downloaded protobuf-src v1.1.0+21.5
[INFO] running `Command { std: "docker" "create" "-v" "/var/lib/crater-agent-workspace/builds/worker-0-tc1/source:/opt/rustwide/workdir:ro,Z" "-v" "/var/lib/crater-agent-workspace/builds/worker-0-tc1/target:/opt/rustwide/target:rw,Z" "-v" "/var/lib/crater-agent-workspace/cargo-home:/opt/rustwide/cargo-home:ro,Z" "-v" "/var/lib/crater-agent-workspace/rustup-home:/opt/rustwide/rustup-home:ro,Z" "-m" "1610612736" "--network" "none" "ghcr.io/rust-lang/crates-build-env/linux@sha256:77db811e55d90add9212f6832c23229e3de5f1c1f9905e8cb07319ea15df73ac" "sleep" "infinity", kill_on_drop: false }`
[INFO] [stdout] 50bdb1960d5c6d6a7285876ce4c1e6a88c6c979fcc9f1b7061fb9a08b929da7b
[INFO] running `Command { std: "docker" "start" "50bdb1960d5c6d6a7285876ce4c1e6a88c6c979fcc9f1b7061fb9a08b929da7b", kill_on_drop: false }`
[INFO] running `Command { std: "docker" "inspect" "50bdb1960d5c6d6a7285876ce4c1e6a88c6c979fcc9f1b7061fb9a08b929da7b", kill_on_drop: false }`
[INFO] running `Command { std: "docker" "exec" "-e" "SOURCE_DIR=/opt/rustwide/workdir" "-e" "CARGO_HOME=/opt/rustwide/cargo-home" "-e" "RUSTUP_HOME=/opt/rustwide/rustup-home" "-e" "CARGO_TARGET_DIR=/opt/rustwide/target" "-w" "/opt/rustwide/workdir" "--user" "0:0" "50bdb1960d5c6d6a7285876ce4c1e6a88c6c979fcc9f1b7061fb9a08b929da7b" "/opt/rustwide/cargo-home/bin/cargo" "+3154cc1a3e6424e44f438a95007d043ed5ceaaf6" "metadata" "--no-deps" "--format-version=1", kill_on_drop: false }`
[INFO] running `Command { std: "docker" "inspect" "50bdb1960d5c6d6a7285876ce4c1e6a88c6c979fcc9f1b7061fb9a08b929da7b", kill_on_drop: false }`
[INFO] running `Command { std: "docker" "exec" "-e" "SOURCE_DIR=/opt/rustwide/workdir" "-e" "CARGO_HOME=/opt/rustwide/cargo-home" "-e" "RUSTUP_HOME=/opt/rustwide/rustup-home" "-e" "CARGO_TARGET_DIR=/opt/rustwide/target" "-e" "CARGO_INCREMENTAL=0" "-e" "RUST_BACKTRACE=full" "-e" "RUSTFLAGS=--cap-lints=forbid -Znext-solver=coherence" "-e" "RUSTDOCFLAGS=--cap-lints=forbid" "-w" "/opt/rustwide/workdir" "--user" "0:0" "50bdb1960d5c6d6a7285876ce4c1e6a88c6c979fcc9f1b7061fb9a08b929da7b" "/opt/rustwide/cargo-home/bin/cargo" "+3154cc1a3e6424e44f438a95007d043ed5ceaaf6" "check" "--frozen" "--all" "--all-targets" "--message-format=json", kill_on_drop: false }`
[INFO] [stderr]    Compiling proc-macro2 v1.0.107
[INFO] [stderr]    Compiling unicode-ident v1.0.24
[INFO] [stderr]    Compiling quote v1.0.47
[INFO] [stderr]    Compiling libc v0.2.189
[INFO] [stderr]    Compiling find-msvc-tools v0.1.12
[INFO] [stderr]    Compiling shlex v2.0.1
[INFO] [stderr]     Checking cfg-if v1.0.4
[INFO] [stderr]    Compiling serde_core v1.0.229
[INFO] [stderr]    Compiling serde v1.0.229
[INFO] [stderr]    Compiling thiserror v2.0.20
[INFO] [stderr]    Compiling semver v1.0.28
[INFO] [stderr]     Checking scopeguard v1.2.0
[INFO] [stderr]     Checking byteorder v1.5.0
[INFO] [stderr]     Checking stable_deref_trait v1.2.1
[INFO] [stderr]     Checking cpufeatures v0.3.1
[INFO] [stderr]     Checking arrayvec v0.7.8
[INFO] [stderr]     Checking constant_time_eq v0.4.2
[INFO] [stderr]     Checking bytes v1.12.1
[INFO] [stderr]    Compiling rustix v1.1.4
[INFO] [stderr]     Checking lock_api v0.4.14
[INFO] [stderr]     Checking bitflags v2.13.1
[INFO] [stderr]     Checking memchr v2.8.3
[INFO] [stderr]     Checking linux-raw-sys v0.12.1
[INFO] [stderr]     Checking rand_core v0.10.1
[INFO] [stderr]     Checking once_cell v1.21.4
[INFO] [stderr]    Compiling rustc_version v0.4.1
[INFO] [stderr]     Checking hash32 v0.2.1
[INFO] [stderr]    Compiling pkg-config v0.3.34
[INFO] [stderr]    Compiling dunce v1.0.5
[INFO] [stderr]    Compiling getrandom v0.4.3
[INFO] [stderr]    Compiling fs_extra v1.3.0
[INFO] [stderr]     Checking pin-project-lite v0.2.17
[INFO] [stderr]    Compiling aws-lc-rs v1.18.1 (/opt/rustwide/workdir/vendor/aws-lc-rs)
[INFO] [stderr]     Checking spin v0.9.9
[INFO] [stderr]     Checking zeroize v1.9.0
[INFO] [stderr]     Checking untrusted v0.7.1
[INFO] [stderr]     Checking rustc-hash v2.1.3
[INFO] [stderr]    Compiling cfg_aliases v0.2.2
[INFO] [stderr]     Checking tracing-core v0.1.36
[INFO] [stderr]     Checking rustls-pki-types v1.15.1
[INFO] [stderr]    Compiling rustls v0.23.45
[INFO] [stderr]     Checking untrusted v0.9.0
[INFO] [stderr]    Compiling quinn-udp v0.5.15
[INFO] [stderr]     Checking chacha20 v0.10.2
[INFO] [stderr]     Checking tinyvec_macros v0.1.1
[INFO] [stderr]     Checking slab v0.4.12
[INFO] [stderr]     Checking subtle v2.6.1
[INFO] [stderr]     Checking tinyvec v1.13.2
[INFO] [stderr]    Compiling heapless v0.7.17
[INFO] [stderr]    Compiling quinn v0.11.11
[INFO] [stderr]     Checking rand_pcg v0.10.2
[INFO] [stderr]    Compiling time-core v0.1.9
[INFO] [stderr]    Compiling num-conv v0.2.2
[INFO] [stderr]     Checking lru-slab v0.1.2
[INFO] [stderr]     Checking deranged v0.5.8
[INFO] [stderr]     Checking powerfmt v0.2.0
[INFO] [stderr]    Compiling syn v1.0.109
[INFO] [stderr]    Compiling autocfg v1.5.1
[INFO] [stderr]    Compiling anyhow v1.0.104
[INFO] [stderr]     Checking focal-timing v0.1.0 (/opt/rustwide/workdir/crates/focal-timing)
[INFO] [stderr]    Compiling either v1.18.0
[INFO] [stderr]     Checking fastrand v2.5.0
[INFO] [stderr]     Checking tracing v0.1.44
[INFO] [stderr]    Compiling time-macros v0.2.32
[INFO] [stderr]    Compiling rustix v0.38.44
[INFO] [stderr]    Compiling syn v3.0.5
[INFO] [stderr]    Compiling syn v2.0.119
[INFO] [stderr]    Compiling itertools v0.10.5
[INFO] [stderr]    Compiling num-traits v0.2.19
[INFO] [stderr]    Compiling regex-syntax v0.8.11
[INFO] [stderr]    Compiling equivalent v1.0.2
[INFO] [stderr]    Compiling linux-raw-sys v0.4.15
[INFO] [stderr]    Compiling aho-corasick v1.1.5
[INFO] [stderr]    Compiling prettyplease v0.1.25
[INFO] [stderr]    Compiling jobserver v0.1.35
[INFO] [stderr]    Compiling hashbrown v0.17.1
[INFO] [stderr]    Compiling cc v1.4.5
[INFO] [stderr]    Compiling fixedbitset v0.4.2
[INFO] [stderr]     Checking lazy_static v1.5.0
[INFO] [stderr]    Compiling zmij v1.0.23
[INFO] [stderr]     Checking errno v0.3.14
[INFO] [stderr]     Checking socket2 v0.6.5
[INFO] [stderr]     Checking signal-hook-registry v1.4.8
[INFO] [stderr]     Checking mio v1.2.3
[INFO] [stderr]     Checking rand v0.10.2
[INFO] [stderr]    Compiling home v0.5.12
[INFO] [stderr]     Checking time v0.3.55
[INFO] [stderr]    Compiling multimap v0.8.3
[INFO] [stderr]    Compiling log v0.4.34
[INFO] [stderr]    Compiling heck v0.4.1
[INFO] [stderr]    Compiling indexmap v2.14.2
[INFO] [stderr]    Compiling bitflags v1.3.2
[INFO] [stderr]    Compiling serde_json v1.0.151
[INFO] [stderr]     Checking itoa v1.0.18
[INFO] [stderr]     Checking minimal-lexical v0.2.1
[INFO] [stderr]    Compiling getrandom v0.3.4
[INFO] [stderr]     Checking nom v7.1.3
[INFO] [stderr]    Compiling crc32fast v1.5.1
[INFO] [stderr]     Checking num-integer v0.1.47
[INFO] [stderr]     Checking focal-platform v0.1.0 (/opt/rustwide/workdir/crates/focal-platform)
[INFO] [stderr]     Checking tempfile v3.27.0
[INFO] [stderr]    Compiling cmake v0.1.58
[INFO] [stderr]    Compiling autotools v0.2.7
[INFO] [stderr]    Compiling oid-registry v0.8.1
[INFO] [stderr]     Checking num-bigint v0.4.8
[INFO] [stderr]     Checking data-encoding v2.11.1
[INFO] [stderr]     Checking futures-task v0.3.34
[INFO] [stderr]     Checking futures-core v0.3.34
[INFO] [stderr]     Checking anstyle v1.0.14
[INFO] [stderr]     Checking futures-util v0.3.34
[INFO] [stderr]     Checking encoding_rs v0.8.35
[INFO] [stderr]     Checking arraydeque v0.5.1
[INFO] [stderr]     Checking smallvec v1.16.0
[INFO] [stderr]    Compiling which v4.4.2
[INFO] [stderr]    Compiling petgraph v0.6.5
[INFO] [stderr]     Checking unicode-width v0.2.2
[INFO] [stderr]     Checking granit-parser v1.2.0
[INFO] [stderr]    Compiling regex-automata v0.4.18
[INFO] [stderr]     Checking annotate-snippets v0.12.16
[INFO] [stderr]    Compiling blake3 v1.8.7
[INFO] [stderr]    Compiling aws-lc-sys v0.45.0 (/opt/rustwide/workdir/vendor/aws-lc-sys)
[INFO] [stderr]    Compiling protobuf-src v1.1.0+21.5
[INFO] [stderr]     Checking yasna v0.6.0
[INFO] [stderr]     Checking nohash-hasher v0.2.0
[INFO] [stderr]     Checking base64 v0.22.1
[INFO] [stderr]     Checking utf8parse v0.2.2
[INFO] [stderr]     Checking encoding_rs_io v0.1.8
[INFO] [stderr]     Checking anstyle-parse v1.0.0
[INFO] [stderr]     Checking is_terminal_polyfill v1.70.2
[INFO] [stderr]     Checking anstyle-query v1.1.5
[INFO] [stderr]     Checking colorchoice v1.0.5
[INFO] [stderr]     Checking clap_lex v1.1.0
[INFO] [stderr]     Checking strsim v0.11.1
[INFO] [stderr]    Compiling heck v0.5.0
[INFO] [stderr]    Compiling serde_derive v1.0.229
[INFO] [stderr]    Compiling thiserror-impl v2.0.20
[INFO] [stderr]    Compiling tokio-macros v2.7.2
[INFO] [stderr]    Compiling displaydoc v0.2.7
[INFO] [stderr]     Checking serde-saphyr v1.2.0
[INFO] [stderr]     Checking anstream v1.0.0
[INFO] [stderr]    Compiling clap_derive v4.6.4
[INFO] [stderr]    Compiling synstructure v0.13.2
[INFO] [stderr]     Checking clap_builder v4.6.6
[INFO] [stderr]     Checking rusticata-macros v4.1.0
[INFO] [stderr]     Checking yasna v0.5.2
[INFO] [stderr]     Checking tokio v1.53.1
[INFO] [stderr]    Compiling zerocopy v0.8.56
[INFO] [stderr]    Compiling rustversion v1.0.23
[INFO] [stderr]     Checking getrandom v0.2.17
[INFO] [stderr]     Checking rand_core v0.6.4
[INFO] [stderr]    Compiling thiserror v1.0.69
[INFO] [stderr]    Compiling slog v2.8.2
[INFO] [stderr]     Checking cobs v0.3.0
[INFO] [stderr]    Compiling prost-derive v0.11.9
[INFO] [stderr]    Compiling asn1-rs-impl v0.2.0
[INFO] [stderr]    Compiling asn1-rs-derive v0.6.0
[INFO] [stderr]    Compiling thiserror-impl v1.0.69
[INFO] [stderr]    Compiling getset v0.1.7
[INFO] [stderr]     Checking asn1-rs v0.7.2
[INFO] [stderr]    Compiling prost v0.11.9
[INFO] [stderr]    Compiling regex v1.13.1
[INFO] [stderr]     Checking clap v4.6.6
[INFO] [stderr]     Checking clap_complete v4.6.6
[INFO] [stderr]    Compiling prost-types v0.11.9
[INFO] [stderr]     Checking der-parser v10.0.0
[INFO] [stderr]     Checking focal-memory v0.1.0 (/opt/rustwide/workdir/crates/focal-memory)
[INFO] [stderr]     Checking erased-serde v0.3.31
[INFO] [stdout] warning: use of deprecated method `std::sync::atomic::Atomic::<usize>::fetch_update`: renamed to `try_update` for consistency
[INFO] [stdout]   --> crates/focal-memory/src/budget_elastic.rs:26:14
[INFO] [stdout]    |
[INFO] [stdout] 26 |             .fetch_update(Ordering::AcqRel, Ordering::Acquire, |available| {
[INFO] [stdout]    |              ^^^^^^^^^^^^
[INFO] [stdout]    |
[INFO] [stdout]    = note: `#[warn(deprecated)]` on by default
[INFO] [stdout] help: replace the use of the deprecated method
[INFO] [stdout]    |
[INFO] [stdout] 26 -             .fetch_update(Ordering::AcqRel, Ordering::Acquire, |available| {
[INFO] [stdout] 26 +             .try_update(Ordering::AcqRel, Ordering::Acquire, |available| {
[INFO] [stdout]    |
[INFO] [stdout] 
[INFO] [stdout] 
[INFO] [stdout] warning: use of deprecated method `std::sync::atomic::Atomic::<usize>::fetch_update`: renamed to `try_update` for consistency
[INFO] [stdout]    --> crates/focal-memory/src/budget.rs:469:10
[INFO] [stdout]     |
[INFO] [stdout] 469 |         .fetch_update(Ordering::AcqRel, Ordering::Acquire, |used| {
[INFO] [stdout]     |          ^^^^^^^^^^^^
[INFO] [stdout]     |
[INFO] [stdout] help: replace the use of the deprecated method
[INFO] [stdout]     |
[INFO] [stdout] 469 -         .fetch_update(Ordering::AcqRel, Ordering::Acquire, |used| {
[INFO] [stdout] 469 +         .try_update(Ordering::AcqRel, Ordering::Acquire, |used| {
[INFO] [stdout]     |
[INFO] [stdout] 
[INFO] [stdout] 
[INFO] [stdout] warning: use of deprecated method `std::sync::atomic::Atomic::<u64>::fetch_update`: renamed to `try_update` for consistency
[INFO] [stdout]    --> crates/focal-memory/src/disk.rs:278:18
[INFO] [stdout]     |
[INFO] [stdout] 278 |                 .fetch_update(Ordering::AcqRel, Ordering::Acquire, |free| {
[INFO] [stdout]     |                  ^^^^^^^^^^^^
[INFO] [stdout]     |
[INFO] [stdout] help: replace the use of the deprecated method
[INFO] [stdout]     |
[INFO] [stdout] 278 -                 .fetch_update(Ordering::AcqRel, Ordering::Acquire, |free| {
[INFO] [stdout] 278 +                 .try_update(Ordering::AcqRel, Ordering::Acquire, |free| {
[INFO] [stdout]     |
[INFO] [stdout] 
[INFO] [stdout] 
[INFO] [stderr]    Compiling prost-build v0.11.9
[INFO] [stdout] warning: use of deprecated method `std::sync::atomic::Atomic::<u64>::fetch_update`: renamed to `try_update` for consistency
[INFO] [stdout]   --> crates/focal-memory/src/owner.rs:18:10
[INFO] [stdout]    |
[INFO] [stdout] 18 |         .fetch_update(Ordering::Relaxed, Ordering::Relaxed, |value| {
[INFO] [stdout]    |          ^^^^^^^^^^^^
[INFO] [stdout]    |
[INFO] [stdout] help: replace the use of the deprecated method
[INFO] [stdout]    |
[INFO] [stdout] 18 -         .fetch_update(Ordering::Relaxed, Ordering::Relaxed, |value| {
[INFO] [stdout] 18 +         .try_update(Ordering::Relaxed, Ordering::Relaxed, |value| {
[INFO] [stdout]    |
[INFO] [stdout] 
[INFO] [stdout] 
[INFO] [stderr]     Checking postcard v1.1.3
[INFO] [stdout] warning: use of deprecated method `std::sync::atomic::Atomic::<usize>::fetch_update`: renamed to `try_update` for consistency
[INFO] [stdout]   --> crates/focal-memory/src/budget_elastic.rs:26:14
[INFO] [stdout]    |
[INFO] [stdout] 26 |             .fetch_update(Ordering::AcqRel, Ordering::Acquire, |available| {
[INFO] [stdout]    |              ^^^^^^^^^^^^
[INFO] [stdout]    |
[INFO] [stdout]    = note: `#[warn(deprecated)]` on by default
[INFO] [stdout] help: replace the use of the deprecated method
[INFO] [stdout]    |
[INFO] [stdout] 26 -             .fetch_update(Ordering::AcqRel, Ordering::Acquire, |available| {
[INFO] [stdout] 26 +             .try_update(Ordering::AcqRel, Ordering::Acquire, |available| {
[INFO] [stdout]    |
[INFO] [stdout] 
[INFO] [stdout] 
[INFO] [stdout] warning: use of deprecated method `std::sync::atomic::Atomic::<usize>::fetch_update`: renamed to `try_update` for consistency
[INFO] [stdout]    --> crates/focal-memory/src/budget.rs:469:10
[INFO] [stdout]     |
[INFO] [stdout] 469 |         .fetch_update(Ordering::AcqRel, Ordering::Acquire, |used| {
[INFO] [stdout]     |          ^^^^^^^^^^^^
[INFO] [stdout]     |
[INFO] [stdout] help: replace the use of the deprecated method
[INFO] [stdout]     |
[INFO] [stdout] 469 -         .fetch_update(Ordering::AcqRel, Ordering::Acquire, |used| {
[INFO] [stdout] 469 +         .try_update(Ordering::AcqRel, Ordering::Acquire, |used| {
[INFO] [stdout]     |
[INFO] [stdout] 
[INFO] [stdout] 
[INFO] [stdout] warning: use of deprecated method `std::sync::atomic::Atomic::<u64>::fetch_update`: renamed to `try_update` for consistency
[INFO] [stdout]    --> crates/focal-memory/src/disk.rs:278:18
[INFO] [stdout]     |
[INFO] [stdout] 278 |                 .fetch_update(Ordering::AcqRel, Ordering::Acquire, |free| {
[INFO] [stdout]     |                  ^^^^^^^^^^^^
[INFO] [stdout]     |
[INFO] [stdout] help: replace the use of the deprecated method
[INFO] [stdout]     |
[INFO] [stdout] 278 -                 .fetch_update(Ordering::AcqRel, Ordering::Acquire, |free| {
[INFO] [stdout] 278 +                 .try_update(Ordering::AcqRel, Ordering::Acquire, |free| {
[INFO] [stdout]     |
[INFO] [stdout] 
[INFO] [stdout] 
[INFO] [stdout] warning: use of deprecated method `std::sync::atomic::Atomic::<u64>::fetch_update`: renamed to `try_update` for consistency
[INFO] [stdout]   --> crates/focal-memory/src/owner.rs:18:10
[INFO] [stdout]    |
[INFO] [stdout] 18 |         .fetch_update(Ordering::Relaxed, Ordering::Relaxed, |value| {
[INFO] [stdout]    |          ^^^^^^^^^^^^
[INFO] [stdout]    |
[INFO] [stdout] help: replace the use of the deprecated method
[INFO] [stdout]    |
[INFO] [stdout] 18 -         .fetch_update(Ordering::Relaxed, Ordering::Relaxed, |value| {
[INFO] [stdout] 18 +         .try_update(Ordering::Relaxed, Ordering::Relaxed, |value| {
[INFO] [stdout]    |
[INFO] [stdout] 
[INFO] [stdout] 
[INFO] [stderr]     Checking focal-model v0.1.0 (/opt/rustwide/workdir/crates/focal-model)
[INFO] [stderr]     Checking focal-log v0.1.0 (/opt/rustwide/workdir/crates/focal-log)
[INFO] [stderr]     Checking ppv-lite86 v0.2.21
[INFO] [stderr]     Checking rand_chacha v0.3.1
[INFO] [stderr]     Checking rand v0.8.8
[INFO] [stderr] warning: aws-lc-sys@0.45.0: Environment Variable found 'CARGO_ENCODED_RUSTFLAGS': '--cap-lints=forbid-Znext-solver=coherence'
[INFO] [stderr] warning: aws-lc-sys@0.45.0: Emitting configuration: cargo:rustc-cfg=universal
[INFO] [stderr] warning: aws-lc-sys@0.45.0: Building with: CC
[INFO] [stderr] warning: aws-lc-sys@0.45.0: Symbol Prefix: Some("aws_lc_0_45_0")
[INFO] [stderr] warning: aws-lc-sys@0.45.0: Target platform: 'x86_64-unknown-linux-gnu'
[INFO] [stderr] warning: aws-lc-sys@0.45.0: Compilation of 'c11.c' succeeded - Ok(["/opt/rustwide/target/debug/build/aws-lc-sys/2d458de86d06def0/out/out-c11/7dfda64fdf5a526c-c11.o"]).
[INFO] [stderr] warning: aws-lc-sys@0.45.0: Compilation of 'stdalign_check.c' succeeded - Ok(["/opt/rustwide/target/debug/build/aws-lc-sys/2d458de86d06def0/out/out-stdalign_check/7dfda64fdf5a526c-stdalign_check.o"]).
[INFO] [stderr] warning: aws-lc-sys@0.45.0: Compilation of 'builtin_swap_check.c' succeeded - Ok(["/opt/rustwide/target/debug/build/aws-lc-sys/2d458de86d06def0/out/out-builtin_swap_check/7dfda64fdf5a526c-builtin_swap_check.o"]).
[INFO] [stderr] warning: aws-lc-sys@0.45.0: Compilation of 'linux_random_h.c' succeeded - Ok(["/opt/rustwide/target/debug/build/aws-lc-sys/2d458de86d06def0/out/out-linux_random_h/7dfda64fdf5a526c-linux_random_h.o"]).
[INFO] [stderr]     Checking rustls-webpki v0.103.15
[INFO] [stderr]     Checking x509-parser v0.18.1
[INFO] [stderr]     Checking rcgen v0.13.2
[INFO] [stderr]     Checking rcgen v0.14.10
[INFO] [stderr]     Checking focal-stream v0.1.0 (/opt/rustwide/workdir/crates/focal-stream)
[INFO] [stderr]     Checking focal-evidence v0.1.0 (/opt/rustwide/workdir/crates/focal-evidence)
[INFO] [stderr]     Checking focal-sim v0.1.0 (/opt/rustwide/workdir/crates/focal-sim)
[INFO] [stderr]     Checking focal-ranges v0.1.0 (/opt/rustwide/workdir/crates/focal-ranges)
[INFO] [stderr]     Checking quinn-proto v0.11.18
[INFO] [stderr]     Checking focal-core v0.1.0 (/opt/rustwide/workdir/crates/focal-core)
[INFO] [stderr]     Checking focal-enrollment v0.1.0 (/opt/rustwide/workdir/crates/focal-enrollment)
[INFO] [stderr]     Checking focal-wire v0.1.0 (/opt/rustwide/workdir/crates/focal-wire)
[INFO] [stderr] error: could not compile `focal-model` (lib test)
[INFO] [stderr] 
[INFO] [stderr] Caused by:
[INFO] [stderr]   process didn't exit successfully: `/opt/rustwide/rustup-home/toolchains/3154cc1a3e6424e44f438a95007d043ed5ceaaf6/bin/rustc --crate-name focal_model --edition=2024 crates/focal-model/src/lib.rs --error-format=json --json=diagnostic-rendered-ansi,artifacts,future-incompat,unused-externs-silent --emit=dep-info,metadata -C embed-bitcode=no '--deny=clippy::unwrap_used' --deny=unused_must_use --deny=unsafe_code '--deny=clippy::unreachable' '--deny=clippy::unimplemented' '--deny=clippy::todo' '--deny=clippy::panic' '--deny=clippy::indexing_slicing' '--deny=clippy::expect_used' '--deny=clippy::disallowed_methods' '--deny=clippy::disallowed_macros' '--deny=clippy::dbg_macro' '--deny=clippy::arithmetic_side_effects' --test --check-cfg 'cfg(docsrs,test)' --check-cfg 'cfg(feature, values())' -C metadata=8b6dc84ed8b5de5e -C extra-filename=-c661b6dd879a3096 --out-dir /opt/rustwide/target/debug/build/focal-model/c661b6dd879a3096/out -C strip=debuginfo -L dependency=/opt/rustwide/target/debug/build/arrayvec/5c78426aba58ae50/out -L dependency=/opt/rustwide/target/debug/build/byteorder/da9ccc995308a4ce/out -L dependency=/opt/rustwide/target/debug/build/cfg-if/6bef592bf052a9a1/out -L dependency=/opt/rustwide/target/debug/build/cobs/6e941b1b8a570e77/out -L dependency=/opt/rustwide/target/debug/build/constant_time_eq/47ba2714afeddbda/out -L dependency=/opt/rustwide/target/debug/build/cpufeatures/3ec866ae349aaad3/out -L dependency=/opt/rustwide/target/debug/build/hash32/52823d7bbc224045/out -L dependency=/opt/rustwide/target/debug/build/heapless/86b11fa65ea73258/out -L dependency=/opt/rustwide/target/debug/build/itoa/8a38105c9a160224/out -L dependency=/opt/rustwide/target/debug/build/lock_api/c1e2d9d8f347f01e/out -L dependency=/opt/rustwide/target/debug/build/memchr/54b37a18b641f57a/out -L dependency=/opt/rustwide/target/debug/build/scopeguard/376b11b1bd683ac1/out -L dependency=/opt/rustwide/target/debug/build/serde/ea8aa047c5a5e4c6/out -L dependency=/opt/rustwide/target/debug/build/serde_core/4af20ab0cdf42359/out -L dependency=/opt/rustwide/target/debug/build/serde_derive/a65159249309d74b/out -L dependency=/opt/rustwide/target/debug/build/spin/e3ce99dc731c85e6/out -L dependency=/opt/rustwide/target/debug/build/stable_deref_trait/b737d53d88030fdd/out -L dependency=/opt/rustwide/target/debug/build/thiserror-impl/a477d2cb58223dd5/out -L dependency=/opt/rustwide/target/debug/build/thiserror/e4897ef16254bc28/out -L dependency=/opt/rustwide/target/debug/build/zmij/491dba77b0ef0567/out --extern blake3=/opt/rustwide/target/debug/build/blake3/934fc6c49a90e11a/out/libblake3-934fc6c49a90e11a.rmeta --extern postcard=/opt/rustwide/target/debug/build/postcard/af1ba178c2fd52a1/out/libpostcard-af1ba178c2fd52a1.rmeta --extern serde=/opt/rustwide/target/debug/build/serde/ea8aa047c5a5e4c6/out/libserde-ea8aa047c5a5e4c6.rmeta --extern serde_json=/opt/rustwide/target/debug/build/serde_json/83fecaddd87fb569/out/libserde_json-83fecaddd87fb569.rmeta --extern thiserror=/opt/rustwide/target/debug/build/thiserror/e4897ef16254bc28/out/libthiserror-e4897ef16254bc28.rmeta --cap-lints=forbid -Znext-solver=coherence --force-warn=unused_crate_dependencies -L native=/opt/rustwide/target/debug/build/blake3/65e930237def6b39/out -L native=/opt/rustwide/target/debug/build/blake3/65e930237def6b39/out` (signal: 9, SIGKILL: kill)
[INFO] [stderr] warning: build failed, waiting for other jobs to finish...
[INFO] [stdout] warning: use of deprecated method `std::sync::atomic::Atomic::<u64>::fetch_update`: renamed to `try_update` for consistency
[INFO] [stdout]     --> crates/focal-wire/src/peers.rs:1019:48
[INFO] [stdout]      |
[INFO] [stdout] 1019 |                     match task_slot.generation.fetch_update(
[INFO] [stdout]      |                                                ^^^^^^^^^^^^
[INFO] [stdout]      |
[INFO] [stdout]      = note: `#[warn(deprecated)]` on by default
[INFO] [stdout] help: replace the use of the deprecated method
[INFO] [stdout]      |
[INFO] [stdout] 1019 -                     match task_slot.generation.fetch_update(
[INFO] [stdout] 1019 +                     match task_slot.generation.try_update(
[INFO] [stdout]      |
[INFO] [stdout] 
[INFO] [stdout] 
[INFO] [stdout] warning: use of deprecated method `std::sync::atomic::Atomic::<u64>::fetch_update`: renamed to `try_update` for consistency
[INFO] [stdout]     --> crates/focal-wire/src/peers.rs:1169:21
[INFO] [stdout]      |
[INFO] [stdout] 1169 |     let _ = counter.fetch_update(Ordering::Relaxed, Ordering::Relaxed, |value| {
[INFO] [stdout]      |                     ^^^^^^^^^^^^
[INFO] [stdout]      |
[INFO] [stdout] help: replace the use of the deprecated method
[INFO] [stdout]      |
[INFO] [stdout] 1169 -     let _ = counter.fetch_update(Ordering::Relaxed, Ordering::Relaxed, |value| {
[INFO] [stdout] 1169 +     let _ = counter.try_update(Ordering::Relaxed, Ordering::Relaxed, |value| {
[INFO] [stdout]      |
[INFO] [stdout] 
[INFO] [stdout] 
[INFO] [stdout] warning: use of deprecated method `std::sync::atomic::Atomic::<u64>::fetch_update`: renamed to `try_update` for consistency
[INFO] [stdout]     --> crates/focal-wire/src/peers.rs:1019:48
[INFO] [stdout]      |
[INFO] [stdout] 1019 |                     match task_slot.generation.fetch_update(
[INFO] [stdout]      |                                                ^^^^^^^^^^^^
[INFO] [stdout]      |
[INFO] [stdout]      = note: `#[warn(deprecated)]` on by default
[INFO] [stdout] help: replace the use of the deprecated method
[INFO] [stdout]      |
[INFO] [stdout] 1019 -                     match task_slot.generation.fetch_update(
[INFO] [stdout] 1019 +                     match task_slot.generation.try_update(
[INFO] [stdout]      |
[INFO] [stdout] 
[INFO] [stdout] 
[INFO] [stdout] warning: use of deprecated method `std::sync::atomic::Atomic::<u64>::fetch_update`: renamed to `try_update` for consistency
[INFO] [stdout]     --> crates/focal-wire/src/peers.rs:1169:21
[INFO] [stdout]      |
[INFO] [stdout] 1169 |     let _ = counter.fetch_update(Ordering::Relaxed, Ordering::Relaxed, |value| {
[INFO] [stdout]      |                     ^^^^^^^^^^^^
[INFO] [stdout]      |
[INFO] [stdout] help: replace the use of the deprecated method
[INFO] [stdout]      |
[INFO] [stdout] 1169 -     let _ = counter.fetch_update(Ordering::Relaxed, Ordering::Relaxed, |value| {
[INFO] [stdout] 1169 +     let _ = counter.try_update(Ordering::Relaxed, Ordering::Relaxed, |value| {
[INFO] [stdout]      |
[INFO] [stdout] 
[INFO] [stdout] 
[INFO] [stderr] error: could not compile `focal-core` (lib test)
[INFO] [stderr] 
[INFO] [stderr] Caused by:
[INFO] [stderr]   process didn't exit successfully: `/opt/rustwide/rustup-home/toolchains/3154cc1a3e6424e44f438a95007d043ed5ceaaf6/bin/rustc --crate-name focal_core --edition=2024 crates/focal-core/src/lib.rs --error-format=json --json=diagnostic-rendered-ansi,artifacts,future-incompat,unused-externs-silent --emit=dep-info,metadata -C embed-bitcode=no '--deny=clippy::unwrap_used' --deny=unused_must_use --deny=unsafe_code '--deny=clippy::unreachable' '--deny=clippy::unimplemented' '--deny=clippy::todo' '--deny=clippy::panic' '--deny=clippy::indexing_slicing' '--deny=clippy::expect_used' '--deny=clippy::disallowed_methods' '--deny=clippy::disallowed_macros' '--deny=clippy::dbg_macro' '--deny=clippy::arithmetic_side_effects' --test --cfg 'feature="test-support"' --check-cfg 'cfg(docsrs,test)' --check-cfg 'cfg(feature, values("test-support"))' -C metadata=0c8aebf71e89f99a -C extra-filename=-e97ee3bbadae9626 --out-dir /opt/rustwide/target/debug/build/focal-core/e97ee3bbadae9626/out -C strip=debuginfo -L dependency=/opt/rustwide/target/debug/build/arrayvec/5c78426aba58ae50/out -L dependency=/opt/rustwide/target/debug/build/bitflags/987f60b1f3232884/out -L dependency=/opt/rustwide/target/debug/build/blake3/934fc6c49a90e11a/out -L dependency=/opt/rustwide/target/debug/build/byteorder/da9ccc995308a4ce/out -L dependency=/opt/rustwide/target/debug/build/cfg-if/6bef592bf052a9a1/out -L dependency=/opt/rustwide/target/debug/build/cobs/6e941b1b8a570e77/out -L dependency=/opt/rustwide/target/debug/build/constant_time_eq/47ba2714afeddbda/out -L dependency=/opt/rustwide/target/debug/build/cpufeatures/3ec866ae349aaad3/out -L dependency=/opt/rustwide/target/debug/build/fastrand/14aaa3b51fc60991/out -L dependency=/opt/rustwide/target/debug/build/focal-memory/2cb85e09988f22b9/out -L dependency=/opt/rustwide/target/debug/build/focal-model/31e6a7eabec6c736/out -L dependency=/opt/rustwide/target/debug/build/focal-platform/e512cbf09112730a/out -L dependency=/opt/rustwide/target/debug/build/getrandom/bfdf51f5e3ea7362/out -L dependency=/opt/rustwide/target/debug/build/hash32/52823d7bbc224045/out -L dependency=/opt/rustwide/target/debug/build/heapless/86b11fa65ea73258/out -L dependency=/opt/rustwide/target/debug/build/itoa/8a38105c9a160224/out -L dependency=/opt/rustwide/target/debug/build/libc/2844cd0faa114d4e/out -L dependency=/opt/rustwide/target/debug/build/linux-raw-sys/e86128ee4a947a7c/out -L dependency=/opt/rustwide/target/debug/build/lock_api/c1e2d9d8f347f01e/out -L dependency=/opt/rustwide/target/debug/build/memchr/54b37a18b641f57a/out -L dependency=/opt/rustwide/target/debug/build/once_cell/7304a8652c1d719c/out -L dependency=/opt/rustwide/target/debug/build/postcard/af1ba178c2fd52a1/out -L dependency=/opt/rustwide/target/debug/build/rand_core/053d550c98afd9f0/out -L dependency=/opt/rustwide/target/debug/build/rustix/d249002bd44913a8/out -L dependency=/opt/rustwide/target/debug/build/scopeguard/376b11b1bd683ac1/out -L dependency=/opt/rustwide/target/debug/build/serde/ea8aa047c5a5e4c6/out -L dependency=/opt/rustwide/target/debug/build/serde_core/4af20ab0cdf42359/out -L dependency=/opt/rustwide/target/debug/build/serde_derive/a65159249309d74b/out -L dependency=/opt/rustwide/target/debug/build/serde_json/83fecaddd87fb569/out -L dependency=/opt/rustwide/target/debug/build/spin/e3ce99dc731c85e6/out -L dependency=/opt/rustwide/target/debug/build/stable_deref_trait/b737d53d88030fdd/out -L dependency=/opt/rustwide/target/debug/build/thiserror-impl/a477d2cb58223dd5/out -L dependency=/opt/rustwide/target/debug/build/thiserror/e4897ef16254bc28/out -L dependency=/opt/rustwide/target/debug/build/zmij/491dba77b0ef0567/out --extern blake3=/opt/rustwide/target/debug/build/blake3/934fc6c49a90e11a/out/libblake3-934fc6c49a90e11a.rmeta --extern focal_evidence=/opt/rustwide/target/debug/build/focal-evidence/e0ba67c03efc4a0e/out/libfocal_evidence-e0ba67c03efc4a0e.rmeta --extern focal_memory=/opt/rustwide/target/debug/build/focal-memory/2cb85e09988f22b9/out/libfocal_memory-2cb85e09988f22b9.rmeta --extern focal_model=/opt/rustwide/target/debug/build/focal-model/31e6a7eabec6c736/out/libfocal_model-31e6a7eabec6c736.rmeta --extern postcard=/opt/rustwide/target/debug/build/postcard/af1ba178c2fd52a1/out/libpostcard-af1ba178c2fd52a1.rmeta --extern serde=/opt/rustwide/target/debug/build/serde/ea8aa047c5a5e4c6/out/libserde-ea8aa047c5a5e4c6.rmeta --extern serde_json=/opt/rustwide/target/debug/build/serde_json/83fecaddd87fb569/out/libserde_json-83fecaddd87fb569.rmeta --extern tempfile=/opt/rustwide/target/debug/build/tempfile/9be94f04a30e426a/out/libtempfile-9be94f04a30e426a.rmeta --extern thiserror=/opt/rustwide/target/debug/build/thiserror/e4897ef16254bc28/out/libthiserror-e4897ef16254bc28.rmeta --cap-lints=forbid -Znext-solver=coherence --force-warn=unused_crate_dependencies -L native=/opt/rustwide/target/debug/build/blake3/65e930237def6b39/out -L native=/opt/rustwide/target/debug/build/blake3/65e930237def6b39/out` (signal: 9, SIGKILL: kill)
[INFO] [stderr] error: failed to run custom build command for `protobuf-src v1.1.0+21.5`
[INFO] [stderr] note: To improve backtraces for build dependencies, set the CARGO_PROFILE_DEV_BUILD_OVERRIDE_DEBUG=true environment variable to enable debug information generation.
[INFO] [stderr] 
[INFO] [stderr] Caused by:
[INFO] [stderr]   process didn't exit successfully: `/opt/rustwide/target/debug/build/protobuf-src/77c649c7a5b0a0b4/out/build_script_build` (exit status: 101)
[INFO] [stderr]   --- stdout
[INFO] [stderr]   running: cd "/opt/rustwide/target/debug/build/protobuf-src/aa992f6c8788deb9/out/install/build" && CC="cc" CFLAGS="-O0 -ffunction-sections -fdata-sections -fPIC -m64 -w" CXX="c++" CXXFLAGS="-O0 -ffunction-sections -fdata-sections -fPIC -m64 -w" LC_ALL="C" "sh" "-c" "exec \"$0\" \"$@\"" "/opt/rustwide/cargo-home/registry/src/index.crates.io-1949cf8c6b5b557f/protobuf-src-1.1.0+21.5/protobuf/configure" "--prefix=/opt/rustwide/target/debug/build/protobuf-src/aa992f6c8788deb9/out/install" "--disable-shared" "--enable-static" "--disable-maintainer-mode"
[INFO] [stderr]   checking whether to enable maintainer-specific portions of Makefiles... no
[INFO] [stderr]   checking build system type... x86_64-pc-linux-gnu
[INFO] [stderr]   checking host system type... x86_64-pc-linux-gnu
[INFO] [stderr]   checking target system type... x86_64-pc-linux-gnu
[INFO] [stderr]   checking for a BSD-compatible install... /usr/bin/install -c
[INFO] [stderr]   checking whether build environment is sane... yes
[INFO] [stderr]   checking for a race-free mkdir -p... /usr/bin/mkdir -p
[INFO] [stderr]   checking for gawk... no
[INFO] [stderr]   checking for mawk... mawk
[INFO] [stderr]   checking whether make sets $(MAKE)... yes
[INFO] [stderr]   checking whether make supports nested variables... yes
[INFO] [stderr]   checking whether UID '0' is supported by ustar format... yes
[INFO] [stderr]   checking whether GID '0' is supported by ustar format... yes
[INFO] [stderr]   checking how to create a ustar tar archive... gnutar
[INFO] [stderr]   checking whether make supports nested variables... (cached) yes
[INFO] [stderr]   checking for gcc... cc
[INFO] [stderr]   checking whether the C compiler works... yes
[INFO] [stderr]   checking for C compiler default output file name... a.out
[INFO] [stderr]   checking for suffix of executables... 
[INFO] [stderr]   checking whether we are cross compiling... no
[INFO] [stderr]   checking for suffix of object files... o
[INFO] [stderr]   checking whether the compiler supports GNU C... yes
[INFO] [stderr]   checking whether cc accepts -g... yes
[INFO] [stderr]   checking for cc option to enable C11 features... none needed
[INFO] [stderr]   checking whether cc understands -c and -o together... yes
[INFO] [stderr]   checking whether make supports the include directive... yes (GNU style)
[INFO] [stderr]   checking dependency style of cc... gcc3
[INFO] [stderr]   checking whether the compiler supports GNU C++... yes
[INFO] [stderr]   checking whether c++ accepts -g... yes
[INFO] [stderr]   checking for c++ option to enable C++11 features... none needed
[INFO] [stderr]   checking dependency style of c++... gcc3
[INFO] [stderr]   checking how to run the C preprocessor... cc -E
[INFO] [stderr]   checking for gcc... gcc
[INFO] [stderr]   checking whether the compiler supports GNU C... (cached) yes
[INFO] [stderr]   checking whether gcc accepts -g... yes
[INFO] [stderr]   checking for gcc option to enable C11 features... (cached) none needed
[INFO] [stderr]   checking whether gcc understands -c and -o together... (cached) yes
[INFO] [stderr]   checking dependency style of gcc... (cached) gcc3
[INFO] [stderr]   checking how to run the C preprocessor... gcc -E
[INFO] [stderr]   checking how to run the C++ preprocessor... c++ -E
[INFO] [stderr]   checking for g++... g++
[INFO] [stderr]   checking whether the compiler supports GNU C++... (cached) yes
[INFO] [stderr]   checking whether g++ accepts -g... yes
[INFO] [stderr]   checking for g++ option to enable C++11 features... (cached) none needed
[INFO] [stderr]   checking dependency style of g++... (cached) gcc3
[INFO] [stderr]   checking how to run the C++ preprocessor... g++ -E
[INFO] [stderr]   checking for stdio.h... yes
[INFO] [stderr]   checking for stdlib.h... yes
[INFO] [stderr]   checking for string.h... yes
[INFO] [stderr]   checking for inttypes.h... yes
[INFO] [stderr]   checking for stdint.h... yes
[INFO] [stderr]   checking for strings.h... yes
[INFO] [stderr]   checking for sys/stat.h... yes
[INFO] [stderr]   checking for sys/types.h... yes
[INFO] [stderr]   checking for unistd.h... yes
[INFO] [stderr]   checking for wchar.h... yes
[INFO] [stderr]   checking for minix/config.h... no
[INFO] [stderr]   checking whether it is safe to define __EXTENSIONS__... yes
[INFO] [stderr]   checking whether _XOPEN_SOURCE should be defined... no
[INFO] [stderr]   checking for ar... ar
[INFO] [stderr]   checking the archiver (ar) interface... ar
[INFO] [stderr]   checking C++ compiler flags...... use user-supplied: -O0 -ffunction-sections -fdata-sections -fPIC -m64 -w
[INFO] [stderr]   checking for c++ options needed to detect all undeclared functions... none needed
[INFO] [stderr]   checking whether __SUNPRO_CC is declared... no
[INFO] [stderr]   checking how to print strings... printf
[INFO] [stderr]   checking for a sed that does not truncate output... /usr/bin/sed
[INFO] [stderr]   checking for grep that handles long lines and -e... /usr/bin/grep
[INFO] [stderr]   checking for egrep... /usr/bin/grep -E
[INFO] [stderr]   checking for fgrep... /usr/bin/grep -F
[INFO] [stderr]   checking for ld used by cc... /usr/bin/x86_64-linux-gnu-ld
[INFO] [stderr]   checking if the linker (/usr/bin/x86_64-linux-gnu-ld) is GNU ld... yes
[INFO] [stderr]   checking for BSD- or MS-compatible name lister (nm)... /usr/bin/nm -B
[INFO] [stderr]   checking the name lister (/usr/bin/nm -B) interface... BSD nm
[INFO] [stderr]   checking whether ln -s works... yes
[INFO] [stderr]   checking the maximum length of command line arguments... 1572864
[INFO] [stderr]   checking how to convert x86_64-pc-linux-gnu file names to x86_64-pc-linux-gnu format... func_convert_file_noop
[INFO] [stderr]   checking how to convert x86_64-pc-linux-gnu file names to toolchain format... func_convert_file_noop
[INFO] [stderr]   checking for /usr/bin/x86_64-linux-gnu-ld option to reload object files... -r
[INFO] [stderr]   checking for file... file
[INFO] [stderr]   checking for objdump... objdump
[INFO] [stderr]   checking how to recognize dependent libraries... pass_all
[INFO] [stderr]   checking for dlltool... no
[INFO] [stderr]   checking how to associate runtime and link libraries... printf %s\n
[INFO] [stderr]   checking for archiver @FILE support... @
[INFO] [stderr]   checking for strip... strip
[INFO] [stderr]   checking for ranlib... ranlib
[INFO] [stderr]   checking command to parse /usr/bin/nm -B output from cc object... ok
[INFO] [stderr]   checking for sysroot... no
[INFO] [stderr]   checking for a working dd... /usr/bin/dd
[INFO] [stderr]   checking how to truncate binary pipes... /usr/bin/dd bs=4096 count=1
[INFO] [stderr]   checking for mt... no
[INFO] [stderr]   checking if : is a manifest tool... no
[INFO] [stderr]   checking for dlfcn.h... yes
[INFO] [stderr]   checking for objdir... .libs
[INFO] [stderr]   checking if cc supports -fno-rtti -fno-exceptions... yes
[INFO] [stderr]   checking for cc option to produce PIC... -fPIC -DPIC
[INFO] [stderr]   checking if cc PIC flag -fPIC -DPIC works... yes
[INFO] [stderr]   checking if cc static flag -static works... yes
[INFO] [stderr]   checking if cc supports -c -o file.o... yes
[INFO] [stderr]   checking if cc supports -c -o file.o... (cached) yes
[INFO] [stderr]   checking whether the cc linker (/usr/bin/x86_64-linux-gnu-ld -m elf_x86_64) supports shared libraries... yes
[INFO] [stderr]   checking dynamic linker characteristics... GNU/Linux ld.so
[INFO] [stderr]   checking how to hardcode library paths into programs... immediate
[INFO] [stderr]   checking whether stripping libraries is possible... yes
[INFO] [stderr]   checking if libtool supports shared libraries... yes
[INFO] [stderr]   checking whether to build shared libraries... no
[INFO] [stderr]   checking whether to build static libraries... yes
[INFO] [stderr]   checking how to run the C++ preprocessor... c++ -E
[INFO] [stderr]   checking for ld used by c++... /usr/bin/x86_64-linux-gnu-ld -m elf_x86_64
[INFO] [stderr]   checking if the linker (/usr/bin/x86_64-linux-gnu-ld -m elf_x86_64) is GNU ld... yes
[INFO] [stderr]   checking whether the c++ linker (/usr/bin/x86_64-linux-gnu-ld -m elf_x86_64) supports shared libraries... yes
[INFO] [stderr]   checking for c++ option to produce PIC... -fPIC -DPIC
[INFO] [stderr]   checking if c++ PIC flag -fPIC -DPIC works... yes
[INFO] [stderr]   checking if c++ static flag -static works... yes
[INFO] [stderr]   checking if c++ supports -c -o file.o... yes
[INFO] [stderr]   checking if c++ supports -c -o file.o... (cached) yes
[INFO] [stderr]   checking whether the c++ linker (/usr/bin/x86_64-linux-gnu-ld -m elf_x86_64) supports shared libraries... yes
[INFO] [stderr]   checking dynamic linker characteristics... (cached) GNU/Linux ld.so
[INFO] [stderr]   checking how to hardcode library paths into programs... immediate
[INFO] [stderr]   checking whether the linker supports version scripts... yes
[INFO] [stderr]   checking for egrep... (cached) /usr/bin/grep -E
[INFO] [stderr]   checking for fcntl.h... yes
[INFO] [stderr]   checking for inttypes.h... (cached) yes
[INFO] [stderr]   checking for limits.h... yes
[INFO] [stderr]   checking for stdlib.h... (cached) yes
[INFO] [stderr]   checking for unistd.h... (cached) yes
[INFO] [stderr]   checking for working memcmp... yes
[INFO] [stderr]   checking for working strtod... yes
[INFO] [stderr]   checking for ftruncate... yes
[INFO] [stderr]   checking for memset... yes
[INFO] [stderr]   checking for mkdir... yes
[INFO] [stderr]   checking for strchr... yes
[INFO] [stderr]   checking for strerror... yes
[INFO] [stderr]   checking for strtol... yes
[INFO] [stderr]   checking zlib version... ok (1.2.0.4 or later)
[INFO] [stderr]   checking for library containing zlibVersion... -lz
[INFO] [stderr]   checking whether c++ supports C++11 features by default... yes
[INFO] [stderr]   checking whether -latomic is needed... no
[INFO] [stderr]   checking whether cc is Clang... no
[INFO] [stderr]   checking whether pthreads work with "-pthread" and "-lpthread"... yes
[INFO] [stderr]   checking for joinable pthread attribute... PTHREAD_CREATE_JOINABLE
[INFO] [stderr]   checking whether more special flags are required for pthreads... no
[INFO] [stderr]   checking for PTHREAD_PRIO_INHERIT... yes
[INFO] [stderr]   checking the location of hash_map... <unordered_map>
[INFO] [stderr]   checking whether -llog is needed... no
[INFO] [stderr]   checking that generated files are newer than configure... done
[INFO] [stderr]   configure: creating ./config.status
[INFO] [stderr]   config.status: creating Makefile
[INFO] [stderr]   config.status: creating src/Makefile
[INFO] [stderr]   config.status: creating benchmarks/Makefile
[INFO] [stderr]   config.status: creating conformance/Makefile
[INFO] [stderr]   config.status: creating protobuf.pc
[INFO] [stderr]   config.status: creating protobuf-lite.pc
[INFO] [stderr]   config.status: creating config.h
[INFO] [stderr]   config.status: executing depfiles commands
[INFO] [stderr]   config.status: executing libtool commands
[INFO] [stderr]   === configuring in third_party/googletest (/opt/rustwide/target/debug/build/protobuf-src/aa992f6c8788deb9/out/install/build/third_party/googletest)
[INFO] [stderr]   configure: running /bin/bash /opt/rustwide/cargo-home/registry/src/index.crates.io-1949cf8c6b5b557f/protobuf-src-1.1.0+21.5/protobuf/third_party/googletest/configure --disable-option-checking '--prefix=/opt/rustwide/target/debug/build/protobuf-src/aa992f6c8788deb9/out/install'  '--disable-shared' '--enable-static' '--disable-maintainer-mode' 'CC=cc' 'CFLAGS=-O0 -ffunction-sections -fdata-sections -fPIC -m64 -w' 'CXX=c++' 'CXXFLAGS=-O0 -ffunction-sections -fdata-sections -fPIC -m64 -w' --cache-file=/dev/null --srcdir=/opt/rustwide/cargo-home/registry/src/index.crates.io-1949cf8c6b5b557f/protobuf-src-1.1.0+21.5/protobuf/third_party/googletest
[INFO] [stderr]   checking for a BSD-compatible install... /usr/bin/install -c
[INFO] [stderr]   checking whether build environment is sane... yes
[INFO] [stderr]   checking for a race-free mkdir -p... /usr/bin/mkdir -p
[INFO] [stderr]   checking for gawk... no
[INFO] [stderr]   checking for mawk... mawk
[INFO] [stderr]   checking whether make sets $(MAKE)... yes
[INFO] [stderr]   checking whether make supports nested variables... yes
[INFO] [stderr]   checking that generated files are newer than configure... done
[INFO] [stderr]   configure: creating ./config.status
[INFO] [stderr]   config.status: creating Makefile
[INFO] [stderr]   === configuring in googletest (/opt/rustwide/target/debug/build/protobuf-src/aa992f6c8788deb9/out/install/build/third_party/googletest/googletest)
[INFO] [stderr]   configure: running /bin/bash /opt/rustwide/cargo-home/registry/src/index.crates.io-1949cf8c6b5b557f/protobuf-src-1.1.0+21.5/protobuf/third_party/googletest/googletest/configure --disable-option-checking '--prefix=/opt/rustwide/target/debug/build/protobuf-src/aa992f6c8788deb9/out/install'  '--disable-shared' '--enable-static' '--disable-maintainer-mode' 'CC=cc' 'CFLAGS=-O0 -ffunction-sections -fdata-sections -fPIC -m64 -w' 'CXX=c++' 'CXXFLAGS=-O0 -ffunction-sections -fdata-sections -fPIC -m64 -w' --cache-file=/dev/null --srcdir=/opt/rustwide/cargo-home/registry/src/index.crates.io-1949cf8c6b5b557f/protobuf-src-1.1.0+21.5/protobuf/third_party/googletest/googletest
[INFO] [stderr]   checking for a BSD-compatible install... /usr/bin/install -c
[INFO] [stderr]   checking whether build environment is sane... yes
[INFO] [stderr]   checking for a race-free mkdir -p... /usr/bin/mkdir -p
[INFO] [stderr]   checking for gawk... no
[INFO] [stderr]   checking for mawk... mawk
[INFO] [stderr]   checking whether make sets $(MAKE)... yes
[INFO] [stderr]   checking whether make supports nested variables... yes
[INFO] [stderr]   checking for gcc... cc
[INFO] [stderr]   checking whether the C compiler works... yes
[INFO] [stderr]   checking for C compiler default output file name... a.out
[INFO] [stderr]   checking for suffix of executables... 
[INFO] [stderr]   checking whether we are cross compiling... no
[INFO] [stderr]   checking for suffix of object files... o
[INFO] [stderr]   checking whether the compiler supports GNU C... yes
[INFO] [stderr]   checking whether cc accepts -g... yes
[INFO] [stderr]   checking for cc option to enable C11 features... none needed
[INFO] [stderr]   checking whether cc understands -c and -o together... yes
[INFO] [stderr]   checking whether make supports the include directive... yes (GNU style)
[INFO] [stderr]   checking dependency style of cc... gcc3
[INFO] [stderr]   checking whether the compiler supports GNU C++... yes
[INFO] [stderr]   checking whether c++ accepts -g... yes
[INFO] [stderr]   checking for c++ option to enable C++11 features... none needed
[INFO] [stderr]   checking dependency style of c++... gcc3
[INFO] [stderr]   checking build system type... x86_64-pc-linux-gnu
[INFO] [stderr]   checking host system type... x86_64-pc-linux-gnu
[INFO] [stderr]   checking how to print strings... printf
[INFO] [stderr]   checking for a sed that does not truncate output... /usr/bin/sed
[INFO] [stderr]   checking for grep that handles long lines and -e... /usr/bin/grep
[INFO] [stderr]   checking for egrep... /usr/bin/grep -E
[INFO] [stderr]   checking for fgrep... /usr/bin/grep -F
[INFO] [stderr]   checking for ld used by cc... /usr/bin/x86_64-linux-gnu-ld
[INFO] [stderr]   checking if the linker (/usr/bin/x86_64-linux-gnu-ld) is GNU ld... yes
[INFO] [stderr]   checking for BSD- or MS-compatible name lister (nm)... /usr/bin/nm -B
[INFO] [stderr]   checking the name lister (/usr/bin/nm -B) interface... BSD nm
[INFO] [stderr]   checking whether ln -s works... yes
[INFO] [stderr]   checking the maximum length of command line arguments... 1572864
[INFO] [stderr]   checking how to convert x86_64-pc-linux-gnu file names to x86_64-pc-linux-gnu format... func_convert_file_noop
[INFO] [stderr]   checking how to convert x86_64-pc-linux-gnu file names to toolchain format... func_convert_file_noop
[INFO] [stderr]   checking for /usr/bin/x86_64-linux-gnu-ld option to reload object files... -r
[INFO] [stderr]   checking for file... file
[INFO] [stderr]   checking for objdump... objdump
[INFO] [stderr]   checking how to recognize dependent libraries... pass_all
[INFO] [stderr]   checking for dlltool... no
[INFO] [stderr]   checking how to associate runtime and link libraries... printf %s\n
[INFO] [stderr]   checking for ar... ar
[INFO] [stderr]   checking for archiver @FILE support... @
[INFO] [stderr]   checking for strip... strip
[INFO] [stderr]   checking for ranlib... ranlib
[INFO] [stderr]   checking command to parse /usr/bin/nm -B output from cc object... ok
[INFO] [stderr]   checking for sysroot... no
[INFO] [stderr]   checking for a working dd... /usr/bin/dd
[INFO] [stderr]   checking how to truncate binary pipes... /usr/bin/dd bs=4096 count=1
[INFO] [stderr]   checking for mt... no
[INFO] [stderr]   checking if : is a manifest tool... no
[INFO] [stderr]   checking for stdio.h... yes
[INFO] [stderr]   checking for stdlib.h... yes
[INFO] [stderr]   checking for string.h... yes
[INFO] [stderr]   checking for inttypes.h... yes
[INFO] [stderr]   checking for stdint.h... yes
[INFO] [stderr]   checking for strings.h... yes
[INFO] [stderr]   checking for sys/stat.h... yes
[INFO] [stderr]   checking for sys/types.h... yes
[INFO] [stderr]   checking for unistd.h... yes
[INFO] [stderr]   checking for dlfcn.h... yes
[INFO] [stderr]   checking for objdir... .libs
[INFO] [stderr]   checking if cc supports -fno-rtti -fno-exceptions... yes
[INFO] [stderr]   checking for cc option to produce PIC... -fPIC -DPIC
[INFO] [stderr]   checking if cc PIC flag -fPIC -DPIC works... yes
[INFO] [stderr]   checking if cc static flag -static works... yes
[INFO] [stderr]   checking if cc supports -c -o file.o... yes
[INFO] [stderr]   checking if cc supports -c -o file.o... (cached) yes
[INFO] [stderr]   checking whether the cc linker (/usr/bin/x86_64-linux-gnu-ld -m elf_x86_64) supports shared libraries... yes
[INFO] [stderr]   checking dynamic linker characteristics... GNU/Linux ld.so
[INFO] [stderr]   checking how to hardcode library paths into programs... immediate
[INFO] [stderr]   checking whether stripping libraries is possible... yes
[INFO] [stderr]   checking if libtool supports shared libraries... yes
[INFO] [stderr]   checking whether to build shared libraries... no
[INFO] [stderr]   checking whether to build static libraries... yes
[INFO] [stderr]   checking how to run the C++ preprocessor... c++ -E
[INFO] [stderr]   checking for ld used by c++... /usr/bin/x86_64-linux-gnu-ld -m elf_x86_64
[INFO] [stderr]   checking if the linker (/usr/bin/x86_64-linux-gnu-ld -m elf_x86_64) is GNU ld... yes
[INFO] [stderr]   checking whether the c++ linker (/usr/bin/x86_64-linux-gnu-ld -m elf_x86_64) supports shared libraries... yes
[INFO] [stderr]   checking for c++ option to produce PIC... -fPIC -DPIC
[INFO] [stderr]   checking if c++ PIC flag -fPIC -DPIC works... yes
[INFO] [stderr]   checking if c++ static flag -static works... yes
[INFO] [stderr]   checking if c++ supports -c -o file.o... yes
[INFO] [stderr]   checking if c++ supports -c -o file.o... (cached) yes
[INFO] [stderr]   checking whether the c++ linker (/usr/bin/x86_64-linux-gnu-ld -m elf_x86_64) supports shared libraries... yes
[INFO] [stderr]   checking dynamic linker characteristics... (cached) GNU/Linux ld.so
[INFO] [stderr]   checking how to hardcode library paths into programs... immediate
[INFO] [stderr]   checking for python... :
[INFO] [stderr]   checking for the pthreads library -lpthreads... no
[INFO] [stderr]   checking whether pthreads work without any flags... yes
[INFO] [stderr]   checking for joinable pthread attribute... PTHREAD_CREATE_JOINABLE
[INFO] [stderr]   checking if more special flags are required for pthreads... no
[INFO] [stderr]   checking whether to check for GCC pthread/shared inconsistencies... yes
[INFO] [stderr]   checking whether -pthread is sufficient with -shared... yes
[INFO] [stderr]   checking that generated files are newer than configure... done
[INFO] [stderr]   configure: creating ./config.status
[INFO] [stderr]   config.status: creating Makefile
[INFO] [stderr]   config.status: creating scripts/gtest-config
[INFO] [stderr]   config.status: creating build-aux/config.h
[INFO] [stderr]   config.status: executing depfiles commands
[INFO] [stderr]   config.status: executing libtool commands
[INFO] [stderr]   === configuring in googlemock (/opt/rustwide/target/debug/build/protobuf-src/aa992f6c8788deb9/out/install/build/third_party/googletest/googlemock)
[INFO] [stderr]   configure: running /bin/bash /opt/rustwide/cargo-home/registry/src/index.crates.io-1949cf8c6b5b557f/protobuf-src-1.1.0+21.5/protobuf/third_party/googletest/googlemock/configure --disable-option-checking '--prefix=/opt/rustwide/target/debug/build/protobuf-src/aa992f6c8788deb9/out/install'  '--disable-shared' '--enable-static' '--disable-maintainer-mode' 'CC=cc' 'CFLAGS=-O0 -ffunction-sections -fdata-sections -fPIC -m64 -w' 'CXX=c++' 'CXXFLAGS=-O0 -ffunction-sections -fdata-sections -fPIC -m64 -w' --cache-file=/dev/null --srcdir=/opt/rustwide/cargo-home/registry/src/index.crates.io-1949cf8c6b5b557f/protobuf-src-1.1.0+21.5/protobuf/third_party/googletest/googlemock
[INFO] [stderr]   checking for a BSD-compatible install... /usr/bin/install -c
[INFO] [stderr]   checking whether build environment is sane... yes
[INFO] [stderr]   checking for a race-free mkdir -p... /usr/bin/mkdir -p
[INFO] [stderr]   checking for gawk... no
[INFO] [stderr]   checking for mawk... mawk
[INFO] [stderr]   checking whether make sets $(MAKE)... yes
[INFO] [stderr]   checking whether make supports nested variables... yes
[INFO] [stderr]   checking for gcc... cc
[INFO] [stderr]   checking whether the C compiler works... yes
[INFO] [stderr]   checking for C compiler default output file name... a.out
[INFO] [stderr]   checking for suffix of executables... 
[INFO] [stderr]   checking whether we are cross compiling... no
[INFO] [stderr]   checking for suffix of object files... o
[INFO] [stderr]   checking whether the compiler supports GNU C... yes
[INFO] [stderr]   checking whether cc accepts -g... yes
[INFO] [stderr]   checking for cc option to enable C11 features... none needed
[INFO] [stderr]   checking whether cc understands -c and -o together... yes
[INFO] [stderr]   checking whether make supports the include directive... yes (GNU style)
[INFO] [stderr]   checking dependency style of cc... gcc3
[INFO] [stderr]   checking whether the compiler supports GNU C++... yes
[INFO] [stderr]   checking whether c++ accepts -g... yes
[INFO] [stderr]   checking for c++ option to enable C++11 features... none needed
[INFO] [stderr]   checking dependency style of c++... gcc3
[INFO] [stderr]   checking build system type... x86_64-pc-linux-gnu
[INFO] [stderr]   checking host system type... x86_64-pc-linux-gnu
[INFO] [stderr]   checking how to print strings... printf
[INFO] [stderr]   checking for a sed that does not truncate output... /usr/bin/sed
[INFO] [stderr]   checking for grep that handles long lines and -e... /usr/bin/grep
[INFO] [stderr]   checking for egrep... /usr/bin/grep -E
[INFO] [stderr]   checking for fgrep... /usr/bin/grep -F
[INFO] [stderr]   checking for ld used by cc... /usr/bin/x86_64-linux-gnu-ld
[INFO] [stderr]   checking if the linker (/usr/bin/x86_64-linux-gnu-ld) is GNU ld... yes
[INFO] [stderr]   checking for BSD- or MS-compatible name lister (nm)... /usr/bin/nm -B
[INFO] [stderr]   checking the name lister (/usr/bin/nm -B) interface... BSD nm
[INFO] [stderr]   checking whether ln -s works... yes
[INFO] [stderr]   checking the maximum length of command line arguments... 1572864
[INFO] [stderr]   checking how to convert x86_64-pc-linux-gnu file names to x86_64-pc-linux-gnu format... func_convert_file_noop
[INFO] [stderr]   checking how to convert x86_64-pc-linux-gnu file names to toolchain format... func_convert_file_noop
[INFO] [stderr]   checking for /usr/bin/x86_64-linux-gnu-ld option to reload object files... -r
[INFO] [stderr]   checking for file... file
[INFO] [stderr]   checking for objdump... objdump
[INFO] [stderr]   checking how to recognize dependent libraries... pass_all
[INFO] [stderr]   checking for dlltool... no
[INFO] [stderr]   checking how to associate runtime and link libraries... printf %s\n
[INFO] [stderr]   checking for ar... ar
[INFO] [stderr]   checking for archiver @FILE support... @
[INFO] [stderr]   checking for strip... strip
[INFO] [stderr]   checking for ranlib... ranlib
[INFO] [stderr]   checking command to parse /usr/bin/nm -B output from cc object... ok
[INFO] [stderr]   checking for sysroot... no
[INFO] [stderr]   checking for a working dd... /usr/bin/dd
[INFO] [stderr]   checking how to truncate binary pipes... /usr/bin/dd bs=4096 count=1
[INFO] [stderr]   checking for mt... no
[INFO] [stderr]   checking if : is a manifest tool... no
[INFO] [stderr]   checking for stdio.h... yes
[INFO] [stderr]   checking for stdlib.h... yes
[INFO] [stderr]   checking for string.h... yes
[INFO] [stderr]   checking for inttypes.h... yes
[INFO] [stderr]   checking for stdint.h... yes
[INFO] [stderr]   checking for strings.h... yes
[INFO] [stderr]   checking for sys/stat.h... yes
[INFO] [stderr]   checking for sys/types.h... yes
[INFO] [stderr]   checking for unistd.h... yes
[INFO] [stderr]   checking for dlfcn.h... yes
[INFO] [stderr]   checking for objdir... .libs
[INFO] [stderr]   checking if cc supports -fno-rtti -fno-exceptions... yes
[INFO] [stderr]   checking for cc option to produce PIC... -fPIC -DPIC
[INFO] [stderr]   checking if cc PIC flag -fPIC -DPIC works... yes
[INFO] [stderr]   checking if cc static flag -static works... yes
[INFO] [stderr]   checking if cc supports -c -o file.o... yes
[INFO] [stderr]   checking if cc supports -c -o file.o... (cached) yes
[INFO] [stderr]   checking whether the cc linker (/usr/bin/x86_64-linux-gnu-ld -m elf_x86_64) supports shared libraries... yes
[INFO] [stderr]   checking dynamic linker characteristics... GNU/Linux ld.so
[INFO] [stderr]   checking how to hardcode library paths into programs... immediate
[INFO] [stderr]   checking whether stripping libraries is possible... yes
[INFO] [stderr]   checking if libtool supports shared libraries... yes
[INFO] [stderr]   checking whether to build shared libraries... no
[INFO] [stderr]   checking whether to build static libraries... yes
[INFO] [stderr]   checking how to run the C++ preprocessor... c++ -E
[INFO] [stderr]   checking for ld used by c++... /usr/bin/x86_64-linux-gnu-ld -m elf_x86_64
[INFO] [stderr]   checking if the linker (/usr/bin/x86_64-linux-gnu-ld -m elf_x86_64) is GNU ld... yes
[INFO] [stderr]   checking whether the c++ linker (/usr/bin/x86_64-linux-gnu-ld -m elf_x86_64) supports shared libraries... yes
[INFO] [stderr]   checking for c++ option to produce PIC... -fPIC -DPIC
[INFO] [stderr]   checking if c++ PIC flag -fPIC -DPIC works... yes
[INFO] [stderr]   checking if c++ static flag -static works... yes
[INFO] [stderr]   checking if c++ supports -c -o file.o... yes
[INFO] [stderr]   checking if c++ supports -c -o file.o... (cached) yes
[INFO] [stderr]   checking whether the c++ linker (/usr/bin/x86_64-linux-gnu-ld -m elf_x86_64) supports shared libraries... yes
[INFO] [stderr]   checking dynamic linker characteristics... (cached) GNU/Linux ld.so
[INFO] [stderr]   checking how to hardcode library paths into programs... immediate
[INFO] [stderr]   checking for python... :
[INFO] [stderr]   checking for the pthreads library -lpthreads... no
[INFO] [stderr]   checking whether pthreads work without any flags... yes
[INFO] [stderr]   checking for joinable pthread attribute... PTHREAD_CREATE_JOINABLE
[INFO] [stderr]   checking if more special flags are required for pthreads... no
[INFO] [stderr]   checking whether to check for GCC pthread/shared inconsistencies... yes
[INFO] [stderr]   checking whether -pthread is sufficient with -shared... yes
[INFO] [stderr]   checking for gtest-config... no
[INFO] [stderr]   checking that generated files are newer than configure... done
[INFO] [stderr]   configure: creating ./config.status
[INFO] [stderr]   config.status: creating Makefile
[INFO] [stderr]   config.status: creating scripts/gmock-config
[INFO] [stderr]   config.status: creating build-aux/config.h
[INFO] [stderr]   config.status: executing depfiles commands
[INFO] [stderr]   config.status: executing libtool commands
[INFO] [stderr]   running: cd "/opt/rustwide/target/debug/build/protobuf-src/aa992f6c8788deb9/out/install/build" && MAKEFLAGS="-j --jobserver-fds=4,5 --jobserver-auth=4,5" "sh" "-c" "exec \"$0\" \"$@\"" "make" "install" "-j16"
[INFO] [stderr]   Making install in .
[INFO] [stderr]   make[1]: Entering directory '/opt/rustwide/target/debug/build/protobuf-src/aa992f6c8788deb9/out/install/build'
[INFO] [stderr]   make[2]: Entering directory '/opt/rustwide/target/debug/build/protobuf-src/aa992f6c8788deb9/out/install/build'
[INFO] [stderr]   make[2]: Nothing to be done for 'install-exec-am'.
[INFO] [stderr]    /usr/bin/mkdir -p '/opt/rustwide/target/debug/build/protobuf-src/aa992f6c8788deb9/out/install/lib/pkgconfig'
[INFO] [stderr]    /usr/bin/install -c -m 644 protobuf.pc protobuf-lite.pc '/opt/rustwide/target/debug/build/protobuf-src/aa992f6c8788deb9/out/install/lib/pkgconfig'
[INFO] [stderr]   make[2]: Leaving directory '/opt/rustwide/target/debug/build/protobuf-src/aa992f6c8788deb9/out/install/build'
[INFO] [stderr]   make[1]: Leaving directory '/opt/rustwide/target/debug/build/protobuf-src/aa992f6c8788deb9/out/install/build'
[INFO] [stderr]   Making install in src
[INFO] [stderr]   make[1]: Entering directory '/opt/rustwide/target/debug/build/protobuf-src/aa992f6c8788deb9/out/install/build/src'
[INFO] [stderr]     CXX      google/protobuf/any.lo
[INFO] [stderr]     CXX      google/protobuf/wire_format_lite.lo
[INFO] [stderr]     CXX      google/protobuf/any.pb.lo
[INFO] [stderr]     CXX      google/protobuf/api.pb.lo
[INFO] [stderr]     CXX      google/protobuf/compiler/importer.lo
[INFO] [stderr]     CXX      google/protobuf/descriptor.lo
[INFO] [stderr]     CXX      google/protobuf/compiler/parser.lo
[INFO] [stderr]     CXX      google/protobuf/descriptor.pb.lo
[INFO] [stderr]     CXX      google/protobuf/descriptor_database.lo
[INFO] [stderr]     CXX      google/protobuf/duration.pb.lo
[INFO] [stderr]     CXX      google/protobuf/dynamic_message.lo
[INFO] [stderr]     CXX      google/protobuf/empty.pb.lo
[INFO] [stderr]     CXX      google/protobuf/extension_set_heavy.lo
[INFO] [stderr]     CXX      google/protobuf/field_mask.pb.lo
[INFO] [stderr]     CXX      google/protobuf/generated_message_bases.lo
[INFO] [stderr]     CXX      google/protobuf/generated_message_reflection.lo
[INFO] [stderr]   make[1]: Leaving directory '/opt/rustwide/target/debug/build/protobuf-src/aa992f6c8788deb9/out/install/build/src'
[INFO] [stderr] 
[INFO] [stderr]   --- stderr
[INFO] [stderr]   make: warning: -j16 forced in submake: resetting jobserver mode.
[INFO] [stderr]   c++: fatal error: Killed signal terminated program cc1plus
[INFO] [stderr]   compilation terminated.
[INFO] [stderr]   make[1]: *** [Makefile:4514: google/protobuf/descriptor_database.lo] Error 1
[INFO] [stderr]   make[1]: *** Waiting for unfinished jobs....
[INFO] [stderr]   c++: fatal error: Killed signal terminated program cc1plus
[INFO] [stderr]   compilation terminated.
[INFO] [stderr]   make[1]: *** [Makefile:4514: google/protobuf/extension_set_heavy.lo] Error 1
[INFO] [stderr]   c++: fatal error: Killed signal terminated program cc1plus
[INFO] [stderr]   compilation terminated.
[INFO] [stderr]   make[1]: *** [Makefile:4514: google/protobuf/descriptor.pb.lo] Error 1
[INFO] [stderr]   c++: fatal error: Killed signal terminated program cc1plus
[INFO] [stderr]   compilation terminated.
[INFO] [stderr]   c++: fatal error: Killed signal terminated program cc1plus
[INFO] [stderr]   compilation terminated.
[INFO] [stderr]   make[1]: *** [Makefile:4514: google/protobuf/duration.pb.lo] Error 1
[INFO] [stderr]   make[1]: *** [Makefile:4514: google/protobuf/generated_message_reflection.lo] Error 1
[INFO] [stderr]   c++: fatal error: Killed signal terminated program cc1plus
[INFO] [stderr]   compilation terminated.
[INFO] [stderr]   make[1]: *** [Makefile:4514: google/protobuf/compiler/parser.lo] Error 1
[INFO] [stderr]   c++: fatal error: Killed signal terminated program cc1plus
[INFO] [stderr]   compilation terminated.
[INFO] [stderr]   make[1]: *** [Makefile:4514: google/protobuf/descriptor.lo] Error 1
[INFO] [stderr]   make: *** [Makefile:1757: install-recursive] Error 1
[INFO] [stderr] 
[INFO] [stderr]   thread 'main' (1717) panicked at /opt/rustwide/cargo-home/registry/src/index.crates.io-1949cf8c6b5b557f/autotools-0.2.7/src/lib.rs:790:5:
[INFO] [stderr] 
[INFO] [stderr]   command did not execute successfully, got: exit status: 2
[INFO] [stderr] 
[INFO] [stderr]   build script failed, must exit now
[INFO] [stderr]   stack backtrace:
[INFO] [stderr]      0:     0x635b4df93c61 - <<std[3164a59e47d3bde]::sys::backtrace::BacktraceLock>::print::DisplayBacktrace as core[934024a1e6126fb4]::fmt::Display>::fmt
[INFO] [stderr]      1:     0x635b4dfa750a - core[934024a1e6126fb4]::fmt::write
[INFO] [stderr]      2:     0x635b4df995ac - <std[3164a59e47d3bde]::sys::stdio::unix::Stderr as core[934024a1e6126fb4]::io::write::Write>::write_fmt
[INFO] [stderr]      3:     0x635b4df72d26 - std[3164a59e47d3bde]::panicking::default_hook::{closure#0}
[INFO] [stderr]      4:     0x635b4df8e841 - std[3164a59e47d3bde]::panicking::default_hook
[INFO] [stderr]      5:     0x635b4df8e9fb - std[3164a59e47d3bde]::panicking::panic_with_hook
[INFO] [stderr]      6:     0x635b4df72dd2 - std[3164a59e47d3bde]::panicking::panic_handler::{closure#0}
[INFO] [stderr]      7:     0x635b4df6ba49 - std[3164a59e47d3bde]::sys::backtrace::__rust_end_short_backtrace::<std[3164a59e47d3bde]::panicking::panic_handler::{closure#0}, !>
[INFO] [stderr]      8:     0x635b4df736ad - __rustc[2e7b49d4226056d3]::rust_begin_unwind
[INFO] [stderr]      9:     0x635b4dfa7cfc - core[934024a1e6126fb4]::panicking::panic_fmt
[INFO] [stderr]     10:     0x635b4def5f27 - autotools[f1eb23195ab9bb8a]::fail
[INFO] [stderr]     11:     0x635b4def96f8 - <autotools[f1eb23195ab9bb8a]::Config>::build
[INFO] [stderr]     12:     0x635b4def2e2d - build_script_build[30733eb0ce46be48]::main
[INFO] [stderr]     13:     0x635b4def4303 - <fn() -> core[934024a1e6126fb4]::result::Result<(), alloc[b96ed41a801e996d]::boxed::Box<dyn core[934024a1e6126fb4]::error::Error>> as core[934024a1e6126fb4]::ops::function::FnOnce<()>>::call_once
[INFO] [stderr]     14:     0x635b4def2aae - std[3164a59e47d3bde]::sys::backtrace::__rust_begin_short_backtrace::<fn() -> core[934024a1e6126fb4]::result::Result<(), alloc[b96ed41a801e996d]::boxed::Box<dyn core[934024a1e6126fb4]::error::Error>>, core[934024a1e6126fb4]::result::Result<(), alloc[b96ed41a801e996d]::boxed::Box<dyn core[934024a1e6126fb4]::error::Error>>>
[INFO] [stderr]     15:     0x635b4def2af9 - std[3164a59e47d3bde]::rt::lang_start::<core[934024a1e6126fb4]::result::Result<(), alloc[b96ed41a801e996d]::boxed::Box<dyn core[934024a1e6126fb4]::error::Error>>>::{closure#0}
[INFO] [stderr]     16:     0x635b4df8db48 - std[3164a59e47d3bde]::rt::lang_start_internal
[INFO] [stderr]     17:     0x635b4def2aa1 - std[3164a59e47d3bde]::rt::lang_start::<core[934024a1e6126fb4]::result::Result<(), alloc[b96ed41a801e996d]::boxed::Box<dyn core[934024a1e6126fb4]::error::Error>>>
[INFO] [stderr]     18:     0x635b4def43c5 - main
[INFO] [stderr]     19:     0x75315b0a5601 - <unknown>
[INFO] [stderr]     20:     0x75315b0a5718 - __libc_start_main
[INFO] [stderr]     21:     0x635b4def10c5 - _start
[INFO] [stderr]     22:                0x0 - <unknown>
[INFO] running `Command { std: "docker" "inspect" "50bdb1960d5c6d6a7285876ce4c1e6a88c6c979fcc9f1b7061fb9a08b929da7b", kill_on_drop: false }`
[INFO] running `Command { std: "docker" "rm" "-f" "50bdb1960d5c6d6a7285876ce4c1e6a88c6c979fcc9f1b7061fb9a08b929da7b", kill_on_drop: false }`
[INFO] [stdout] 50bdb1960d5c6d6a7285876ce4c1e6a88c6c979fcc9f1b7061fb9a08b929da7b
