[INFO] cloning repository https://github.com/hydra-language/hydra
[INFO] running `Command { std: "git" "-c" "credential.helper=" "-c" "credential.helper=/workspace/cargo-home/bin/git-credential-null" "clone" "--bare" "https://github.com/hydra-language/hydra" "/workspace/cache/git-repos/https%3A%2F%2Fgithub.com%2Fhydra-language%2Fhydra", kill_on_drop: false }`
[INFO] [stderr] Cloning into bare repository '/workspace/cache/git-repos/https%3A%2F%2Fgithub.com%2Fhydra-language%2Fhydra'...
[INFO] running `Command { std: "git" "rev-parse" "HEAD", kill_on_drop: false }`
[INFO] [stdout] 71bb271660aa918c6e74b28ad3aef96b6eee2e1a
[INFO] checking hydra-language/hydra against 3154cc1a3e6424e44f438a95007d043ed5ceaaf6+rustflags=-Znext-solver=coherence for pr-133502-30
[INFO] running `Command { std: "git" "clone" "/workspace/cache/git-repos/https%3A%2F%2Fgithub.com%2Fhydra-language%2Fhydra" "/workspace/builds/worker-3-tc1/source", kill_on_drop: false }`
[INFO] [stderr] Cloning into '/workspace/builds/worker-3-tc1/source'...
[INFO] [stderr] done.
[INFO] started tweaking git repo https://github.com/hydra-language/hydra
[INFO] finished tweaking git repo https://github.com/hydra-language/hydra
[INFO] tweaked toml for git repo https://github.com/hydra-language/hydra written to /workspace/builds/worker-3-tc1/source/Cargo.toml
[INFO] validating manifest of git repo https://github.com/hydra-language/hydra on toolchain 3154cc1a3e6424e44f438a95007d043ed5ceaaf6
[INFO] running `Command { std: CARGO_HOME="/workspace/cargo-home" RUSTUP_HOME="/workspace/rustup-home" "/workspace/cargo-home/bin/cargo" "+3154cc1a3e6424e44f438a95007d043ed5ceaaf6" "metadata" "--manifest-path" "Cargo.toml" "--no-deps", kill_on_drop: false }`
[INFO] crate git repo https://github.com/hydra-language/hydra already has a lockfile, it will not be regenerated
[INFO] running `Command { std: CARGO_HOME="/workspace/cargo-home" RUSTUP_HOME="/workspace/rustup-home" "/workspace/cargo-home/bin/cargo" "+3154cc1a3e6424e44f438a95007d043ed5ceaaf6" "fetch" "--manifest-path" "Cargo.toml", kill_on_drop: false }`
[INFO] [stderr] warning: virtual workspace defaulting to `resolver = "1"` despite one or more workspace members being on edition 2024 which implies `resolver = "3"`
[INFO] [stderr]   |
[INFO] [stderr]   = note: to keep the current resolver, specify `workspace.resolver = "1"` in the workspace root's manifest
[INFO] [stderr]   = note: to use the edition 2024 resolver, specify `workspace.resolver = "3"` in the workspace root's manifest
[INFO] [stderr]   = note: for more details see https://doc.rust-lang.org/cargo/reference/resolver.html#resolver-versions
[INFO] [stderr] warning: missing `[lints]` to inherit `[workspace.lints]`
[INFO] [stderr]  --> crates/errors/Cargo.toml
[INFO] [stderr]   = note: `cargo::missing_lints_inheritance` is set to `warn` by default
[INFO] [stderr] help: to inherit `workspace.lints, add:
[INFO] [stderr]   |
[INFO] [stderr] 6 ~ [dependencies]
[INFO] [stderr] 7 + [lints]
[INFO] [stderr] 8 + workspace = true
[INFO] [stderr]   |
[INFO] [stderr] help: to clarify your intent to not inherit, add:
[INFO] [stderr]   |
[INFO] [stderr] 6 ~ [dependencies]
[INFO] [stderr] 7 + [lints]
[INFO] [stderr]   |
[INFO] [stderr] warning: `errors` (manifest) generated 1 warning
[INFO] [stderr] warning: missing `[lints]` to inherit `[workspace.lints]`
[INFO] [stderr]   --> hydrac/Cargo.toml
[INFO] [stderr]    = note: `cargo::missing_lints_inheritance` is set to `warn` by default
[INFO] [stderr] help: to inherit `workspace.lints, add:
[INFO] [stderr]    |
[INFO] [stderr] 13 ~ path = "src/main.rs"
[INFO] [stderr] 14 + [lints]
[INFO] [stderr] 15 + workspace = true
[INFO] [stderr]    |
[INFO] [stderr] help: to clarify your intent to not inherit, add:
[INFO] [stderr]    |
[INFO] [stderr] 13 ~ path = "src/main.rs"
[INFO] [stderr] 14 + [lints]
[INFO] [stderr]    |
[INFO] [stderr] warning: `hydrac` (manifest) generated 1 warning
[INFO] [stderr] warning: missing `[lints]` to inherit `[workspace.lints]`
[INFO] [stderr]  --> runtime/Cargo.toml
[INFO] [stderr]   = note: `cargo::missing_lints_inheritance` is set to `warn` by default
[INFO] [stderr] help: to inherit `workspace.lints, add:
[INFO] [stderr]   |
[INFO] [stderr] 7 ~ crate-type = ["staticlib"]
[INFO] [stderr] 8 + [lints]
[INFO] [stderr] 9 + workspace = true
[INFO] [stderr]   |
[INFO] [stderr] help: to clarify your intent to not inherit, add:
[INFO] [stderr]   |
[INFO] [stderr] 7 ~ crate-type = ["staticlib"]
[INFO] [stderr] 8 + [lints]
[INFO] [stderr]   |
[INFO] [stderr] warning: `rt` (manifest) generated 1 warning
[INFO] [stderr]     Blocking waiting for file lock on package cache
[INFO] [stderr]     Updating crates.io index
[INFO] [stderr]     Blocking waiting for file lock on package cache
[INFO] [stderr]  Downloading crates ...
[INFO] [stderr]   Downloaded cfg-if v1.0.3
[INFO] [stderr]   Downloaded llvm-sys v140.1.3
[INFO] [stderr]   Downloaded anstyle v1.0.11
[INFO] [stderr]   Downloaded anstyle-wincon v3.0.9
[INFO] [stderr]   Downloaded colorchoice v1.0.4
[INFO] [stderr]   Downloaded clap_lex v0.7.5
[INFO] [stderr]   Downloaded is_terminal_polyfill v1.70.1
[INFO] [stderr]   Downloaded once_cell_polyfill v1.70.1
[INFO] [stderr]   Downloaded anstyle-query v1.1.3
[INFO] [stderr]   Downloaded inkwell_internals v0.8.0
[INFO] [stderr]   Downloaded anstream v0.6.19
[INFO] [stderr]   Downloaded utf8parse v0.2.2
[INFO] [stderr]   Downloaded anstyle-parse v0.2.7
[INFO] [stderr]   Downloaded find-msvc-tools v0.1.3
[INFO] [stderr]   Downloaded quote v1.0.40
[INFO] [stderr]   Downloaded bitflags v2.9.4
[INFO] [stderr]   Downloaded unicode-ident v1.0.18
[INFO] [stderr]   Downloaded proc-macro2 v1.0.95
[INFO] [stderr]   Downloaded clap v4.5.41
[INFO] [stderr]   Downloaded clap_derive v4.5.41
[INFO] [stderr]   Downloaded cc v1.2.40
[INFO] [stderr]   Downloaded aho-corasick v1.1.3
[INFO] [stderr]   Downloaded clap_builder v4.5.41
[INFO] [stderr]   Downloaded inkwell v0.2.0
[INFO] [stderr]   Downloaded regex v1.11.3
[INFO] [stderr]   Downloaded syn v2.0.104
[INFO] [stderr]   Downloaded regex-syntax v0.8.6
[INFO] [stderr]   Downloaded regex-automata v0.4.11
[INFO] [stderr]   Downloaded libc v0.2.176
[INFO] running `Command { std: "docker" "create" "-v" "/var/lib/crater-agent-workspace/builds/worker-3-tc1/source:/opt/rustwide/workdir:ro,Z" "-v" "/var/lib/crater-agent-workspace/builds/worker-3-tc1/target:/opt/rustwide/target:rw,Z" "-v" "/var/lib/crater-agent-workspace/cargo-home:/opt/rustwide/cargo-home:ro,Z" "-v" "/var/lib/crater-agent-workspace/rustup-home:/opt/rustwide/rustup-home:ro,Z" "-m" "1610612736" "--network" "none" "ghcr.io/rust-lang/crates-build-env/linux@sha256:77db811e55d90add9212f6832c23229e3de5f1c1f9905e8cb07319ea15df73ac" "sleep" "infinity", kill_on_drop: false }`
[INFO] [stdout] bd8a1d399c8ad28430643422399c6c0e9542185bd596d163c2f67448e632b876
[INFO] running `Command { std: "docker" "start" "bd8a1d399c8ad28430643422399c6c0e9542185bd596d163c2f67448e632b876", kill_on_drop: false }`
[INFO] running `Command { std: "docker" "inspect" "bd8a1d399c8ad28430643422399c6c0e9542185bd596d163c2f67448e632b876", kill_on_drop: false }`
[INFO] running `Command { std: "docker" "exec" "-e" "SOURCE_DIR=/opt/rustwide/workdir" "-e" "CARGO_HOME=/opt/rustwide/cargo-home" "-e" "RUSTUP_HOME=/opt/rustwide/rustup-home" "-e" "CARGO_TARGET_DIR=/opt/rustwide/target" "-w" "/opt/rustwide/workdir" "--user" "0:0" "bd8a1d399c8ad28430643422399c6c0e9542185bd596d163c2f67448e632b876" "/opt/rustwide/cargo-home/bin/cargo" "+3154cc1a3e6424e44f438a95007d043ed5ceaaf6" "metadata" "--no-deps" "--format-version=1", kill_on_drop: false }`
[INFO] running `Command { std: "docker" "inspect" "bd8a1d399c8ad28430643422399c6c0e9542185bd596d163c2f67448e632b876", kill_on_drop: false }`
[INFO] running `Command { std: "docker" "exec" "-e" "SOURCE_DIR=/opt/rustwide/workdir" "-e" "CARGO_HOME=/opt/rustwide/cargo-home" "-e" "RUSTUP_HOME=/opt/rustwide/rustup-home" "-e" "CARGO_TARGET_DIR=/opt/rustwide/target" "-e" "CARGO_INCREMENTAL=0" "-e" "RUST_BACKTRACE=full" "-e" "RUSTFLAGS=--cap-lints=forbid -Znext-solver=coherence" "-e" "RUSTDOCFLAGS=--cap-lints=forbid" "-w" "/opt/rustwide/workdir" "--user" "0:0" "bd8a1d399c8ad28430643422399c6c0e9542185bd596d163c2f67448e632b876" "/opt/rustwide/cargo-home/bin/cargo" "+3154cc1a3e6424e44f438a95007d043ed5ceaaf6" "check" "--frozen" "--all" "--all-targets" "--message-format=json", kill_on_drop: false }`
[INFO] [stderr] warning: virtual workspace defaulting to `resolver = "1"` despite one or more workspace members being on edition 2024 which implies `resolver = "3"`
[INFO] [stderr]   |
[INFO] [stderr]   = note: to keep the current resolver, specify `workspace.resolver = "1"` in the workspace root's manifest
[INFO] [stderr]   = note: to use the edition 2024 resolver, specify `workspace.resolver = "3"` in the workspace root's manifest
[INFO] [stderr]   = note: for more details see https://doc.rust-lang.org/cargo/reference/resolver.html#resolver-versions
[INFO] [stderr] warning: missing `[lints]` to inherit `[workspace.lints]`
[INFO] [stderr]  --> crates/errors/Cargo.toml
[INFO] [stderr]   = note: `cargo::missing_lints_inheritance` is set to `warn` by default
[INFO] [stderr] help: to inherit `workspace.lints, add:
[INFO] [stderr]   |
[INFO] [stderr] 6 ~ [dependencies]
[INFO] [stderr] 7 + [lints]
[INFO] [stderr] 8 + workspace = true
[INFO] [stderr]   |
[INFO] [stderr] help: to clarify your intent to not inherit, add:
[INFO] [stderr]   |
[INFO] [stderr] 6 ~ [dependencies]
[INFO] [stderr] 7 + [lints]
[INFO] [stderr]   |
[INFO] [stderr] warning: `errors` (manifest) generated 1 warning
[INFO] [stderr] warning: missing `[lints]` to inherit `[workspace.lints]`
[INFO] [stderr]  --> runtime/Cargo.toml
[INFO] [stderr]   = note: `cargo::missing_lints_inheritance` is set to `warn` by default
[INFO] [stderr] help: to inherit `workspace.lints, add:
[INFO] [stderr]   |
[INFO] [stderr] 7 ~ crate-type = ["staticlib"]
[INFO] [stderr] 8 + [lints]
[INFO] [stderr] 9 + workspace = true
[INFO] [stderr]   |
[INFO] [stderr] help: to clarify your intent to not inherit, add:
[INFO] [stderr]   |
[INFO] [stderr] 7 ~ crate-type = ["staticlib"]
[INFO] [stderr] 8 + [lints]
[INFO] [stderr]   |
[INFO] [stderr] warning: `rt` (manifest) generated 1 warning
[INFO] [stderr] warning: missing `[lints]` to inherit `[workspace.lints]`
[INFO] [stderr]   --> hydrac/Cargo.toml
[INFO] [stderr]    = note: `cargo::missing_lints_inheritance` is set to `warn` by default
[INFO] [stderr] help: to inherit `workspace.lints, add:
[INFO] [stderr]    |
[INFO] [stderr] 13 ~ path = "src/main.rs"
[INFO] [stderr] 14 + [lints]
[INFO] [stderr] 15 + workspace = true
[INFO] [stderr]    |
[INFO] [stderr] help: to clarify your intent to not inherit, add:
[INFO] [stderr]    |
[INFO] [stderr] 13 ~ path = "src/main.rs"
[INFO] [stderr] 14 + [lints]
[INFO] [stderr]    |
[INFO] [stderr] warning: `hydrac` (manifest) generated 1 warning
[INFO] [stderr]     Checking errors v0.4.4 (/opt/rustwide/workdir/crates/errors)
[INFO] [stderr]    Compiling proc-macro2 v1.0.95
[INFO] [stderr]    Compiling memchr v2.7.6
[INFO] [stderr]    Compiling regex-syntax v0.8.6
[INFO] [stderr]    Compiling unicode-ident v1.0.18
[INFO] [stderr]    Compiling shlex v1.3.0
[INFO] [stderr]    Compiling find-msvc-tools v0.1.3
[INFO] [stderr]    Compiling libc v0.2.176
[INFO] [stderr]     Checking lexer v0.4.4 (/opt/rustwide/workdir/crates/lexer)
[INFO] [stderr]    Compiling semver v1.0.27
[INFO] [stderr]     Checking parser v0.4.4 (/opt/rustwide/workdir/crates/parser)
[INFO] [stderr]    Compiling lazy_static v1.5.0
[INFO] [stderr]    Compiling cc v1.2.40
[INFO] [stderr]    Compiling parking_lot_core v0.9.12
[INFO] [stderr]     Checking smallvec v1.15.1
[INFO] [stderr]     Checking scopeguard v1.2.0
[INFO] [stderr]     Checking cfg-if v1.0.3
[INFO] [stderr]     Checking lock_api v0.4.14
[INFO] [stderr]    Compiling inkwell v0.2.0
[INFO] [stderr]     Checking ir v0.4.4 (/opt/rustwide/workdir/crates/ir)
[INFO] [stderr]    Compiling quote v1.0.40
[INFO] [stderr]     Checking once_cell v1.21.3
[INFO] [stderr]    Compiling aho-corasick v1.1.3
[INFO] [stderr]    Compiling syn v2.0.104
[INFO] [stderr]     Checking parking_lot v0.12.5
[INFO] [stderr]     Checking either v1.15.0
[INFO] [stderr]     Checking utf8parse v0.2.2
[INFO] [stderr]     Checking colorchoice v1.0.4
[INFO] [stderr]     Checking anstyle-parse v0.2.7
[INFO] [stderr]     Checking is_terminal_polyfill v1.70.1
[INFO] [stderr]     Checking anstyle-query v1.1.3
[INFO] [stderr]     Checking anstyle v1.0.11
[INFO] [stderr]     Checking clap_lex v0.7.5
[INFO] [stderr]     Checking strsim v0.11.1
[INFO] [stderr]     Checking analyzer v0.4.4 (/opt/rustwide/workdir/crates/analyzer)
[INFO] [stderr]     Checking anstream v0.6.19
[INFO] [stderr]    Compiling heck v0.5.0
[INFO] [stderr]     Checking clap_builder v4.5.41
[INFO] [stdout] warning: unused import: `TokenType`
[INFO] [stdout]  --> crates/parser/tests/generics.rs:1:20
[INFO] [stdout]   |
[INFO] [stdout] 1 | use lexer::{Lexer, TokenType};
[INFO] [stdout]   |                    ^^^^^^^^^
[INFO] [stdout]   |
[INFO] [stdout]   = note: `#[warn(unused_imports)]` (part of `#[warn(unused)]`) on by default
[INFO] [stdout] 
[INFO] [stdout] 
[INFO] [stderr]    Compiling regex-automata v0.4.11
[INFO] [stderr]     Checking mir v0.4.4 (/opt/rustwide/workdir/crates/mir)
[INFO] [stdout] error[E0027]: pattern does not mention field `generic_params`
[INFO] [stdout]    --> crates/analyzer/tests/traits/traits.rs:154:9
[INFO] [stdout]     |
[INFO] [stdout] 154 |     let DefKind::Trait { methods } = &display.kind else {
[INFO] [stdout]     |         ^^^^^^^^^^^^^^^^^^^^^^^^^^ missing field `generic_params`
[INFO] [stdout]     |
[INFO] [stdout] help: include the missing field in the pattern
[INFO] [stdout]     |
[INFO] [stdout] 154 |     let DefKind::Trait { methods, generic_params } = &display.kind else {
[INFO] [stdout]     |                                 ++++++++++++++++
[INFO] [stdout] help: if you don't care about this missing field, you can explicitly ignore it
[INFO] [stdout]     |
[INFO] [stdout] 154 |     let DefKind::Trait { methods, generic_params: _ } = &display.kind else {
[INFO] [stdout]     |                                 +++++++++++++++++++
[INFO] [stdout] help: or always ignore missing fields here
[INFO] [stdout]     |
[INFO] [stdout] 154 |     let DefKind::Trait { methods, .. } = &display.kind else {
[INFO] [stdout]     |                                 ++++
[INFO] [stdout] 
[INFO] [stdout] 
[INFO] [stdout] error[E0027]: pattern does not mention field `generic_params`
[INFO] [stdout]    --> crates/analyzer/tests/traits/traits.rs:187:9
[INFO] [stdout]     |
[INFO] [stdout] 187 |     let DefKind::Trait { methods } = &measure_trait.kind else {
[INFO] [stdout]     |         ^^^^^^^^^^^^^^^^^^^^^^^^^^ missing field `generic_params`
[INFO] [stdout]     |
[INFO] [stdout] help: include the missing field in the pattern
[INFO] [stdout]     |
[INFO] [stdout] 187 |     let DefKind::Trait { methods, generic_params } = &measure_trait.kind else {
[INFO] [stdout]     |                                 ++++++++++++++++
[INFO] [stdout] help: if you don't care about this missing field, you can explicitly ignore it
[INFO] [stdout]     |
[INFO] [stdout] 187 |     let DefKind::Trait { methods, generic_params: _ } = &measure_trait.kind else {
[INFO] [stdout]     |                                 +++++++++++++++++++
[INFO] [stdout] help: or always ignore missing fields here
[INFO] [stdout]     |
[INFO] [stdout] 187 |     let DefKind::Trait { methods, .. } = &measure_trait.kind else {
[INFO] [stdout]     |                                 ++++
[INFO] [stdout] 
[INFO] [stdout] 
[INFO] [stdout] error[E0027]: pattern does not mention field `generic_params`
[INFO] [stdout]    --> crates/analyzer/tests/traits/traits.rs:247:9
[INFO] [stdout]     |
[INFO] [stdout] 247 |     let DefKind::Trait { methods } = &writer_trait.kind else {
[INFO] [stdout]     |         ^^^^^^^^^^^^^^^^^^^^^^^^^^ missing field `generic_params`
[INFO] [stdout]     |
[INFO] [stdout] help: include the missing field in the pattern
[INFO] [stdout]     |
[INFO] [stdout] 247 |     let DefKind::Trait { methods, generic_params } = &writer_trait.kind else {
[INFO] [stdout]     |                                 ++++++++++++++++
[INFO] [stdout] help: if you don't care about this missing field, you can explicitly ignore it
[INFO] [stdout]     |
[INFO] [stdout] 247 |     let DefKind::Trait { methods, generic_params: _ } = &writer_trait.kind else {
[INFO] [stdout]     |                                 +++++++++++++++++++
[INFO] [stdout] help: or always ignore missing fields here
[INFO] [stdout]     |
[INFO] [stdout] 247 |     let DefKind::Trait { methods, .. } = &writer_trait.kind else {
[INFO] [stdout]     |                                 ++++
[INFO] [stdout] 
[INFO] [stdout] 
[INFO] [stdout] For more information about this error, try `rustc --explain E0027`.
[INFO] [stdout] 
[INFO] [stderr] error: could not compile `analyzer` (test "traits") due to 3 previous errors
[INFO] [stderr] warning: build failed, waiting for other jobs to finish...
[INFO] running `Command { std: "docker" "inspect" "bd8a1d399c8ad28430643422399c6c0e9542185bd596d163c2f67448e632b876", kill_on_drop: false }`
[INFO] running `Command { std: "docker" "rm" "-f" "bd8a1d399c8ad28430643422399c6c0e9542185bd596d163c2f67448e632b876", kill_on_drop: false }`
[INFO] [stdout] bd8a1d399c8ad28430643422399c6c0e9542185bd596d163c2f67448e632b876
