[INFO] cloning repository https://github.com/hupe1980/oicp-kit
[INFO] running `Command { std: "git" "-c" "credential.helper=" "-c" "credential.helper=/workspace/cargo-home/bin/git-credential-null" "clone" "--bare" "https://github.com/hupe1980/oicp-kit" "/workspace/cache/git-repos/https%3A%2F%2Fgithub.com%2Fhupe1980%2Foicp-kit", kill_on_drop: false }`
[INFO] [stderr] Cloning into bare repository '/workspace/cache/git-repos/https%3A%2F%2Fgithub.com%2Fhupe1980%2Foicp-kit'...
[INFO] running `Command { std: "git" "rev-parse" "HEAD", kill_on_drop: false }`
[INFO] [stdout] 514e43c8ce92393f51a0f6c2e794a70dd78f8831
[INFO] checking hupe1980/oicp-kit against 3154cc1a3e6424e44f438a95007d043ed5ceaaf6 for pr-133502-30
[INFO] running `Command { std: "git" "clone" "/workspace/cache/git-repos/https%3A%2F%2Fgithub.com%2Fhupe1980%2Foicp-kit" "/workspace/builds/worker-5-tc2/source", kill_on_drop: false }`
[INFO] [stderr] Cloning into '/workspace/builds/worker-5-tc2/source'...
[INFO] [stderr] done.
[INFO] started tweaking git repo https://github.com/hupe1980/oicp-kit
[INFO] removed 0 missing tests
[INFO] finished tweaking git repo https://github.com/hupe1980/oicp-kit
[INFO] tweaked toml for git repo https://github.com/hupe1980/oicp-kit written to /workspace/builds/worker-5-tc2/source/Cargo.toml
[INFO] validating manifest of git repo https://github.com/hupe1980/oicp-kit on toolchain 3154cc1a3e6424e44f438a95007d043ed5ceaaf6
[INFO] running `Command { std: CARGO_HOME="/workspace/cargo-home" RUSTUP_HOME="/workspace/rustup-home" "/workspace/cargo-home/bin/cargo" "+3154cc1a3e6424e44f438a95007d043ed5ceaaf6" "metadata" "--manifest-path" "Cargo.toml" "--no-deps", kill_on_drop: false }`
[INFO] crate git repo https://github.com/hupe1980/oicp-kit already has a lockfile, it will not be regenerated
[INFO] running `Command { std: CARGO_HOME="/workspace/cargo-home" RUSTUP_HOME="/workspace/rustup-home" "/workspace/cargo-home/bin/cargo" "+3154cc1a3e6424e44f438a95007d043ed5ceaaf6" "fetch" "--manifest-path" "Cargo.toml", kill_on_drop: false }`
[INFO] [stderr] warning: `package.homepage` is redundant with `package.repository`
[INFO] [stderr]    --> Cargo.toml:158:12
[INFO] [stderr]     |
[INFO] [stderr] 158 | homepage = "https://github.com/hupe1980/oicp-kit"
[INFO] [stderr]     |            ^^^^^^^^^^^^^^^^^^^^^^^^^^^^^^^^^^^^^^
[INFO] [stderr] ...
[INFO] [stderr] 163 | repository = "https://github.com/hupe1980/oicp-kit"
[INFO] [stderr]     |              --------------------------------------
[INFO] [stderr]     |
[INFO] [stderr]     = note: `cargo::redundant_homepage` is set to `warn` by default
[INFO] [stderr] help: consider removing `package.homepage`
[INFO] [stderr] warning: `oicp-kit` (manifest) generated 1 warning
[INFO] running `Command { std: "docker" "create" "-v" "/var/lib/crater-agent-workspace/builds/worker-5-tc2/source:/opt/rustwide/workdir:ro,Z" "-v" "/var/lib/crater-agent-workspace/builds/worker-5-tc2/target:/opt/rustwide/target:rw,Z" "-v" "/var/lib/crater-agent-workspace/cargo-home:/opt/rustwide/cargo-home:ro,Z" "-v" "/var/lib/crater-agent-workspace/rustup-home:/opt/rustwide/rustup-home:ro,Z" "-m" "1610612736" "--network" "none" "ghcr.io/rust-lang/crates-build-env/linux@sha256:77db811e55d90add9212f6832c23229e3de5f1c1f9905e8cb07319ea15df73ac" "sleep" "infinity", kill_on_drop: false }`
[INFO] [stdout] 3ad5c602eccdf2755b4356ed5c7c833e0a701f3e1ed76c28985de7f7c32bbae9
[INFO] running `Command { std: "docker" "start" "3ad5c602eccdf2755b4356ed5c7c833e0a701f3e1ed76c28985de7f7c32bbae9", kill_on_drop: false }`
[INFO] running `Command { std: "docker" "inspect" "3ad5c602eccdf2755b4356ed5c7c833e0a701f3e1ed76c28985de7f7c32bbae9", kill_on_drop: false }`
[INFO] running `Command { std: "docker" "exec" "-e" "SOURCE_DIR=/opt/rustwide/workdir" "-e" "CARGO_HOME=/opt/rustwide/cargo-home" "-e" "RUSTUP_HOME=/opt/rustwide/rustup-home" "-e" "CARGO_TARGET_DIR=/opt/rustwide/target" "-w" "/opt/rustwide/workdir" "--user" "0:0" "3ad5c602eccdf2755b4356ed5c7c833e0a701f3e1ed76c28985de7f7c32bbae9" "/opt/rustwide/cargo-home/bin/cargo" "+3154cc1a3e6424e44f438a95007d043ed5ceaaf6" "metadata" "--no-deps" "--format-version=1", kill_on_drop: false }`
[INFO] running `Command { std: "docker" "inspect" "3ad5c602eccdf2755b4356ed5c7c833e0a701f3e1ed76c28985de7f7c32bbae9", kill_on_drop: false }`
[INFO] running `Command { std: "docker" "exec" "-e" "SOURCE_DIR=/opt/rustwide/workdir" "-e" "CARGO_HOME=/opt/rustwide/cargo-home" "-e" "RUSTUP_HOME=/opt/rustwide/rustup-home" "-e" "CARGO_TARGET_DIR=/opt/rustwide/target" "-e" "CARGO_INCREMENTAL=0" "-e" "RUST_BACKTRACE=full" "-e" "RUSTFLAGS=--cap-lints=forbid" "-e" "RUSTDOCFLAGS=--cap-lints=forbid" "-w" "/opt/rustwide/workdir" "--user" "0:0" "3ad5c602eccdf2755b4356ed5c7c833e0a701f3e1ed76c28985de7f7c32bbae9" "/opt/rustwide/cargo-home/bin/cargo" "+3154cc1a3e6424e44f438a95007d043ed5ceaaf6" "check" "--frozen" "--all" "--all-targets" "--message-format=json", kill_on_drop: false }`
[INFO] [stderr] warning: `package.homepage` is redundant with `package.repository`
[INFO] [stderr]    --> Cargo.toml:158:12
[INFO] [stderr]     |
[INFO] [stderr] 158 | homepage = "https://github.com/hupe1980/oicp-kit"
[INFO] [stderr]     |            ^^^^^^^^^^^^^^^^^^^^^^^^^^^^^^^^^^^^^^
[INFO] [stderr] ...
[INFO] [stderr] 163 | repository = "https://github.com/hupe1980/oicp-kit"
[INFO] [stderr]     |              --------------------------------------
[INFO] [stderr]     |
[INFO] [stderr]     = note: `cargo::redundant_homepage` is set to `warn` by default
[INFO] [stderr] help: consider removing `package.homepage`
[INFO] [stderr] warning: `oicp-kit` (manifest) generated 1 warning
[INFO] [stderr]    Compiling prettyplease v0.3.0
[INFO] [stderr]    Compiling serde v1.0.229
[INFO] [stderr]    Compiling serde_json v1.0.151
[INFO] [stderr]    Compiling num-traits v0.2.19
[INFO] [stderr]    Compiling syn v3.0.4
[INFO] [stderr]    Compiling syn v2.0.119
[INFO] [stderr]    Compiling rust_decimal v1.42.1
[INFO] [stderr]     Checking time v0.3.55
[INFO] [stderr]     Checking clap_builder v4.6.6
[INFO] [stderr]     Checking itertools v0.10.5
[INFO] [stderr]     Checking regex-automata v0.4.18
[INFO] [stderr]     Checking quick-error v1.2.3
[INFO] [stderr]     Checking bit-vec v0.8.0
[INFO] [stderr]     Checking rand_xorshift v0.4.0
[INFO] [stderr]     Checking rand v0.9.5
[INFO] [stderr]     Checking console v0.16.4
[INFO] [stderr]     Checking is-terminal v0.4.17
[INFO] [stderr]     Checking rusty-fork v0.3.1
[INFO] [stderr]     Checking unarray v0.1.4
[INFO] [stderr]     Checking bit-set v0.8.0
[INFO] [stderr]     Checking regex v1.13.1
[INFO] [stderr]     Checking clap v4.6.6
[INFO] [stderr]     Checking criterion-plot v0.5.0
[INFO] [stderr]    Compiling zerocopy-derive v0.8.56
[INFO] [stderr]    Compiling darling_core v0.24.1
[INFO] [stderr]    Compiling serde_derive v1.0.229
[INFO] [stderr]    Compiling thiserror-impl v2.0.20
[INFO] [stderr]    Compiling tokio-macros v2.7.2
[INFO] [stderr]     Checking zerocopy v0.8.56
[INFO] [stderr]     Checking tokio v1.53.1
[INFO] [stderr]     Checking thiserror v2.0.20
[INFO] [stderr]    Compiling darling_macro v0.24.1
[INFO] [stderr]    Compiling darling v0.24.1
[INFO] [stderr]     Checking tinytemplate v1.2.1
[INFO] [stderr]     Checking insta v1.48.0
[INFO] [stderr]    Compiling bon-macros v3.10.0
[INFO] [stderr]     Checking half v2.7.1
[INFO] [stderr]     Checking ppv-lite86 v0.2.21
[INFO] [stderr]     Checking rand_chacha v0.9.0
[INFO] [stderr]     Checking ciborium-ll v0.2.2
[INFO] [stderr]     Checking proptest v1.11.0
[INFO] [stderr]     Checking ciborium v0.2.2
[INFO] [stderr]     Checking bon v3.10.0
[INFO] [stderr]     Checking oicp-kit v0.1.0 (/opt/rustwide/workdir)
[INFO] [stderr]     Checking criterion v0.5.1
[INFO] [stderr]     Checking xtask v0.0.0 (/opt/rustwide/workdir/xtask)
[INFO] [stdout] warning: unused import: `super::*`
[INFO] [stdout]    --> xtask/src/main.rs:488:9
[INFO] [stdout]     |
[INFO] [stdout] 488 |     use super::*;
[INFO] [stdout]     |         ^^^^^^^^
[INFO] [stdout]     |
[INFO] [stdout]     = note: `#[warn(unused_imports)]` (part of `#[warn(unused)]`) on by default
[INFO] [stdout] 
[INFO] [stdout] 
[INFO] [stdout] error[E0425]: cannot find function `contains_word` in this scope
[INFO] [stdout]    --> xtask/src/main.rs:492:17
[INFO] [stdout]     |
[INFO] [stdout] 492 |         assert!(contains_word("let x: f64 = 1.0;", "f64"));
[INFO] [stdout]     |                 ^^^^^^^^^^^^^ not found in this scope
[INFO] [stdout] 
[INFO] [stdout] 
[INFO] [stdout] error[E0425]: cannot find function `contains_word` in this scope
[INFO] [stdout]    --> xtask/src/main.rs:493:17
[INFO] [stdout]     |
[INFO] [stdout] 493 |         assert!(contains_word("(f64)", "f64"));
[INFO] [stdout]     |                 ^^^^^^^^^^^^^ not found in this scope
[INFO] [stdout] 
[INFO] [stdout] 
[INFO] [stdout] error[E0425]: cannot find function `contains_word` in this scope
[INFO] [stdout]    --> xtask/src/main.rs:494:18
[INFO] [stdout]     |
[INFO] [stdout] 494 |         assert!(!contains_word("visit_f64", "f64"));
[INFO] [stdout]     |                  ^^^^^^^^^^^^^ not found in this scope
[INFO] [stdout] 
[INFO] [stdout] 
[INFO] [stdout] error[E0425]: cannot find function `contains_word` in this scope
[INFO] [stdout]    --> xtask/src/main.rs:495:18
[INFO] [stdout]     |
[INFO] [stdout] 495 |         assert!(!contains_word("my_f64_thing", "f64"));
[INFO] [stdout]     |                  ^^^^^^^^^^^^^ not found in this scope
[INFO] [stdout] 
[INFO] [stdout] 
[INFO] [stdout] error[E0425]: cannot find function `contains_word` in this scope
[INFO] [stdout]    --> xtask/src/main.rs:496:18
[INFO] [stdout]     |
[INFO] [stdout] 496 |         assert!(!contains_word("Inf64", "f64"));
[INFO] [stdout]     |                  ^^^^^^^^^^^^^ not found in this scope
[INFO] [stdout] 
[INFO] [stdout] 
[INFO] [stdout] For more information about this error, try `rustc --explain E0425`.
[INFO] [stdout] 
[INFO] [stderr] error: could not compile `xtask` (bin "xtask" test) due to 5 previous errors; 1 warning emitted
[INFO] [stderr] warning: build failed, waiting for other jobs to finish...
[INFO] [stderr] warning: unused dependency `http`
[INFO] [stderr]   --> Cargo.toml:36:15
[INFO] [stderr]    |
[INFO] [stderr] 36 | [dependencies.http]
[INFO] [stderr]    |               ^^^^^
[INFO] [stderr]    |
[INFO] [stderr]    = note: `cargo::unused_dependencies` is set to `warn` by default
[INFO] [stderr] help: consider removing the dependency on `http`
[INFO] [stderr] warning: `oicp-kit` (manifest) generated 1 warning
[INFO] running `Command { std: "docker" "inspect" "3ad5c602eccdf2755b4356ed5c7c833e0a701f3e1ed76c28985de7f7c32bbae9", kill_on_drop: false }`
[INFO] running `Command { std: "docker" "rm" "-f" "3ad5c602eccdf2755b4356ed5c7c833e0a701f3e1ed76c28985de7f7c32bbae9", kill_on_drop: false }`
[INFO] [stdout] 3ad5c602eccdf2755b4356ed5c7c833e0a701f3e1ed76c28985de7f7c32bbae9
