[INFO] cloning repository https://github.com/hunterjreid/mux
[INFO] running `Command { std: "git" "-c" "credential.helper=" "-c" "credential.helper=/workspace/cargo-home/bin/git-credential-null" "clone" "--bare" "https://github.com/hunterjreid/mux" "/workspace/cache/git-repos/https%3A%2F%2Fgithub.com%2Fhunterjreid%2Fmux", kill_on_drop: false }`
[INFO] [stderr] Cloning into bare repository '/workspace/cache/git-repos/https%3A%2F%2Fgithub.com%2Fhunterjreid%2Fmux'...
[INFO] running `Command { std: "git" "rev-parse" "HEAD", kill_on_drop: false }`
[INFO] [stdout] 5550f367d156d5c9c87f260a96641c6503fc1754
[INFO] checking hunterjreid/mux against 3154cc1a3e6424e44f438a95007d043ed5ceaaf6+rustflags=-Znext-solver=coherence for pr-133502-30
[INFO] running `Command { std: "git" "clone" "/workspace/cache/git-repos/https%3A%2F%2Fgithub.com%2Fhunterjreid%2Fmux" "/workspace/builds/worker-0-tc1/source", kill_on_drop: false }`
[INFO] [stderr] Cloning into '/workspace/builds/worker-0-tc1/source'...
[INFO] [stderr] done.
[INFO] started tweaking git repo https://github.com/hunterjreid/mux
[INFO] finished tweaking git repo https://github.com/hunterjreid/mux
[INFO] tweaked toml for git repo https://github.com/hunterjreid/mux written to /workspace/builds/worker-0-tc1/source/Cargo.toml
[INFO] validating manifest of git repo https://github.com/hunterjreid/mux on toolchain 3154cc1a3e6424e44f438a95007d043ed5ceaaf6
[INFO] running `Command { std: CARGO_HOME="/workspace/cargo-home" RUSTUP_HOME="/workspace/rustup-home" "/workspace/cargo-home/bin/cargo" "+3154cc1a3e6424e44f438a95007d043ed5ceaaf6" "metadata" "--manifest-path" "Cargo.toml" "--no-deps", kill_on_drop: false }`
[INFO] crate git repo https://github.com/hunterjreid/mux already has a lockfile, it will not be regenerated
[INFO] running `Command { std: CARGO_HOME="/workspace/cargo-home" RUSTUP_HOME="/workspace/rustup-home" "/workspace/cargo-home/bin/cargo" "+3154cc1a3e6424e44f438a95007d043ed5ceaaf6" "fetch" "--manifest-path" "Cargo.toml", kill_on_drop: false }`
[INFO] [stderr]  Downloading crates ...
[INFO] [stderr]   Downloaded aws-lc-rs v1.16.3
[INFO] [stderr]   Downloaded aws-lc-sys v0.40.0
[INFO] running `Command { std: "docker" "create" "-v" "/var/lib/crater-agent-workspace/builds/worker-0-tc1/source:/opt/rustwide/workdir:ro,Z" "-v" "/var/lib/crater-agent-workspace/builds/worker-0-tc1/target:/opt/rustwide/target:rw,Z" "-v" "/var/lib/crater-agent-workspace/cargo-home:/opt/rustwide/cargo-home:ro,Z" "-v" "/var/lib/crater-agent-workspace/rustup-home:/opt/rustwide/rustup-home:ro,Z" "-m" "1610612736" "--network" "none" "ghcr.io/rust-lang/crates-build-env/linux@sha256:77db811e55d90add9212f6832c23229e3de5f1c1f9905e8cb07319ea15df73ac" "sleep" "infinity", kill_on_drop: false }`
[INFO] [stdout] 19088af8e83379842592df85eb4d736e350d82b7fb0d293dc949383c9ba75772
[INFO] running `Command { std: "docker" "start" "19088af8e83379842592df85eb4d736e350d82b7fb0d293dc949383c9ba75772", kill_on_drop: false }`
[INFO] running `Command { std: "docker" "inspect" "19088af8e83379842592df85eb4d736e350d82b7fb0d293dc949383c9ba75772", kill_on_drop: false }`
[INFO] running `Command { std: "docker" "exec" "-e" "SOURCE_DIR=/opt/rustwide/workdir" "-e" "CARGO_HOME=/opt/rustwide/cargo-home" "-e" "RUSTUP_HOME=/opt/rustwide/rustup-home" "-e" "CARGO_TARGET_DIR=/opt/rustwide/target" "-w" "/opt/rustwide/workdir" "--user" "0:0" "19088af8e83379842592df85eb4d736e350d82b7fb0d293dc949383c9ba75772" "/opt/rustwide/cargo-home/bin/cargo" "+3154cc1a3e6424e44f438a95007d043ed5ceaaf6" "metadata" "--no-deps" "--format-version=1", kill_on_drop: false }`
[INFO] running `Command { std: "docker" "inspect" "19088af8e83379842592df85eb4d736e350d82b7fb0d293dc949383c9ba75772", kill_on_drop: false }`
[INFO] running `Command { std: "docker" "exec" "-e" "SOURCE_DIR=/opt/rustwide/workdir" "-e" "CARGO_HOME=/opt/rustwide/cargo-home" "-e" "RUSTUP_HOME=/opt/rustwide/rustup-home" "-e" "CARGO_TARGET_DIR=/opt/rustwide/target" "-e" "CARGO_INCREMENTAL=0" "-e" "RUST_BACKTRACE=full" "-e" "RUSTFLAGS=--cap-lints=forbid -Znext-solver=coherence" "-e" "RUSTDOCFLAGS=--cap-lints=forbid" "-w" "/opt/rustwide/workdir" "--user" "0:0" "19088af8e83379842592df85eb4d736e350d82b7fb0d293dc949383c9ba75772" "/opt/rustwide/cargo-home/bin/cargo" "+3154cc1a3e6424e44f438a95007d043ed5ceaaf6" "check" "--frozen" "--all" "--all-targets" "--message-format=json", kill_on_drop: false }`
[INFO] [stderr]    Compiling libc v0.2.189
[INFO] [stderr]    Compiling syn v2.0.119
[INFO] [stderr]    Compiling serde_derive v1.0.229
[INFO] [stderr]    Compiling zerovec-derive v0.11.4
[INFO] [stderr]    Compiling displaydoc v0.2.7
[INFO] [stderr]     Checking bitflags v2.13.1
[INFO] [stderr]    Compiling futures-macro v0.3.34
[INFO] [stderr]    Compiling thiserror-impl v2.0.20
[INFO] [stderr]    Compiling nix v0.28.0
[INFO] [stderr]    Compiling brotli v8.0.4
[INFO] [stderr]    Compiling aws-lc-rs v1.16.3
[INFO] [stderr]     Checking tokio v1.53.1
[INFO] [stderr]     Checking serial2 v0.2.38
[INFO] [stderr]     Checking shell-words v1.1.1
[INFO] [stderr]     Checking windows-link v0.2.1
[INFO] [stderr]    Compiling crc32fast v1.5.0
[INFO] [stderr]     Checking rustls-pki-types v1.14.1
[INFO] [stderr]     Checking x11 v2.21.0
[INFO] [stderr]     Checking windows-sys v0.61.2
[INFO] [stderr]    Compiling rustls v0.23.40
[INFO] [stderr]    Compiling flate2 v1.1.9
[INFO] [stderr]     Checking dirs-sys v0.5.0
[INFO] [stderr]     Checking cookie v0.18.2
[INFO] [stderr]     Checking dbus v0.9.12
[INFO] [stderr]     Checking dirs v6.0.0
[INFO] [stderr]    Compiling tauri-runtime-wry v2.11.4
[INFO] [stderr]     Checking rustls-native-certs v0.8.3
[INFO] [stderr]    Compiling serde_repr v0.1.21
[INFO] [stderr]    Compiling png v0.17.16
[INFO] [stderr]     Checking futures-util v0.3.34
[INFO] [stderr]    Compiling thiserror v2.0.20
[INFO] [stderr]    Compiling jobserver v0.1.34
[INFO] [stderr]    Compiling parking_lot_core v0.9.12
[INFO] [stderr]    Compiling getrandom v0.4.3
[INFO] [stderr]    Compiling uuid v1.24.1
[INFO] [stderr]    Compiling parking_lot v0.12.5
[INFO] [stderr]    Compiling cc v1.4.3
[INFO] [stderr]    Compiling string_cache v0.9.0
[INFO] [stderr]    Compiling ico v0.5.0
[INFO] [stderr]    Compiling cfb v0.7.3
[INFO] [stderr]    Compiling infer v0.19.0
[INFO] [stderr]    Compiling cmake v0.1.58
[INFO] [stderr]    Compiling embed-resource v3.0.11
[INFO] [stderr]    Compiling tauri-winres v0.3.6
[INFO] [stderr]     Checking futures-executor v0.3.34
[INFO] [stderr]    Compiling aws-lc-sys v0.40.0
[INFO] [stderr]    Compiling serde v1.0.229
[INFO] [stderr]     Checking dpi v0.1.2
[INFO] [stderr]     Checking jsonptr v0.6.3
[INFO] [stderr]     Checking plist v1.10.0
[INFO] [stderr]     Checking keyboard-types v0.7.0
[INFO] [stderr]    Compiling toml_datetime v0.6.3
[INFO] [stderr]    Compiling serde_spanned v0.6.9
[INFO] [stderr]    Compiling indexmap v1.9.3
[INFO] [stderr]    Compiling cargo-platform v0.1.9
[INFO] [stderr]    Compiling cargo_toml v0.22.3
[INFO] [stderr]    Compiling toml_edit v0.20.2
[INFO] [stderr]    Compiling toml_edit v0.19.15
[INFO] [stderr]    Compiling cargo_metadata v0.19.2
[INFO] [stderr]     Checking hyper v1.11.0
[INFO] [stderr]     Checking tower v0.5.3
[INFO] [stderr]    Compiling synstructure v0.13.2
[INFO] [stderr]    Compiling darling_core v0.23.0
[INFO] [stderr]    Compiling serde_derive_internals v0.29.1
[INFO] [stderr]     Checking hyper-util v0.1.20
[INFO] [stderr]    Compiling zerofrom-derive v0.1.7
[INFO] [stderr]    Compiling yoke-derive v0.8.2
[INFO] [stderr]    Compiling thiserror-impl v1.0.69
[INFO] [stderr]    Compiling phf_macros v0.13.1
[INFO] [stderr]    Compiling cssparser-macros v0.6.1
[INFO] [stderr]    Compiling derive_more-impl v2.1.1
[INFO] [stderr]    Compiling dlopen2_derive v0.4.3
[INFO] [stderr]    Compiling serialize-to-javascript-impl v0.1.2
[INFO] [stderr]    Compiling schemars_derive v0.8.22
[INFO] [stderr]     Checking serialize-to-javascript v0.1.2
[INFO] [stderr]    Compiling toml v0.8.2
[INFO] [stderr]    Compiling proc-macro-crate v2.0.2
[INFO] [stderr]     Checking dlopen2 v0.8.2
[INFO] [stderr]    Compiling phf v0.13.1
[INFO] [stderr]    Compiling zerofrom v0.1.8
[INFO] [stderr]    Compiling system-deps v6.2.2
[INFO] [stderr]    Compiling web_atoms v0.2.6
[INFO] [stderr]    Compiling cssparser v0.36.0
[INFO] [stderr]    Compiling yoke v0.8.3
[INFO] [stderr]    Compiling derive_more v2.1.1
[INFO] [stderr]    Compiling proc-macro-crate v1.3.1
[INFO] [stderr]     Checking zerovec v0.11.7
[INFO] [stderr]    Compiling zerotrie v0.2.5
[INFO] [stderr]     Checking thiserror v1.0.69
[INFO] [stderr]     Checking filedescriptor v0.8.3
[INFO] [stderr]    Compiling json-patch v3.0.1
[INFO] [stderr]     Checking portable-pty v0.9.0
[INFO] [stderr]    Compiling glib-macros v0.18.5
[INFO] [stderr]     Checking hmux v0.1.0 (/opt/rustwide/workdir)
[INFO] [stderr]    Compiling tinystr v0.8.4
[INFO] [stderr]    Compiling potential_utf v0.1.6
[INFO] [stderr]    Compiling icu_collections v2.3.0
[INFO] [stderr]    Compiling gtk3-macros v0.18.2
[INFO] [stderr]    Compiling glib-sys v0.18.1
[INFO] [stdout] error[E0433]: cannot find `windows` in `os`
[INFO] [stdout]   --> src/daemon.rs:30:14
[INFO] [stdout]    |
[INFO] [stdout] 30 | use std::os::windows::io::FromRawHandle;
[INFO] [stdout]    |              ^^^^^^^ could not find `windows` in `os`
[INFO] [stdout]    |
[INFO] [stdout] note: found an item that was configured out
[INFO] [stdout]   --> /rustc/3154cc1a3e6424e44f438a95007d043ed5ceaaf6/library/std/src/os/mod.rs:62:4
[INFO] [stdout]    |
[INFO] [stdout]    = note: the item is gated behind the `windows` feature
[INFO] [stdout] 
[INFO] [stdout] 
[INFO] [stdout] error[E0433]: cannot find `windows` in `os`
[INFO] [stdout]   --> src/daemon.rs:30:14
[INFO] [stdout]    |
[INFO] [stdout] 30 | use std::os::windows::io::FromRawHandle;
[INFO] [stdout]    |              ^^^^^^^ could not find `windows` in `os`
[INFO] [stdout]    |
[INFO] [stdout] note: found an item that was configured out
[INFO] [stdout]   --> /rustc/3154cc1a3e6424e44f438a95007d043ed5ceaaf6/library/std/src/os/mod.rs:62:4
[INFO] [stdout]    |
[INFO] [stdout]    = note: the item is gated behind the `windows` feature
[INFO] [stdout] 
[INFO] [stdout] 
[INFO] [stderr]    Compiling gobject-sys v0.18.0
[INFO] [stdout] error[E0432]: unresolved import `windows_sys::Win32::System::Pipes::ConnectNamedPipe`
[INFO] [stdout]   --> src/daemon.rs:42:5
[INFO] [stdout]    |
[INFO] [stdout] 42 |     ConnectNamedPipe, CreateNamedPipeW, PIPE_READMODE_BYTE, PIPE_TYPE_BYTE,
[INFO] [stdout]    |     ^^^^^^^^^^^^^^^^ no `ConnectNamedPipe` in `Win32::System::Pipes`
[INFO] [stdout]    |
[INFO] [stdout] help: a similar name exists in the module
[INFO] [stdout]    |
[INFO] [stdout] 42 -     ConnectNamedPipe, CreateNamedPipeW, PIPE_READMODE_BYTE, PIPE_TYPE_BYTE,
[INFO] [stdout] 42 +     DisconnectNamedPipe, CreateNamedPipeW, PIPE_READMODE_BYTE, PIPE_TYPE_BYTE,
[INFO] [stdout]    |
[INFO] [stdout] 
[INFO] [stdout] 
[INFO] [stdout] error[E0432]: unresolved import `windows_sys::Win32::Storage::FileSystem::ReadFile`
[INFO] [stdout]   --> src/term.rs:19:5
[INFO] [stdout]    |
[INFO] [stdout] 19 | use windows_sys::Win32::Storage::FileSystem::ReadFile;
[INFO] [stdout]    |     ^^^^^^^^^^^^^^^^^^^^^^^^^^^^^^^^^^^^^^^^^--------
[INFO] [stdout]    |                                              |
[INFO] [stdout]    |                                              no `ReadFile` in `Win32::Storage::FileSystem`
[INFO] [stdout] 
[INFO] [stdout] 
[INFO] [stderr]    Compiling gio-sys v0.18.1
[INFO] [stderr]    Compiling gdk-sys v0.18.2
[INFO] [stdout] error[E0432]: unresolved import `windows_sys::Win32::System::Pipes::ConnectNamedPipe`
[INFO] [stdout]   --> src/daemon.rs:42:5
[INFO] [stdout]    |
[INFO] [stdout] 42 |     ConnectNamedPipe, CreateNamedPipeW, PIPE_READMODE_BYTE, PIPE_TYPE_BYTE,
[INFO] [stdout]    |     ^^^^^^^^^^^^^^^^ no `ConnectNamedPipe` in `Win32::System::Pipes`
[INFO] [stdout]    |
[INFO] [stdout] help: a similar name exists in the module
[INFO] [stdout]    |
[INFO] [stdout] 42 -     ConnectNamedPipe, CreateNamedPipeW, PIPE_READMODE_BYTE, PIPE_TYPE_BYTE,
[INFO] [stdout] 42 +     DisconnectNamedPipe, CreateNamedPipeW, PIPE_READMODE_BYTE, PIPE_TYPE_BYTE,
[INFO] [stdout]    |
[INFO] [stdout] 
[INFO] [stdout] 
[INFO] [stdout] error[E0432]: unresolved import `windows_sys::Win32::Storage::FileSystem::ReadFile`
[INFO] [stdout]   --> src/term.rs:19:5
[INFO] [stdout]    |
[INFO] [stdout] 19 | use windows_sys::Win32::Storage::FileSystem::ReadFile;
[INFO] [stdout]    |     ^^^^^^^^^^^^^^^^^^^^^^^^^^^^^^^^^^^^^^^^^--------
[INFO] [stdout]    |                                              |
[INFO] [stdout]    |                                              no `ReadFile` in `Win32::Storage::FileSystem`
[INFO] [stdout] 
[INFO] [stdout] 
[INFO] [stderr]    Compiling cairo-sys-rs v0.18.2
[INFO] [stderr]    Compiling pango-sys v0.18.0
[INFO] [stderr]    Compiling gdk-pixbuf-sys v0.18.0
[INFO] [stderr]    Compiling icu_locale_core v2.3.0
[INFO] [stderr]    Compiling atk-sys v0.18.2
[INFO] [stderr]    Compiling gtk-sys v0.18.2
[INFO] [stderr]    Compiling markup5ever v0.38.0
[INFO] [stdout] error[E0599]: no associated function or constant named `from_raw_handle` found for struct `File` in the current scope
[INFO] [stdout]    --> src/daemon.rs:724:35
[INFO] [stdout]     |
[INFO] [stdout] 724 |         let file = unsafe { File::from_raw_handle(handle as _) };
[INFO] [stdout]     |                                   ^^^^^^^^^^^^^^^ associated function or constant not found in `File`
[INFO] [stdout]     |
[INFO] [stdout] note: if you're trying to build a new `File` consider using one of the following associated functions:
[INFO] [stdout]       File::open
[INFO] [stdout]       File::create
[INFO] [stdout]       File::create_new
[INFO] [stdout]    --> /rustc/3154cc1a3e6424e44f438a95007d043ed5ceaaf6/library/std/src/fs.rs:584:4
[INFO] [stdout] help: there is an associated function `from_raw_fd` with a similar name
[INFO] [stdout]     |
[INFO] [stdout] 724 -         let file = unsafe { File::from_raw_handle(handle as _) };
[INFO] [stdout] 724 +         let file = unsafe { File::from_raw_fd(handle as _) };
[INFO] [stdout]     |
[INFO] [stdout] 
[INFO] [stdout] 
[INFO] [stderr]    Compiling selectors v0.36.1
[INFO] [stdout] error[E0599]: no associated function or constant named `from_raw_handle` found for struct `File` in the current scope
[INFO] [stdout]    --> src/daemon.rs:724:35
[INFO] [stdout]     |
[INFO] [stdout] 724 |         let file = unsafe { File::from_raw_handle(handle as _) };
[INFO] [stdout]     |                                   ^^^^^^^^^^^^^^^ associated function or constant not found in `File`
[INFO] [stdout]     |
[INFO] [stdout] note: if you're trying to build a new `File` consider using one of the following associated functions:
[INFO] [stdout]       File::open
[INFO] [stdout]       File::create
[INFO] [stdout]       File::create_new
[INFO] [stdout]    --> /rustc/3154cc1a3e6424e44f438a95007d043ed5ceaaf6/library/std/src/fs.rs:584:4
[INFO] [stdout] help: there is an associated function `from_raw_fd` with a similar name
[INFO] [stdout]     |
[INFO] [stdout] 724 -         let file = unsafe { File::from_raw_handle(handle as _) };
[INFO] [stdout] 724 +         let file = unsafe { File::from_raw_fd(handle as _) };
[INFO] [stdout]     |
[INFO] [stdout] 
[INFO] [stdout] 
[INFO] [stderr]    Compiling javascriptcore-rs-sys v1.1.1
[INFO] [stderr]    Compiling soup3-sys v0.5.0
[INFO] [stderr]    Compiling html5ever v0.38.0
[INFO] [stderr]    Compiling gtk v0.18.2
[INFO] [stderr]    Compiling webkit2gtk-sys v2.0.2
[INFO] [stderr]    Compiling gdkx11-sys v0.18.2
[INFO] [stderr]    Compiling darling_macro v0.23.0
[INFO] [stderr]    Compiling darling v0.23.0
[INFO] [stderr]    Compiling serde_with_macros v3.22.0
[INFO] [stderr]    Compiling wry v0.55.1
[INFO] [stdout] Some errors have detailed explanations: E0432, E0433, E0599.
[INFO] [stdout] 
[INFO] [stdout] For more information about an error, try `rustc --explain E0432`.
[INFO] [stdout] 
[INFO] [stderr] error: could not compile `hmux` (lib) due to 4 previous errors
[INFO] [stderr] warning: build failed, waiting for other jobs to finish...
[INFO] [stdout] Some errors have detailed explanations: E0432, E0433, E0599.
[INFO] [stdout] 
[INFO] [stdout] For more information about an error, try `rustc --explain E0432`.
[INFO] [stdout] 
[INFO] [stderr] error: could not compile `hmux` (lib test) due to 4 previous errors
[INFO] running `Command { std: "docker" "inspect" "19088af8e83379842592df85eb4d736e350d82b7fb0d293dc949383c9ba75772", kill_on_drop: false }`
[INFO] running `Command { std: "docker" "rm" "-f" "19088af8e83379842592df85eb4d736e350d82b7fb0d293dc949383c9ba75772", kill_on_drop: false }`
[INFO] [stdout] 19088af8e83379842592df85eb4d736e350d82b7fb0d293dc949383c9ba75772
