[INFO] cloning repository https://github.com/htchan/iot__host
[INFO] running `Command { std: "git" "-c" "credential.helper=" "-c" "credential.helper=/workspace/cargo-home/bin/git-credential-null" "clone" "--bare" "https://github.com/htchan/iot__host" "/workspace/cache/git-repos/https%3A%2F%2Fgithub.com%2Fhtchan%2Fiot__host", kill_on_drop: false }`
[INFO] [stderr] Cloning into bare repository '/workspace/cache/git-repos/https%3A%2F%2Fgithub.com%2Fhtchan%2Fiot__host'...
[INFO] running `Command { std: "git" "rev-parse" "HEAD", kill_on_drop: false }`
[INFO] [stdout] 4aeeb80a5caf6fedf8bb048bd3d1b86f55347fd1
[INFO] checking htchan/iot__host against 3154cc1a3e6424e44f438a95007d043ed5ceaaf6 for pr-133502-30
[INFO] running `Command { std: "git" "clone" "/workspace/cache/git-repos/https%3A%2F%2Fgithub.com%2Fhtchan%2Fiot__host" "/workspace/builds/worker-6-tc2/source", kill_on_drop: false }`
[INFO] [stderr] Cloning into '/workspace/builds/worker-6-tc2/source'...
[INFO] [stderr] done.
[INFO] started tweaking git repo https://github.com/htchan/iot__host
[INFO] finished tweaking git repo https://github.com/htchan/iot__host
[INFO] tweaked toml for git repo https://github.com/htchan/iot__host written to /workspace/builds/worker-6-tc2/source/Cargo.toml
[INFO] validating manifest of git repo https://github.com/htchan/iot__host on toolchain 3154cc1a3e6424e44f438a95007d043ed5ceaaf6
[INFO] running `Command { std: CARGO_HOME="/workspace/cargo-home" RUSTUP_HOME="/workspace/rustup-home" "/workspace/cargo-home/bin/cargo" "+3154cc1a3e6424e44f438a95007d043ed5ceaaf6" "metadata" "--manifest-path" "Cargo.toml" "--no-deps", kill_on_drop: false }`
[INFO] crate git repo https://github.com/htchan/iot__host already has a lockfile, it will not be regenerated
[INFO] running `Command { std: CARGO_HOME="/workspace/cargo-home" RUSTUP_HOME="/workspace/rustup-home" "/workspace/cargo-home/bin/cargo" "+3154cc1a3e6424e44f438a95007d043ed5ceaaf6" "fetch" "--manifest-path" "Cargo.toml", kill_on_drop: false }`
[INFO] running `Command { std: "docker" "create" "-v" "/var/lib/crater-agent-workspace/builds/worker-6-tc2/source:/opt/rustwide/workdir:ro,Z" "-v" "/var/lib/crater-agent-workspace/builds/worker-6-tc2/target:/opt/rustwide/target:rw,Z" "-v" "/var/lib/crater-agent-workspace/cargo-home:/opt/rustwide/cargo-home:ro,Z" "-v" "/var/lib/crater-agent-workspace/rustup-home:/opt/rustwide/rustup-home:ro,Z" "-m" "1610612736" "--network" "none" "ghcr.io/rust-lang/crates-build-env/linux@sha256:77db811e55d90add9212f6832c23229e3de5f1c1f9905e8cb07319ea15df73ac" "sleep" "infinity", kill_on_drop: false }`
[INFO] [stdout] 2d6ed2bae77f96918e9e1dd00b0fe013a2124e72f39d8fefc3e75cc103c1089e
[INFO] running `Command { std: "docker" "start" "2d6ed2bae77f96918e9e1dd00b0fe013a2124e72f39d8fefc3e75cc103c1089e", kill_on_drop: false }`
[INFO] running `Command { std: "docker" "inspect" "2d6ed2bae77f96918e9e1dd00b0fe013a2124e72f39d8fefc3e75cc103c1089e", kill_on_drop: false }`
[INFO] running `Command { std: "docker" "exec" "-e" "SOURCE_DIR=/opt/rustwide/workdir" "-e" "CARGO_HOME=/opt/rustwide/cargo-home" "-e" "RUSTUP_HOME=/opt/rustwide/rustup-home" "-e" "CARGO_TARGET_DIR=/opt/rustwide/target" "-w" "/opt/rustwide/workdir" "--user" "0:0" "2d6ed2bae77f96918e9e1dd00b0fe013a2124e72f39d8fefc3e75cc103c1089e" "/opt/rustwide/cargo-home/bin/cargo" "+3154cc1a3e6424e44f438a95007d043ed5ceaaf6" "metadata" "--no-deps" "--format-version=1", kill_on_drop: false }`
[INFO] running `Command { std: "docker" "inspect" "2d6ed2bae77f96918e9e1dd00b0fe013a2124e72f39d8fefc3e75cc103c1089e", kill_on_drop: false }`
[INFO] running `Command { std: "docker" "exec" "-e" "SOURCE_DIR=/opt/rustwide/workdir" "-e" "CARGO_HOME=/opt/rustwide/cargo-home" "-e" "RUSTUP_HOME=/opt/rustwide/rustup-home" "-e" "CARGO_TARGET_DIR=/opt/rustwide/target" "-e" "CARGO_INCREMENTAL=0" "-e" "RUST_BACKTRACE=full" "-e" "RUSTFLAGS=--cap-lints=forbid" "-e" "RUSTDOCFLAGS=--cap-lints=forbid" "-w" "/opt/rustwide/workdir" "--user" "0:0" "2d6ed2bae77f96918e9e1dd00b0fe013a2124e72f39d8fefc3e75cc103c1089e" "/opt/rustwide/cargo-home/bin/cargo" "+3154cc1a3e6424e44f438a95007d043ed5ceaaf6" "check" "--frozen" "--all" "--all-targets" "--message-format=json", kill_on_drop: false }`
[INFO] [stderr]    Compiling serde_core v1.0.229
[INFO] [stderr]     Checking smallvec v1.15.2
[INFO] [stderr]     Checking scopeguard v1.2.0
[INFO] [stderr]    Compiling ring v0.17.14
[INFO] [stderr]    Compiling syn v3.0.3
[INFO] [stderr]    Compiling stable_deref_trait v1.2.1
[INFO] [stderr]    Compiling zerofrom v0.1.8
[INFO] [stderr]    Compiling libc v0.2.189
[INFO] [stderr]     Checking lock_api v0.4.14
[INFO] [stderr]    Compiling serde v1.0.229
[INFO] [stderr]    Compiling yoke v0.8.3
[INFO] [stderr]    Compiling num-traits v0.2.19
[INFO] [stderr]     Checking parking_lot_core v0.9.12
[INFO] [stderr]     Checking errno v0.3.14
[INFO] [stderr]     Checking mio v1.2.2
[INFO] [stderr]     Checking signal-hook-registry v1.4.8
[INFO] [stderr]     Checking parking_lot v0.12.5
[INFO] [stderr]    Compiling writeable v0.6.4
[INFO] [stderr]    Compiling litemap v0.8.3
[INFO] [stderr]    Compiling crossbeam-utils v0.8.22
[INFO] [stderr]    Compiling utf8_iter v1.0.4
[INFO] [stderr]    Compiling serde_json v1.0.151
[INFO] [stderr]     Checking log v0.4.33
[INFO] [stderr]    Compiling futures-core v0.3.34
[INFO] [stderr]    Compiling pin-project-lite v0.2.17
[INFO] [stderr]     Checking getrandom v0.2.17
[INFO] [stderr]    Compiling zeroize v1.9.0
[INFO] [stderr]    Compiling typenum v1.20.1
[INFO] [stderr]    Compiling rustls v0.23.43
[INFO] [stderr]    Compiling rustls-pki-types v1.15.1
[INFO] [stderr]    Compiling icu_normalizer_data v2.3.0
[INFO] [stderr]    Compiling icu_properties_data v2.3.0
[INFO] [stderr]     Checking slab v0.4.12
[INFO] [stderr]    Compiling futures-sink v0.3.34
[INFO] [stderr]     Checking futures-util v0.3.34
[INFO] [stderr]    Compiling libsqlite3-sys v0.30.1
[INFO] [stderr]    Compiling untrusted v0.9.0
[INFO] [stderr]    Compiling once_cell v1.21.4
[INFO] [stderr]    Compiling percent-encoding v2.3.2
[INFO] [stderr]    Compiling form_urlencoded v1.2.2
[INFO] [stderr]    Compiling generic-array v0.14.7
[INFO] [stderr]    Compiling socket2 v0.6.5
[INFO] [stderr]    Compiling crypto-common v0.1.7
[INFO] [stderr]    Compiling block-buffer v0.10.4
[INFO] [stderr]    Compiling futures-task v0.3.34
[INFO] [stderr]    Compiling allocator-api2 v0.2.21
[INFO] [stderr]    Compiling futures-io v0.3.34
[INFO] [stderr]    Compiling itoa v1.0.18
[INFO] [stderr]    Compiling foldhash v0.1.5
[INFO] [stderr]    Compiling bytes v1.12.1
[INFO] [stderr]    Compiling hashbrown v0.15.5
[INFO] [stderr]     Checking tracing v0.1.44
[INFO] [stderr]    Compiling digest v0.10.7
[INFO] [stderr]    Compiling tracing-core v0.1.36
[INFO] [stderr]    Compiling webpki-roots v1.0.9
[INFO] [stderr]    Compiling tokio v1.53.1
[INFO] [stderr]    Compiling zmij v1.0.23
[INFO] [stderr]    Compiling rustls-webpki v0.103.15
[INFO] [stderr]    Compiling iana-time-zone v0.1.65
[INFO] [stderr]    Compiling crc-catalog v2.5.0
[INFO] [stderr]    Compiling parking v2.2.1
[INFO] [stderr]    Compiling cpufeatures v0.2.17
[INFO] [stderr]    Compiling subtle v2.6.1
[INFO] [stderr]    Compiling sha2 v0.10.9
[INFO] [stderr]    Compiling event-listener v5.4.2
[INFO] [stderr]    Compiling crc v3.4.0
[INFO] [stderr]    Compiling chrono v0.4.45
[INFO] [stderr]    Compiling crossbeam-queue v0.3.13
[INFO] [stderr]    Compiling zerovec-derive v0.11.6
[INFO] [stderr]    Compiling displaydoc v0.2.7
[INFO] [stderr]    Compiling serde_derive v1.0.229
[INFO] [stderr]    Compiling tokio-macros v2.7.2
[INFO] [stderr]    Compiling zerovec v0.11.8
[INFO] [stderr]    Compiling zerotrie v0.2.5
[INFO] [stderr]    Compiling thiserror-impl v2.0.20
[INFO] [stderr]    Compiling tinystr v0.8.4
[INFO] [stderr]    Compiling potential_utf v0.1.6
[INFO] [stderr]    Compiling icu_locale_core v2.3.0
[INFO] [stderr]    Compiling icu_collections v2.3.0
[INFO] [stderr]    Compiling icu_provider v2.3.1
[INFO] [stderr]    Compiling icu_properties v2.3.0
[INFO] [stderr]    Compiling icu_normalizer v2.3.0
[INFO] [stderr]    Compiling tokio-stream v0.1.19
[INFO] [stderr]    Compiling either v1.18.0
[INFO] [stderr]    Compiling idna_adapter v1.2.2
[INFO] [stderr]    Compiling idna v1.1.0
[INFO] [stderr]    Compiling thiserror v2.0.20
[INFO] [stderr]    Compiling hashlink v0.10.0
[INFO] [stderr]    Compiling webpki-roots v0.26.11
[INFO] [stderr]    Compiling futures-intrusive v0.5.0
[INFO] [stderr]    Compiling url v2.5.8
[INFO] [stderr]    Compiling spin v0.9.9
[INFO] [stderr]    Compiling base64 v0.22.1
[INFO] [stderr]    Compiling ryu v1.0.23
[INFO] [stderr]    Compiling serde_urlencoded v0.7.1
[INFO] [stderr]    Compiling flume v0.11.1
[INFO] [stderr]    Compiling sqlx-core v0.8.6
[INFO] [stderr]    Compiling futures-executor v0.3.34
[INFO] [stderr]    Compiling atoi v2.0.0
[INFO] [stderr]    Compiling futures-channel v0.3.34
[INFO] [stderr]    Compiling libudev-sys v0.1.4
[INFO] [stderr]    Compiling rustls v0.22.4
[INFO] [stderr]    Compiling rustversion v1.0.23
[INFO] [stderr]     Checking indexmap v2.14.0
[INFO] [stderr]     Checking rustls-webpki v0.102.8
[INFO] [stderr]     Checking regex-syntax v0.8.11
[INFO] [stderr]     Checking sync_wrapper v1.0.2
[INFO] [stderr]    Compiling hex v0.4.3
[INFO] [stderr]    Compiling dotenvy v0.15.7
[INFO] [stderr]     Checking hyper v1.11.0
[INFO] [stderr]    Compiling async-trait v0.1.92
[INFO] [stderr]     Checking rustls-pemfile v2.2.0
[INFO] [stderr]     Checking bitflags v1.3.2
[INFO] [stderr]     Checking openssl-probe v0.1.6
[INFO] [stderr]     Checking nix v0.26.4
[INFO] [stderr]     Checking rustls-native-certs v0.7.3
[INFO] [stderr]     Checking libudev v0.3.0
[INFO] [stderr]     Checking getrandom v0.4.3
[INFO] [stderr]     Checking hyper-util v0.1.20
[INFO] [stderr]     Checking tower v0.5.3
[INFO] [stderr]     Checking regex-automata v0.4.18
[INFO] [stderr]     Checking axum-core v0.4.5
[INFO] [stderr]     Checking unescaper v0.1.10
[INFO] [stderr]     Checking serde_path_to_error v0.1.20
[INFO] [stderr]     Checking is-terminal v0.4.17
[INFO] [stderr]     Checking bitflags v2.13.1
[INFO] [stderr]     Checking matchit v0.7.3
[INFO] [stderr]     Checking termcolor v1.4.1
[INFO] [stderr]     Checking humantime v2.4.0
[INFO] [stderr]     Checking uuid v1.25.0
[INFO] [stderr]    Compiling sqlx-sqlite v0.8.6
[INFO] [stderr]     Checking serialport v4.9.0
[INFO] [stderr]     Checking tokio-util v0.7.19
[INFO] [stderr]     Checking tokio-rustls v0.25.0
[INFO] [stderr]     Checking rumqttc v0.24.0
[INFO] [stderr]     Checking regex v1.13.1
[INFO] [stderr]     Checking env_logger v0.10.2
[INFO] [stderr]     Checking axum v0.7.9
[INFO] [stderr]    Compiling sqlx-macros-core v0.8.6
[INFO] [stderr]    Compiling sqlx-macros v0.8.6
[INFO] [stderr]     Checking sqlx v0.8.6
[INFO] [stderr]     Checking iot__host v0.1.0 (/opt/rustwide/workdir)
[INFO] [stdout] error: enum is not supported in `trait`s or `impl`s
[INFO] [stdout]    --> src/device_store.rs:293:5
[INFO] [stdout]     |
[INFO] [stdout] 293 |     pub enum ComposeError {
[INFO] [stdout]     |     ^^^^^^^^^^^^^^^^^^^^^
[INFO] [stdout]     |
[INFO] [stdout]     = help: consider moving the enum out to a nearby module scope
[INFO] [stdout] 
[INFO] [stdout] 
[INFO] [stdout] error: enum is not supported in `trait`s or `impl`s
[INFO] [stdout]    --> src/device_store.rs:293:5
[INFO] [stdout]     |
[INFO] [stdout] 293 |     pub enum ComposeError {
[INFO] [stdout]     |     ^^^^^^^^^^^^^^^^^^^^^
[INFO] [stdout]     |
[INFO] [stdout]     = help: consider moving the enum out to a nearby module scope
[INFO] [stdout] 
[INFO] [stdout] 
[INFO] [stdout] error[E0425]: cannot find type `ComposeError` in this scope
[INFO] [stdout]    --> src/device_store.rs:306:25
[INFO] [stdout]     |
[INFO] [stdout] 306 |     ) -> Result<String, ComposeError> {
[INFO] [stdout]     |                         ^^^^^^^^^^^^ not found in this scope
[INFO] [stdout]     |
[INFO] [stdout] help: you might be missing a type parameter
[INFO] [stdout]     |
[INFO] [stdout]  96 | impl<ComposeError> DeviceStore {
[INFO] [stdout]     |     ++++++++++++++
[INFO] [stdout] 
[INFO] [stdout] 
[INFO] [stdout] warning: unused imports: `DataPair`, `EventType`, and `Message`
[INFO] [stdout]  --> src/mqtt.rs:1:22
[INFO] [stdout]   |
[INFO] [stdout] 1 | use crate::message::{Message, EventType, DataPair};
[INFO] [stdout]   |                      ^^^^^^^  ^^^^^^^^^  ^^^^^^^^
[INFO] [stdout]   |
[INFO] [stdout]   = note: `#[warn(unused_imports)]` (part of `#[warn(unused)]`) on by default
[INFO] [stdout] 
[INFO] [stdout] 
[INFO] [stdout] error[E0425]: cannot find type `ComposeError` in this scope
[INFO] [stdout]    --> src/device_store.rs:306:25
[INFO] [stdout]     |
[INFO] [stdout] 306 |     ) -> Result<String, ComposeError> {
[INFO] [stdout]     |                         ^^^^^^^^^^^^ not found in this scope
[INFO] [stdout]     |
[INFO] [stdout] help: you might be missing a type parameter
[INFO] [stdout]     |
[INFO] [stdout]  96 | impl<ComposeError> DeviceStore {
[INFO] [stdout]     |     ++++++++++++++
[INFO] [stdout] 
[INFO] [stdout] 
[INFO] [stdout] warning: unused imports: `DataPair`, `EventType`, and `Message`
[INFO] [stdout]  --> src/mqtt.rs:1:22
[INFO] [stdout]   |
[INFO] [stdout] 1 | use crate::message::{Message, EventType, DataPair};
[INFO] [stdout]   |                      ^^^^^^^  ^^^^^^^^^  ^^^^^^^^
[INFO] [stdout]   |
[INFO] [stdout]   = note: `#[warn(unused_imports)]` (part of `#[warn(unused)]`) on by default
[INFO] [stdout] 
[INFO] [stdout] 
[INFO] [stdout] error[E0433]: cannot find type `ComposeError` in this scope
[INFO] [stdout]    --> src/device_store.rs:312:36
[INFO] [stdout]     |
[INFO] [stdout] 312 |                         return Err(ComposeError::MissingEventConfig("awake event not supported for servo_compose".to_string()))
[INFO] [stdout]     |                                    ^^^^^^^^^^^^ use of undeclared type `ComposeError`
[INFO] [stdout] 
[INFO] [stdout] 
[INFO] [stdout] error[E0433]: cannot find type `ComposeError` in this scope
[INFO] [stdout]    --> src/device_store.rs:316:44
[INFO] [stdout]     |
[INFO] [stdout] 316 | ...                   .ok_or_else(|| ComposeError::MissingEventConfig("sleep_event config missing".to_string()))?
[INFO] [stdout]     |                                      ^^^^^^^^^^^^ use of undeclared type `ComposeError`
[INFO] [stdout] 
[INFO] [stdout] 
[INFO] [stdout] error[E0433]: cannot find type `ComposeError` in this scope
[INFO] [stdout]    --> src/device_store.rs:320:44
[INFO] [stdout]     |
[INFO] [stdout] 320 | ...                   .ok_or_else(|| ComposeError::MissingEventConfig("command_event config missing".to_string()))?
[INFO] [stdout]     |                                      ^^^^^^^^^^^^ use of undeclared type `ComposeError`
[INFO] [stdout] 
[INFO] [stdout] 
[INFO] [stdout] warning: unused variable: `state`
[INFO] [stdout]    --> src/api.rs:124:11
[INFO] [stdout]     |
[INFO] [stdout] 124 |     State(state): State<AppState>,
[INFO] [stdout]     |           ^^^^^ help: if this is intentional, prefix it with an underscore: `_state`
[INFO] [stdout]     |
[INFO] [stdout]     = note: `#[warn(unused_variables)]` (part of `#[warn(unused)]`) on by default
[INFO] [stdout] 
[INFO] [stdout] 
[INFO] [stdout] warning: unused variable: `payload`
[INFO] [stdout]    --> src/api.rs:125:10
[INFO] [stdout]     |
[INFO] [stdout] 125 |     Json(payload): Json<PublishAllRequest>,
[INFO] [stdout]     |          ^^^^^^^ help: if this is intentional, prefix it with an underscore: `_payload`
[INFO] [stdout] 
[INFO] [stdout] 
[INFO] [stdout] error[E0433]: cannot find type `ComposeError` in this scope
[INFO] [stdout]    --> src/device_store.rs:312:36
[INFO] [stdout]     |
[INFO] [stdout] 312 |                         return Err(ComposeError::MissingEventConfig("awake event not supported for servo_compose".to_string()))
[INFO] [stdout]     |                                    ^^^^^^^^^^^^ use of undeclared type `ComposeError`
[INFO] [stdout] 
[INFO] [stdout] 
[INFO] [stdout] error[E0433]: cannot find type `ComposeError` in this scope
[INFO] [stdout]    --> src/device_store.rs:316:44
[INFO] [stdout]     |
[INFO] [stdout] 316 | ...                   .ok_or_else(|| ComposeError::MissingEventConfig("sleep_event config missing".to_string()))?
[INFO] [stdout]     |                                      ^^^^^^^^^^^^ use of undeclared type `ComposeError`
[INFO] [stdout] 
[INFO] [stdout] 
[INFO] [stdout] error[E0433]: cannot find type `ComposeError` in this scope
[INFO] [stdout]    --> src/device_store.rs:320:44
[INFO] [stdout]     |
[INFO] [stdout] 320 | ...                   .ok_or_else(|| ComposeError::MissingEventConfig("command_event config missing".to_string()))?
[INFO] [stdout]     |                                      ^^^^^^^^^^^^ use of undeclared type `ComposeError`
[INFO] [stdout] 
[INFO] [stdout] 
[INFO] [stdout] Some errors have detailed explanations: E0425, E0433.
[INFO] [stdout] 
[INFO] [stdout] For more information about an error, try `rustc --explain E0425`.
[INFO] [stdout] 
[INFO] [stdout] warning: unused variable: `state`
[INFO] [stdout]    --> src/api.rs:124:11
[INFO] [stdout]     |
[INFO] [stdout] 124 |     State(state): State<AppState>,
[INFO] [stdout]     |           ^^^^^ help: if this is intentional, prefix it with an underscore: `_state`
[INFO] [stdout]     |
[INFO] [stdout]     = note: `#[warn(unused_variables)]` (part of `#[warn(unused)]`) on by default
[INFO] [stdout] 
[INFO] [stdout] 
[INFO] [stderr] error: could not compile `iot__host` (lib test) due to 5 previous errors; 3 warnings emitted
[INFO] [stdout] warning: unused variable: `payload`
[INFO] [stdout]    --> src/api.rs:125:10
[INFO] [stdout]     |
[INFO] [stdout] 125 |     Json(payload): Json<PublishAllRequest>,
[INFO] [stdout]     |          ^^^^^^^ help: if this is intentional, prefix it with an underscore: `_payload`
[INFO] [stdout] 
[INFO] [stdout] 
[INFO] [stderr] warning: build failed, waiting for other jobs to finish...
[INFO] [stdout] Some errors have detailed explanations: E0425, E0433.
[INFO] [stdout] 
[INFO] [stdout] For more information about an error, try `rustc --explain E0425`.
[INFO] [stdout] 
[INFO] [stderr] error: could not compile `iot__host` (lib) due to 5 previous errors; 3 warnings emitted
[INFO] running `Command { std: "docker" "inspect" "2d6ed2bae77f96918e9e1dd00b0fe013a2124e72f39d8fefc3e75cc103c1089e", kill_on_drop: false }`
[INFO] running `Command { std: "docker" "rm" "-f" "2d6ed2bae77f96918e9e1dd00b0fe013a2124e72f39d8fefc3e75cc103c1089e", kill_on_drop: false }`
[INFO] [stdout] 2d6ed2bae77f96918e9e1dd00b0fe013a2124e72f39d8fefc3e75cc103c1089e
