[INFO] cloning repository https://github.com/hornleaf/nvterm-rs
[INFO] running `Command { std: "git" "-c" "credential.helper=" "-c" "credential.helper=/workspace/cargo-home/bin/git-credential-null" "clone" "--bare" "https://github.com/hornleaf/nvterm-rs" "/workspace/cache/git-repos/https%3A%2F%2Fgithub.com%2Fhornleaf%2Fnvterm-rs", kill_on_drop: false }`
[INFO] [stderr] Cloning into bare repository '/workspace/cache/git-repos/https%3A%2F%2Fgithub.com%2Fhornleaf%2Fnvterm-rs'...
[INFO] running `Command { std: "git" "rev-parse" "HEAD", kill_on_drop: false }`
[INFO] [stdout] 607aeb3cec8f469d282d042731fb178cdc4a97e5
[INFO] checking hornleaf/nvterm-rs against 3154cc1a3e6424e44f438a95007d043ed5ceaaf6 for pr-133502-30
[INFO] running `Command { std: "git" "clone" "/workspace/cache/git-repos/https%3A%2F%2Fgithub.com%2Fhornleaf%2Fnvterm-rs" "/workspace/builds/worker-5-tc2/source", kill_on_drop: false }`
[INFO] [stderr] Cloning into '/workspace/builds/worker-5-tc2/source'...
[INFO] [stderr] done.
[INFO] started tweaking git repo https://github.com/hornleaf/nvterm-rs
[INFO] finished tweaking git repo https://github.com/hornleaf/nvterm-rs
[INFO] tweaked toml for git repo https://github.com/hornleaf/nvterm-rs written to /workspace/builds/worker-5-tc2/source/Cargo.toml
[INFO] validating manifest of git repo https://github.com/hornleaf/nvterm-rs on toolchain 3154cc1a3e6424e44f438a95007d043ed5ceaaf6
[INFO] running `Command { std: CARGO_HOME="/workspace/cargo-home" RUSTUP_HOME="/workspace/rustup-home" "/workspace/cargo-home/bin/cargo" "+3154cc1a3e6424e44f438a95007d043ed5ceaaf6" "metadata" "--manifest-path" "Cargo.toml" "--no-deps", kill_on_drop: false }`
[INFO] crate git repo https://github.com/hornleaf/nvterm-rs already has a lockfile, it will not be regenerated
[INFO] running `Command { std: CARGO_HOME="/workspace/cargo-home" RUSTUP_HOME="/workspace/rustup-home" "/workspace/cargo-home/bin/cargo" "+3154cc1a3e6424e44f438a95007d043ed5ceaaf6" "fetch" "--manifest-path" "Cargo.toml", kill_on_drop: false }`
[INFO] running `Command { std: "docker" "create" "-v" "/var/lib/crater-agent-workspace/builds/worker-5-tc2/source:/opt/rustwide/workdir:ro,Z" "-v" "/var/lib/crater-agent-workspace/builds/worker-5-tc2/target:/opt/rustwide/target:rw,Z" "-v" "/var/lib/crater-agent-workspace/cargo-home:/opt/rustwide/cargo-home:ro,Z" "-v" "/var/lib/crater-agent-workspace/rustup-home:/opt/rustwide/rustup-home:ro,Z" "-m" "1610612736" "--network" "none" "ghcr.io/rust-lang/crates-build-env/linux@sha256:77db811e55d90add9212f6832c23229e3de5f1c1f9905e8cb07319ea15df73ac" "sleep" "infinity", kill_on_drop: false }`
[INFO] [stdout] 2ab592931f606b1861802517ec98557b639d5cc23cbed8be375f9ad09c182a2b
[INFO] running `Command { std: "docker" "start" "2ab592931f606b1861802517ec98557b639d5cc23cbed8be375f9ad09c182a2b", kill_on_drop: false }`
[INFO] running `Command { std: "docker" "inspect" "2ab592931f606b1861802517ec98557b639d5cc23cbed8be375f9ad09c182a2b", kill_on_drop: false }`
[INFO] running `Command { std: "docker" "exec" "-e" "SOURCE_DIR=/opt/rustwide/workdir" "-e" "CARGO_HOME=/opt/rustwide/cargo-home" "-e" "RUSTUP_HOME=/opt/rustwide/rustup-home" "-e" "CARGO_TARGET_DIR=/opt/rustwide/target" "-w" "/opt/rustwide/workdir" "--user" "0:0" "2ab592931f606b1861802517ec98557b639d5cc23cbed8be375f9ad09c182a2b" "/opt/rustwide/cargo-home/bin/cargo" "+3154cc1a3e6424e44f438a95007d043ed5ceaaf6" "metadata" "--no-deps" "--format-version=1", kill_on_drop: false }`
[INFO] running `Command { std: "docker" "inspect" "2ab592931f606b1861802517ec98557b639d5cc23cbed8be375f9ad09c182a2b", kill_on_drop: false }`
[INFO] running `Command { std: "docker" "exec" "-e" "SOURCE_DIR=/opt/rustwide/workdir" "-e" "CARGO_HOME=/opt/rustwide/cargo-home" "-e" "RUSTUP_HOME=/opt/rustwide/rustup-home" "-e" "CARGO_TARGET_DIR=/opt/rustwide/target" "-e" "CARGO_INCREMENTAL=0" "-e" "RUST_BACKTRACE=full" "-e" "RUSTFLAGS=--cap-lints=forbid" "-e" "RUSTDOCFLAGS=--cap-lints=forbid" "-w" "/opt/rustwide/workdir" "--user" "0:0" "2ab592931f606b1861802517ec98557b639d5cc23cbed8be375f9ad09c182a2b" "/opt/rustwide/cargo-home/bin/cargo" "+3154cc1a3e6424e44f438a95007d043ed5ceaaf6" "check" "--frozen" "--all" "--all-targets" "--message-format=json", kill_on_drop: false }`
[INFO] [stderr]    Compiling libc v0.2.189
[INFO] [stderr]    Compiling serde_core v1.0.229
[INFO] [stderr]    Compiling syn v3.0.3
[INFO] [stderr]    Compiling rustix v1.1.4
[INFO] [stderr]     Checking regex-syntax v0.8.11
[INFO] [stderr]    Compiling syn v2.0.119
[INFO] [stderr]     Checking futures-core v0.3.34
[INFO] [stderr]    Compiling cfg_aliases v0.1.1
[INFO] [stderr]     Checking aho-corasick v1.1.5
[INFO] [stderr]     Checking smallvec v1.15.2
[INFO] [stderr]    Compiling serde v1.0.229
[INFO] [stderr]     Checking linux-raw-sys v0.12.1
[INFO] [stderr]     Checking futures-sink v0.3.34
[INFO] [stderr]    Compiling signal-hook v0.4.4
[INFO] [stderr]     Checking futures-io v0.3.34
[INFO] [stderr]     Checking jiff-core v0.1.0
[INFO] [stderr]     Checking arrayvec v0.7.8
[INFO] [stderr]    Compiling nix v0.28.0
[INFO] [stderr]     Checking cursor-icon v1.2.0
[INFO] [stderr]     Checking anstream v1.0.0
[INFO] [stderr]     Checking futures-channel v0.3.34
[INFO] [stderr]     Checking rmp v0.8.15
[INFO] [stderr]     Checking unicode-width v0.2.2
[INFO] [stderr]     Checking sys-locale v0.3.2
[INFO] [stderr]     Checking clipboard-win v5.4.1
[INFO] [stderr]     Checking rmpv v1.3.1
[INFO] [stderr]     Checking jiff v0.2.35
[INFO] [stderr]     Checking regex-automata v0.4.18
[INFO] [stderr]     Checking errno v0.3.14
[INFO] [stderr]     Checking parking_lot_core v0.9.12
[INFO] [stderr]     Checking serial2 v0.2.38
[INFO] [stderr]     Checking mio v1.2.2
[INFO] [stderr]     Checking socket2 v0.6.5
[INFO] [stderr]     Checking signal-hook-registry v1.4.8
[INFO] [stderr]     Checking parking_lot v0.12.5
[INFO] [stderr]    Compiling thiserror-impl v1.0.69
[INFO] [stderr]     Checking thiserror v1.0.69
[INFO] [stderr]     Checking filedescriptor v0.8.3
[INFO] [stderr]     Checking bitflags v2.13.1
[INFO] [stderr]    Compiling serde_derive v1.0.229
[INFO] [stderr]    Compiling futures-macro v0.3.34
[INFO] [stderr]    Compiling tokio-macros v2.7.2
[INFO] [stderr]     Checking portable-pty v0.9.0 (/opt/rustwide/workdir/vendor/portable-pty)
[INFO] [stderr]     Checking tokio v1.53.1
[INFO] [stderr]     Checking futures-util v0.3.34
[INFO] [stderr]     Checking regex v1.13.1
[INFO] [stderr]     Checking env_filter v2.0.0
[INFO] [stderr]     Checking env_logger v0.11.11
[INFO] [stderr]     Checking vte v0.15.0
[INFO] [stderr]     Checking polling v3.11.0
[INFO] [stderr]     Checking rustix-openpty v0.2.0
[INFO] [stderr]     Checking alacritty_terminal v0.26.0
[INFO] [stderr]     Checking futures-executor v0.3.34
[INFO] [stderr]     Checking futures v0.3.34
[INFO] [stderr]     Checking nvterm-rs v0.1.0 (/opt/rustwide/workdir)
[INFO] [stdout] error[E0432]: unresolved imports `clipboard_win::Clipboard`, `clipboard_win::Setter`, `clipboard_win::formats`
[INFO] [stdout]   --> src/main.rs:40:25
[INFO] [stdout]    |
[INFO] [stdout] 40 |     use clipboard_win::{Clipboard, Setter, formats::Unicode};
[INFO] [stdout]    |                         ^^^^^^^^^  ^^^^^^  ^^^^^^^ could not find `formats` in `clipboard_win`
[INFO] [stdout]    |                         |          |
[INFO] [stdout]    |                         |          no `Setter` in the root
[INFO] [stdout]    |                         no `Clipboard` in the root
[INFO] [stdout]    |
[INFO] [stdout]    = help: consider importing this variant instead:
[INFO] [stdout]            alacritty_terminal::term::ClipboardType::Clipboard
[INFO] [stdout] 
[INFO] [stdout] 
[INFO] [stdout] error[E0432]: unresolved imports `clipboard_win::Clipboard`, `clipboard_win::Setter`, `clipboard_win::formats`
[INFO] [stdout]   --> src/main.rs:40:25
[INFO] [stdout]    |
[INFO] [stdout] 40 |     use clipboard_win::{Clipboard, Setter, formats::Unicode};
[INFO] [stdout]    |                         ^^^^^^^^^  ^^^^^^  ^^^^^^^ could not find `formats` in `clipboard_win`
[INFO] [stdout]    |                         |          |
[INFO] [stdout]    |                         |          no `Setter` in the root
[INFO] [stdout]    |                         no `Clipboard` in the root
[INFO] [stdout]    |
[INFO] [stdout]    = help: consider importing this variant instead:
[INFO] [stdout]            alacritty_terminal::term::ClipboardType::Clipboard
[INFO] [stdout] 
[INFO] [stdout] 
[INFO] [stdout] error[E0599]: no method named `creation_flags` found for mutable reference `&mut tokio::process::Command` in the current scope
[INFO] [stdout]    --> src/main.rs:485:10
[INFO] [stdout]     |
[INFO] [stdout] 477 |     let _nvim_child = tokio::process::Command::new(NVIM)
[INFO] [stdout] 478 |         .args(["--headless", "--listen", NVIM_ADDR])
[INFO] [stdout] 479 |         .stdin(Stdio::null())
[INFO] [stdout] 480 |         .stdout(Stdio::null())
[INFO] [stdout] 481 |         .stderr(Stdio::null())
[INFO] [stdout] 482 |         // CREATE_NO_WINDOW: nvim is a console app and would otherwise open
[INFO] [stdout] 483 |         // its own empty console window when spawned from the GUI subsystem
[INFO] [stdout] 484 |         // backend.
[INFO] [stdout] 485 |         .creation_flags(0x08000000)
[INFO] [stdout]     |          ^^^^^^^^^^^^^^ method not found in `&mut tokio::process::Command`
[INFO] [stdout] 
[INFO] [stdout] 
[INFO] [stdout] error[E0599]: no method named `creation_flags` found for mutable reference `&mut tokio::process::Command` in the current scope
[INFO] [stdout]    --> src/main.rs:485:10
[INFO] [stdout]     |
[INFO] [stdout] 477 |     let _nvim_child = tokio::process::Command::new(NVIM)
[INFO] [stdout] 478 |         .args(["--headless", "--listen", NVIM_ADDR])
[INFO] [stdout] 479 |         .stdin(Stdio::null())
[INFO] [stdout] 480 |         .stdout(Stdio::null())
[INFO] [stdout] 481 |         .stderr(Stdio::null())
[INFO] [stdout] 482 |         // CREATE_NO_WINDOW: nvim is a console app and would otherwise open
[INFO] [stdout] 483 |         // its own empty console window when spawned from the GUI subsystem
[INFO] [stdout] 484 |         // backend.
[INFO] [stdout] 485 |         .creation_flags(0x08000000)
[INFO] [stdout]     |          ^^^^^^^^^^^^^^ method not found in `&mut tokio::process::Command`
[INFO] [stdout] 
[INFO] [stdout] 
[INFO] [stdout] Some errors have detailed explanations: E0432, E0599.
[INFO] [stdout] 
[INFO] [stdout] For more information about an error, try `rustc --explain E0432`.
[INFO] [stdout] 
[INFO] [stderr] error: could not compile `nvterm-rs` (bin "nvterm-rs") due to 2 previous errors
[INFO] [stderr] warning: build failed, waiting for other jobs to finish...
[INFO] [stdout] Some errors have detailed explanations: E0432, E0599.
[INFO] [stdout] 
[INFO] [stdout] For more information about an error, try `rustc --explain E0432`.
[INFO] [stdout] 
[INFO] [stderr] error: could not compile `nvterm-rs` (bin "nvterm-rs" test) due to 2 previous errors
[INFO] [stderr] warning: unused dependency `futures`
[INFO] [stderr]  --> Cargo.toml:6:1
[INFO] [stderr]   |
[INFO] [stderr] 6 | futures = "0.3"
[INFO] [stderr]   | ^^^^^^^^^^^^^^^
[INFO] [stderr]   |
[INFO] [stderr]   = note: `cargo::unused_dependencies` is set to `warn` by default
[INFO] [stderr] help: consider removing the dependency on `futures`
[INFO] [stderr] warning: `nvterm-rs` (manifest) generated 1 warning
[INFO] running `Command { std: "docker" "inspect" "2ab592931f606b1861802517ec98557b639d5cc23cbed8be375f9ad09c182a2b", kill_on_drop: false }`
[INFO] running `Command { std: "docker" "rm" "-f" "2ab592931f606b1861802517ec98557b639d5cc23cbed8be375f9ad09c182a2b", kill_on_drop: false }`
[INFO] [stdout] 2ab592931f606b1861802517ec98557b639d5cc23cbed8be375f9ad09c182a2b
