[INFO] cloning repository https://github.com/hfutatzhanghb/lance-hdfs-backend
[INFO] running `Command { std: "git" "-c" "credential.helper=" "-c" "credential.helper=/workspace/cargo-home/bin/git-credential-null" "clone" "--bare" "https://github.com/hfutatzhanghb/lance-hdfs-backend" "/workspace/cache/git-repos/https%3A%2F%2Fgithub.com%2Fhfutatzhanghb%2Flance-hdfs-backend", kill_on_drop: false }`
[INFO] [stderr] Cloning into bare repository '/workspace/cache/git-repos/https%3A%2F%2Fgithub.com%2Fhfutatzhanghb%2Flance-hdfs-backend'...
[INFO] running `Command { std: "git" "rev-parse" "HEAD", kill_on_drop: false }`
[INFO] [stdout] e67382619b5dec01776636be66c3467427d5a0d0
[INFO] checking hfutatzhanghb/lance-hdfs-backend against 3154cc1a3e6424e44f438a95007d043ed5ceaaf6+rustflags=-Znext-solver=coherence for pr-133502-30
[INFO] running `Command { std: "git" "clone" "/workspace/cache/git-repos/https%3A%2F%2Fgithub.com%2Fhfutatzhanghb%2Flance-hdfs-backend" "/workspace/builds/worker-7-tc1/source", kill_on_drop: false }`
[INFO] [stderr] Cloning into '/workspace/builds/worker-7-tc1/source'...
[INFO] [stderr] done.
[INFO] removed /workspace/builds/worker-7-tc1/source/rust-toolchain.toml
[INFO] started tweaking git repo https://github.com/hfutatzhanghb/lance-hdfs-backend
[INFO] finished tweaking git repo https://github.com/hfutatzhanghb/lance-hdfs-backend
[INFO] tweaked toml for git repo https://github.com/hfutatzhanghb/lance-hdfs-backend written to /workspace/builds/worker-7-tc1/source/Cargo.toml
[INFO] validating manifest of git repo https://github.com/hfutatzhanghb/lance-hdfs-backend on toolchain 3154cc1a3e6424e44f438a95007d043ed5ceaaf6
[INFO] running `Command { std: CARGO_HOME="/workspace/cargo-home" RUSTUP_HOME="/workspace/rustup-home" "/workspace/cargo-home/bin/cargo" "+3154cc1a3e6424e44f438a95007d043ed5ceaaf6" "metadata" "--manifest-path" "Cargo.toml" "--no-deps", kill_on_drop: false }`
[INFO] crate git repo https://github.com/hfutatzhanghb/lance-hdfs-backend already has a lockfile, it will not be regenerated
[INFO] running `Command { std: CARGO_HOME="/workspace/cargo-home" RUSTUP_HOME="/workspace/rustup-home" "/workspace/cargo-home/bin/cargo" "+3154cc1a3e6424e44f438a95007d043ed5ceaaf6" "fetch" "--manifest-path" "Cargo.toml", kill_on_drop: false }`
[INFO] [stderr]     Updating crates.io index
[INFO] [stderr]  Downloading crates ...
[INFO] [stderr]   Downloaded opendal-service-hdfs v0.59.1
[INFO] [stderr]   Downloaded hdrs v0.3.2
[INFO] [stderr]   Downloaded java-locator v0.1.9
[INFO] [stderr]   Downloaded opendal-layer-timeout v0.59.1
[INFO] [stderr]   Downloaded opendal-layer-retry v0.59.1
[INFO] [stderr]   Downloaded opendal-layer-logging v0.59.1
[INFO] [stderr]   Downloaded opendal-http-transport-reqwest v0.59.1
[INFO] [stderr]   Downloaded compression-codecs v0.4.43
[INFO] [stderr]   Downloaded opendal-layer-concurrent-limit v0.59.1
[INFO] [stderr]   Downloaded asyncband v0.6.7
[INFO] [stderr]   Downloaded object_store_opendal v0.60.1
[INFO] [stderr]   Downloaded snafu-derive v0.9.2
[INFO] [stderr]   Downloaded lance-derive v12.0.0
[INFO] [stderr]   Downloaded snafu v0.9.2
[INFO] [stderr]   Downloaded lance-select v12.0.0
[INFO] [stderr]   Downloaded async-compression v0.4.48
[INFO] [stderr]   Downloaded quick_cache v0.6.24
[INFO] [stderr]   Downloaded lance-arrow v12.0.0
[INFO] [stderr]   Downloaded fast-float2 v0.2.4
[INFO] [stderr]   Downloaded roaring v0.11.5
[INFO] [stderr]   Downloaded opendal v0.59.1
[INFO] [stderr]   Downloaded flatbuffers v25.12.19
[INFO] [stderr]   Downloaded arrow-arith v58.4.0
[INFO] [stderr]   Downloaded lance-core v12.0.0
[INFO] [stderr]   Downloaded arrow-select v58.4.0
[INFO] [stderr]   Downloaded arrow-schema v58.4.0
[INFO] [stderr]   Downloaded arrow-data v58.4.0
[INFO] [stderr]   Downloaded arrow-buffer v58.4.0
[INFO] [stderr]   Downloaded arrow-ord v58.4.0
[INFO] [stderr]   Downloaded sqlparser_derive v0.5.0
[INFO] [stderr]   Downloaded datafusion-macros v54.1.0
[INFO] [stderr]   Downloaded std_prelude v0.2.12
[INFO] [stderr]   Downloaded lz4_flex v0.13.1
[INFO] [stderr]   Downloaded arrow-csv v58.4.0
[INFO] [stderr]   Downloaded datafusion-functions-window-common v54.1.0
[INFO] [stderr]   Downloaded object_store v0.14.1
[INFO] [stderr]   Downloaded arrow-ipc v58.4.0
[INFO] [stderr]   Downloaded arrow-string v58.4.0
[INFO] [stderr]   Downloaded datafusion-doc v54.1.0
[INFO] [stderr]   Downloaded datafusion-functions-nested v54.1.0
[INFO] [stderr]   Downloaded datafusion-physical-expr-common v54.1.0
[INFO] [stderr]   Downloaded arrow v58.4.0
[INFO] [stderr]   Downloaded arrow-row v58.4.0
[INFO] [stderr]   Downloaded arrow-cast v58.4.0
[INFO] [stderr]   Downloaded comfy-table v7.2.2
[INFO] [stderr]   Downloaded datafusion-functions-aggregate-common v54.1.0
[INFO] [stderr]   Downloaded datafusion-execution v54.1.0
[INFO] [stderr]   Downloaded path_abs v0.5.1
[INFO] [stderr]   Downloaded stfu8 v0.2.7
[INFO] [stderr]   Downloaded lance-namespace v12.0.0
[INFO] [stderr]   Downloaded multiversion v0.9.0
[INFO] [stderr]   Downloaded lance-bitpacking v12.0.0
[INFO] [stderr]   Downloaded permutation v0.4.1
[INFO] [stderr]   Downloaded lance-table v12.0.0
[INFO] [stderr]   Downloaded datafusion-sql v54.1.0
[INFO] [stderr]   Downloaded datafusion-expr-common v54.1.0
[INFO] [stderr]   Downloaded arrow-json v58.4.0
[INFO] [stderr]   Downloaded datafusion-functions-aggregate v54.1.0
[INFO] [stderr]   Downloaded multiversion-macros v0.9.0
[INFO] [stderr]   Downloaded fsst v12.0.0
[INFO] [stderr]   Downloaded hdfs-sys v0.3.0
[INFO] [stderr]   Downloaded arrow-array v58.4.0
[INFO] [stderr]   Downloaded datafusion-common v54.1.0
[INFO] [stderr]   Downloaded datafusion-physical-expr v54.1.0
[INFO] [stderr]   Downloaded lance-namespace-reqwest-client v0.12.0
[INFO] [stderr]   Downloaded hyperloglogplus v0.4.1
[INFO] [stderr]   Downloaded lance-tokenizer v12.0.0
[INFO] [stderr]   Downloaded datafusion-functions-table v54.1.0
[INFO] [stderr]   Downloaded opendal-core v0.59.1
[INFO] [stderr]   Downloaded object_store v0.13.2
[INFO] [stderr]   Downloaded datafusion-expr v54.1.0
[INFO] [stderr]   Downloaded lance-io v12.0.0
[INFO] [stderr]   Downloaded io-uring v0.7.15
[INFO] [stderr]   Downloaded datafusion-functions v54.1.0
[INFO] [stderr]   Downloaded datafusion-datasource-json v54.1.0
[INFO] [stderr]   Downloaded jsonb v0.5.6
[INFO] [stderr]   Downloaded stop-words v0.10.0
[INFO] [stderr]   Downloaded libsais-rs v0.2.2
[INFO] [stderr]   Downloaded lance-arrow-stats v58.0.0
[INFO] [stderr]   Downloaded encoding_rs v0.8.41
[INFO] [stderr]   Downloaded lance-file v12.0.0
[INFO] [stderr]   Downloaded lance-encoding v12.0.0
[INFO] [stderr]   Downloaded lance-index-core v12.0.0
[INFO] [stderr]   Downloaded datafusion-physical-optimizer v54.1.0
[INFO] [stderr]   Downloaded datafusion-physical-expr-adapter v54.1.0
[INFO] [stderr]   Downloaded async_cell v0.2.3
[INFO] [stderr]   Downloaded datafusion-datasource v54.1.0
[INFO] [stderr]   Downloaded datafusion-functions-window v54.1.0
[INFO] [stderr]   Downloaded datafusion-datasource-arrow v54.1.0
[INFO] [stderr]   Downloaded datafusion-catalog-listing v54.1.0
[INFO] [stderr]   Downloaded datafusion-common-runtime v54.1.0
[INFO] [stderr]   Downloaded datafusion-pruning v54.1.0
[INFO] [stderr]   Downloaded datafusion-datasource-csv v54.1.0
[INFO] [stderr]   Downloaded lance-datafusion v12.0.0
[INFO] [stderr]   Downloaded lance-arrow-scalar v58.0.0
[INFO] [stderr]   Downloaded frostem v1.20260821.6
[INFO] [stderr]   Downloaded datafusion-session v54.1.0
[INFO] [stderr]   Downloaded lance-linalg v12.0.0
[INFO] [stderr]   Downloaded datafusion-catalog v54.1.0
[INFO] [stderr]   Downloaded datafusion-optimizer v54.1.0
[INFO] [stderr]   Downloaded datafusion v54.1.0
[INFO] [stderr]   Downloaded datafusion-physical-plan v54.1.0
[INFO] [stderr]   Downloaded crossbeam-skiplist v0.1.3
[INFO] [stderr]   Downloaded fst v0.4.7
[INFO] [stderr]   Downloaded lance-index v12.0.0
[INFO] [stderr]   Downloaded lance v12.0.0
[INFO] running `Command { std: "docker" "create" "-v" "/var/lib/crater-agent-workspace/builds/worker-7-tc1/source:/opt/rustwide/workdir:ro,Z" "-v" "/var/lib/crater-agent-workspace/builds/worker-7-tc1/target:/opt/rustwide/target:rw,Z" "-v" "/var/lib/crater-agent-workspace/cargo-home:/opt/rustwide/cargo-home:ro,Z" "-v" "/var/lib/crater-agent-workspace/rustup-home:/opt/rustwide/rustup-home:ro,Z" "-m" "1610612736" "--network" "none" "ghcr.io/rust-lang/crates-build-env/linux@sha256:77db811e55d90add9212f6832c23229e3de5f1c1f9905e8cb07319ea15df73ac" "sleep" "infinity", kill_on_drop: false }`
[INFO] [stdout] edf94a65296e777bf60737477f6bf8c913052bd2e824fefc0e92c04e4879db86
[INFO] running `Command { std: "docker" "start" "edf94a65296e777bf60737477f6bf8c913052bd2e824fefc0e92c04e4879db86", kill_on_drop: false }`
[INFO] running `Command { std: "docker" "inspect" "edf94a65296e777bf60737477f6bf8c913052bd2e824fefc0e92c04e4879db86", kill_on_drop: false }`
[INFO] running `Command { std: "docker" "exec" "-e" "SOURCE_DIR=/opt/rustwide/workdir" "-e" "CARGO_HOME=/opt/rustwide/cargo-home" "-e" "RUSTUP_HOME=/opt/rustwide/rustup-home" "-e" "CARGO_TARGET_DIR=/opt/rustwide/target" "-w" "/opt/rustwide/workdir" "--user" "0:0" "edf94a65296e777bf60737477f6bf8c913052bd2e824fefc0e92c04e4879db86" "/opt/rustwide/cargo-home/bin/cargo" "+3154cc1a3e6424e44f438a95007d043ed5ceaaf6" "metadata" "--no-deps" "--format-version=1", kill_on_drop: false }`
[INFO] running `Command { std: "docker" "inspect" "edf94a65296e777bf60737477f6bf8c913052bd2e824fefc0e92c04e4879db86", kill_on_drop: false }`
[INFO] running `Command { std: "docker" "exec" "-e" "SOURCE_DIR=/opt/rustwide/workdir" "-e" "CARGO_HOME=/opt/rustwide/cargo-home" "-e" "RUSTUP_HOME=/opt/rustwide/rustup-home" "-e" "CARGO_TARGET_DIR=/opt/rustwide/target" "-e" "CARGO_INCREMENTAL=0" "-e" "RUST_BACKTRACE=full" "-e" "RUSTFLAGS=--cap-lints=forbid -Znext-solver=coherence" "-e" "RUSTDOCFLAGS=--cap-lints=forbid" "-w" "/opt/rustwide/workdir" "--user" "0:0" "edf94a65296e777bf60737477f6bf8c913052bd2e824fefc0e92c04e4879db86" "/opt/rustwide/cargo-home/bin/cargo" "+3154cc1a3e6424e44f438a95007d043ed5ceaaf6" "check" "--frozen" "--all" "--all-targets" "--message-format=json", kill_on_drop: false }`
[INFO] [stderr]    Compiling serde_core v1.0.229
[INFO] [stderr]    Compiling find-msvc-tools v0.1.12
[INFO] [stderr]     Checking foldhash v0.2.0
[INFO] [stderr]    Compiling num-traits v0.2.19
[INFO] [stderr]     Checking bitflags v2.13.2
[INFO] [stderr]    Compiling zerocopy v0.8.57
[INFO] [stderr]     Checking smallvec v1.16.1
[INFO] [stderr]    Compiling syn v3.0.6
[INFO] [stderr]    Compiling syn v2.0.119
[INFO] [stderr]     Checking mio v1.2.3
[INFO] [stderr]     Checking futures-channel v0.3.34
[INFO] [stderr]     Checking getrandom v0.3.4
[INFO] [stderr]     Checking phf_shared v0.12.1
[INFO] [stderr]    Compiling chrono-tz v0.10.4
[INFO] [stderr]    Compiling crossbeam-utils v0.8.23
[INFO] [stderr]     Checking getrandom v0.4.3
[INFO] [stderr]     Checking lexical-util v1.0.7
[INFO] [stderr]    Compiling rustix v1.1.5
[INFO] [stderr]    Compiling cc v1.4.6
[INFO] [stderr]     Checking hashbrown v0.17.1
[INFO] [stderr]     Checking phf v0.12.1
[INFO] [stderr]     Checking parking_lot_core v0.9.12
[INFO] [stderr]     Checking rand_core v0.9.5
[INFO] [stderr]     Checking either v1.18.0
[INFO] [stderr]     Checking comfy-table v7.2.2
[INFO] [stderr]    Compiling zstd-safe v7.3.0
[INFO] [stderr]    Compiling flatbuffers v25.12.19
[INFO] [stderr]     Checking parking_lot v0.12.5
[INFO] [stderr]     Checking simdutf8 v0.1.5
[INFO] [stderr]     Checking regex-automata v0.4.18
[INFO] [stderr]     Checking hybrid-array v0.4.15
[INFO] [stderr]     Checking csv-core v0.1.13
[INFO] [stderr]     Checking humantime v2.4.0
[INFO] [stderr]     Checking itertools v0.14.0
[INFO] [stderr]     Checking const-oid v0.10.2
[INFO] [stderr]     Checking datafusion-doc v54.1.0
[INFO] [stderr]     Checking generic-array v0.14.7
[INFO] [stderr]     Checking lexical-write-integer v1.0.6
[INFO] [stderr]     Checking lexical-parse-integer v1.0.6
[INFO] [stderr]     Checking hashbrown v0.14.5
[INFO] [stderr]     Checking lexical-parse-float v1.0.6
[INFO] [stderr]     Checking indexmap v2.14.2
[INFO] [stderr]    Compiling anyhow v1.0.104
[INFO] [stderr]     Checking num-integer v0.1.47
[INFO] [stderr]     Checking num-complex v0.4.6
[INFO] [stderr]     Checking lexical-write-float v1.0.6
[INFO] [stderr]     Checking atoi v2.0.0
[INFO] [stderr]     Checking crypto-common v0.2.2
[INFO] [stderr]     Checking block-buffer v0.12.1
[INFO] [stderr]     Checking cpufeatures v0.3.1
[INFO] [stderr]     Checking constant_time_eq v0.4.2
[INFO] [stderr]     Checking jiff-core v0.1.1
[INFO] [stderr]     Checking num-bigint v0.4.8
[INFO] [stderr]    Compiling foldhash v0.1.5
[INFO] [stderr]     Checking block-buffer v0.10.4
[INFO] [stderr]     Checking lexical-core v1.0.6
[INFO] [stderr]     Checking crypto-common v0.1.7
[INFO] [stderr]    Compiling aws-lc-rs v1.18.1
[INFO] [stderr]    Compiling linux-raw-sys v0.12.1
[INFO] [stderr]     Checking dashmap v6.2.1
[INFO] [stderr]     Checking digest v0.10.7
[INFO] [stderr]    Compiling cmake v0.1.58
[INFO] [stderr]     Checking blake2 v0.10.6
[INFO] [stderr]     Checking petgraph v0.8.3
[INFO] [stderr]    Compiling bytes v1.12.1
[INFO] [stderr]    Compiling regex-syntax v0.8.11
[INFO] [stderr]     Checking digest v0.11.3
[INFO] [stderr]    Compiling hashbrown v0.15.5
[INFO] [stderr]     Checking md-5 v0.11.0
[INFO] [stderr]     Checking sha2 v0.11.0
[INFO] [stderr]     Checking tempfile v3.27.0
[INFO] [stderr]     Checking event-listener-strategy v0.5.4
[INFO] [stderr]    Compiling zstd-sys v2.1.0+zstd.1.5.7
[INFO] [stderr]    Compiling blake3 v1.8.7
[INFO] [stderr]    Compiling aws-lc-sys v0.45.0
[INFO] [stderr]    Compiling ring v0.17.14
[INFO] [stderr]    Compiling fastrand v2.5.0
[INFO] [stderr]    Compiling once_cell v1.21.4
[INFO] [stderr]    Compiling crossbeam-epoch v0.9.21
[INFO] [stderr]    Compiling fixedbitset v0.5.7
[INFO] [stderr]     Checking regex v1.13.1
[INFO] [stderr]     Checking getrandom v0.2.17
[INFO] [stderr]    Compiling log v0.4.34
[INFO] [stderr]    Compiling crc32fast v1.5.2
[INFO] [stderr]     Checking serde_json v1.0.151
[INFO] [stderr]     Checking uuid v1.26.1
[INFO] [stderr]     Checking csv v1.4.0
[INFO] [stderr]     Checking jiff v0.2.37
[INFO] [stderr]    Compiling multimap v0.10.1
[INFO] [stderr]    Compiling rustls v0.23.45
[INFO] [stderr]    Compiling nix v0.31.3
[INFO] [stderr]     Checking flate2 v1.1.10
[INFO] [stderr]     Checking crossbeam-channel v0.5.17
[INFO] [stderr]    Compiling bigdecimal v0.4.10
[INFO] [stderr]     Checking compression-core v0.4.33
[INFO] [stderr]     Checking sync_wrapper v1.0.2
[INFO] [stderr]     Checking compression-codecs v0.4.43
[INFO] [stderr]    Compiling portable-atomic v1.15.0
[INFO] [stderr]     Checking ipnet v2.12.2
[INFO] [stderr]     Checking http-body-util v0.1.5
[INFO] [stderr]     Checking arrow-schema v58.4.0
[INFO] [stderr]     Checking ordered-float v5.5.0
[INFO] [stderr]     Checking itertools v0.15.0
[INFO] [stderr]     Checking num_cpus v1.17.0
[INFO] [stderr]     Checking nom v8.0.0
[INFO] [stderr]     Checking fast-float2 v0.2.4
[INFO] [stderr]     Checking ethnum v1.5.3
[INFO] [stderr]     Checking async-lock v3.4.2
[INFO] [stderr]     Checking glob v0.3.4
[INFO] [stderr]    Compiling prettyplease v0.2.37
[INFO] [stderr]     Checking hashbrown v0.16.1
[INFO] [stderr]    Compiling synstructure v0.14.0
[INFO] [stderr]     Checking tagptr v0.2.0
[INFO] [stderr]    Compiling darling_core v0.24.1
[INFO] [stderr]    Compiling encoding_rs v0.8.41
[INFO] [stderr]    Compiling multiversion_no_op v1.0.0
[INFO] [stderr]     Checking core_detect v1.0.0
[INFO] [stderr]     Checking base64 v0.23.1
[INFO] [stderr]     Checking asyncband v0.6.7
[INFO] [stderr]    Compiling lz4-sys v1.11.1+lz4-1.10.0
[INFO] [stderr]     Checking concurrent-queue v2.5.0
[INFO] [stderr]    Compiling io-uring v0.7.15
[INFO] [stderr]    Compiling crunchy v0.2.4
[INFO] [stderr]     Checking async-channel v2.5.0
[INFO] [stderr]    Compiling java-locator v0.1.9
[INFO] [stderr]     Checking std_prelude v0.2.12
[INFO] [stderr]    Compiling crossbeam-deque v0.8.8
[INFO] [stderr]     Checking stfu8 v0.2.7
[INFO] [stderr]    Compiling hdfs-sys v0.3.0
[INFO] [stderr]    Compiling zmij v1.0.23
[INFO] [stderr]    Compiling memchr v2.8.3
[INFO] [stderr]     Checking lance-bitpacking v12.0.0
[INFO] [stderr]     Checking piper v0.2.5
[INFO] [stderr]     Checking futures-lite v2.6.1
[INFO] [stderr]    Compiling zerocopy-derive v0.8.57
[INFO] [stderr]    Compiling tracing-attributes v0.1.31
[INFO] [stderr]    Compiling sqlparser_derive v0.5.0
[INFO] [stderr] warning: hdfs-sys@0.3.0: In file included from libhdfs/hdfs_2_6/exception.c:19:
[INFO] [stderr] warning: hdfs-sys@0.3.0: libhdfs/hdfs_2_6/exception.h:39:10: fatal error: jni.h: No such file or directory
[INFO] [stderr] warning: hdfs-sys@0.3.0:    39 | #include <jni.h>
[INFO] [stderr] warning: hdfs-sys@0.3.0:       |          ^~~~~~~
[INFO] [stderr] warning: hdfs-sys@0.3.0: compilation terminated.
[INFO] [stderr] warning: hdfs-sys@0.3.0: ToolExecError: command did not execute successfully (status code exit status: 1): LC_ALL="C" "cc" "-O0" "-ffunction-sections" "-fdata-sections" "-fPIC" "-g" "-gdwarf-4" "-fno-omit-frame-pointer" "-mno-omit-leaf-frame-pointer" "-m64" "-static" "-I" "/usr/lib/jvm/java-8-openjdk-amd64/jre/include" "-I" "/usr/lib/jvm/java-8-openjdk-amd64/jre/include/linux" "-I" "libhdfs" "-I" "libhdfs/hdfs_2_6" "-I" "libhdfs/hdfs_2_6/os" "-I" "libhdfs/hdfs_2_6/os/posix" "-I" "libhdfs/hdfs_2_6/common" "-w" "-fvisibility=hidden" "-fcommon" "-w" "-o" "/opt/rustwide/target/debug/build/hdfs-sys/6d6a08810fcbfbbc/out/ea99cf57bf2eff91-exception.o" "-c" "libhdfs/hdfs_2_6/exception.c"cargo:rerun-if-env-changed=CC_x86_64-unknown-linux-gnu
[INFO] [stderr] warning: hdfs-sys@0.3.0: In file included from libhdfs/hdfs_2_6/jni_helper.c:20:
[INFO] [stderr] warning: hdfs-sys@0.3.0: libhdfs/hdfs_2_6/exception.h:39:10: fatal error: jni.h: No such file or directory
[INFO] [stderr] warning: hdfs-sys@0.3.0:    39 | #include <jni.h>
[INFO] [stderr] warning: hdfs-sys@0.3.0:       |          ^~~~~~~
[INFO] [stderr] warning: hdfs-sys@0.3.0: compilation terminated.
[INFO] [stderr] warning: hdfs-sys@0.3.0: ToolExecError: command did not execute successfully (status code exit status: 1): LC_ALL="C" "cc" "-O0" "-ffunction-sections" "-fdata-sections" "-fPIC" "-g" "-gdwarf-4" "-fno-omit-frame-pointer" "-mno-omit-leaf-frame-pointer" "-m64" "-static" "-I" "/usr/lib/jvm/java-8-openjdk-amd64/jre/include" "-I" "/usr/lib/jvm/java-8-openjdk-amd64/jre/include/linux" "-I" "libhdfs" "-I" "libhdfs/hdfs_2_6" "-I" "libhdfs/hdfs_2_6/os" "-I" "libhdfs/hdfs_2_6/os/posix" "-I" "libhdfs/hdfs_2_6/common" "-w" "-fvisibility=hidden" "-fcommon" "-w" "-o" "/opt/rustwide/target/debug/build/hdfs-sys/6d6a08810fcbfbbc/out/ea99cf57bf2eff91-jni_helper.o" "-c" "libhdfs/hdfs_2_6/jni_helper.c"cargo:rerun-if-env-changed=CC_x86_64-unknown-linux-gnu
[INFO] [stderr] warning: hdfs-sys@0.3.0: In file included from libhdfs/hdfs_2_6/hdfs.c:19:
[INFO] [stderr] warning: hdfs-sys@0.3.0: libhdfs/hdfs_2_6/exception.h:39:10: fatal error: jni.h: No such file or directory
[INFO] [stderr] warning: hdfs-sys@0.3.0:    39 | #include <jni.h>
[INFO] [stderr] warning: hdfs-sys@0.3.0:       |          ^~~~~~~
[INFO] [stderr] warning: hdfs-sys@0.3.0: compilation terminated.
[INFO] [stderr] warning: hdfs-sys@0.3.0: ToolExecError: command did not execute successfully (status code exit status: 1): LC_ALL="C" "cc" "-O0" "-ffunction-sections" "-fdata-sections" "-fPIC" "-g" "-gdwarf-4" "-fno-omit-frame-pointer" "-mno-omit-leaf-frame-pointer" "-m64" "-static" "-I" "/usr/lib/jvm/java-8-openjdk-amd64/jre/include" "-I" "/usr/lib/jvm/java-8-openjdk-amd64/jre/include/linux" "-I" "libhdfs" "-I" "libhdfs/hdfs_2_6" "-I" "libhdfs/hdfs_2_6/os" "-I" "libhdfs/hdfs_2_6/os/posix" "-I" "libhdfs/hdfs_2_6/common" "-w" "-fvisibility=hidden" "-fcommon" "-w" "-o" "/opt/rustwide/target/debug/build/hdfs-sys/6d6a08810fcbfbbc/out/ea99cf57bf2eff91-hdfs.o" "-c" "libhdfs/hdfs_2_6/hdfs.c"cargo:rerun-if-env-changed=CC_x86_64-unknown-linux-gnu
[INFO] [stderr] warning: hdfs-sys@0.3.0: In file included from libhdfs/hdfs_2_6/os/posix/thread_local_storage.c:19:
[INFO] [stderr] warning: hdfs-sys@0.3.0: libhdfs/hdfs_2_6/os/thread_local_storage.h:29:10: fatal error: jni.h: No such file or directory
[INFO] [stderr] warning: hdfs-sys@0.3.0:    29 | #include <jni.h>
[INFO] [stderr] warning: hdfs-sys@0.3.0:       |          ^~~~~~~
[INFO] [stderr] warning: hdfs-sys@0.3.0: compilation terminated.
[INFO] [stderr] warning: hdfs-sys@0.3.0: ToolExecError: command did not execute successfully (status code exit status: 1): LC_ALL="C" "cc" "-O0" "-ffunction-sections" "-fdata-sections" "-fPIC" "-g" "-gdwarf-4" "-fno-omit-frame-pointer" "-mno-omit-leaf-frame-pointer" "-m64" "-static" "-I" "/usr/lib/jvm/java-8-openjdk-amd64/jre/include" "-I" "/usr/lib/jvm/java-8-openjdk-amd64/jre/include/linux" "-I" "libhdfs" "-I" "libhdfs/hdfs_2_6" "-I" "libhdfs/hdfs_2_6/os" "-I" "libhdfs/hdfs_2_6/os/posix" "-I" "libhdfs/hdfs_2_6/common" "-w" "-fvisibility=hidden" "-fcommon" "-w" "-o" "/opt/rustwide/target/debug/build/hdfs-sys/6d6a08810fcbfbbc/out/f3141419efb520b9-thread_local_storage.o" "-c" "libhdfs/hdfs_2_6/os/posix/thread_local_storage.c"
[INFO] [stderr] error: failed to run custom build command for `hdfs-sys v0.3.0`
[INFO] [stderr] note: To improve backtraces for build dependencies, set the CARGO_PROFILE_DEV_BUILD_OVERRIDE_DEBUG=true environment variable to enable debug information generation.
[INFO] [stderr] 
[INFO] [stderr] Caused by:
[INFO] [stderr]   process didn't exit successfully: `/opt/rustwide/target/debug/build/hdfs-sys/4eab63ec13ae9333/out/build_script_build` (exit status: 1)
[INFO] [stderr]   --- stdout
[INFO] [stderr]   cargo:rustc-link-lib=jvm
[INFO] [stderr]   cargo:rustc-link-search=native=/usr/lib/jvm/java-8-openjdk-amd64/jre/lib/amd64/server
[INFO] [stderr]   cargo:rerun-if-env-changed=HDFS_LIB_DIR
[INFO] [stderr]   cargo:rerun-if-env-changed=HDFS_STATIC
[INFO] [stderr]   cargo:rerun-if-env-changed=HADOOP_HOME
[INFO] [stderr]   cargo:rustc-link-lib=static=hdfs
[INFO] [stderr]   cargo:rerun-if-env-changed=CC_FORCE_DISABLE
[INFO] [stderr]   CC_FORCE_DISABLE = None
[INFO] [stderr]   cargo:rerun-if-env-changed=CC_x86_64-unknown-linux-gnu
[INFO] [stderr]   CC_x86_64-unknown-linux-gnu = None
[INFO] [stderr]   cargo:rerun-if-env-changed=CC_x86_64_unknown_linux_gnu
[INFO] [stderr]   CC_x86_64_unknown_linux_gnu = None
[INFO] [stderr]   cargo:rerun-if-env-changed=HOST_CC
[INFO] [stderr]   HOST_CC = None
[INFO] [stderr]   cargo:rerun-if-env-changed=CC
[INFO] [stderr]   CC = None
[INFO] [stderr]   cargo:rerun-if-env-changed=CC_ENABLE_DEBUG_OUTPUT
[INFO] [stderr]   cargo:rerun-if-env-changed=CRATE_CC_NO_DEFAULTS
[INFO] [stderr]   CRATE_CC_NO_DEFAULTS = None
[INFO] [stderr]   cargo:rerun-if-env-changed=CRATE_CC_NO_DEFAULTS
[INFO] [stderr]   CRATE_CC_NO_DEFAULTS = None
[INFO] [stderr]   cargo:rerun-if-env-changed=CFLAGS
[INFO] [stderr]   CFLAGS = None
[INFO] [stderr]   cargo:rerun-if-env-changed=HOST_CFLAGS
[INFO] [stderr]   HOST_CFLAGS = None
[INFO] [stderr]   cargo:rerun-if-env-changed=CFLAGS_x86_64_unknown_linux_gnu
[INFO] [stderr]   CFLAGS_x86_64_unknown_linux_gnu = None
[INFO] [stderr]   cargo:rerun-if-env-changed=CFLAGS_x86_64-unknown-linux-gnu
[INFO] [stderr]   CFLAGS_x86_64-unknown-linux-gnu = None
[INFO] [stderr]   cargo:rerun-if-env-changed=CFLAGS
[INFO] [stderr]   CFLAGS = None
[INFO] [stderr]   cargo:rerun-if-env-changed=HOST_CFLAGS
[INFO] [stderr]   HOST_CFLAGS = None
[INFO] [stderr]   cargo:rerun-if-env-changed=CFLAGS_x86_64_unknown_linux_gnu
[INFO] [stderr]   CFLAGS_x86_64_unknown_linux_gnu = None
[INFO] [stderr]   cargo:rerun-if-env-changed=CFLAGS_x86_64-unknown-linux-gnu
[INFO] [stderr]   CFLAGS_x86_64-unknown-linux-gnu = None
[INFO] [stderr]   cargo:rerun-if-env-changed=CRATE_CC_NO_DEFAULTS
[INFO] [stderr]   CRATE_CC_NO_DEFAULTS = None
[INFO] [stderr]   cargo:rerun-if-env-changed=CFLAGS
[INFO] [stderr]   CFLAGS = None
[INFO] [stderr]   cargo:rerun-if-env-changed=HOST_CFLAGS
[INFO] [stderr]   HOST_CFLAGS = None
[INFO] [stderr]   cargo:rerun-if-env-changed=CFLAGS_x86_64_unknown_linux_gnu
[INFO] [stderr]   CFLAGS_x86_64_unknown_linux_gnu = None
[INFO] [stderr]   cargo:rerun-if-env-changed=CFLAGS_x86_64-unknown-linux-gnu
[INFO] [stderr]   CFLAGS_x86_64-unknown-linux-gnu = None
[INFO] [stderr]   cargo:rerun-if-env-changed=CRATE_CC_NO_DEFAULTS
[INFO] [stderr]   CRATE_CC_NO_DEFAULTS = None
[INFO] [stderr]   cargo:rerun-if-env-changed=CFLAGS
[INFO] [stderr]   CFLAGS = None
[INFO] [stderr]   cargo:rerun-if-env-changed=HOST_CFLAGS
[INFO] [stderr]   HOST_CFLAGS = None
[INFO] [stderr]   cargo:rerun-if-env-changed=CFLAGS_x86_64_unknown_linux_gnu
[INFO] [stderr]   CFLAGS_x86_64_unknown_linux_gnu = None
[INFO] [stderr]   cargo:rerun-if-env-changed=CFLAGS_x86_64-unknown-linux-gnu
[INFO] [stderr]   CFLAGS_x86_64-unknown-linux-gnu = None
[INFO] [stderr]   cargo:rerun-if-env-changed=CC_x86_64-unknown-linux-gnu
[INFO] [stderr]   CC_x86_64-unknown-linux-gnu = None
[INFO] [stderr]   cargo:rerun-if-env-changed=CC_x86_64_unknown_linux_gnu
[INFO] [stderr]   CC_x86_64_unknown_linux_gnu = None
[INFO] [stderr]   cargo:rerun-if-env-changed=HOST_CC
[INFO] [stderr]   HOST_CC = None
[INFO] [stderr]   cargo:rerun-if-env-changed=CC
[INFO] [stderr]   CC = None
[INFO] [stderr]   cargo:rerun-if-env-changed=CRATE_CC_NO_DEFAULTS
[INFO] [stderr]   CRATE_CC_NO_DEFAULTS = None
[INFO] [stderr]   cargo:rerun-if-env-changed=CFLAGS
[INFO] [stderr]   CFLAGS = None
[INFO] [stderr]   cargo:rerun-if-env-changed=HOST_CFLAGS
[INFO] [stderr]   HOST_CFLAGS = None
[INFO] [stderr]   cargo:rerun-if-env-changed=CFLAGS_x86_64_unknown_linux_gnu
[INFO] [stderr]   CFLAGS_x86_64_unknown_linux_gnu = None
[INFO] [stderr]   cargo:rerun-if-env-changed=CFLAGS_x86_64-unknown-linux-gnu
[INFO] [stderr]   CFLAGS_x86_64-unknown-linux-gnu = None
[INFO] [stderr]   cargo:warning=In file included from libhdfs/hdfs_2_6/exception.c:19:
[INFO] [stderr]   cargo:warning=libhdfs/hdfs_2_6/exception.h:39:10: fatal error: jni.h: No such file or directory
[INFO] [stderr]   cargo:warning=   39 | #include <jni.h>
[INFO] [stderr]   cargo:warning=      |          ^~~~~~~
[INFO] [stderr]   cargo:warning=compilation terminated.
[INFO] [stderr]   exit status: 1
[INFO] [stderr]   cargo:warning=ToolExecError: command did not execute successfully (status code exit status: 1): LC_ALL="C" "cc" "-O0" "-ffunction-sections" "-fdata-sections" "-fPIC" "-g" "-gdwarf-4" "-fno-omit-frame-pointer" "-mno-omit-leaf-frame-pointer" "-m64" "-static" "-I" "/usr/lib/jvm/java-8-openjdk-amd64/jre/include" "-I" "/usr/lib/jvm/java-8-openjdk-amd64/jre/include/linux" "-I" "libhdfs" "-I" "libhdfs/hdfs_2_6" "-I" "libhdfs/hdfs_2_6/os" "-I" "libhdfs/hdfs_2_6/os/posix" "-I" "libhdfs/hdfs_2_6/common" "-w" "-fvisibility=hidden" "-fcommon" "-w" "-o" "/opt/rustwide/target/debug/build/hdfs-sys/6d6a08810fcbfbbc/out/ea99cf57bf2eff91-exception.o" "-c" "libhdfs/hdfs_2_6/exception.c"cargo:rerun-if-env-changed=CC_x86_64-unknown-linux-gnu
[INFO] [stderr]   CC_x86_64-unknown-linux-gnu = None
[INFO] [stderr]   cargo:rerun-if-env-changed=CC_x86_64_unknown_linux_gnu
[INFO] [stderr]   CC_x86_64_unknown_linux_gnu = None
[INFO] [stderr]   cargo:rerun-if-env-changed=HOST_CC
[INFO] [stderr]   HOST_CC = None
[INFO] [stderr]   cargo:rerun-if-env-changed=CC
[INFO] [stderr]   CC = None
[INFO] [stderr]   cargo:rerun-if-env-changed=CRATE_CC_NO_DEFAULTS
[INFO] [stderr]   CRATE_CC_NO_DEFAULTS = None
[INFO] [stderr]   cargo:rerun-if-env-changed=CFLAGS
[INFO] [stderr]   CFLAGS = None
[INFO] [stderr]   cargo:rerun-if-env-changed=HOST_CFLAGS
[INFO] [stderr]   HOST_CFLAGS = None
[INFO] [stderr]   cargo:rerun-if-env-changed=CFLAGS_x86_64_unknown_linux_gnu
[INFO] [stderr]   CFLAGS_x86_64_unknown_linux_gnu = None
[INFO] [stderr]   cargo:rerun-if-env-changed=CFLAGS_x86_64-unknown-linux-gnu
[INFO] [stderr]   CFLAGS_x86_64-unknown-linux-gnu = None
[INFO] [stderr]   cargo:warning=In file included from libhdfs/hdfs_2_6/jni_helper.c:20:
[INFO] [stderr]   cargo:warning=libhdfs/hdfs_2_6/exception.h:39:10: fatal error: jni.h: No such file or directory
[INFO] [stderr]   cargo:warning=   39 | #include <jni.h>
[INFO] [stderr]   cargo:warning=      |          ^~~~~~~
[INFO] [stderr]   cargo:warning=compilation terminated.
[INFO] [stderr] 
[INFO] [stderr]   exit status: 1
[INFO] [stderr]   cargo:warning=ToolExecError: command did not execute successfully (status code exit status: 1): LC_ALL="C" "cc" "-O0" "-ffunction-sections" "-fdata-sections" "-fPIC" "-g" "-gdwarf-4" "-fno-omit-frame-pointer" "-mno-omit-leaf-frame-pointer" "-m64" "-static" "-I" "/usr/lib/jvm/java-8-openjdk-amd64/jre/include" "-I" "/usr/lib/jvm/java-8-openjdk-amd64/jre/include/linux" "-I" "libhdfs" "-I" "libhdfs/hdfs_2_6" "-I" "libhdfs/hdfs_2_6/os" "-I" "libhdfs/hdfs_2_6/os/posix" "-I" "libhdfs/hdfs_2_6/common" "-w" "-fvisibility=hidden" "-fcommon" "-w" "-o" "/opt/rustwide/target/debug/build/hdfs-sys/6d6a08810fcbfbbc/out/ea99cf57bf2eff91-jni_helper.o" "-c" "libhdfs/hdfs_2_6/jni_helper.c"cargo:rerun-if-env-changed=CC_x86_64-unknown-linux-gnu
[INFO] [stderr]   CC_x86_64-unknown-linux-gnu = None
[INFO] [stderr]   cargo:rerun-if-env-changed=CC_x86_64_unknown_linux_gnu
[INFO] [stderr]   CC_x86_64_unknown_linux_gnu = None
[INFO] [stderr]   cargo:rerun-if-env-changed=HOST_CC
[INFO] [stderr]   HOST_CC = None
[INFO] [stderr]   cargo:rerun-if-env-changed=CC
[INFO] [stderr]   CC = None
[INFO] [stderr]   cargo:rerun-if-env-changed=CRATE_CC_NO_DEFAULTS
[INFO] [stderr]   CRATE_CC_NO_DEFAULTS = None
[INFO] [stderr]   cargo:rerun-if-env-changed=CFLAGS
[INFO] [stderr]   CFLAGS = None
[INFO] [stderr]   cargo:rerun-if-env-changed=HOST_CFLAGS
[INFO] [stderr]   HOST_CFLAGS = None
[INFO] [stderr]   cargo:rerun-if-env-changed=CFLAGS_x86_64_unknown_linux_gnu
[INFO] [stderr]   CFLAGS_x86_64_unknown_linux_gnu = None
[INFO] [stderr]   cargo:rerun-if-env-changed=CFLAGS_x86_64-unknown-linux-gnu
[INFO] [stderr]   CFLAGS_x86_64-unknown-linux-gnu = None
[INFO] [stderr]   cargo:warning=In file included from libhdfs/hdfs_2_6/hdfs.c:19:
[INFO] [stderr]   cargo:warning=libhdfs/hdfs_2_6/exception.h:39:10: fatal error: jni.h: No such file or directory
[INFO] [stderr]   cargo:warning=   39 | #include <jni.h>
[INFO] [stderr]   cargo:warning=      |          ^~~~~~~
[INFO] [stderr]   cargo:warning=compilation terminated.
[INFO] [stderr] 
[INFO] [stderr]   exit status: 1
[INFO] [stderr]   cargo:warning=ToolExecError: command did not execute successfully (status code exit status: 1): LC_ALL="C" "cc" "-O0" "-ffunction-sections" "-fdata-sections" "-fPIC" "-g" "-gdwarf-4" "-fno-omit-frame-pointer" "-mno-omit-leaf-frame-pointer" "-m64" "-static" "-I" "/usr/lib/jvm/java-8-openjdk-amd64/jre/include" "-I" "/usr/lib/jvm/java-8-openjdk-amd64/jre/include/linux" "-I" "libhdfs" "-I" "libhdfs/hdfs_2_6" "-I" "libhdfs/hdfs_2_6/os" "-I" "libhdfs/hdfs_2_6/os/posix" "-I" "libhdfs/hdfs_2_6/common" "-w" "-fvisibility=hidden" "-fcommon" "-w" "-o" "/opt/rustwide/target/debug/build/hdfs-sys/6d6a08810fcbfbbc/out/ea99cf57bf2eff91-hdfs.o" "-c" "libhdfs/hdfs_2_6/hdfs.c"cargo:rerun-if-env-changed=CC_x86_64-unknown-linux-gnu
[INFO] [stderr]   CC_x86_64-unknown-linux-gnu = None
[INFO] [stderr]   cargo:rerun-if-env-changed=CC_x86_64_unknown_linux_gnu
[INFO] [stderr]   CC_x86_64_unknown_linux_gnu = None
[INFO] [stderr]   cargo:rerun-if-env-changed=HOST_CC
[INFO] [stderr]   HOST_CC = None
[INFO] [stderr]   cargo:rerun-if-env-changed=CC
[INFO] [stderr]   CC = None
[INFO] [stderr]   cargo:rerun-if-env-changed=CRATE_CC_NO_DEFAULTS
[INFO] [stderr]   CRATE_CC_NO_DEFAULTS = None
[INFO] [stderr]   cargo:rerun-if-env-changed=CFLAGS
[INFO] [stderr]   CFLAGS = None
[INFO] [stderr]   cargo:rerun-if-env-changed=HOST_CFLAGS
[INFO] [stderr]   HOST_CFLAGS = None
[INFO] [stderr]   cargo:rerun-if-env-changed=CFLAGS_x86_64_unknown_linux_gnu
[INFO] [stderr]   CFLAGS_x86_64_unknown_linux_gnu = None
[INFO] [stderr]   cargo:rerun-if-env-changed=CFLAGS_x86_64-unknown-linux-gnu
[INFO] [stderr]   CFLAGS_x86_64-unknown-linux-gnu = None
[INFO] [stderr]   cargo:rerun-if-env-changed=CC_x86_64-unknown-linux-gnu
[INFO] [stderr]   CC_x86_64-unknown-linux-gnu = None
[INFO] [stderr]   cargo:rerun-if-env-changed=CC_x86_64_unknown_linux_gnu
[INFO] [stderr]   CC_x86_64_unknown_linux_gnu = None
[INFO] [stderr]   cargo:rerun-if-env-changed=HOST_CC
[INFO] [stderr]   HOST_CC = None
[INFO] [stderr]   cargo:rerun-if-env-changed=CC
[INFO] [stderr]   CC = None
[INFO] [stderr]   cargo:rerun-if-env-changed=CRATE_CC_NO_DEFAULTS
[INFO] [stderr]   CRATE_CC_NO_DEFAULTS = None
[INFO] [stderr]   cargo:rerun-if-env-changed=CFLAGS
[INFO] [stderr]   CFLAGS = None
[INFO] [stderr]   cargo:rerun-if-env-changed=HOST_CFLAGS
[INFO] [stderr]   HOST_CFLAGS = None
[INFO] [stderr]   cargo:rerun-if-env-changed=CFLAGS_x86_64_unknown_linux_gnu
[INFO] [stderr]   CFLAGS_x86_64_unknown_linux_gnu = None
[INFO] [stderr]   cargo:rerun-if-env-changed=CFLAGS_x86_64-unknown-linux-gnu
[INFO] [stderr]   CFLAGS_x86_64-unknown-linux-gnu = None
[INFO] [stderr]   cargo:rerun-if-env-changed=CC_x86_64-unknown-linux-gnu
[INFO] [stderr]   CC_x86_64-unknown-linux-gnu = None
[INFO] [stderr]   cargo:rerun-if-env-changed=CC_x86_64_unknown_linux_gnu
[INFO] [stderr]   CC_x86_64_unknown_linux_gnu = None
[INFO] [stderr]   cargo:rerun-if-env-changed=HOST_CC
[INFO] [stderr]   HOST_CC = None
[INFO] [stderr]   cargo:rerun-if-env-changed=CC
[INFO] [stderr]   CC = None
[INFO] [stderr]   cargo:rerun-if-env-changed=CRATE_CC_NO_DEFAULTS
[INFO] [stderr]   CRATE_CC_NO_DEFAULTS = None
[INFO] [stderr]   cargo:rerun-if-env-changed=CFLAGS
[INFO] [stderr]   CFLAGS = None
[INFO] [stderr]   cargo:rerun-if-env-changed=HOST_CFLAGS
[INFO] [stderr]   HOST_CFLAGS = None
[INFO] [stderr]   cargo:rerun-if-env-changed=CFLAGS_x86_64_unknown_linux_gnu
[INFO] [stderr]   CFLAGS_x86_64_unknown_linux_gnu = None
[INFO] [stderr]   cargo:rerun-if-env-changed=CFLAGS_x86_64-unknown-linux-gnu
[INFO] [stderr]   CFLAGS_x86_64-unknown-linux-gnu = None
[INFO] [stderr]   cargo:warning=In file included from libhdfs/hdfs_2_6/os/posix/thread_local_storage.c:19:
[INFO] [stderr]   cargo:warning=libhdfs/hdfs_2_6/os/thread_local_storage.h:29:10: fatal error: jni.h: No such file or directory
[INFO] [stderr]   cargo:warning=   29 | #include <jni.h>
[INFO] [stderr]   cargo:warning=      |          ^~~~~~~
[INFO] [stderr]   cargo:warning=compilation terminated.
[INFO] [stderr] 
[INFO] [stderr]   exit status: 0
[INFO] [stderr]   exit status: 0
[INFO] [stderr]   exit status: 1
[INFO] [stderr]   cargo:warning=ToolExecError: command did not execute successfully (status code exit status: 1): LC_ALL="C" "cc" "-O0" "-ffunction-sections" "-fdata-sections" "-fPIC" "-g" "-gdwarf-4" "-fno-omit-frame-pointer" "-mno-omit-leaf-frame-pointer" "-m64" "-static" "-I" "/usr/lib/jvm/java-8-openjdk-amd64/jre/include" "-I" "/usr/lib/jvm/java-8-openjdk-amd64/jre/include/linux" "-I" "libhdfs" "-I" "libhdfs/hdfs_2_6" "-I" "libhdfs/hdfs_2_6/os" "-I" "libhdfs/hdfs_2_6/os/posix" "-I" "libhdfs/hdfs_2_6/common" "-w" "-fvisibility=hidden" "-fcommon" "-w" "-o" "/opt/rustwide/target/debug/build/hdfs-sys/6d6a08810fcbfbbc/out/f3141419efb520b9-thread_local_storage.o" "-c" "libhdfs/hdfs_2_6/os/posix/thread_local_storage.c"
[INFO] [stderr]   exit status: 0
[INFO] [stderr] 
[INFO] [stderr]   --- stderr
[INFO] [stderr] 
[INFO] [stderr] 
[INFO] [stderr]   error occurred in cc-rs: command did not execute successfully (status code exit status: 1): LC_ALL="C" "cc" "-O0" "-ffunction-sections" "-fdata-sections" "-fPIC" "-g" "-gdwarf-4" "-fno-omit-frame-pointer" "-mno-omit-leaf-frame-pointer" "-m64" "-static" "-I" "/usr/lib/jvm/java-8-openjdk-amd64/jre/include" "-I" "/usr/lib/jvm/java-8-openjdk-amd64/jre/include/linux" "-I" "libhdfs" "-I" "libhdfs/hdfs_2_6" "-I" "libhdfs/hdfs_2_6/os" "-I" "libhdfs/hdfs_2_6/os/posix" "-I" "libhdfs/hdfs_2_6/common" "-w" "-fvisibility=hidden" "-fcommon" "-w" "-o" "/opt/rustwide/target/debug/build/hdfs-sys/6d6a08810fcbfbbc/out/f3141419efb520b9-thread_local_storage.o" "-c" "libhdfs/hdfs_2_6/os/posix/thread_local_storage.c"
[INFO] [stderr] 
[INFO] [stderr] 
[INFO] [stderr] warning: build failed, waiting for other jobs to finish...
[INFO] [stderr] error: could not compile `lance-bitpacking` (lib)
[INFO] [stderr] 
[INFO] [stderr] Caused by:
[INFO] [stderr]   process didn't exit successfully: `/opt/rustwide/rustup-home/toolchains/3154cc1a3e6424e44f438a95007d043ed5ceaaf6/bin/rustc --crate-name lance_bitpacking --edition=2024 /opt/rustwide/cargo-home/registry/src/index.crates.io-1949cf8c6b5b557f/lance-bitpacking-12.0.0/src/lib.rs --error-format=json --json=diagnostic-rendered-ansi,artifacts,future-incompat,unused-externs-silent --crate-type lib --emit=dep-info,metadata -C embed-bitcode=no -C debuginfo=2 --check-cfg 'cfg(docsrs,test)' --check-cfg 'cfg(feature, values())' -C metadata=2fecc46f5062d810 -C extra-filename=-6d9d7b2b0486fa60 --out-dir /opt/rustwide/target/debug/build/lance-bitpacking/6d9d7b2b0486fa60/out --extern arrayref=/opt/rustwide/target/debug/build/arrayref/57fe794d8cbb60b2/out/libarrayref-57fe794d8cbb60b2.rmeta --extern crunchy=/opt/rustwide/target/debug/build/crunchy/53cacd439afc0d14/out/libcrunchy-53cacd439afc0d14.rmeta --extern paste=/opt/rustwide/target/debug/build/paste/ed0d01cb7994f7d7/out/libpaste-ed0d01cb7994f7d7.so --extern seq_macro=/opt/rustwide/target/debug/build/seq-macro/1d9a37eb533b6d7a/out/libseq_macro-1d9a37eb533b6d7a.so --cap-lints allow --cap-lints=forbid -Znext-solver=coherence --force-warn=unused_crate_dependencies` (signal: 9, SIGKILL: kill)
[INFO] running `Command { std: "docker" "inspect" "edf94a65296e777bf60737477f6bf8c913052bd2e824fefc0e92c04e4879db86", kill_on_drop: false }`
[INFO] running `Command { std: "docker" "rm" "-f" "edf94a65296e777bf60737477f6bf8c913052bd2e824fefc0e92c04e4879db86", kill_on_drop: false }`
[INFO] [stdout] edf94a65296e777bf60737477f6bf8c913052bd2e824fefc0e92c04e4879db86
