[INFO] cloning repository https://github.com/hffdhyfedgg/circular_buffers_rust
[INFO] running `Command { std: "git" "-c" "credential.helper=" "-c" "credential.helper=/workspace/cargo-home/bin/git-credential-null" "clone" "--bare" "https://github.com/hffdhyfedgg/circular_buffers_rust" "/workspace/cache/git-repos/https%3A%2F%2Fgithub.com%2Fhffdhyfedgg%2Fcircular_buffers_rust", kill_on_drop: false }`
[INFO] [stderr] Cloning into bare repository '/workspace/cache/git-repos/https%3A%2F%2Fgithub.com%2Fhffdhyfedgg%2Fcircular_buffers_rust'...
[INFO] running `Command { std: "git" "rev-parse" "HEAD", kill_on_drop: false }`
[INFO] [stdout] 94e6dbb1b4801a91dc266ebc4698b939d43930b0
[INFO] checking hffdhyfedgg/circular_buffers_rust against 3154cc1a3e6424e44f438a95007d043ed5ceaaf6 for pr-133502-30
[INFO] running `Command { std: "git" "clone" "/workspace/cache/git-repos/https%3A%2F%2Fgithub.com%2Fhffdhyfedgg%2Fcircular_buffers_rust" "/workspace/builds/worker-5-tc2/source", kill_on_drop: false }`
[INFO] [stderr] Cloning into '/workspace/builds/worker-5-tc2/source'...
[INFO] [stderr] done.
[INFO] started tweaking git repo https://github.com/hffdhyfedgg/circular_buffers_rust
[INFO] finished tweaking git repo https://github.com/hffdhyfedgg/circular_buffers_rust
[INFO] tweaked toml for git repo https://github.com/hffdhyfedgg/circular_buffers_rust written to /workspace/builds/worker-5-tc2/source/Cargo.toml
[INFO] validating manifest of git repo https://github.com/hffdhyfedgg/circular_buffers_rust on toolchain 3154cc1a3e6424e44f438a95007d043ed5ceaaf6
[INFO] running `Command { std: CARGO_HOME="/workspace/cargo-home" RUSTUP_HOME="/workspace/rustup-home" "/workspace/cargo-home/bin/cargo" "+3154cc1a3e6424e44f438a95007d043ed5ceaaf6" "metadata" "--manifest-path" "Cargo.toml" "--no-deps", kill_on_drop: false }`
[INFO] crate git repo https://github.com/hffdhyfedgg/circular_buffers_rust already has a lockfile, it will not be regenerated
[INFO] running `Command { std: CARGO_HOME="/workspace/cargo-home" RUSTUP_HOME="/workspace/rustup-home" "/workspace/cargo-home/bin/cargo" "+3154cc1a3e6424e44f438a95007d043ed5ceaaf6" "fetch" "--manifest-path" "Cargo.toml", kill_on_drop: false }`
[INFO] running `Command { std: "docker" "create" "-v" "/var/lib/crater-agent-workspace/builds/worker-5-tc2/source:/opt/rustwide/workdir:ro,Z" "-v" "/var/lib/crater-agent-workspace/builds/worker-5-tc2/target:/opt/rustwide/target:rw,Z" "-v" "/var/lib/crater-agent-workspace/cargo-home:/opt/rustwide/cargo-home:ro,Z" "-v" "/var/lib/crater-agent-workspace/rustup-home:/opt/rustwide/rustup-home:ro,Z" "-m" "1610612736" "--network" "none" "ghcr.io/rust-lang/crates-build-env/linux@sha256:77db811e55d90add9212f6832c23229e3de5f1c1f9905e8cb07319ea15df73ac" "sleep" "infinity", kill_on_drop: false }`
[INFO] [stdout] 1d24f13f4c8c38ecd72ee9ab1f9e94de9bb947ccd6a449c452df8ae525b007dd
[INFO] running `Command { std: "docker" "start" "1d24f13f4c8c38ecd72ee9ab1f9e94de9bb947ccd6a449c452df8ae525b007dd", kill_on_drop: false }`
[INFO] running `Command { std: "docker" "inspect" "1d24f13f4c8c38ecd72ee9ab1f9e94de9bb947ccd6a449c452df8ae525b007dd", kill_on_drop: false }`
[INFO] running `Command { std: "docker" "exec" "-e" "SOURCE_DIR=/opt/rustwide/workdir" "-e" "CARGO_HOME=/opt/rustwide/cargo-home" "-e" "RUSTUP_HOME=/opt/rustwide/rustup-home" "-e" "CARGO_TARGET_DIR=/opt/rustwide/target" "-w" "/opt/rustwide/workdir" "--user" "0:0" "1d24f13f4c8c38ecd72ee9ab1f9e94de9bb947ccd6a449c452df8ae525b007dd" "/opt/rustwide/cargo-home/bin/cargo" "+3154cc1a3e6424e44f438a95007d043ed5ceaaf6" "metadata" "--no-deps" "--format-version=1", kill_on_drop: false }`
[INFO] running `Command { std: "docker" "inspect" "1d24f13f4c8c38ecd72ee9ab1f9e94de9bb947ccd6a449c452df8ae525b007dd", kill_on_drop: false }`
[INFO] running `Command { std: "docker" "exec" "-e" "SOURCE_DIR=/opt/rustwide/workdir" "-e" "CARGO_HOME=/opt/rustwide/cargo-home" "-e" "RUSTUP_HOME=/opt/rustwide/rustup-home" "-e" "CARGO_TARGET_DIR=/opt/rustwide/target" "-e" "CARGO_INCREMENTAL=0" "-e" "RUST_BACKTRACE=full" "-e" "RUSTFLAGS=--cap-lints=forbid" "-e" "RUSTDOCFLAGS=--cap-lints=forbid" "-w" "/opt/rustwide/workdir" "--user" "0:0" "1d24f13f4c8c38ecd72ee9ab1f9e94de9bb947ccd6a449c452df8ae525b007dd" "/opt/rustwide/cargo-home/bin/cargo" "+3154cc1a3e6424e44f438a95007d043ed5ceaaf6" "check" "--frozen" "--all" "--all-targets" "--message-format=json", kill_on_drop: false }`
[INFO] [stderr]     Checking raw-storage v0.1.0 (/opt/rustwide/workdir/raw-storage)
[INFO] [stderr]     Checking strided-mem v0.1.0 (/opt/rustwide/workdir/strided-mem)
[INFO] [stdout] error[E0107]: trait takes 1 generic argument but 0 generic arguments were supplied
[INFO] [stdout]   --> strided-mem/src/traits.rs:27:24
[INFO] [stdout]    |
[INFO] [stdout] 27 | pub trait ViewMut<'a>: View<'a> {
[INFO] [stdout]    |                        ^^^^ expected 1 generic argument
[INFO] [stdout]    |
[INFO] [stdout] note: trait defined here, with 1 generic parameter: `Idx`
[INFO] [stdout]   --> strided-mem/src/traits.rs:7:11
[INFO] [stdout]    |
[INFO] [stdout]  7 | pub trait View<'a, Idx> {
[INFO] [stdout]    |           ^^^^     ---
[INFO] [stdout] help: add missing generic argument
[INFO] [stdout]    |
[INFO] [stdout] 27 | pub trait ViewMut<'a>: View<'a, Idx> {
[INFO] [stdout]    |                               +++++
[INFO] [stdout] 
[INFO] [stdout] 
[INFO] [stdout] error[E0107]: trait takes 1 generic argument but 0 generic arguments were supplied
[INFO] [stdout]   --> strided-mem/src/traits.rs:38:31
[INFO] [stdout]    |
[INFO] [stdout] 38 | pub trait ContiguousView<'a>: View<'a> {
[INFO] [stdout]    |                               ^^^^ expected 1 generic argument
[INFO] [stdout]    |
[INFO] [stdout] note: trait defined here, with 1 generic parameter: `Idx`
[INFO] [stdout]   --> strided-mem/src/traits.rs:7:11
[INFO] [stdout]    |
[INFO] [stdout]  7 | pub trait View<'a, Idx> {
[INFO] [stdout]    |           ^^^^     ---
[INFO] [stdout] help: add missing generic argument
[INFO] [stdout]    |
[INFO] [stdout] 38 | pub trait ContiguousView<'a>: View<'a, Idx> {
[INFO] [stdout]    |                                      +++++
[INFO] [stdout] 
[INFO] [stdout] 
[INFO] [stdout] error[E0107]: trait takes 1 generic argument but 0 generic arguments were supplied
[INFO] [stdout]   --> strided-mem/src/indexed.rs:98:13
[INFO] [stdout]    |
[INFO] [stdout] 98 | impl<'a, T> View<'a> for IndexedViewMut<'a, T> {
[INFO] [stdout]    |             ^^^^ expected 1 generic argument
[INFO] [stdout]    |
[INFO] [stdout] note: trait defined here, with 1 generic parameter: `Idx`
[INFO] [stdout]   --> strided-mem/src/traits.rs:7:11
[INFO] [stdout]    |
[INFO] [stdout]  7 | pub trait View<'a, Idx> {
[INFO] [stdout]    |           ^^^^     ---
[INFO] [stdout] help: add missing generic argument
[INFO] [stdout]    |
[INFO] [stdout] 98 | impl<'a, T> View<'a, Idx> for IndexedViewMut<'a, T> {
[INFO] [stdout]    |                    +++++
[INFO] [stdout] 
[INFO] [stdout] 
[INFO] [stdout] error[E0107]: trait takes 1 generic argument but 0 generic arguments were supplied
[INFO] [stdout]   --> strided-mem/src/invert_view.rs:29:36
[INFO] [stdout]    |
[INFO] [stdout] 29 | impl<'a, T, V: View<'a, Item = T>> View<'a> for InvertView<'a, T, V> {
[INFO] [stdout]    |                                    ^^^^ expected 1 generic argument
[INFO] [stdout]    |
[INFO] [stdout] note: trait defined here, with 1 generic parameter: `Idx`
[INFO] [stdout]   --> strided-mem/src/traits.rs:7:11
[INFO] [stdout]    |
[INFO] [stdout]  7 | pub trait View<'a, Idx> {
[INFO] [stdout]    |           ^^^^     ---
[INFO] [stdout] help: add missing generic argument
[INFO] [stdout]    |
[INFO] [stdout] 29 | impl<'a, T, V: View<'a, Item = T>> View<'a, Idx> for InvertView<'a, T, V> {
[INFO] [stdout]    |                                           +++++
[INFO] [stdout] 
[INFO] [stdout] 
[INFO] [stdout] error[E0107]: trait takes 1 generic argument but 0 generic arguments were supplied
[INFO] [stdout]   --> strided-mem/src/invert_view.rs:68:39
[INFO] [stdout]    |
[INFO] [stdout] 68 | impl<'a, T, V: ViewMut<'a, Item = T>> View<'a> for InvertViewMut<'a, T, V> {
[INFO] [stdout]    |                                       ^^^^ expected 1 generic argument
[INFO] [stdout]    |
[INFO] [stdout] note: trait defined here, with 1 generic parameter: `Idx`
[INFO] [stdout]   --> strided-mem/src/traits.rs:7:11
[INFO] [stdout]    |
[INFO] [stdout]  7 | pub trait View<'a, Idx> {
[INFO] [stdout]    |           ^^^^     ---
[INFO] [stdout] help: add missing generic argument
[INFO] [stdout]    |
[INFO] [stdout] 68 | impl<'a, T, V: ViewMut<'a, Item = T>> View<'a, Idx> for InvertViewMut<'a, T, V> {
[INFO] [stdout]    |                                              +++++
[INFO] [stdout] 
[INFO] [stdout] 
[INFO] [stdout] error[E0107]: trait takes 1 generic argument but 0 generic arguments were supplied
[INFO] [stdout]   --> strided-mem/src/ring_view.rs:81:36
[INFO] [stdout]    |
[INFO] [stdout] 81 | impl<'a, T, V: View<'a, Item = T>> View<'a> for RingView<'a, T, V> {
[INFO] [stdout]    |                                    ^^^^ expected 1 generic argument
[INFO] [stdout]    |
[INFO] [stdout] note: trait defined here, with 1 generic parameter: `Idx`
[INFO] [stdout]   --> strided-mem/src/traits.rs:7:11
[INFO] [stdout]    |
[INFO] [stdout]  7 | pub trait View<'a, Idx> {
[INFO] [stdout]    |           ^^^^     ---
[INFO] [stdout] help: add missing generic argument
[INFO] [stdout]    |
[INFO] [stdout] 81 | impl<'a, T, V: View<'a, Item = T>> View<'a, Idx> for RingView<'a, T, V> {
[INFO] [stdout]    |                                           +++++
[INFO] [stdout] 
[INFO] [stdout] 
[INFO] [stdout] error[E0107]: trait takes 1 generic argument but 0 generic arguments were supplied
[INFO] [stdout]    --> strided-mem/src/ring_view.rs:165:36
[INFO] [stdout]     |
[INFO] [stdout] 165 | impl<'a, T, V: View<'a, Item = T>> View<'a> for Ring2NView<'a, T, V> {
[INFO] [stdout]     |                                    ^^^^ expected 1 generic argument
[INFO] [stdout]     |
[INFO] [stdout] note: trait defined here, with 1 generic parameter: `Idx`
[INFO] [stdout]    --> strided-mem/src/traits.rs:7:11
[INFO] [stdout]     |
[INFO] [stdout]   7 | pub trait View<'a, Idx> {
[INFO] [stdout]     |           ^^^^     ---
[INFO] [stdout] help: add missing generic argument
[INFO] [stdout]     |
[INFO] [stdout] 165 | impl<'a, T, V: View<'a, Item = T>> View<'a, Idx> for Ring2NView<'a, T, V> {
[INFO] [stdout]     |                                           +++++
[INFO] [stdout] 
[INFO] [stdout] 
[INFO] [stdout] error[E0107]: trait takes 1 generic argument but 0 generic arguments were supplied
[INFO] [stdout]    --> strided-mem/src/ring_view.rs:233:39
[INFO] [stdout]     |
[INFO] [stdout] 233 | impl<'a, T, V: ViewMut<'a, Item = T>> View<'a> for RingViewMut<'a, T, V> {
[INFO] [stdout]     |                                       ^^^^ expected 1 generic argument
[INFO] [stdout]     |
[INFO] [stdout] note: trait defined here, with 1 generic parameter: `Idx`
[INFO] [stdout]    --> strided-mem/src/traits.rs:7:11
[INFO] [stdout]     |
[INFO] [stdout]   7 | pub trait View<'a, Idx> {
[INFO] [stdout]     |           ^^^^     ---
[INFO] [stdout] help: add missing generic argument
[INFO] [stdout]     |
[INFO] [stdout] 233 | impl<'a, T, V: ViewMut<'a, Item = T>> View<'a, Idx> for RingViewMut<'a, T, V> {
[INFO] [stdout]     |                                              +++++
[INFO] [stdout] 
[INFO] [stdout] 
[INFO] [stdout] error[E0107]: trait takes 1 generic argument but 0 generic arguments were supplied
[INFO] [stdout]    --> strided-mem/src/ring_view.rs:322:39
[INFO] [stdout]     |
[INFO] [stdout] 322 | impl<'a, T, V: ViewMut<'a, Item = T>> View<'a> for Ring2NViewMut<'a, T, V> {
[INFO] [stdout]     |                                       ^^^^ expected 1 generic argument
[INFO] [stdout]     |
[INFO] [stdout] note: trait defined here, with 1 generic parameter: `Idx`
[INFO] [stdout]    --> strided-mem/src/traits.rs:7:11
[INFO] [stdout]     |
[INFO] [stdout]   7 | pub trait View<'a, Idx> {
[INFO] [stdout]     |           ^^^^     ---
[INFO] [stdout] help: add missing generic argument
[INFO] [stdout]     |
[INFO] [stdout] 322 | impl<'a, T, V: ViewMut<'a, Item = T>> View<'a, Idx> for Ring2NViewMut<'a, T, V> {
[INFO] [stdout]     |                                              +++++
[INFO] [stdout] 
[INFO] [stdout] 
[INFO] [stdout] error[E0107]: trait takes 1 generic argument but 0 generic arguments were supplied
[INFO] [stdout]   --> strided-mem/src/tail_view.rs:72:36
[INFO] [stdout]    |
[INFO] [stdout] 72 | impl<'a, T, V: View<'a, Item = T>> View<'a> for TailView<'a, T, V> {
[INFO] [stdout]    |                                    ^^^^ expected 1 generic argument
[INFO] [stdout]    |
[INFO] [stdout] note: trait defined here, with 1 generic parameter: `Idx`
[INFO] [stdout]   --> strided-mem/src/traits.rs:7:11
[INFO] [stdout]    |
[INFO] [stdout]  7 | pub trait View<'a, Idx> {
[INFO] [stdout]    |           ^^^^     ---
[INFO] [stdout] help: add missing generic argument
[INFO] [stdout]    |
[INFO] [stdout] 72 | impl<'a, T, V: View<'a, Item = T>> View<'a, Idx> for TailView<'a, T, V> {
[INFO] [stdout]    |                                           +++++
[INFO] [stdout] 
[INFO] [stdout] 
[INFO] [stdout] error[E0107]: trait takes 1 generic argument but 0 generic arguments were supplied
[INFO] [stdout]    --> strided-mem/src/tail_view.rs:136:39
[INFO] [stdout]     |
[INFO] [stdout] 136 | impl<'a, T, V: ViewMut<'a, Item = T>> View<'a> for TailViewMut<'a, T, V> {
[INFO] [stdout]     |                                       ^^^^ expected 1 generic argument
[INFO] [stdout]     |
[INFO] [stdout] note: trait defined here, with 1 generic parameter: `Idx`
[INFO] [stdout]    --> strided-mem/src/traits.rs:7:11
[INFO] [stdout]     |
[INFO] [stdout]   7 | pub trait View<'a, Idx> {
[INFO] [stdout]     |           ^^^^     ---
[INFO] [stdout] help: add missing generic argument
[INFO] [stdout]     |
[INFO] [stdout] 136 | impl<'a, T, V: ViewMut<'a, Item = T>> View<'a, Idx> for TailViewMut<'a, T, V> {
[INFO] [stdout]     |                                              +++++
[INFO] [stdout] 
[INFO] [stdout] 
[INFO] [stdout] error[E0107]: trait takes 1 generic argument but 0 generic arguments were supplied
[INFO] [stdout]    --> strided-mem/src/views.rs:304:13
[INFO] [stdout]     |
[INFO] [stdout] 304 | impl<'a, T> View<'a> for StridedView<'a, T> {
[INFO] [stdout]     |             ^^^^ expected 1 generic argument
[INFO] [stdout]     |
[INFO] [stdout] note: trait defined here, with 1 generic parameter: `Idx`
[INFO] [stdout]    --> strided-mem/src/traits.rs:7:11
[INFO] [stdout]     |
[INFO] [stdout]   7 | pub trait View<'a, Idx> {
[INFO] [stdout]     |           ^^^^     ---
[INFO] [stdout] help: add missing generic argument
[INFO] [stdout]     |
[INFO] [stdout] 304 | impl<'a, T> View<'a, Idx> for StridedView<'a, T> {
[INFO] [stdout]     |                    +++++
[INFO] [stdout] 
[INFO] [stdout] 
[INFO] [stdout] error[E0107]: trait takes 1 generic argument but 0 generic arguments were supplied
[INFO] [stdout]    --> strided-mem/src/views.rs:324:13
[INFO] [stdout]     |
[INFO] [stdout] 324 | impl<'a, T> View<'a> for StridedViewMut<'a, T> {
[INFO] [stdout]     |             ^^^^ expected 1 generic argument
[INFO] [stdout]     |
[INFO] [stdout] note: trait defined here, with 1 generic parameter: `Idx`
[INFO] [stdout]    --> strided-mem/src/traits.rs:7:11
[INFO] [stdout]     |
[INFO] [stdout]   7 | pub trait View<'a, Idx> {
[INFO] [stdout]     |           ^^^^     ---
[INFO] [stdout] help: add missing generic argument
[INFO] [stdout]     |
[INFO] [stdout] 324 | impl<'a, T> View<'a, Idx> for StridedViewMut<'a, T> {
[INFO] [stdout]     |                    +++++
[INFO] [stdout] 
[INFO] [stdout] 
[INFO] [stdout] error[E0046]: not all trait items implemented, missing: `try_get_mut`
[INFO] [stdout]    --> strided-mem/src/indexed.rs:117:1
[INFO] [stdout]     |
[INFO] [stdout] 117 | impl<'a, T> ViewMut<'a> for IndexedViewMut<'a, T> {
[INFO] [stdout]     | ^^^^^^^^^^^^^^^^^^^^^^^^^^^^^^^^^^^^^^^^^^^^^^^^^ missing `try_get_mut` in implementation
[INFO] [stdout]     |
[INFO] [stdout]    ::: strided-mem/src/traits.rs:30:5
[INFO] [stdout]     |
[INFO] [stdout]  30 |     fn try_get_mut(&mut self, index: usize) -> Option<&mut Self::Item>;
[INFO] [stdout]     |     ------------------------------------------------------------------- `try_get_mut` from trait
[INFO] [stdout] 
[INFO] [stdout] 
[INFO] [stdout] error[E0107]: trait takes 1 generic argument but 0 generic arguments were supplied
[INFO] [stdout]  --> strided-mem/src/invert_view.rs:9:33
[INFO] [stdout]   |
[INFO] [stdout] 9 | pub struct InvertView<'a, T, V: View<'a, Item = T>> {
[INFO] [stdout]   |                                 ^^^^ expected 1 generic argument
[INFO] [stdout]   |
[INFO] [stdout] note: trait defined here, with 1 generic parameter: `Idx`
[INFO] [stdout]  --> strided-mem/src/traits.rs:7:11
[INFO] [stdout]   |
[INFO] [stdout] 7 | pub trait View<'a, Idx> {
[INFO] [stdout]   |           ^^^^     ---
[INFO] [stdout] help: add missing generic argument
[INFO] [stdout]   |
[INFO] [stdout] 9 | pub struct InvertView<'a, T, V: View<'a, Idx, Item = T>> {
[INFO] [stdout]   |                                        +++++
[INFO] [stdout] 
[INFO] [stdout] 
[INFO] [stdout] error[E0107]: trait takes 1 generic argument but 0 generic arguments were supplied
[INFO] [stdout]   --> strided-mem/src/invert_view.rs:14:16
[INFO] [stdout]    |
[INFO] [stdout] 14 | impl<'a, T, V: View<'a, Item = T>> InvertView<'a, T, V> {
[INFO] [stdout]    |                ^^^^ expected 1 generic argument
[INFO] [stdout]    |
[INFO] [stdout] note: trait defined here, with 1 generic parameter: `Idx`
[INFO] [stdout]   --> strided-mem/src/traits.rs:7:11
[INFO] [stdout]    |
[INFO] [stdout]  7 | pub trait View<'a, Idx> {
[INFO] [stdout]    |           ^^^^     ---
[INFO] [stdout] help: add missing generic argument
[INFO] [stdout]    |
[INFO] [stdout] 14 | impl<'a, T, V: View<'a, Idx, Item = T>> InvertView<'a, T, V> {
[INFO] [stdout]    |                       +++++
[INFO] [stdout] 
[INFO] [stdout] 
[INFO] [stdout] error[E0107]: trait takes 1 generic argument but 0 generic arguments were supplied
[INFO] [stdout]   --> strided-mem/src/invert_view.rs:29:16
[INFO] [stdout]    |
[INFO] [stdout] 29 | impl<'a, T, V: View<'a, Item = T>> View<'a> for InvertView<'a, T, V> {
[INFO] [stdout]    |                ^^^^ expected 1 generic argument
[INFO] [stdout]    |
[INFO] [stdout] note: trait defined here, with 1 generic parameter: `Idx`
[INFO] [stdout]   --> strided-mem/src/traits.rs:7:11
[INFO] [stdout]    |
[INFO] [stdout]  7 | pub trait View<'a, Idx> {
[INFO] [stdout]    |           ^^^^     ---
[INFO] [stdout] help: add missing generic argument
[INFO] [stdout]    |
[INFO] [stdout] 29 | impl<'a, T, V: View<'a, Idx, Item = T>> View<'a> for InvertView<'a, T, V> {
[INFO] [stdout]    |                       +++++
[INFO] [stdout] 
[INFO] [stdout] 
[INFO] [stdout] error[E0046]: not all trait items implemented, missing: `try_get_mut`
[INFO] [stdout]   --> strided-mem/src/invert_view.rs:86:1
[INFO] [stdout]    |
[INFO] [stdout] 86 | impl<'a, T, V: ViewMut<'a, Item = T>> ViewMut<'a> for InvertViewMut<'a, T, V> {
[INFO] [stdout]    | ^^^^^^^^^^^^^^^^^^^^^^^^^^^^^^^^^^^^^^^^^^^^^^^^^^^^^^^^^^^^^^^^^^^^^^^^^^^^^ missing `try_get_mut` in implementation
[INFO] [stdout]    |
[INFO] [stdout]   ::: strided-mem/src/traits.rs:30:5
[INFO] [stdout]    |
[INFO] [stdout] 30 |     fn try_get_mut(&mut self, index: usize) -> Option<&mut Self::Item>;
[INFO] [stdout]    |     ------------------------------------------------------------------- `try_get_mut` from trait
[INFO] [stdout] 
[INFO] [stdout] 
[INFO] [stdout] error[E0107]: trait takes 1 generic argument but 0 generic arguments were supplied
[INFO] [stdout]   --> strided-mem/src/ring_view.rs:26:31
[INFO] [stdout]    |
[INFO] [stdout] 26 | pub struct RingView<'a, T, V: View<'a, Item = T>> {
[INFO] [stdout]    |                               ^^^^ expected 1 generic argument
[INFO] [stdout]    |
[INFO] [stdout] note: trait defined here, with 1 generic parameter: `Idx`
[INFO] [stdout]   --> strided-mem/src/traits.rs:7:11
[INFO] [stdout]    |
[INFO] [stdout]  7 | pub trait View<'a, Idx> {
[INFO] [stdout]    |           ^^^^     ---
[INFO] [stdout] help: add missing generic argument
[INFO] [stdout]    |
[INFO] [stdout] 26 | pub struct RingView<'a, T, V: View<'a, Idx, Item = T>> {
[INFO] [stdout]    |                                      +++++
[INFO] [stdout] 
[INFO] [stdout] 
[INFO] [stdout] error[E0107]: trait takes 1 generic argument but 0 generic arguments were supplied
[INFO] [stdout]   --> strided-mem/src/ring_view.rs:34:16
[INFO] [stdout]    |
[INFO] [stdout] 34 | impl<'a, T, V: View<'a, Item = T>> RingView<'a, T, V> {
[INFO] [stdout]    |                ^^^^ expected 1 generic argument
[INFO] [stdout]    |
[INFO] [stdout] note: trait defined here, with 1 generic parameter: `Idx`
[INFO] [stdout]   --> strided-mem/src/traits.rs:7:11
[INFO] [stdout]    |
[INFO] [stdout]  7 | pub trait View<'a, Idx> {
[INFO] [stdout]    |           ^^^^     ---
[INFO] [stdout] help: add missing generic argument
[INFO] [stdout]    |
[INFO] [stdout] 34 | impl<'a, T, V: View<'a, Idx, Item = T>> RingView<'a, T, V> {
[INFO] [stdout]    |                       +++++
[INFO] [stdout] 
[INFO] [stdout] 
[INFO] [stdout] error[E0107]: trait takes 1 generic argument but 0 generic arguments were supplied
[INFO] [stdout]   --> strided-mem/src/ring_view.rs:81:16
[INFO] [stdout]    |
[INFO] [stdout] 81 | impl<'a, T, V: View<'a, Item = T>> View<'a> for RingView<'a, T, V> {
[INFO] [stdout]    |                ^^^^ expected 1 generic argument
[INFO] [stdout]    |
[INFO] [stdout] note: trait defined here, with 1 generic parameter: `Idx`
[INFO] [stdout]   --> strided-mem/src/traits.rs:7:11
[INFO] [stdout]    |
[INFO] [stdout]  7 | pub trait View<'a, Idx> {
[INFO] [stdout]    |           ^^^^     ---
[INFO] [stdout] help: add missing generic argument
[INFO] [stdout]    |
[INFO] [stdout] 81 | impl<'a, T, V: View<'a, Idx, Item = T>> View<'a> for RingView<'a, T, V> {
[INFO] [stdout]    |                       +++++
[INFO] [stdout] 
[INFO] [stdout] 
[INFO] [stdout] error[E0107]: trait takes 1 generic argument but 0 generic arguments were supplied
[INFO] [stdout]    --> strided-mem/src/ring_view.rs:100:33
[INFO] [stdout]     |
[INFO] [stdout] 100 | pub struct Ring2NView<'a, T, V: View<'a, Item = T>> {
[INFO] [stdout]     |                                 ^^^^ expected 1 generic argument
[INFO] [stdout]     |
[INFO] [stdout] note: trait defined here, with 1 generic parameter: `Idx`
[INFO] [stdout]    --> strided-mem/src/traits.rs:7:11
[INFO] [stdout]     |
[INFO] [stdout]   7 | pub trait View<'a, Idx> {
[INFO] [stdout]     |           ^^^^     ---
[INFO] [stdout] help: add missing generic argument
[INFO] [stdout]     |
[INFO] [stdout] 100 | pub struct Ring2NView<'a, T, V: View<'a, Idx, Item = T>> {
[INFO] [stdout]     |                                        +++++
[INFO] [stdout] 
[INFO] [stdout] 
[INFO] [stdout] error[E0107]: trait takes 1 generic argument but 0 generic arguments were supplied
[INFO] [stdout]    --> strided-mem/src/ring_view.rs:109:16
[INFO] [stdout]     |
[INFO] [stdout] 109 | impl<'a, T, V: View<'a, Item = T>> Ring2NView<'a, T, V> {
[INFO] [stdout]     |                ^^^^ expected 1 generic argument
[INFO] [stdout]     |
[INFO] [stdout] note: trait defined here, with 1 generic parameter: `Idx`
[INFO] [stdout]    --> strided-mem/src/traits.rs:7:11
[INFO] [stdout]     |
[INFO] [stdout]   7 | pub trait View<'a, Idx> {
[INFO] [stdout]     |           ^^^^     ---
[INFO] [stdout] help: add missing generic argument
[INFO] [stdout]     |
[INFO] [stdout] 109 | impl<'a, T, V: View<'a, Idx, Item = T>> Ring2NView<'a, T, V> {
[INFO] [stdout]     |                       +++++
[INFO] [stdout] 
[INFO] [stdout] 
[INFO] [stdout] error[E0107]: trait takes 1 generic argument but 0 generic arguments were supplied
[INFO] [stdout]    --> strided-mem/src/ring_view.rs:165:16
[INFO] [stdout]     |
[INFO] [stdout] 165 | impl<'a, T, V: View<'a, Item = T>> View<'a> for Ring2NView<'a, T, V> {
[INFO] [stdout]     |                ^^^^ expected 1 generic argument
[INFO] [stdout]     |
[INFO] [stdout] note: trait defined here, with 1 generic parameter: `Idx`
[INFO] [stdout]    --> strided-mem/src/traits.rs:7:11
[INFO] [stdout]     |
[INFO] [stdout]   7 | pub trait View<'a, Idx> {
[INFO] [stdout]     |           ^^^^     ---
[INFO] [stdout] help: add missing generic argument
[INFO] [stdout]     |
[INFO] [stdout] 165 | impl<'a, T, V: View<'a, Idx, Item = T>> View<'a> for Ring2NView<'a, T, V> {
[INFO] [stdout]     |                       +++++
[INFO] [stdout] 
[INFO] [stdout] 
[INFO] [stdout] error[E0046]: not all trait items implemented, missing: `try_get_mut`
[INFO] [stdout]    --> strided-mem/src/ring_view.rs:251:1
[INFO] [stdout]     |
[INFO] [stdout] 251 | impl<'a, T, V: ViewMut<'a, Item = T>> ViewMut<'a> for RingViewMut<'a, T, V> {
[INFO] [stdout]     | ^^^^^^^^^^^^^^^^^^^^^^^^^^^^^^^^^^^^^^^^^^^^^^^^^^^^^^^^^^^^^^^^^^^^^^^^^^^ missing `try_get_mut` in implementation
[INFO] [stdout]     |
[INFO] [stdout]    ::: strided-mem/src/traits.rs:30:5
[INFO] [stdout]     |
[INFO] [stdout]  30 |     fn try_get_mut(&mut self, index: usize) -> Option<&mut Self::Item>;
[INFO] [stdout]     |     ------------------------------------------------------------------- `try_get_mut` from trait
[INFO] [stdout] 
[INFO] [stdout] 
[INFO] [stdout] error[E0046]: not all trait items implemented, missing: `try_get_mut`
[INFO] [stdout]    --> strided-mem/src/ring_view.rs:340:1
[INFO] [stdout]     |
[INFO] [stdout] 340 | impl<'a, T, V: ViewMut<'a, Item = T>> ViewMut<'a> for Ring2NViewMut<'a, T, V> {
[INFO] [stdout]     | ^^^^^^^^^^^^^^^^^^^^^^^^^^^^^^^^^^^^^^^^^^^^^^^^^^^^^^^^^^^^^^^^^^^^^^^^^^^^^ missing `try_get_mut` in implementation
[INFO] [stdout]     |
[INFO] [stdout]    ::: strided-mem/src/traits.rs:30:5
[INFO] [stdout]     |
[INFO] [stdout]  30 |     fn try_get_mut(&mut self, index: usize) -> Option<&mut Self::Item>;
[INFO] [stdout]     |     ------------------------------------------------------------------- `try_get_mut` from trait
[INFO] [stdout] 
[INFO] [stdout] 
[INFO] [stdout] error[E0107]: trait takes 1 generic argument but 0 generic arguments were supplied
[INFO] [stdout]   --> strided-mem/src/tail_view.rs:26:31
[INFO] [stdout]    |
[INFO] [stdout] 26 | pub struct TailView<'a, T, V: View<'a, Item = T>> {
[INFO] [stdout]    |                               ^^^^ expected 1 generic argument
[INFO] [stdout]    |
[INFO] [stdout] note: trait defined here, with 1 generic parameter: `Idx`
[INFO] [stdout]   --> strided-mem/src/traits.rs:7:11
[INFO] [stdout]    |
[INFO] [stdout]  7 | pub trait View<'a, Idx> {
[INFO] [stdout]    |           ^^^^     ---
[INFO] [stdout] help: add missing generic argument
[INFO] [stdout]    |
[INFO] [stdout] 26 | pub struct TailView<'a, T, V: View<'a, Idx, Item = T>> {
[INFO] [stdout]    |                                      +++++
[INFO] [stdout] 
[INFO] [stdout] 
[INFO] [stdout] error[E0107]: trait takes 1 generic argument but 0 generic arguments were supplied
[INFO] [stdout]   --> strided-mem/src/tail_view.rs:32:16
[INFO] [stdout]    |
[INFO] [stdout] 32 | impl<'a, T, V: View<'a, Item = T>> TailView<'a, T, V> {
[INFO] [stdout]    |                ^^^^ expected 1 generic argument
[INFO] [stdout]    |
[INFO] [stdout] note: trait defined here, with 1 generic parameter: `Idx`
[INFO] [stdout]   --> strided-mem/src/traits.rs:7:11
[INFO] [stdout]    |
[INFO] [stdout]  7 | pub trait View<'a, Idx> {
[INFO] [stdout]    |           ^^^^     ---
[INFO] [stdout] help: add missing generic argument
[INFO] [stdout]    |
[INFO] [stdout] 32 | impl<'a, T, V: View<'a, Idx, Item = T>> TailView<'a, T, V> {
[INFO] [stdout]    |                       +++++
[INFO] [stdout] 
[INFO] [stdout] 
[INFO] [stdout] error[E0107]: trait takes 1 generic argument but 0 generic arguments were supplied
[INFO] [stdout]   --> strided-mem/src/tail_view.rs:72:16
[INFO] [stdout]    |
[INFO] [stdout] 72 | impl<'a, T, V: View<'a, Item = T>> View<'a> for TailView<'a, T, V> {
[INFO] [stdout]    |                ^^^^ expected 1 generic argument
[INFO] [stdout]    |
[INFO] [stdout] note: trait defined here, with 1 generic parameter: `Idx`
[INFO] [stdout]   --> strided-mem/src/traits.rs:7:11
[INFO] [stdout]    |
[INFO] [stdout]  7 | pub trait View<'a, Idx> {
[INFO] [stdout]    |           ^^^^     ---
[INFO] [stdout] help: add missing generic argument
[INFO] [stdout]    |
[INFO] [stdout] 72 | impl<'a, T, V: View<'a, Idx, Item = T>> View<'a> for TailView<'a, T, V> {
[INFO] [stdout]    |                       +++++
[INFO] [stdout] 
[INFO] [stdout] 
[INFO] [stdout] error[E0046]: not all trait items implemented, missing: `try_get_mut`
[INFO] [stdout]    --> strided-mem/src/tail_view.rs:153:1
[INFO] [stdout]     |
[INFO] [stdout] 153 | impl<'a, T, V: ViewMut<'a, Item = T>> ViewMut<'a> for TailViewMut<'a, T, V> {
[INFO] [stdout]     | ^^^^^^^^^^^^^^^^^^^^^^^^^^^^^^^^^^^^^^^^^^^^^^^^^^^^^^^^^^^^^^^^^^^^^^^^^^^ missing `try_get_mut` in implementation
[INFO] [stdout]     |
[INFO] [stdout]    ::: strided-mem/src/traits.rs:30:5
[INFO] [stdout]     |
[INFO] [stdout]  30 |     fn try_get_mut(&mut self, index: usize) -> Option<&mut Self::Item>;
[INFO] [stdout]     |     ------------------------------------------------------------------- `try_get_mut` from trait
[INFO] [stdout] 
[INFO] [stdout] 
[INFO] [stdout] error[E0046]: not all trait items implemented, missing: `try_get_mut`
[INFO] [stdout]    --> strided-mem/src/views.rs:344:1
[INFO] [stdout]     |
[INFO] [stdout] 344 | impl<'a, T> ViewMut<'a> for StridedViewMut<'a, T> {
[INFO] [stdout]     | ^^^^^^^^^^^^^^^^^^^^^^^^^^^^^^^^^^^^^^^^^^^^^^^^^ missing `try_get_mut` in implementation
[INFO] [stdout]     |
[INFO] [stdout]    ::: strided-mem/src/traits.rs:30:5
[INFO] [stdout]     |
[INFO] [stdout]  30 |     fn try_get_mut(&mut self, index: usize) -> Option<&mut Self::Item>;
[INFO] [stdout]     |     ------------------------------------------------------------------- `try_get_mut` from trait
[INFO] [stdout] 
[INFO] [stdout] 
[INFO] [stdout] error[E0107]: trait takes 1 generic argument but 0 generic arguments were supplied
[INFO] [stdout]   --> strided-mem/src/traits.rs:27:24
[INFO] [stdout]    |
[INFO] [stdout] 27 | pub trait ViewMut<'a>: View<'a> {
[INFO] [stdout]    |                        ^^^^ expected 1 generic argument
[INFO] [stdout]    |
[INFO] [stdout] note: trait defined here, with 1 generic parameter: `Idx`
[INFO] [stdout]   --> strided-mem/src/traits.rs:7:11
[INFO] [stdout]    |
[INFO] [stdout]  7 | pub trait View<'a, Idx> {
[INFO] [stdout]    |           ^^^^     ---
[INFO] [stdout] help: add missing generic argument
[INFO] [stdout]    |
[INFO] [stdout] 27 | pub trait ViewMut<'a>: View<'a, Idx> {
[INFO] [stdout]    |                               +++++
[INFO] [stdout] 
[INFO] [stdout] 
[INFO] [stdout] error[E0107]: trait takes 1 generic argument but 0 generic arguments were supplied
[INFO] [stdout]   --> strided-mem/src/traits.rs:38:31
[INFO] [stdout]    |
[INFO] [stdout] 38 | pub trait ContiguousView<'a>: View<'a> {
[INFO] [stdout]    |                               ^^^^ expected 1 generic argument
[INFO] [stdout]    |
[INFO] [stdout] note: trait defined here, with 1 generic parameter: `Idx`
[INFO] [stdout]   --> strided-mem/src/traits.rs:7:11
[INFO] [stdout]    |
[INFO] [stdout]  7 | pub trait View<'a, Idx> {
[INFO] [stdout]    |           ^^^^     ---
[INFO] [stdout] help: add missing generic argument
[INFO] [stdout]    |
[INFO] [stdout] 38 | pub trait ContiguousView<'a>: View<'a, Idx> {
[INFO] [stdout]    |                                      +++++
[INFO] [stdout] 
[INFO] [stdout] 
[INFO] [stdout] error[E0107]: trait takes 1 generic argument but 0 generic arguments were supplied
[INFO] [stdout]   --> strided-mem/src/indexed.rs:98:13
[INFO] [stdout]    |
[INFO] [stdout] 98 | impl<'a, T> View<'a> for IndexedViewMut<'a, T> {
[INFO] [stdout]    |             ^^^^ expected 1 generic argument
[INFO] [stdout]    |
[INFO] [stdout] note: trait defined here, with 1 generic parameter: `Idx`
[INFO] [stdout]   --> strided-mem/src/traits.rs:7:11
[INFO] [stdout]    |
[INFO] [stdout]  7 | pub trait View<'a, Idx> {
[INFO] [stdout]    |           ^^^^     ---
[INFO] [stdout] help: add missing generic argument
[INFO] [stdout]    |
[INFO] [stdout] 98 | impl<'a, T> View<'a, Idx> for IndexedViewMut<'a, T> {
[INFO] [stdout]    |                    +++++
[INFO] [stdout] 
[INFO] [stdout] 
[INFO] [stdout] error[E0107]: trait takes 1 generic argument but 0 generic arguments were supplied
[INFO] [stdout]   --> strided-mem/src/invert_view.rs:29:36
[INFO] [stdout]    |
[INFO] [stdout] 29 | impl<'a, T, V: View<'a, Item = T>> View<'a> for InvertView<'a, T, V> {
[INFO] [stdout]    |                                    ^^^^ expected 1 generic argument
[INFO] [stdout]    |
[INFO] [stdout] note: trait defined here, with 1 generic parameter: `Idx`
[INFO] [stdout]   --> strided-mem/src/traits.rs:7:11
[INFO] [stdout]    |
[INFO] [stdout]  7 | pub trait View<'a, Idx> {
[INFO] [stdout]    |           ^^^^     ---
[INFO] [stdout] help: add missing generic argument
[INFO] [stdout]    |
[INFO] [stdout] 29 | impl<'a, T, V: View<'a, Item = T>> View<'a, Idx> for InvertView<'a, T, V> {
[INFO] [stdout]    |                                           +++++
[INFO] [stdout] 
[INFO] [stdout] 
[INFO] [stdout] error[E0107]: trait takes 1 generic argument but 0 generic arguments were supplied
[INFO] [stdout]   --> strided-mem/src/invert_view.rs:68:39
[INFO] [stdout]    |
[INFO] [stdout] 68 | impl<'a, T, V: ViewMut<'a, Item = T>> View<'a> for InvertViewMut<'a, T, V> {
[INFO] [stdout]    |                                       ^^^^ expected 1 generic argument
[INFO] [stdout]    |
[INFO] [stdout] note: trait defined here, with 1 generic parameter: `Idx`
[INFO] [stdout]   --> strided-mem/src/traits.rs:7:11
[INFO] [stdout]    |
[INFO] [stdout]  7 | pub trait View<'a, Idx> {
[INFO] [stdout]    |           ^^^^     ---
[INFO] [stdout] help: add missing generic argument
[INFO] [stdout]    |
[INFO] [stdout] 68 | impl<'a, T, V: ViewMut<'a, Item = T>> View<'a, Idx> for InvertViewMut<'a, T, V> {
[INFO] [stdout]    |                                              +++++
[INFO] [stdout] 
[INFO] [stdout] 
[INFO] [stdout] error[E0107]: trait takes 1 generic argument but 0 generic arguments were supplied
[INFO] [stdout]   --> strided-mem/src/ring_view.rs:81:36
[INFO] [stdout]    |
[INFO] [stdout] 81 | impl<'a, T, V: View<'a, Item = T>> View<'a> for RingView<'a, T, V> {
[INFO] [stdout]    |                                    ^^^^ expected 1 generic argument
[INFO] [stdout]    |
[INFO] [stdout] note: trait defined here, with 1 generic parameter: `Idx`
[INFO] [stdout]   --> strided-mem/src/traits.rs:7:11
[INFO] [stdout]    |
[INFO] [stdout]  7 | pub trait View<'a, Idx> {
[INFO] [stdout]    |           ^^^^     ---
[INFO] [stdout] help: add missing generic argument
[INFO] [stdout]    |
[INFO] [stdout] 81 | impl<'a, T, V: View<'a, Item = T>> View<'a, Idx> for RingView<'a, T, V> {
[INFO] [stdout]    |                                           +++++
[INFO] [stdout] 
[INFO] [stdout] 
[INFO] [stdout] error[E0107]: trait takes 1 generic argument but 0 generic arguments were supplied
[INFO] [stdout]    --> strided-mem/src/ring_view.rs:165:36
[INFO] [stdout]     |
[INFO] [stdout] 165 | impl<'a, T, V: View<'a, Item = T>> View<'a> for Ring2NView<'a, T, V> {
[INFO] [stdout]     |                                    ^^^^ expected 1 generic argument
[INFO] [stdout]     |
[INFO] [stdout] note: trait defined here, with 1 generic parameter: `Idx`
[INFO] [stdout]    --> strided-mem/src/traits.rs:7:11
[INFO] [stdout]     |
[INFO] [stdout]   7 | pub trait View<'a, Idx> {
[INFO] [stdout]     |           ^^^^     ---
[INFO] [stdout] help: add missing generic argument
[INFO] [stdout]     |
[INFO] [stdout] 165 | impl<'a, T, V: View<'a, Item = T>> View<'a, Idx> for Ring2NView<'a, T, V> {
[INFO] [stdout]     |                                           +++++
[INFO] [stdout] 
[INFO] [stdout] 
[INFO] [stdout] error[E0107]: trait takes 1 generic argument but 0 generic arguments were supplied
[INFO] [stdout]    --> strided-mem/src/ring_view.rs:233:39
[INFO] [stdout]     |
[INFO] [stdout] 233 | impl<'a, T, V: ViewMut<'a, Item = T>> View<'a> for RingViewMut<'a, T, V> {
[INFO] [stdout]     |                                       ^^^^ expected 1 generic argument
[INFO] [stdout]     |
[INFO] [stdout] note: trait defined here, with 1 generic parameter: `Idx`
[INFO] [stdout]    --> strided-mem/src/traits.rs:7:11
[INFO] [stdout]     |
[INFO] [stdout]   7 | pub trait View<'a, Idx> {
[INFO] [stdout]     |           ^^^^     ---
[INFO] [stdout] help: add missing generic argument
[INFO] [stdout]     |
[INFO] [stdout] 233 | impl<'a, T, V: ViewMut<'a, Item = T>> View<'a, Idx> for RingViewMut<'a, T, V> {
[INFO] [stdout]     |                                              +++++
[INFO] [stdout] 
[INFO] [stdout] 
[INFO] [stdout] error[E0107]: trait takes 1 generic argument but 0 generic arguments were supplied
[INFO] [stdout]    --> strided-mem/src/ring_view.rs:322:39
[INFO] [stdout]     |
[INFO] [stdout] 322 | impl<'a, T, V: ViewMut<'a, Item = T>> View<'a> for Ring2NViewMut<'a, T, V> {
[INFO] [stdout]     |                                       ^^^^ expected 1 generic argument
[INFO] [stdout]     |
[INFO] [stdout] note: trait defined here, with 1 generic parameter: `Idx`
[INFO] [stdout]    --> strided-mem/src/traits.rs:7:11
[INFO] [stdout]     |
[INFO] [stdout]   7 | pub trait View<'a, Idx> {
[INFO] [stdout]     |           ^^^^     ---
[INFO] [stdout] help: add missing generic argument
[INFO] [stdout]     |
[INFO] [stdout] 322 | impl<'a, T, V: ViewMut<'a, Item = T>> View<'a, Idx> for Ring2NViewMut<'a, T, V> {
[INFO] [stdout]     |                                              +++++
[INFO] [stdout] 
[INFO] [stdout] 
[INFO] [stdout] error[E0107]: trait takes 1 generic argument but 0 generic arguments were supplied
[INFO] [stdout]   --> strided-mem/src/tail_view.rs:72:36
[INFO] [stdout]    |
[INFO] [stdout] 72 | impl<'a, T, V: View<'a, Item = T>> View<'a> for TailView<'a, T, V> {
[INFO] [stdout]    |                                    ^^^^ expected 1 generic argument
[INFO] [stdout]    |
[INFO] [stdout] note: trait defined here, with 1 generic parameter: `Idx`
[INFO] [stdout]   --> strided-mem/src/traits.rs:7:11
[INFO] [stdout]    |
[INFO] [stdout]  7 | pub trait View<'a, Idx> {
[INFO] [stdout]    |           ^^^^     ---
[INFO] [stdout] help: add missing generic argument
[INFO] [stdout]    |
[INFO] [stdout] 72 | impl<'a, T, V: View<'a, Item = T>> View<'a, Idx> for TailView<'a, T, V> {
[INFO] [stdout]    |                                           +++++
[INFO] [stdout] 
[INFO] [stdout] 
[INFO] [stdout] error[E0107]: trait takes 1 generic argument but 0 generic arguments were supplied
[INFO] [stdout]    --> strided-mem/src/tail_view.rs:136:39
[INFO] [stdout]     |
[INFO] [stdout] 136 | impl<'a, T, V: ViewMut<'a, Item = T>> View<'a> for TailViewMut<'a, T, V> {
[INFO] [stdout]     |                                       ^^^^ expected 1 generic argument
[INFO] [stdout]     |
[INFO] [stdout] note: trait defined here, with 1 generic parameter: `Idx`
[INFO] [stdout]    --> strided-mem/src/traits.rs:7:11
[INFO] [stdout]     |
[INFO] [stdout]   7 | pub trait View<'a, Idx> {
[INFO] [stdout]     |           ^^^^     ---
[INFO] [stdout] help: add missing generic argument
[INFO] [stdout]     |
[INFO] [stdout] 136 | impl<'a, T, V: ViewMut<'a, Item = T>> View<'a, Idx> for TailViewMut<'a, T, V> {
[INFO] [stdout]     |                                              +++++
[INFO] [stdout] 
[INFO] [stdout] 
[INFO] [stdout] error[E0107]: trait takes 1 generic argument but 0 generic arguments were supplied
[INFO] [stdout]    --> strided-mem/src/views.rs:304:13
[INFO] [stdout]     |
[INFO] [stdout] 304 | impl<'a, T> View<'a> for StridedView<'a, T> {
[INFO] [stdout]     |             ^^^^ expected 1 generic argument
[INFO] [stdout]     |
[INFO] [stdout] note: trait defined here, with 1 generic parameter: `Idx`
[INFO] [stdout]    --> strided-mem/src/traits.rs:7:11
[INFO] [stdout]     |
[INFO] [stdout]   7 | pub trait View<'a, Idx> {
[INFO] [stdout]     |           ^^^^     ---
[INFO] [stdout] help: add missing generic argument
[INFO] [stdout]     |
[INFO] [stdout] 304 | impl<'a, T> View<'a, Idx> for StridedView<'a, T> {
[INFO] [stdout]     |                    +++++
[INFO] [stdout] 
[INFO] [stdout] 
[INFO] [stdout] error[E0107]: trait takes 1 generic argument but 0 generic arguments were supplied
[INFO] [stdout]    --> strided-mem/src/views.rs:324:13
[INFO] [stdout]     |
[INFO] [stdout] 324 | impl<'a, T> View<'a> for StridedViewMut<'a, T> {
[INFO] [stdout]     |             ^^^^ expected 1 generic argument
[INFO] [stdout]     |
[INFO] [stdout] note: trait defined here, with 1 generic parameter: `Idx`
[INFO] [stdout]    --> strided-mem/src/traits.rs:7:11
[INFO] [stdout]     |
[INFO] [stdout]   7 | pub trait View<'a, Idx> {
[INFO] [stdout]     |           ^^^^     ---
[INFO] [stdout] help: add missing generic argument
[INFO] [stdout]     |
[INFO] [stdout] 324 | impl<'a, T> View<'a, Idx> for StridedViewMut<'a, T> {
[INFO] [stdout]     |                    +++++
[INFO] [stdout] 
[INFO] [stdout] 
[INFO] [stdout] error[E0046]: not all trait items implemented, missing: `try_get_mut`
[INFO] [stdout]    --> strided-mem/src/indexed.rs:117:1
[INFO] [stdout]     |
[INFO] [stdout] 117 | impl<'a, T> ViewMut<'a> for IndexedViewMut<'a, T> {
[INFO] [stdout]     | ^^^^^^^^^^^^^^^^^^^^^^^^^^^^^^^^^^^^^^^^^^^^^^^^^ missing `try_get_mut` in implementation
[INFO] [stdout]     |
[INFO] [stdout]    ::: strided-mem/src/traits.rs:30:5
[INFO] [stdout]     |
[INFO] [stdout]  30 |     fn try_get_mut(&mut self, index: usize) -> Option<&mut Self::Item>;
[INFO] [stdout]     |     ------------------------------------------------------------------- `try_get_mut` from trait
[INFO] [stdout] 
[INFO] [stdout] 
[INFO] [stdout] error[E0107]: trait takes 1 generic argument but 0 generic arguments were supplied
[INFO] [stdout]  --> strided-mem/src/invert_view.rs:9:33
[INFO] [stdout]   |
[INFO] [stdout] 9 | pub struct InvertView<'a, T, V: View<'a, Item = T>> {
[INFO] [stdout]   |                                 ^^^^ expected 1 generic argument
[INFO] [stdout]   |
[INFO] [stdout] note: trait defined here, with 1 generic parameter: `Idx`
[INFO] [stdout]  --> strided-mem/src/traits.rs:7:11
[INFO] [stdout]   |
[INFO] [stdout] 7 | pub trait View<'a, Idx> {
[INFO] [stdout]   |           ^^^^     ---
[INFO] [stdout] help: add missing generic argument
[INFO] [stdout]   |
[INFO] [stdout] 9 | pub struct InvertView<'a, T, V: View<'a, Idx, Item = T>> {
[INFO] [stdout]   |                                        +++++
[INFO] [stdout] 
[INFO] [stdout] 
[INFO] [stdout] error[E0107]: trait takes 1 generic argument but 0 generic arguments were supplied
[INFO] [stdout]   --> strided-mem/src/invert_view.rs:14:16
[INFO] [stdout]    |
[INFO] [stdout] 14 | impl<'a, T, V: View<'a, Item = T>> InvertView<'a, T, V> {
[INFO] [stdout]    |                ^^^^ expected 1 generic argument
[INFO] [stdout]    |
[INFO] [stdout] note: trait defined here, with 1 generic parameter: `Idx`
[INFO] [stdout]   --> strided-mem/src/traits.rs:7:11
[INFO] [stdout]    |
[INFO] [stdout]  7 | pub trait View<'a, Idx> {
[INFO] [stdout]    |           ^^^^     ---
[INFO] [stdout] help: add missing generic argument
[INFO] [stdout]    |
[INFO] [stdout] 14 | impl<'a, T, V: View<'a, Idx, Item = T>> InvertView<'a, T, V> {
[INFO] [stdout]    |                       +++++
[INFO] [stdout] 
[INFO] [stdout] 
[INFO] [stdout] error[E0107]: trait takes 1 generic argument but 0 generic arguments were supplied
[INFO] [stdout]   --> strided-mem/src/invert_view.rs:29:16
[INFO] [stdout]    |
[INFO] [stdout] 29 | impl<'a, T, V: View<'a, Item = T>> View<'a> for InvertView<'a, T, V> {
[INFO] [stdout]    |                ^^^^ expected 1 generic argument
[INFO] [stdout]    |
[INFO] [stdout] note: trait defined here, with 1 generic parameter: `Idx`
[INFO] [stdout]   --> strided-mem/src/traits.rs:7:11
[INFO] [stdout]    |
[INFO] [stdout]  7 | pub trait View<'a, Idx> {
[INFO] [stdout]    |           ^^^^     ---
[INFO] [stdout] help: add missing generic argument
[INFO] [stdout]    |
[INFO] [stdout] 29 | impl<'a, T, V: View<'a, Idx, Item = T>> View<'a> for InvertView<'a, T, V> {
[INFO] [stdout]    |                       +++++
[INFO] [stdout] 
[INFO] [stdout] 
[INFO] [stdout] error[E0308]: mismatched types
[INFO] [stdout]   --> strided-mem/src/invert_view.rs:43:9
[INFO] [stdout]    |
[INFO] [stdout] 38 |     fn get(&self, index: usize) -> Option<&'a T> {
[INFO] [stdout]    |                                    ------------- expected `Option<&'a T>` because of return type
[INFO] [stdout] ...
[INFO] [stdout] 43 |         self.inner.get(len - 1 - index)
[INFO] [stdout]    |         ^^^^^^^^^^^^^^^^^^^^^^^^^^^^^^^ expected `Option<&T>`, found `&T`
[INFO] [stdout]    |
[INFO] [stdout]    = note:   expected enum `Option<&'a T>`
[INFO] [stdout]            found reference `&'a T`
[INFO] [stdout] help: try wrapping the expression in `core::prelude::v1::Some`
[INFO] [stdout]    |
[INFO] [stdout] 43 |         core::prelude::v1::Some(self.inner.get(len - 1 - index))
[INFO] [stdout]    |         ++++++++++++++++++++++++                               +
[INFO] [stdout] 
[INFO] [stdout] 
[INFO] [stdout] error[E0046]: not all trait items implemented, missing: `try_get_mut`
[INFO] [stdout]   --> strided-mem/src/invert_view.rs:86:1
[INFO] [stdout]    |
[INFO] [stdout] 86 | impl<'a, T, V: ViewMut<'a, Item = T>> ViewMut<'a> for InvertViewMut<'a, T, V> {
[INFO] [stdout]    | ^^^^^^^^^^^^^^^^^^^^^^^^^^^^^^^^^^^^^^^^^^^^^^^^^^^^^^^^^^^^^^^^^^^^^^^^^^^^^ missing `try_get_mut` in implementation
[INFO] [stdout]    |
[INFO] [stdout]   ::: strided-mem/src/traits.rs:30:5
[INFO] [stdout]    |
[INFO] [stdout] 30 |     fn try_get_mut(&mut self, index: usize) -> Option<&mut Self::Item>;
[INFO] [stdout]    |     ------------------------------------------------------------------- `try_get_mut` from trait
[INFO] [stdout] 
[INFO] [stdout] 
[INFO] [stdout] error[E0308]: mismatched types
[INFO] [stdout]   --> strided-mem/src/invert_view.rs:82:9
[INFO] [stdout]    |
[INFO] [stdout] 77 |     fn get(&self, index: usize) -> Option<&'a T> {
[INFO] [stdout]    |                                    ------------- expected `Option<&'a T>` because of return type
[INFO] [stdout] ...
[INFO] [stdout] 82 |         self.inner.get(len - 1 - index)
[INFO] [stdout]    |         ^^^^^^^^^^^^^^^^^^^^^^^^^^^^^^^ expected `Option<&T>`, found `&T`
[INFO] [stdout]    |
[INFO] [stdout]    = note:   expected enum `Option<&'a T>`
[INFO] [stdout]            found reference `&'a T`
[INFO] [stdout] help: try wrapping the expression in `core::prelude::v1::Some`
[INFO] [stdout]    |
[INFO] [stdout] 82 |         core::prelude::v1::Some(self.inner.get(len - 1 - index))
[INFO] [stdout]    |         ++++++++++++++++++++++++                               +
[INFO] [stdout] 
[INFO] [stdout] 
[INFO] [stdout] error[E0308]: mismatched types
[INFO] [stdout]   --> strided-mem/src/invert_view.rs:93:9
[INFO] [stdout]    |
[INFO] [stdout] 88 |     fn get_mut(&mut self, index: usize) -> Option<&mut T> {
[INFO] [stdout]    |                                            -------------- expected `Option<&mut T>` because of return type
[INFO] [stdout] ...
[INFO] [stdout] 93 |         self.inner.get_mut(len - 1 - index)
[INFO] [stdout]    |         ^^^^^^^^^^^^^^^^^^^^^^^^^^^^^^^^^^^ expected `Option<&mut T>`, found `&mut T`
[INFO] [stdout]    |
[INFO] [stdout]    = note:           expected enum `Option<&mut T>`
[INFO] [stdout]            found mutable reference `&mut T`
[INFO] [stdout] help: try wrapping the expression in `core::prelude::v1::Some`
[INFO] [stdout]    |
[INFO] [stdout] 93 |         core::prelude::v1::Some(self.inner.get_mut(len - 1 - index))
[INFO] [stdout]    |         ++++++++++++++++++++++++                                   +
[INFO] [stdout] 
[INFO] [stdout] 
[INFO] [stdout] error[E0107]: trait takes 1 generic argument but 0 generic arguments were supplied
[INFO] [stdout]   --> strided-mem/src/ring_view.rs:26:31
[INFO] [stdout]    |
[INFO] [stdout] 26 | pub struct RingView<'a, T, V: View<'a, Item = T>> {
[INFO] [stdout]    |                               ^^^^ expected 1 generic argument
[INFO] [stdout]    |
[INFO] [stdout] note: trait defined here, with 1 generic parameter: `Idx`
[INFO] [stdout]   --> strided-mem/src/traits.rs:7:11
[INFO] [stdout]    |
[INFO] [stdout]  7 | pub trait View<'a, Idx> {
[INFO] [stdout]    |           ^^^^     ---
[INFO] [stdout] help: add missing generic argument
[INFO] [stdout]    |
[INFO] [stdout] 26 | pub struct RingView<'a, T, V: View<'a, Idx, Item = T>> {
[INFO] [stdout]    |                                      +++++
[INFO] [stdout] 
[INFO] [stdout] 
[INFO] [stdout] error[E0107]: trait takes 1 generic argument but 0 generic arguments were supplied
[INFO] [stdout]   --> strided-mem/src/ring_view.rs:34:16
[INFO] [stdout]    |
[INFO] [stdout] 34 | impl<'a, T, V: View<'a, Item = T>> RingView<'a, T, V> {
[INFO] [stdout]    |                ^^^^ expected 1 generic argument
[INFO] [stdout]    |
[INFO] [stdout] note: trait defined here, with 1 generic parameter: `Idx`
[INFO] [stdout]   --> strided-mem/src/traits.rs:7:11
[INFO] [stdout]    |
[INFO] [stdout]  7 | pub trait View<'a, Idx> {
[INFO] [stdout]    |           ^^^^     ---
[INFO] [stdout] help: add missing generic argument
[INFO] [stdout]    |
[INFO] [stdout] 34 | impl<'a, T, V: View<'a, Idx, Item = T>> RingView<'a, T, V> {
[INFO] [stdout]    |                       +++++
[INFO] [stdout] 
[INFO] [stdout] 
[INFO] [stdout] error[E0107]: trait takes 1 generic argument but 0 generic arguments were supplied
[INFO] [stdout]   --> strided-mem/src/ring_view.rs:81:16
[INFO] [stdout]    |
[INFO] [stdout] 81 | impl<'a, T, V: View<'a, Item = T>> View<'a> for RingView<'a, T, V> {
[INFO] [stdout]    |                ^^^^ expected 1 generic argument
[INFO] [stdout]    |
[INFO] [stdout] note: trait defined here, with 1 generic parameter: `Idx`
[INFO] [stdout]   --> strided-mem/src/traits.rs:7:11
[INFO] [stdout]    |
[INFO] [stdout]  7 | pub trait View<'a, Idx> {
[INFO] [stdout]    |           ^^^^     ---
[INFO] [stdout] help: add missing generic argument
[INFO] [stdout]    |
[INFO] [stdout] 81 | impl<'a, T, V: View<'a, Idx, Item = T>> View<'a> for RingView<'a, T, V> {
[INFO] [stdout]    |                       +++++
[INFO] [stdout] 
[INFO] [stdout] 
[INFO] [stdout] error[E0107]: trait takes 1 generic argument but 0 generic arguments were supplied
[INFO] [stdout]    --> strided-mem/src/ring_view.rs:100:33
[INFO] [stdout]     |
[INFO] [stdout] 100 | pub struct Ring2NView<'a, T, V: View<'a, Item = T>> {
[INFO] [stdout]     |                                 ^^^^ expected 1 generic argument
[INFO] [stdout]     |
[INFO] [stdout] note: trait defined here, with 1 generic parameter: `Idx`
[INFO] [stdout]    --> strided-mem/src/traits.rs:7:11
[INFO] [stdout]     |
[INFO] [stdout]   7 | pub trait View<'a, Idx> {
[INFO] [stdout]     |           ^^^^     ---
[INFO] [stdout] help: add missing generic argument
[INFO] [stdout]     |
[INFO] [stdout] 100 | pub struct Ring2NView<'a, T, V: View<'a, Idx, Item = T>> {
[INFO] [stdout]     |                                        +++++
[INFO] [stdout] 
[INFO] [stdout] 
[INFO] [stdout] error[E0107]: trait takes 1 generic argument but 0 generic arguments were supplied
[INFO] [stdout]    --> strided-mem/src/ring_view.rs:109:16
[INFO] [stdout]     |
[INFO] [stdout] 109 | impl<'a, T, V: View<'a, Item = T>> Ring2NView<'a, T, V> {
[INFO] [stdout]     |                ^^^^ expected 1 generic argument
[INFO] [stdout]     |
[INFO] [stdout] note: trait defined here, with 1 generic parameter: `Idx`
[INFO] [stdout]    --> strided-mem/src/traits.rs:7:11
[INFO] [stdout]     |
[INFO] [stdout]   7 | pub trait View<'a, Idx> {
[INFO] [stdout]     |           ^^^^     ---
[INFO] [stdout] help: add missing generic argument
[INFO] [stdout]     |
[INFO] [stdout] 109 | impl<'a, T, V: View<'a, Idx, Item = T>> Ring2NView<'a, T, V> {
[INFO] [stdout]     |                       +++++
[INFO] [stdout] 
[INFO] [stdout] 
[INFO] [stdout] error[E0107]: trait takes 1 generic argument but 0 generic arguments were supplied
[INFO] [stdout]    --> strided-mem/src/ring_view.rs:165:16
[INFO] [stdout]     |
[INFO] [stdout] 165 | impl<'a, T, V: View<'a, Item = T>> View<'a> for Ring2NView<'a, T, V> {
[INFO] [stdout]     |                ^^^^ expected 1 generic argument
[INFO] [stdout]     |
[INFO] [stdout] note: trait defined here, with 1 generic parameter: `Idx`
[INFO] [stdout]    --> strided-mem/src/traits.rs:7:11
[INFO] [stdout]     |
[INFO] [stdout]   7 | pub trait View<'a, Idx> {
[INFO] [stdout]     |           ^^^^     ---
[INFO] [stdout] help: add missing generic argument
[INFO] [stdout]     |
[INFO] [stdout] 165 | impl<'a, T, V: View<'a, Idx, Item = T>> View<'a> for Ring2NView<'a, T, V> {
[INFO] [stdout]     |                       +++++
[INFO] [stdout] 
[INFO] [stdout] 
[INFO] [stdout] error[E0046]: not all trait items implemented, missing: `try_get_mut`
[INFO] [stdout]    --> strided-mem/src/ring_view.rs:251:1
[INFO] [stdout]     |
[INFO] [stdout] 251 | impl<'a, T, V: ViewMut<'a, Item = T>> ViewMut<'a> for RingViewMut<'a, T, V> {
[INFO] [stdout]     | ^^^^^^^^^^^^^^^^^^^^^^^^^^^^^^^^^^^^^^^^^^^^^^^^^^^^^^^^^^^^^^^^^^^^^^^^^^^ missing `try_get_mut` in implementation
[INFO] [stdout]     |
[INFO] [stdout]    ::: strided-mem/src/traits.rs:30:5
[INFO] [stdout]     |
[INFO] [stdout]  30 |     fn try_get_mut(&mut self, index: usize) -> Option<&mut Self::Item>;
[INFO] [stdout]     |     ------------------------------------------------------------------- `try_get_mut` from trait
[INFO] [stdout] 
[INFO] [stdout] 
[INFO] [stdout] error[E0046]: not all trait items implemented, missing: `try_get_mut`
[INFO] [stdout]    --> strided-mem/src/ring_view.rs:340:1
[INFO] [stdout]     |
[INFO] [stdout] 340 | impl<'a, T, V: ViewMut<'a, Item = T>> ViewMut<'a> for Ring2NViewMut<'a, T, V> {
[INFO] [stdout]     | ^^^^^^^^^^^^^^^^^^^^^^^^^^^^^^^^^^^^^^^^^^^^^^^^^^^^^^^^^^^^^^^^^^^^^^^^^^^^^ missing `try_get_mut` in implementation
[INFO] [stdout]     |
[INFO] [stdout]    ::: strided-mem/src/traits.rs:30:5
[INFO] [stdout]     |
[INFO] [stdout]  30 |     fn try_get_mut(&mut self, index: usize) -> Option<&mut Self::Item>;
[INFO] [stdout]     |     ------------------------------------------------------------------- `try_get_mut` from trait
[INFO] [stdout] 
[INFO] [stdout] 
[INFO] [stdout] error[E0107]: trait takes 1 generic argument but 0 generic arguments were supplied
[INFO] [stdout]   --> strided-mem/src/tail_view.rs:26:31
[INFO] [stdout]    |
[INFO] [stdout] 26 | pub struct TailView<'a, T, V: View<'a, Item = T>> {
[INFO] [stdout]    |                               ^^^^ expected 1 generic argument
[INFO] [stdout]    |
[INFO] [stdout] note: trait defined here, with 1 generic parameter: `Idx`
[INFO] [stdout]   --> strided-mem/src/traits.rs:7:11
[INFO] [stdout]    |
[INFO] [stdout]  7 | pub trait View<'a, Idx> {
[INFO] [stdout]    |           ^^^^     ---
[INFO] [stdout] help: add missing generic argument
[INFO] [stdout]    |
[INFO] [stdout] 26 | pub struct TailView<'a, T, V: View<'a, Idx, Item = T>> {
[INFO] [stdout]    |                                      +++++
[INFO] [stdout] 
[INFO] [stdout] 
[INFO] [stdout] error[E0107]: trait takes 1 generic argument but 0 generic arguments were supplied
[INFO] [stdout]   --> strided-mem/src/tail_view.rs:32:16
[INFO] [stdout]    |
[INFO] [stdout] 32 | impl<'a, T, V: View<'a, Item = T>> TailView<'a, T, V> {
[INFO] [stdout]    |                ^^^^ expected 1 generic argument
[INFO] [stdout]    |
[INFO] [stdout] note: trait defined here, with 1 generic parameter: `Idx`
[INFO] [stdout]   --> strided-mem/src/traits.rs:7:11
[INFO] [stdout]    |
[INFO] [stdout]  7 | pub trait View<'a, Idx> {
[INFO] [stdout]    |           ^^^^     ---
[INFO] [stdout] help: add missing generic argument
[INFO] [stdout]    |
[INFO] [stdout] 32 | impl<'a, T, V: View<'a, Idx, Item = T>> TailView<'a, T, V> {
[INFO] [stdout]    |                       +++++
[INFO] [stdout] 
[INFO] [stdout] 
[INFO] [stdout] error[E0107]: trait takes 1 generic argument but 0 generic arguments were supplied
[INFO] [stdout]   --> strided-mem/src/tail_view.rs:72:16
[INFO] [stdout]    |
[INFO] [stdout] 72 | impl<'a, T, V: View<'a, Item = T>> View<'a> for TailView<'a, T, V> {
[INFO] [stdout]    |                ^^^^ expected 1 generic argument
[INFO] [stdout]    |
[INFO] [stdout] note: trait defined here, with 1 generic parameter: `Idx`
[INFO] [stdout]   --> strided-mem/src/traits.rs:7:11
[INFO] [stdout]    |
[INFO] [stdout]  7 | pub trait View<'a, Idx> {
[INFO] [stdout]    |           ^^^^     ---
[INFO] [stdout] help: add missing generic argument
[INFO] [stdout]    |
[INFO] [stdout] 72 | impl<'a, T, V: View<'a, Idx, Item = T>> View<'a> for TailView<'a, T, V> {
[INFO] [stdout]    |                       +++++
[INFO] [stdout] 
[INFO] [stdout] 
[INFO] [stdout] error[E0046]: not all trait items implemented, missing: `try_get_mut`
[INFO] [stdout]    --> strided-mem/src/tail_view.rs:153:1
[INFO] [stdout]     |
[INFO] [stdout] 153 | impl<'a, T, V: ViewMut<'a, Item = T>> ViewMut<'a> for TailViewMut<'a, T, V> {
[INFO] [stdout]     | ^^^^^^^^^^^^^^^^^^^^^^^^^^^^^^^^^^^^^^^^^^^^^^^^^^^^^^^^^^^^^^^^^^^^^^^^^^^ missing `try_get_mut` in implementation
[INFO] [stdout]     |
[INFO] [stdout]    ::: strided-mem/src/traits.rs:30:5
[INFO] [stdout]     |
[INFO] [stdout]  30 |     fn try_get_mut(&mut self, index: usize) -> Option<&mut Self::Item>;
[INFO] [stdout]     |     ------------------------------------------------------------------- `try_get_mut` from trait
[INFO] [stdout] 
[INFO] [stdout] 
[INFO] [stdout] error[E0046]: not all trait items implemented, missing: `try_get_mut`
[INFO] [stdout]    --> strided-mem/src/views.rs:344:1
[INFO] [stdout]     |
[INFO] [stdout] 344 | impl<'a, T> ViewMut<'a> for StridedViewMut<'a, T> {
[INFO] [stdout]     | ^^^^^^^^^^^^^^^^^^^^^^^^^^^^^^^^^^^^^^^^^^^^^^^^^ missing `try_get_mut` in implementation
[INFO] [stdout]     |
[INFO] [stdout]    ::: strided-mem/src/traits.rs:30:5
[INFO] [stdout]     |
[INFO] [stdout]  30 |     fn try_get_mut(&mut self, index: usize) -> Option<&mut Self::Item>;
[INFO] [stdout]     |     ------------------------------------------------------------------- `try_get_mut` from trait
[INFO] [stdout] 
[INFO] [stdout] 
[INFO] [stdout] error[E0308]: mismatched types
[INFO] [stdout]   --> strided-mem/src/ring_view.rs:95:9
[INFO] [stdout]    |
[INFO] [stdout] 90 |     fn get(&self, index: usize) -> Option<&'a T> {
[INFO] [stdout]    |                                    ------------- expected `Option<&'a T>` because of return type
[INFO] [stdout] ...
[INFO] [stdout] 95 |         self.inner.get(phys)
[INFO] [stdout]    |         ^^^^^^^^^^^^^^^^^^^^ expected `Option<&T>`, found `&T`
[INFO] [stdout]    |
[INFO] [stdout]    = note:   expected enum `Option<&'a T>`
[INFO] [stdout]            found reference `&'a T`
[INFO] [stdout] help: try wrapping the expression in `core::prelude::v1::Some`
[INFO] [stdout]    |
[INFO] [stdout] 95 |         core::prelude::v1::Some(self.inner.get(phys))
[INFO] [stdout]    |         ++++++++++++++++++++++++                    +
[INFO] [stdout] 
[INFO] [stdout] 
[INFO] [stdout] error[E0308]: mismatched types
[INFO] [stdout]    --> strided-mem/src/ring_view.rs:179:9
[INFO] [stdout]     |
[INFO] [stdout] 174 |     fn get(&self, index: usize) -> Option<&'a T> {
[INFO] [stdout]     |                                    ------------- expected `Option<&'a T>` because of return type
[INFO] [stdout] ...
[INFO] [stdout] 179 |         self.inner.get(phys)
[INFO] [stdout]     |         ^^^^^^^^^^^^^^^^^^^^ expected `Option<&T>`, found `&T`
[INFO] [stdout]     |
[INFO] [stdout]     = note:   expected enum `Option<&'a T>`
[INFO] [stdout]             found reference `&'a T`
[INFO] [stdout] help: try wrapping the expression in `core::prelude::v1::Some`
[INFO] [stdout]     |
[INFO] [stdout] 179 |         core::prelude::v1::Some(self.inner.get(phys))
[INFO] [stdout]     |         ++++++++++++++++++++++++                    +
[INFO] [stdout] 
[INFO] [stdout] 
[INFO] [stdout] error[E0308]: mismatched types
[INFO] [stdout]    --> strided-mem/src/ring_view.rs:247:9
[INFO] [stdout]     |
[INFO] [stdout] 242 |     fn get(&self, index: usize) -> Option<&'a T> {
[INFO] [stdout]     |                                    ------------- expected `Option<&'a T>` because of return type
[INFO] [stdout] ...
[INFO] [stdout] 247 |         self.inner.get(phys)
[INFO] [stdout]     |         ^^^^^^^^^^^^^^^^^^^^ expected `Option<&T>`, found `&T`
[INFO] [stdout]     |
[INFO] [stdout]     = note:   expected enum `Option<&'a T>`
[INFO] [stdout]             found reference `&'a T`
[INFO] [stdout] help: try wrapping the expression in `core::prelude::v1::Some`
[INFO] [stdout]     |
[INFO] [stdout] 247 |         core::prelude::v1::Some(self.inner.get(phys))
[INFO] [stdout]     |         ++++++++++++++++++++++++                    +
[INFO] [stdout] 
[INFO] [stdout] 
[INFO] [stdout] error[E0308]: mismatched types
[INFO] [stdout]    --> strided-mem/src/ring_view.rs:258:9
[INFO] [stdout]     |
[INFO] [stdout] 253 |     fn get_mut(&mut self, index: usize) -> Option<&mut T> {
[INFO] [stdout]     |                                            -------------- expected `Option<&mut T>` because of return type
[INFO] [stdout] ...
[INFO] [stdout] 258 |         self.inner.get_mut(phys)
[INFO] [stdout]     |         ^^^^^^^^^^^^^^^^^^^^^^^^ expected `Option<&mut T>`, found `&mut T`
[INFO] [stdout]     |
[INFO] [stdout]     = note:           expected enum `Option<&mut T>`
[INFO] [stdout]             found mutable reference `&mut T`
[INFO] [stdout] help: try wrapping the expression in `core::prelude::v1::Some`
[INFO] [stdout]     |
[INFO] [stdout] 258 |         core::prelude::v1::Some(self.inner.get_mut(phys))
[INFO] [stdout]     |         ++++++++++++++++++++++++                        +
[INFO] [stdout] 
[INFO] [stdout] 
[INFO] [stdout] error[E0308]: mismatched types
[INFO] [stdout]    --> strided-mem/src/ring_view.rs:336:9
[INFO] [stdout]     |
[INFO] [stdout] 331 |     fn get(&self, index: usize) -> Option<&'a T> {
[INFO] [stdout]     |                                    ------------- expected `Option<&'a T>` because of return type
[INFO] [stdout] ...
[INFO] [stdout] 336 |         self.inner.get(phys)
[INFO] [stdout]     |         ^^^^^^^^^^^^^^^^^^^^ expected `Option<&T>`, found `&T`
[INFO] [stdout]     |
[INFO] [stdout]     = note:   expected enum `Option<&'a T>`
[INFO] [stdout]             found reference `&'a T`
[INFO] [stdout] help: try wrapping the expression in `core::prelude::v1::Some`
[INFO] [stdout]     |
[INFO] [stdout] 336 |         core::prelude::v1::Some(self.inner.get(phys))
[INFO] [stdout]     |         ++++++++++++++++++++++++                    +
[INFO] [stdout] 
[INFO] [stdout] 
[INFO] [stdout] error[E0308]: mismatched types
[INFO] [stdout]    --> strided-mem/src/ring_view.rs:347:9
[INFO] [stdout]     |
[INFO] [stdout] 342 |     fn get_mut(&mut self, index: usize) -> Option<&mut T> {
[INFO] [stdout]     |                                            -------------- expected `Option<&mut T>` because of return type
[INFO] [stdout] ...
[INFO] [stdout] 347 |         self.inner.get_mut(phys)
[INFO] [stdout]     |         ^^^^^^^^^^^^^^^^^^^^^^^^ expected `Option<&mut T>`, found `&mut T`
[INFO] [stdout]     |
[INFO] [stdout]     = note:           expected enum `Option<&mut T>`
[INFO] [stdout]             found mutable reference `&mut T`
[INFO] [stdout] help: try wrapping the expression in `core::prelude::v1::Some`
[INFO] [stdout]     |
[INFO] [stdout] 347 |         core::prelude::v1::Some(self.inner.get_mut(phys))
[INFO] [stdout]     |         ++++++++++++++++++++++++                        +
[INFO] [stdout] 
[INFO] [stdout] 
[INFO] [stdout] error[E0308]: mismatched types
[INFO] [stdout]   --> strided-mem/src/tail_view.rs:85:9
[INFO] [stdout]    |
[INFO] [stdout] 81 |     fn get(&self, index: usize) -> Option<&'a T> {
[INFO] [stdout]    |                                    ------------- expected `Option<&'a T>` because of return type
[INFO] [stdout] ...
[INFO] [stdout] 85 |         self.inner.get(index)
[INFO] [stdout]    |         ^^^^^^^^^^^^^^^^^^^^^ expected `Option<&T>`, found `&T`
[INFO] [stdout]    |
[INFO] [stdout]    = note:   expected enum `Option<&'a T>`
[INFO] [stdout]            found reference `&'a T`
[INFO] [stdout] help: try wrapping the expression in `core::prelude::v1::Some`
[INFO] [stdout]    |
[INFO] [stdout] 85 |         core::prelude::v1::Some(self.inner.get(index))
[INFO] [stdout]    |         ++++++++++++++++++++++++                     +
[INFO] [stdout] 
[INFO] [stdout] 
[INFO] [stdout] error[E0308]: mismatched types
[INFO] [stdout]    --> strided-mem/src/tail_view.rs:149:9
[INFO] [stdout]     |
[INFO] [stdout] 145 |     fn get(&self, index: usize) -> Option<&'a T> {
[INFO] [stdout]     |                                    ------------- expected `Option<&'a T>` because of return type
[INFO] [stdout] ...
[INFO] [stdout] 149 |         self.inner.get(index)
[INFO] [stdout]     |         ^^^^^^^^^^^^^^^^^^^^^ expected `Option<&T>`, found `&T`
[INFO] [stdout]     |
[INFO] [stdout]     = note:   expected enum `Option<&'a T>`
[INFO] [stdout]             found reference `&'a T`
[INFO] [stdout] help: try wrapping the expression in `core::prelude::v1::Some`
[INFO] [stdout]     |
[INFO] [stdout] 149 |         core::prelude::v1::Some(self.inner.get(index))
[INFO] [stdout]     |         ++++++++++++++++++++++++                     +
[INFO] [stdout] 
[INFO] [stdout] 
[INFO] [stdout] error[E0308]: mismatched types
[INFO] [stdout]    --> strided-mem/src/tail_view.rs:159:9
[INFO] [stdout]     |
[INFO] [stdout] 155 |     fn get_mut(&mut self, index: usize) -> Option<&mut T> {
[INFO] [stdout]     |                                            -------------- expected `Option<&mut T>` because of return type
[INFO] [stdout] ...
[INFO] [stdout] 159 |         self.inner.get_mut(index)
[INFO] [stdout]     |         ^^^^^^^^^^^^^^^^^^^^^^^^^ expected `Option<&mut T>`, found `&mut T`
[INFO] [stdout]     |
[INFO] [stdout]     = note:           expected enum `Option<&mut T>`
[INFO] [stdout]             found mutable reference `&mut T`
[INFO] [stdout] help: try wrapping the expression in `core::prelude::v1::Some`
[INFO] [stdout]     |
[INFO] [stdout] 159 |         core::prelude::v1::Some(self.inner.get_mut(index))
[INFO] [stdout]     |         ++++++++++++++++++++++++                         +
[INFO] [stdout] 
[INFO] [stdout] 
[INFO] [stdout] error[E0308]: mismatched types
[INFO] [stdout]   --> strided-mem/src/invert_view.rs:43:9
[INFO] [stdout]    |
[INFO] [stdout] 38 |     fn get(&self, index: usize) -> Option<&'a T> {
[INFO] [stdout]    |                                    ------------- expected `Option<&'a T>` because of return type
[INFO] [stdout] ...
[INFO] [stdout] 43 |         self.inner.get(len - 1 - index)
[INFO] [stdout]    |         ^^^^^^^^^^^^^^^^^^^^^^^^^^^^^^^ expected `Option<&T>`, found `&T`
[INFO] [stdout]    |
[INFO] [stdout]    = note:   expected enum `Option<&'a T>`
[INFO] [stdout]            found reference `&'a T`
[INFO] [stdout] help: try wrapping the expression in `core::prelude::v1::Some`
[INFO] [stdout]    |
[INFO] [stdout] 43 |         core::prelude::v1::Some(self.inner.get(len - 1 - index))
[INFO] [stdout]    |         ++++++++++++++++++++++++                               +
[INFO] [stdout] 
[INFO] [stdout] 
[INFO] [stdout] error[E0308]: mismatched types
[INFO] [stdout]   --> strided-mem/src/invert_view.rs:82:9
[INFO] [stdout]    |
[INFO] [stdout] 77 |     fn get(&self, index: usize) -> Option<&'a T> {
[INFO] [stdout]    |                                    ------------- expected `Option<&'a T>` because of return type
[INFO] [stdout] ...
[INFO] [stdout] 82 |         self.inner.get(len - 1 - index)
[INFO] [stdout]    |         ^^^^^^^^^^^^^^^^^^^^^^^^^^^^^^^ expected `Option<&T>`, found `&T`
[INFO] [stdout]    |
[INFO] [stdout]    = note:   expected enum `Option<&'a T>`
[INFO] [stdout]            found reference `&'a T`
[INFO] [stdout] help: try wrapping the expression in `core::prelude::v1::Some`
[INFO] [stdout]    |
[INFO] [stdout] 82 |         core::prelude::v1::Some(self.inner.get(len - 1 - index))
[INFO] [stdout]    |         ++++++++++++++++++++++++                               +
[INFO] [stdout] 
[INFO] [stdout] 
[INFO] [stdout] error[E0308]: mismatched types
[INFO] [stdout]   --> strided-mem/src/invert_view.rs:93:9
[INFO] [stdout]    |
[INFO] [stdout] 88 |     fn get_mut(&mut self, index: usize) -> Option<&mut T> {
[INFO] [stdout]    |                                            -------------- expected `Option<&mut T>` because of return type
[INFO] [stdout] ...
[INFO] [stdout] 93 |         self.inner.get_mut(len - 1 - index)
[INFO] [stdout]    |         ^^^^^^^^^^^^^^^^^^^^^^^^^^^^^^^^^^^ expected `Option<&mut T>`, found `&mut T`
[INFO] [stdout]    |
[INFO] [stdout]    = note:           expected enum `Option<&mut T>`
[INFO] [stdout]            found mutable reference `&mut T`
[INFO] [stdout] help: try wrapping the expression in `core::prelude::v1::Some`
[INFO] [stdout]    |
[INFO] [stdout] 93 |         core::prelude::v1::Some(self.inner.get_mut(len - 1 - index))
[INFO] [stdout]    |         ++++++++++++++++++++++++                                   +
[INFO] [stdout] 
[INFO] [stdout] 
[INFO] [stdout] error[E0308]: mismatched types
[INFO] [stdout]   --> strided-mem/src/ring_view.rs:95:9
[INFO] [stdout]    |
[INFO] [stdout] 90 |     fn get(&self, index: usize) -> Option<&'a T> {
[INFO] [stdout]    |                                    ------------- expected `Option<&'a T>` because of return type
[INFO] [stdout] ...
[INFO] [stdout] 95 |         self.inner.get(phys)
[INFO] [stdout]    |         ^^^^^^^^^^^^^^^^^^^^ expected `Option<&T>`, found `&T`
[INFO] [stdout]    |
[INFO] [stdout]    = note:   expected enum `Option<&'a T>`
[INFO] [stdout]            found reference `&'a T`
[INFO] [stdout] help: try wrapping the expression in `core::prelude::v1::Some`
[INFO] [stdout]    |
[INFO] [stdout] 95 |         core::prelude::v1::Some(self.inner.get(phys))
[INFO] [stdout]    |         ++++++++++++++++++++++++                    +
[INFO] [stdout] 
[INFO] [stdout] 
[INFO] [stderr] error: could not compile `strided-mem` (lib) due to 43 previous errors
[INFO] [stdout] error[E0308]: mismatched types
[INFO] [stdout]    --> strided-mem/src/ring_view.rs:179:9
[INFO] [stdout]     |
[INFO] [stdout] 174 |     fn get(&self, index: usize) -> Option<&'a T> {
[INFO] [stdout]     |                                    ------------- expected `Option<&'a T>` because of return type
[INFO] [stdout] ...
[INFO] [stdout] 179 |         self.inner.get(phys)
[INFO] [stdout]     |         ^^^^^^^^^^^^^^^^^^^^ expected `Option<&T>`, found `&T`
[INFO] [stdout]     |
[INFO] [stdout]     = note:   expected enum `Option<&'a T>`
[INFO] [stdout]             found reference `&'a T`
[INFO] [stdout] help: try wrapping the expression in `core::prelude::v1::Some`
[INFO] [stdout]     |
[INFO] [stdout] 179 |         core::prelude::v1::Some(self.inner.get(phys))
[INFO] [stdout]     |         ++++++++++++++++++++++++                    +
[INFO] [stdout] 
[INFO] [stdout] 
[INFO] [stderr] warning: build failed, waiting for other jobs to finish...
[INFO] [stdout] error[E0308]: mismatched types
[INFO] [stdout]    --> strided-mem/src/ring_view.rs:247:9
[INFO] [stdout]     |
[INFO] [stdout] 242 |     fn get(&self, index: usize) -> Option<&'a T> {
[INFO] [stdout]     |                                    ------------- expected `Option<&'a T>` because of return type
[INFO] [stdout] ...
[INFO] [stdout] 247 |         self.inner.get(phys)
[INFO] [stdout]     |         ^^^^^^^^^^^^^^^^^^^^ expected `Option<&T>`, found `&T`
[INFO] [stdout]     |
[INFO] [stdout]     = note:   expected enum `Option<&'a T>`
[INFO] [stdout]             found reference `&'a T`
[INFO] [stdout] help: try wrapping the expression in `core::prelude::v1::Some`
[INFO] [stdout]     |
[INFO] [stdout] 247 |         core::prelude::v1::Some(self.inner.get(phys))
[INFO] [stdout]     |         ++++++++++++++++++++++++                    +
[INFO] [stdout] 
[INFO] [stdout] 
[INFO] [stdout] error[E0308]: mismatched types
[INFO] [stdout]    --> strided-mem/src/ring_view.rs:258:9
[INFO] [stdout]     |
[INFO] [stdout] 253 |     fn get_mut(&mut self, index: usize) -> Option<&mut T> {
[INFO] [stdout]     |                                            -------------- expected `Option<&mut T>` because of return type
[INFO] [stdout] ...
[INFO] [stdout] 258 |         self.inner.get_mut(phys)
[INFO] [stdout]     |         ^^^^^^^^^^^^^^^^^^^^^^^^ expected `Option<&mut T>`, found `&mut T`
[INFO] [stdout]     |
[INFO] [stdout]     = note:           expected enum `Option<&mut T>`
[INFO] [stdout]             found mutable reference `&mut T`
[INFO] [stdout] help: try wrapping the expression in `core::prelude::v1::Some`
[INFO] [stdout]     |
[INFO] [stdout] 258 |         core::prelude::v1::Some(self.inner.get_mut(phys))
[INFO] [stdout]     |         ++++++++++++++++++++++++                        +
[INFO] [stdout] 
[INFO] [stdout] 
[INFO] [stdout] error[E0308]: mismatched types
[INFO] [stdout]    --> strided-mem/src/ring_view.rs:336:9
[INFO] [stdout]     |
[INFO] [stdout] 331 |     fn get(&self, index: usize) -> Option<&'a T> {
[INFO] [stdout]     |                                    ------------- expected `Option<&'a T>` because of return type
[INFO] [stdout] ...
[INFO] [stdout] 336 |         self.inner.get(phys)
[INFO] [stdout]     |         ^^^^^^^^^^^^^^^^^^^^ expected `Option<&T>`, found `&T`
[INFO] [stdout]     |
[INFO] [stdout]     = note:   expected enum `Option<&'a T>`
[INFO] [stdout]             found reference `&'a T`
[INFO] [stdout] help: try wrapping the expression in `core::prelude::v1::Some`
[INFO] [stdout]     |
[INFO] [stdout] 336 |         core::prelude::v1::Some(self.inner.get(phys))
[INFO] [stdout]     |         ++++++++++++++++++++++++                    +
[INFO] [stdout] 
[INFO] [stdout] 
[INFO] [stdout] error[E0308]: mismatched types
[INFO] [stdout]    --> strided-mem/src/ring_view.rs:347:9
[INFO] [stdout]     |
[INFO] [stdout] 342 |     fn get_mut(&mut self, index: usize) -> Option<&mut T> {
[INFO] [stdout]     |                                            -------------- expected `Option<&mut T>` because of return type
[INFO] [stdout] ...
[INFO] [stdout] 347 |         self.inner.get_mut(phys)
[INFO] [stdout]     |         ^^^^^^^^^^^^^^^^^^^^^^^^ expected `Option<&mut T>`, found `&mut T`
[INFO] [stdout]     |
[INFO] [stdout]     = note:           expected enum `Option<&mut T>`
[INFO] [stdout]             found mutable reference `&mut T`
[INFO] [stdout] help: try wrapping the expression in `core::prelude::v1::Some`
[INFO] [stdout]     |
[INFO] [stdout] 347 |         core::prelude::v1::Some(self.inner.get_mut(phys))
[INFO] [stdout]     |         ++++++++++++++++++++++++                        +
[INFO] [stdout] 
[INFO] [stdout] 
[INFO] [stdout] Some errors have detailed explanations: E0046, E0107, E0308.
[INFO] [stdout] 
[INFO] [stdout] For more information about an error, try `rustc --explain E0046`.
[INFO] [stdout] 
[INFO] [stdout] error[E0308]: mismatched types
[INFO] [stdout]   --> strided-mem/src/tail_view.rs:85:9
[INFO] [stdout]    |
[INFO] [stdout] 81 |     fn get(&self, index: usize) -> Option<&'a T> {
[INFO] [stdout]    |                                    ------------- expected `Option<&'a T>` because of return type
[INFO] [stdout] ...
[INFO] [stdout] 85 |         self.inner.get(index)
[INFO] [stdout]    |         ^^^^^^^^^^^^^^^^^^^^^ expected `Option<&T>`, found `&T`
[INFO] [stdout]    |
[INFO] [stdout]    = note:   expected enum `Option<&'a T>`
[INFO] [stdout]            found reference `&'a T`
[INFO] [stdout] help: try wrapping the expression in `core::prelude::v1::Some`
[INFO] [stdout]    |
[INFO] [stdout] 85 |         core::prelude::v1::Some(self.inner.get(index))
[INFO] [stdout]    |         ++++++++++++++++++++++++                     +
[INFO] [stdout] 
[INFO] [stdout] 
[INFO] [stdout] error[E0308]: mismatched types
[INFO] [stdout]    --> strided-mem/src/tail_view.rs:149:9
[INFO] [stdout]     |
[INFO] [stdout] 145 |     fn get(&self, index: usize) -> Option<&'a T> {
[INFO] [stdout]     |                                    ------------- expected `Option<&'a T>` because of return type
[INFO] [stdout] ...
[INFO] [stdout] 149 |         self.inner.get(index)
[INFO] [stdout]     |         ^^^^^^^^^^^^^^^^^^^^^ expected `Option<&T>`, found `&T`
[INFO] [stdout]     |
[INFO] [stdout]     = note:   expected enum `Option<&'a T>`
[INFO] [stdout]             found reference `&'a T`
[INFO] [stdout] help: try wrapping the expression in `core::prelude::v1::Some`
[INFO] [stdout]     |
[INFO] [stdout] 149 |         core::prelude::v1::Some(self.inner.get(index))
[INFO] [stdout]     |         ++++++++++++++++++++++++                     +
[INFO] [stdout] 
[INFO] [stdout] 
[INFO] [stdout] error[E0308]: mismatched types
[INFO] [stdout]    --> strided-mem/src/tail_view.rs:159:9
[INFO] [stdout]     |
[INFO] [stdout] 155 |     fn get_mut(&mut self, index: usize) -> Option<&mut T> {
[INFO] [stdout]     |                                            -------------- expected `Option<&mut T>` because of return type
[INFO] [stdout] ...
[INFO] [stdout] 159 |         self.inner.get_mut(index)
[INFO] [stdout]     |         ^^^^^^^^^^^^^^^^^^^^^^^^^ expected `Option<&mut T>`, found `&mut T`
[INFO] [stdout]     |
[INFO] [stdout]     = note:           expected enum `Option<&mut T>`
[INFO] [stdout]             found mutable reference `&mut T`
[INFO] [stdout] help: try wrapping the expression in `core::prelude::v1::Some`
[INFO] [stdout]     |
[INFO] [stdout] 159 |         core::prelude::v1::Some(self.inner.get_mut(index))
[INFO] [stdout]     |         ++++++++++++++++++++++++                         +
[INFO] [stdout] 
[INFO] [stdout] 
[INFO] [stdout] Some errors have detailed explanations: E0046, E0107, E0308.
[INFO] [stdout] 
[INFO] [stdout] For more information about an error, try `rustc --explain E0046`.
[INFO] [stdout] 
[INFO] [stderr] error: could not compile `strided-mem` (lib test) due to 43 previous errors
[INFO] running `Command { std: "docker" "inspect" "1d24f13f4c8c38ecd72ee9ab1f9e94de9bb947ccd6a449c452df8ae525b007dd", kill_on_drop: false }`
[INFO] running `Command { std: "docker" "rm" "-f" "1d24f13f4c8c38ecd72ee9ab1f9e94de9bb947ccd6a449c452df8ae525b007dd", kill_on_drop: false }`
[INFO] [stdout] 1d24f13f4c8c38ecd72ee9ab1f9e94de9bb947ccd6a449c452df8ae525b007dd
