[INFO] cloning repository https://github.com/hex7c14/Nya
[INFO] running `Command { std: "git" "-c" "credential.helper=" "-c" "credential.helper=/workspace/cargo-home/bin/git-credential-null" "clone" "--bare" "https://github.com/hex7c14/Nya" "/workspace/cache/git-repos/https%3A%2F%2Fgithub.com%2Fhex7c14%2FNya", kill_on_drop: false }`
[INFO] [stderr] Cloning into bare repository '/workspace/cache/git-repos/https%3A%2F%2Fgithub.com%2Fhex7c14%2FNya'...
[INFO] running `Command { std: "git" "rev-parse" "HEAD", kill_on_drop: false }`
[INFO] [stdout] b27d31a1b57a2e57c215963e3651c6a9ef9d475c
[INFO] checking hex7c14/Nya against 3154cc1a3e6424e44f438a95007d043ed5ceaaf6+rustflags=-Znext-solver=coherence for pr-133502-30
[INFO] running `Command { std: "git" "clone" "/workspace/cache/git-repos/https%3A%2F%2Fgithub.com%2Fhex7c14%2FNya" "/workspace/builds/worker-6-tc1/source", kill_on_drop: false }`
[INFO] [stderr] Cloning into '/workspace/builds/worker-6-tc1/source'...
[INFO] [stderr] done.
[INFO] started tweaking git repo https://github.com/hex7c14/Nya
[INFO] finished tweaking git repo https://github.com/hex7c14/Nya
[INFO] tweaked toml for git repo https://github.com/hex7c14/Nya written to /workspace/builds/worker-6-tc1/source/Cargo.toml
[INFO] validating manifest of git repo https://github.com/hex7c14/Nya on toolchain 3154cc1a3e6424e44f438a95007d043ed5ceaaf6
[INFO] running `Command { std: CARGO_HOME="/workspace/cargo-home" RUSTUP_HOME="/workspace/rustup-home" "/workspace/cargo-home/bin/cargo" "+3154cc1a3e6424e44f438a95007d043ed5ceaaf6" "metadata" "--manifest-path" "Cargo.toml" "--no-deps", kill_on_drop: false }`
[INFO] crate git repo https://github.com/hex7c14/Nya already has a lockfile, it will not be regenerated
[INFO] running `Command { std: CARGO_HOME="/workspace/cargo-home" RUSTUP_HOME="/workspace/rustup-home" "/workspace/cargo-home/bin/cargo" "+3154cc1a3e6424e44f438a95007d043ed5ceaaf6" "fetch" "--manifest-path" "Cargo.toml", kill_on_drop: false }`
[INFO] running `Command { std: "docker" "create" "-v" "/var/lib/crater-agent-workspace/builds/worker-6-tc1/source:/opt/rustwide/workdir:ro,Z" "-v" "/var/lib/crater-agent-workspace/builds/worker-6-tc1/target:/opt/rustwide/target:rw,Z" "-v" "/var/lib/crater-agent-workspace/cargo-home:/opt/rustwide/cargo-home:ro,Z" "-v" "/var/lib/crater-agent-workspace/rustup-home:/opt/rustwide/rustup-home:ro,Z" "-m" "1610612736" "--network" "none" "ghcr.io/rust-lang/crates-build-env/linux@sha256:77db811e55d90add9212f6832c23229e3de5f1c1f9905e8cb07319ea15df73ac" "sleep" "infinity", kill_on_drop: false }`
[INFO] [stdout] 6fd9e477db83346c95ebe23d4a0fa571c2274866d6347c62c5ca4ff5ef73a017
[INFO] running `Command { std: "docker" "start" "6fd9e477db83346c95ebe23d4a0fa571c2274866d6347c62c5ca4ff5ef73a017", kill_on_drop: false }`
[INFO] running `Command { std: "docker" "inspect" "6fd9e477db83346c95ebe23d4a0fa571c2274866d6347c62c5ca4ff5ef73a017", kill_on_drop: false }`
[INFO] running `Command { std: "docker" "exec" "-e" "SOURCE_DIR=/opt/rustwide/workdir" "-e" "CARGO_HOME=/opt/rustwide/cargo-home" "-e" "RUSTUP_HOME=/opt/rustwide/rustup-home" "-e" "CARGO_TARGET_DIR=/opt/rustwide/target" "-w" "/opt/rustwide/workdir" "--user" "0:0" "6fd9e477db83346c95ebe23d4a0fa571c2274866d6347c62c5ca4ff5ef73a017" "/opt/rustwide/cargo-home/bin/cargo" "+3154cc1a3e6424e44f438a95007d043ed5ceaaf6" "metadata" "--no-deps" "--format-version=1", kill_on_drop: false }`
[INFO] running `Command { std: "docker" "inspect" "6fd9e477db83346c95ebe23d4a0fa571c2274866d6347c62c5ca4ff5ef73a017", kill_on_drop: false }`
[INFO] running `Command { std: "docker" "exec" "-e" "SOURCE_DIR=/opt/rustwide/workdir" "-e" "CARGO_HOME=/opt/rustwide/cargo-home" "-e" "RUSTUP_HOME=/opt/rustwide/rustup-home" "-e" "CARGO_TARGET_DIR=/opt/rustwide/target" "-e" "CARGO_INCREMENTAL=0" "-e" "RUST_BACKTRACE=full" "-e" "RUSTFLAGS=--cap-lints=forbid -Znext-solver=coherence" "-e" "RUSTDOCFLAGS=--cap-lints=forbid" "-w" "/opt/rustwide/workdir" "--user" "0:0" "6fd9e477db83346c95ebe23d4a0fa571c2274866d6347c62c5ca4ff5ef73a017" "/opt/rustwide/cargo-home/bin/cargo" "+3154cc1a3e6424e44f438a95007d043ed5ceaaf6" "check" "--frozen" "--all" "--all-targets" "--message-format=json", kill_on_drop: false }`
[INFO] [stderr]     Checking nya v0.2.0 (/opt/rustwide/workdir)
[INFO] [stdout] error[E0425]: cannot find function `default_targets` in module `platform`
[INFO] [stdout]   --> src/main.rs:8:39
[INFO] [stdout]    |
[INFO] [stdout]  8 |         .unwrap_or_else(|_| platform::default_targets().to_string())
[INFO] [stdout]    |                                       ^^^^^^^^^^^^^^^ not found in `platform`
[INFO] [stdout]    |
[INFO] [stdout] note: found an item that was configured out
[INFO] [stdout]   --> src/platform/mod.rs:16:8
[INFO] [stdout]    |
[INFO] [stdout] 15 | #[cfg(target_os = "windows")]
[INFO] [stdout]    |       --------------------- the item is gated behind the `windows` feature
[INFO] [stdout] 16 | pub fn default_targets() -> &'static str {
[INFO] [stdout]    |        ^^^^^^^^^^^^^^^
[INFO] [stdout] note: found an item that was configured out
[INFO] [stdout]   --> src/platform/mod.rs:20:8
[INFO] [stdout]    |
[INFO] [stdout] 19 | #[cfg(target_os = "macos")]
[INFO] [stdout]    |       ------------------- the item is gated behind the `macos` feature
[INFO] [stdout] 20 | pub fn default_targets() -> &'static str {
[INFO] [stdout]    |        ^^^^^^^^^^^^^^^
[INFO] [stdout] 
[INFO] [stdout] 
[INFO] [stdout] error[E0425]: cannot find function `detect_running` in module `platform`
[INFO] [stdout]   --> src/main.rs:32:29
[INFO] [stdout]    |
[INFO] [stdout] 32 |     let running = platform::detect_running(&cfg);
[INFO] [stdout]    |                             ^^^^^^^^^^^^^^ not found in `platform`
[INFO] [stdout]    |
[INFO] [stdout] note: found an item that was configured out
[INFO] [stdout]   --> src/platform/mod.rs:25:8
[INFO] [stdout]    |
[INFO] [stdout] 24 | #[cfg(target_os = "windows")]
[INFO] [stdout]    |       --------------------- the item is gated behind the `windows` feature
[INFO] [stdout] 25 | pub fn detect_running(cfg: &Config) -> Vec<String> {
[INFO] [stdout]    |        ^^^^^^^^^^^^^^
[INFO] [stdout] note: found an item that was configured out
[INFO] [stdout]   --> src/platform/mod.rs:34:8
[INFO] [stdout]    |
[INFO] [stdout] 33 | #[cfg(target_os = "macos")]
[INFO] [stdout]    |       ------------------- the item is gated behind the `macos` feature
[INFO] [stdout] 34 | pub fn detect_running(cfg: &Config) -> Vec<String> {
[INFO] [stdout]    |        ^^^^^^^^^^^^^^
[INFO] [stdout] 
[INFO] [stdout] 
[INFO] [stdout] error[E0425]: cannot find function `run` in module `platform`
[INFO] [stdout]   --> src/main.rs:40:15
[INFO] [stdout]    |
[INFO] [stdout] 40 |     platform::run(&cfg);
[INFO] [stdout]    |               ^^^ not found in `platform`
[INFO] [stdout]    |
[INFO] [stdout] note: found an item that was configured out
[INFO] [stdout]   --> src/platform/mod.rs:29:8
[INFO] [stdout]    |
[INFO] [stdout] 28 | #[cfg(target_os = "windows")]
[INFO] [stdout]    |       --------------------- the item is gated behind the `windows` feature
[INFO] [stdout] 29 | pub fn run(cfg: &Config) {
[INFO] [stdout]    |        ^^^
[INFO] [stdout] note: found an item that was configured out
[INFO] [stdout]   --> src/platform/mod.rs:38:8
[INFO] [stdout]    |
[INFO] [stdout] 37 | #[cfg(target_os = "macos")]
[INFO] [stdout]    |       ------------------- the item is gated behind the `macos` feature
[INFO] [stdout] 38 | pub fn run(cfg: &Config) {
[INFO] [stdout]    |        ^^^
[INFO] [stdout] 
[INFO] [stdout] 
[INFO] [stdout] error[E0425]: cannot find function `default_targets` in module `platform`
[INFO] [stdout]   --> src/main.rs:8:39
[INFO] [stdout]    |
[INFO] [stdout]  8 |         .unwrap_or_else(|_| platform::default_targets().to_string())
[INFO] [stdout]    |                                       ^^^^^^^^^^^^^^^ not found in `platform`
[INFO] [stdout]    |
[INFO] [stdout] note: found an item that was configured out
[INFO] [stdout]   --> src/platform/mod.rs:16:8
[INFO] [stdout]    |
[INFO] [stdout] 15 | #[cfg(target_os = "windows")]
[INFO] [stdout]    |       --------------------- the item is gated behind the `windows` feature
[INFO] [stdout] 16 | pub fn default_targets() -> &'static str {
[INFO] [stdout]    |        ^^^^^^^^^^^^^^^
[INFO] [stdout] note: found an item that was configured out
[INFO] [stdout]   --> src/platform/mod.rs:20:8
[INFO] [stdout]    |
[INFO] [stdout] 19 | #[cfg(target_os = "macos")]
[INFO] [stdout]    |       ------------------- the item is gated behind the `macos` feature
[INFO] [stdout] 20 | pub fn default_targets() -> &'static str {
[INFO] [stdout]    |        ^^^^^^^^^^^^^^^
[INFO] [stdout] 
[INFO] [stdout] 
[INFO] [stdout] error[E0425]: cannot find function `detect_running` in module `platform`
[INFO] [stdout]   --> src/main.rs:32:29
[INFO] [stdout]    |
[INFO] [stdout] 32 |     let running = platform::detect_running(&cfg);
[INFO] [stdout]    |                             ^^^^^^^^^^^^^^ not found in `platform`
[INFO] [stdout]    |
[INFO] [stdout] note: found an item that was configured out
[INFO] [stdout]   --> src/platform/mod.rs:25:8
[INFO] [stdout]    |
[INFO] [stdout] 24 | #[cfg(target_os = "windows")]
[INFO] [stdout]    |       --------------------- the item is gated behind the `windows` feature
[INFO] [stdout] 25 | pub fn detect_running(cfg: &Config) -> Vec<String> {
[INFO] [stdout]    |        ^^^^^^^^^^^^^^
[INFO] [stdout] note: found an item that was configured out
[INFO] [stdout]   --> src/platform/mod.rs:34:8
[INFO] [stdout]    |
[INFO] [stdout] 33 | #[cfg(target_os = "macos")]
[INFO] [stdout]    |       ------------------- the item is gated behind the `macos` feature
[INFO] [stdout] 34 | pub fn detect_running(cfg: &Config) -> Vec<String> {
[INFO] [stdout]    |        ^^^^^^^^^^^^^^
[INFO] [stdout] 
[INFO] [stdout] 
[INFO] [stdout] error[E0425]: cannot find function `run` in module `platform`
[INFO] [stdout]   --> src/main.rs:40:15
[INFO] [stdout]    |
[INFO] [stdout] 40 |     platform::run(&cfg);
[INFO] [stdout]    |               ^^^ not found in `platform`
[INFO] [stdout]    |
[INFO] [stdout] note: found an item that was configured out
[INFO] [stdout]   --> src/platform/mod.rs:29:8
[INFO] [stdout]    |
[INFO] [stdout] 28 | #[cfg(target_os = "windows")]
[INFO] [stdout]    |       --------------------- the item is gated behind the `windows` feature
[INFO] [stdout] 29 | pub fn run(cfg: &Config) {
[INFO] [stdout]    |        ^^^
[INFO] [stdout] note: found an item that was configured out
[INFO] [stdout]   --> src/platform/mod.rs:38:8
[INFO] [stdout]    |
[INFO] [stdout] 37 | #[cfg(target_os = "macos")]
[INFO] [stdout]    |       ------------------- the item is gated behind the `macos` feature
[INFO] [stdout] 38 | pub fn run(cfg: &Config) {
[INFO] [stdout]    |        ^^^
[INFO] [stdout] 
[INFO] [stdout] 
[INFO] [stdout] For more information about this error, try `rustc --explain E0425`.
[INFO] [stdout] 
[INFO] [stdout] For more information about this error, try `rustc --explain E0425`.
[INFO] [stdout] 
[INFO] [stderr] error: could not compile `nya` (bin "nya") due to 3 previous errors
[INFO] [stderr] warning: build failed, waiting for other jobs to finish...
[INFO] [stderr] error: could not compile `nya` (bin "nya" test) due to 3 previous errors
[INFO] running `Command { std: "docker" "inspect" "6fd9e477db83346c95ebe23d4a0fa571c2274866d6347c62c5ca4ff5ef73a017", kill_on_drop: false }`
[INFO] running `Command { std: "docker" "rm" "-f" "6fd9e477db83346c95ebe23d4a0fa571c2274866d6347c62c5ca4ff5ef73a017", kill_on_drop: false }`
[INFO] [stdout] 6fd9e477db83346c95ebe23d4a0fa571c2274866d6347c62c5ca4ff5ef73a017
