[INFO] cloning repository https://github.com/helloangus/Zelyr-Hypervisor
[INFO] running `Command { std: "git" "-c" "credential.helper=" "-c" "credential.helper=/workspace/cargo-home/bin/git-credential-null" "clone" "--bare" "https://github.com/helloangus/Zelyr-Hypervisor" "/workspace/cache/git-repos/https%3A%2F%2Fgithub.com%2Fhelloangus%2FZelyr-Hypervisor", kill_on_drop: false }`
[INFO] [stderr] Cloning into bare repository '/workspace/cache/git-repos/https%3A%2F%2Fgithub.com%2Fhelloangus%2FZelyr-Hypervisor'...
[INFO] running `Command { std: "git" "rev-parse" "HEAD", kill_on_drop: false }`
[INFO] [stdout] b9c358b3f3712270e6fb9052e1d88285814c68b2
[INFO] checking helloangus/Zelyr-Hypervisor against 3154cc1a3e6424e44f438a95007d043ed5ceaaf6+rustflags=-Znext-solver=coherence for pr-133502-30
[INFO] running `Command { std: "git" "clone" "/workspace/cache/git-repos/https%3A%2F%2Fgithub.com%2Fhelloangus%2FZelyr-Hypervisor" "/workspace/builds/worker-2-tc1/source", kill_on_drop: false }`
[INFO] [stderr] Cloning into '/workspace/builds/worker-2-tc1/source'...
[INFO] [stderr] done.
[INFO] removed /workspace/builds/worker-2-tc1/source/rust-toolchain.toml
[INFO] started tweaking git repo https://github.com/helloangus/Zelyr-Hypervisor
[INFO] finished tweaking git repo https://github.com/helloangus/Zelyr-Hypervisor
[INFO] tweaked toml for git repo https://github.com/helloangus/Zelyr-Hypervisor written to /workspace/builds/worker-2-tc1/source/Cargo.toml
[INFO] validating manifest of git repo https://github.com/helloangus/Zelyr-Hypervisor on toolchain 3154cc1a3e6424e44f438a95007d043ed5ceaaf6
[INFO] running `Command { std: CARGO_HOME="/workspace/cargo-home" RUSTUP_HOME="/workspace/rustup-home" "/workspace/cargo-home/bin/cargo" "+3154cc1a3e6424e44f438a95007d043ed5ceaaf6" "metadata" "--manifest-path" "Cargo.toml" "--no-deps", kill_on_drop: false }`
[INFO] crate git repo https://github.com/helloangus/Zelyr-Hypervisor already has a lockfile, it will not be regenerated
[INFO] running `Command { std: CARGO_HOME="/workspace/cargo-home" RUSTUP_HOME="/workspace/rustup-home" "/workspace/cargo-home/bin/cargo" "+3154cc1a3e6424e44f438a95007d043ed5ceaaf6" "fetch" "--manifest-path" "Cargo.toml", kill_on_drop: false }`
[INFO] running `Command { std: "docker" "create" "-v" "/var/lib/crater-agent-workspace/builds/worker-2-tc1/source:/opt/rustwide/workdir:ro,Z" "-v" "/var/lib/crater-agent-workspace/builds/worker-2-tc1/target:/opt/rustwide/target:rw,Z" "-v" "/var/lib/crater-agent-workspace/cargo-home:/opt/rustwide/cargo-home:ro,Z" "-v" "/var/lib/crater-agent-workspace/rustup-home:/opt/rustwide/rustup-home:ro,Z" "-m" "1610612736" "--network" "none" "ghcr.io/rust-lang/crates-build-env/linux@sha256:77db811e55d90add9212f6832c23229e3de5f1c1f9905e8cb07319ea15df73ac" "sleep" "infinity", kill_on_drop: false }`
[INFO] [stdout] 63969f773b7f4549400ebd39a95c284558c3ebaba8474a80a76fd57b727f84c7
[INFO] running `Command { std: "docker" "start" "63969f773b7f4549400ebd39a95c284558c3ebaba8474a80a76fd57b727f84c7", kill_on_drop: false }`
[INFO] running `Command { std: "docker" "inspect" "63969f773b7f4549400ebd39a95c284558c3ebaba8474a80a76fd57b727f84c7", kill_on_drop: false }`
[INFO] running `Command { std: "docker" "exec" "-e" "SOURCE_DIR=/opt/rustwide/workdir" "-e" "CARGO_HOME=/opt/rustwide/cargo-home" "-e" "RUSTUP_HOME=/opt/rustwide/rustup-home" "-e" "CARGO_TARGET_DIR=/opt/rustwide/target" "-w" "/opt/rustwide/workdir" "--user" "0:0" "63969f773b7f4549400ebd39a95c284558c3ebaba8474a80a76fd57b727f84c7" "/opt/rustwide/cargo-home/bin/cargo" "+3154cc1a3e6424e44f438a95007d043ed5ceaaf6" "metadata" "--no-deps" "--format-version=1", kill_on_drop: false }`
[INFO] running `Command { std: "docker" "inspect" "63969f773b7f4549400ebd39a95c284558c3ebaba8474a80a76fd57b727f84c7", kill_on_drop: false }`
[INFO] running `Command { std: "docker" "exec" "-e" "SOURCE_DIR=/opt/rustwide/workdir" "-e" "CARGO_HOME=/opt/rustwide/cargo-home" "-e" "RUSTUP_HOME=/opt/rustwide/rustup-home" "-e" "CARGO_TARGET_DIR=/opt/rustwide/target" "-e" "CARGO_INCREMENTAL=0" "-e" "RUST_BACKTRACE=full" "-e" "RUSTFLAGS=--cap-lints=forbid -Znext-solver=coherence" "-e" "RUSTDOCFLAGS=--cap-lints=forbid" "-w" "/opt/rustwide/workdir" "--user" "0:0" "63969f773b7f4549400ebd39a95c284558c3ebaba8474a80a76fd57b727f84c7" "/opt/rustwide/cargo-home/bin/cargo" "+3154cc1a3e6424e44f438a95007d043ed5ceaaf6" "check" "--frozen" "--all" "--all-targets" "--message-format=json", kill_on_drop: false }`
[INFO] [stderr]     Checking host-test-baseline v0.1.0 (/opt/rustwide/workdir/crates/host-test-baseline)
[INFO] [stderr]    Compiling hypervisor v0.1.0 (/opt/rustwide/workdir/hypervisor)
[INFO] [stdout] error[E0433]: cannot find module or crate `std` in this scope
[INFO] [stdout]    --> hypervisor/src/arch/aarch64/capabilities/facts.rs:347:39
[INFO] [stdout]     |
[INFO] [stdout] 347 |             assert!(line.starts_with(&std::format!("cap {}=", FactId::ALL[count].label())));
[INFO] [stdout]     |                                       ^^^ use of unresolved module or unlinked crate `std`
[INFO] [stdout] 
[INFO] [stdout] 
[INFO] [stdout] error[E0425]: cannot find function `phase_enter` in module `lifecycle`
[INFO] [stdout]    --> hypervisor/src/boot/mod.rs:160:16
[INFO] [stdout]     |
[INFO] [stdout] 160 |     lifecycle::phase_enter(lifecycle::InitPhase::Entry);
[INFO] [stdout]     |                ^^^^^^^^^^^ not found in `lifecycle`
[INFO] [stdout]     |
[INFO] [stdout] note: found an item that was configured out
[INFO] [stdout]    --> hypervisor/src/boot/lifecycle.rs:202:15
[INFO] [stdout]     |
[INFO] [stdout] 201 | #[cfg(target_arch = "aarch64")]
[INFO] [stdout]     |       ----------------------- the item is gated behind the `aarch64` feature
[INFO] [stdout] 202 | pub(crate) fn phase_enter(phase: InitPhase) {
[INFO] [stdout]     |               ^^^^^^^^^^^
[INFO] [stdout] 
[INFO] [stdout] 
[INFO] [stdout] error[E0425]: cannot find function `phase_complete` in module `lifecycle`
[INFO] [stdout]    --> hypervisor/src/boot/mod.rs:161:16
[INFO] [stdout]     |
[INFO] [stdout] 161 |     lifecycle::phase_complete(lifecycle::InitPhase::Entry);
[INFO] [stdout]     |                ^^^^^^^^^^^^^^ not found in `lifecycle`
[INFO] [stdout]     |
[INFO] [stdout] note: found an item that was configured out
[INFO] [stdout]    --> hypervisor/src/boot/lifecycle.rs:213:15
[INFO] [stdout]     |
[INFO] [stdout] 212 | #[cfg(target_arch = "aarch64")]
[INFO] [stdout]     |       ----------------------- the item is gated behind the `aarch64` feature
[INFO] [stdout] 213 | pub(crate) fn phase_complete(phase: InitPhase) {
[INFO] [stdout]     |               ^^^^^^^^^^^^^^
[INFO] [stdout] 
[INFO] [stdout] 
[INFO] [stdout] error[E0425]: cannot find function `phase_enter` in module `lifecycle`
[INFO] [stdout]    --> hypervisor/src/boot/mod.rs:162:16
[INFO] [stdout]     |
[INFO] [stdout] 162 |     lifecycle::phase_enter(lifecycle::InitPhase::Runtime);
[INFO] [stdout]     |                ^^^^^^^^^^^ not found in `lifecycle`
[INFO] [stdout]     |
[INFO] [stdout] note: found an item that was configured out
[INFO] [stdout]    --> hypervisor/src/boot/lifecycle.rs:202:15
[INFO] [stdout]     |
[INFO] [stdout] 201 | #[cfg(target_arch = "aarch64")]
[INFO] [stdout]     |       ----------------------- the item is gated behind the `aarch64` feature
[INFO] [stdout] 202 | pub(crate) fn phase_enter(phase: InitPhase) {
[INFO] [stdout]     |               ^^^^^^^^^^^
[INFO] [stdout] 
[INFO] [stdout] 
[INFO] [stdout] error[E0425]: cannot find function `phase_complete` in module `lifecycle`
[INFO] [stdout]    --> hypervisor/src/boot/mod.rs:176:16
[INFO] [stdout]     |
[INFO] [stdout] 176 |     lifecycle::phase_complete(lifecycle::InitPhase::Runtime);
[INFO] [stdout]     |                ^^^^^^^^^^^^^^ not found in `lifecycle`
[INFO] [stdout]     |
[INFO] [stdout] note: found an item that was configured out
[INFO] [stdout]    --> hypervisor/src/boot/lifecycle.rs:213:15
[INFO] [stdout]     |
[INFO] [stdout] 212 | #[cfg(target_arch = "aarch64")]
[INFO] [stdout]     |       ----------------------- the item is gated behind the `aarch64` feature
[INFO] [stdout] 213 | pub(crate) fn phase_complete(phase: InitPhase) {
[INFO] [stdout]     |               ^^^^^^^^^^^^^^
[INFO] [stdout] 
[INFO] [stdout] 
[INFO] [stdout] error[E0425]: cannot find function `run_init_sequence` in module `lifecycle`
[INFO] [stdout]    --> hypervisor/src/boot/mod.rs:177:16
[INFO] [stdout]     |
[INFO] [stdout] 177 |     lifecycle::run_init_sequence();
[INFO] [stdout]     |                ^^^^^^^^^^^^^^^^^ not found in `lifecycle`
[INFO] [stdout]     |
[INFO] [stdout] note: found an item that was configured out
[INFO] [stdout]    --> hypervisor/src/boot/lifecycle.rs:295:15
[INFO] [stdout]     |
[INFO] [stdout] 294 | #[cfg(target_arch = "aarch64")]
[INFO] [stdout]     |       ----------------------- the item is gated behind the `aarch64` feature
[INFO] [stdout] 295 | pub(crate) fn run_init_sequence() {
[INFO] [stdout]     |               ^^^^^^^^^^^^^^^^^
[INFO] [stdout] 
[INFO] [stdout] 
[INFO] [stdout] error[E0425]: cannot find function `enter_stable` in module `lifecycle`
[INFO] [stdout]    --> hypervisor/src/boot/mod.rs:178:16
[INFO] [stdout]     |
[INFO] [stdout] 178 |     lifecycle::enter_stable();
[INFO] [stdout]     |                ^^^^^^^^^^^^ not found in `lifecycle`
[INFO] [stdout]     |
[INFO] [stdout] note: found an item that was configured out
[INFO] [stdout]    --> hypervisor/src/boot/lifecycle.rs:227:15
[INFO] [stdout]     |
[INFO] [stdout] 226 | #[cfg(target_arch = "aarch64")]
[INFO] [stdout]     |       ----------------------- the item is gated behind the `aarch64` feature
[INFO] [stdout] 227 | pub(crate) fn enter_stable() {
[INFO] [stdout]     |               ^^^^^^^^^^^^
[INFO] [stdout] 
[INFO] [stdout] 
[INFO] [stdout] error: unwinding panics are not supported without std
[INFO] [stdout]   |
[INFO] [stdout]   = help: using nightly cargo, use -Zbuild-std with panic="abort" to avoid unwinding
[INFO] [stdout]   = note: since the core library is usually precompiled with panic="unwind", rebuilding your crate with panic="abort" may not be enough to fix the problem
[INFO] [stdout] 
[INFO] [stdout] 
[INFO] [stdout] error: invalid register `x9`: unknown register
[INFO] [stdout]   --> hypervisor/src/boot/panic.rs:17:13
[INFO] [stdout]    |
[INFO] [stdout] 17 |             out("x9") sp0, out("x10") lr0,
[INFO] [stdout]    |             ^^^^^^^^^^^^^
[INFO] [stdout] 
[INFO] [stdout] 
[INFO] [stdout] error: invalid register `x10`: unknown register
[INFO] [stdout]   --> hypervisor/src/boot/panic.rs:17:28
[INFO] [stdout]    |
[INFO] [stdout] 17 |             out("x9") sp0, out("x10") lr0,
[INFO] [stdout]    |                            ^^^^^^^^^^^^^^
[INFO] [stdout] 
[INFO] [stdout] 
[INFO] [stdout] error[E0433]: cannot find module or crate `std` in this scope
[INFO] [stdout]   --> hypervisor/src/platform/bootmap/tests.rs:75:49
[INFO] [stdout]    |
[INFO] [stdout] 75 |     assert_eq!(buffer.iter().copied().collect::<std::vec::Vec<_>>(), [1, 2]);
[INFO] [stdout]    |                                                 ^^^ use of unresolved module or unlinked crate `std`
[INFO] [stdout]    |
[INFO] [stdout]    = help: if you wanted to use a crate named `std`, use `cargo add std` to add it to your `Cargo.toml`
[INFO] [stdout] 
[INFO] [stdout] 
[INFO] [stdout] error[E0425]: cannot find function `phase_enter` in module `lifecycle`
[INFO] [stdout]    --> hypervisor/src/boot/mod.rs:160:16
[INFO] [stdout]     |
[INFO] [stdout] 160 |     lifecycle::phase_enter(lifecycle::InitPhase::Entry);
[INFO] [stdout]     |                ^^^^^^^^^^^ not found in `lifecycle`
[INFO] [stdout]     |
[INFO] [stdout] note: found an item that was configured out
[INFO] [stdout]    --> hypervisor/src/boot/lifecycle.rs:202:15
[INFO] [stdout]     |
[INFO] [stdout] 201 | #[cfg(target_arch = "aarch64")]
[INFO] [stdout]     |       ----------------------- the item is gated behind the `aarch64` feature
[INFO] [stdout] 202 | pub(crate) fn phase_enter(phase: InitPhase) {
[INFO] [stdout]     |               ^^^^^^^^^^^
[INFO] [stdout] 
[INFO] [stdout] 
[INFO] [stdout] error[E0425]: cannot find function `phase_complete` in module `lifecycle`
[INFO] [stdout]    --> hypervisor/src/boot/mod.rs:161:16
[INFO] [stdout]     |
[INFO] [stdout] 161 |     lifecycle::phase_complete(lifecycle::InitPhase::Entry);
[INFO] [stdout]     |                ^^^^^^^^^^^^^^ not found in `lifecycle`
[INFO] [stdout]     |
[INFO] [stdout] note: found an item that was configured out
[INFO] [stdout]    --> hypervisor/src/boot/lifecycle.rs:213:15
[INFO] [stdout]     |
[INFO] [stdout] 212 | #[cfg(target_arch = "aarch64")]
[INFO] [stdout]     |       ----------------------- the item is gated behind the `aarch64` feature
[INFO] [stdout] 213 | pub(crate) fn phase_complete(phase: InitPhase) {
[INFO] [stdout]     |               ^^^^^^^^^^^^^^
[INFO] [stdout] 
[INFO] [stdout] 
[INFO] [stdout] error[E0425]: cannot find function `phase_enter` in module `lifecycle`
[INFO] [stdout]    --> hypervisor/src/boot/mod.rs:162:16
[INFO] [stdout]     |
[INFO] [stdout] 162 |     lifecycle::phase_enter(lifecycle::InitPhase::Runtime);
[INFO] [stdout]     |                ^^^^^^^^^^^ not found in `lifecycle`
[INFO] [stdout]     |
[INFO] [stdout] note: found an item that was configured out
[INFO] [stdout]    --> hypervisor/src/boot/lifecycle.rs:202:15
[INFO] [stdout]     |
[INFO] [stdout] 201 | #[cfg(target_arch = "aarch64")]
[INFO] [stdout]     |       ----------------------- the item is gated behind the `aarch64` feature
[INFO] [stdout] 202 | pub(crate) fn phase_enter(phase: InitPhase) {
[INFO] [stdout]     |               ^^^^^^^^^^^
[INFO] [stdout] 
[INFO] [stdout] 
[INFO] [stdout] error[E0425]: cannot find function `phase_complete` in module `lifecycle`
[INFO] [stdout]    --> hypervisor/src/boot/mod.rs:176:16
[INFO] [stdout]     |
[INFO] [stdout] 176 |     lifecycle::phase_complete(lifecycle::InitPhase::Runtime);
[INFO] [stdout]     |                ^^^^^^^^^^^^^^ not found in `lifecycle`
[INFO] [stdout]     |
[INFO] [stdout] note: found an item that was configured out
[INFO] [stdout]    --> hypervisor/src/boot/lifecycle.rs:213:15
[INFO] [stdout]     |
[INFO] [stdout] 212 | #[cfg(target_arch = "aarch64")]
[INFO] [stdout]     |       ----------------------- the item is gated behind the `aarch64` feature
[INFO] [stdout] 213 | pub(crate) fn phase_complete(phase: InitPhase) {
[INFO] [stdout]     |               ^^^^^^^^^^^^^^
[INFO] [stdout] 
[INFO] [stdout] 
[INFO] [stdout] error[E0425]: cannot find function `run_init_sequence` in module `lifecycle`
[INFO] [stdout]    --> hypervisor/src/boot/mod.rs:177:16
[INFO] [stdout]     |
[INFO] [stdout] 177 |     lifecycle::run_init_sequence();
[INFO] [stdout]     |                ^^^^^^^^^^^^^^^^^ not found in `lifecycle`
[INFO] [stdout]     |
[INFO] [stdout] note: found an item that was configured out
[INFO] [stdout]    --> hypervisor/src/boot/lifecycle.rs:295:15
[INFO] [stdout]     |
[INFO] [stdout] 294 | #[cfg(target_arch = "aarch64")]
[INFO] [stdout]     |       ----------------------- the item is gated behind the `aarch64` feature
[INFO] [stdout] 295 | pub(crate) fn run_init_sequence() {
[INFO] [stdout]     |               ^^^^^^^^^^^^^^^^^
[INFO] [stdout] 
[INFO] [stdout] 
[INFO] [stdout] error[E0425]: cannot find function `enter_stable` in module `lifecycle`
[INFO] [stdout]    --> hypervisor/src/boot/mod.rs:178:16
[INFO] [stdout]     |
[INFO] [stdout] 178 |     lifecycle::enter_stable();
[INFO] [stdout]     |                ^^^^^^^^^^^^ not found in `lifecycle`
[INFO] [stdout]     |
[INFO] [stdout] note: found an item that was configured out
[INFO] [stdout]    --> hypervisor/src/boot/lifecycle.rs:227:15
[INFO] [stdout]     |
[INFO] [stdout] 226 | #[cfg(target_arch = "aarch64")]
[INFO] [stdout]     |       ----------------------- the item is gated behind the `aarch64` feature
[INFO] [stdout] 227 | pub(crate) fn enter_stable() {
[INFO] [stdout]     |               ^^^^^^^^^^^^
[INFO] [stdout] 
[INFO] [stdout] 
[INFO] [stdout] error[E0152]: found duplicate lang item `panic_impl`
[INFO] [stdout]   --> hypervisor/src/boot/panic.rs:5:1
[INFO] [stdout]    |
[INFO] [stdout]  5 | / fn p1_panic(info: &PanicInfo<'_>) -> ! {
[INFO] [stdout]  6 | |     let sp0: u64;
[INFO] [stdout]  7 | |     let lr0: u64;
[INFO] [stdout] ...  |
[INFO] [stdout] 20 | |     super::fatal::report_panic(info, sp0, lr0)
[INFO] [stdout] 21 | | }
[INFO] [stdout]    | |_^
[INFO] [stdout]    |
[INFO] [stdout]    = note: the lang item is first defined in crate `std` (which `test` depends on)
[INFO] [stdout]    = note: first definition in `std` loaded from /opt/rustwide/rustup-home/toolchains/3154cc1a3e6424e44f438a95007d043ed5ceaaf6/lib/rustlib/x86_64-unknown-linux-gnu/lib/libstd-6ee2a0f0126c8a50.rmeta
[INFO] [stdout]    = note: second definition in the local crate (`hypervisor`)
[INFO] [stdout] 
[INFO] [stdout] 
[INFO] [stdout] Some errors have detailed explanations: E0152, E0425, E0433.
[INFO] [stdout] 
[INFO] [stdout] For more information about an error, try `rustc --explain E0152`.
[INFO] [stdout] 
[INFO] [stderr] error: could not compile `hypervisor` (bin "hypervisor" test) due to 9 previous errors
[INFO] [stderr] warning: build failed, waiting for other jobs to finish...
[INFO] [stdout] For more information about this error, try `rustc --explain E0425`.
[INFO] [stdout] 
[INFO] [stderr] error: could not compile `hypervisor` (bin "hypervisor") due to 9 previous errors
[INFO] running `Command { std: "docker" "inspect" "63969f773b7f4549400ebd39a95c284558c3ebaba8474a80a76fd57b727f84c7", kill_on_drop: false }`
[INFO] running `Command { std: "docker" "rm" "-f" "63969f773b7f4549400ebd39a95c284558c3ebaba8474a80a76fd57b727f84c7", kill_on_drop: false }`
[INFO] [stdout] 63969f773b7f4549400ebd39a95c284558c3ebaba8474a80a76fd57b727f84c7
