[INFO] cloning repository https://github.com/heimoshuiyu/final-api
[INFO] running `Command { std: "git" "-c" "credential.helper=" "-c" "credential.helper=/workspace/cargo-home/bin/git-credential-null" "clone" "--bare" "https://github.com/heimoshuiyu/final-api" "/workspace/cache/git-repos/https%3A%2F%2Fgithub.com%2Fheimoshuiyu%2Ffinal-api", kill_on_drop: false }`
[INFO] [stderr] Cloning into bare repository '/workspace/cache/git-repos/https%3A%2F%2Fgithub.com%2Fheimoshuiyu%2Ffinal-api'...
[INFO] running `Command { std: "git" "rev-parse" "HEAD", kill_on_drop: false }`
[INFO] [stdout] 6ee2cc3d87bbae0e6fc3104785bfcfbdb6cb4537
[INFO] checking heimoshuiyu/final-api against 3154cc1a3e6424e44f438a95007d043ed5ceaaf6 for pr-133502-30
[INFO] running `Command { std: "git" "clone" "/workspace/cache/git-repos/https%3A%2F%2Fgithub.com%2Fheimoshuiyu%2Ffinal-api" "/workspace/builds/worker-5-tc2/source", kill_on_drop: false }`
[INFO] [stderr] Cloning into '/workspace/builds/worker-5-tc2/source'...
[INFO] [stderr] done.
[INFO] removed /workspace/builds/worker-5-tc2/source/.cargo/config.toml
[INFO] started tweaking git repo https://github.com/heimoshuiyu/final-api
[INFO] finished tweaking git repo https://github.com/heimoshuiyu/final-api
[INFO] tweaked toml for git repo https://github.com/heimoshuiyu/final-api written to /workspace/builds/worker-5-tc2/source/Cargo.toml
[INFO] validating manifest of git repo https://github.com/heimoshuiyu/final-api on toolchain 3154cc1a3e6424e44f438a95007d043ed5ceaaf6
[INFO] running `Command { std: CARGO_HOME="/workspace/cargo-home" RUSTUP_HOME="/workspace/rustup-home" "/workspace/cargo-home/bin/cargo" "+3154cc1a3e6424e44f438a95007d043ed5ceaaf6" "metadata" "--manifest-path" "Cargo.toml" "--no-deps", kill_on_drop: false }`
[INFO] crate git repo https://github.com/heimoshuiyu/final-api already has a lockfile, it will not be regenerated
[INFO] running `Command { std: CARGO_HOME="/workspace/cargo-home" RUSTUP_HOME="/workspace/rustup-home" "/workspace/cargo-home/bin/cargo" "+3154cc1a3e6424e44f438a95007d043ed5ceaaf6" "fetch" "--manifest-path" "Cargo.toml", kill_on_drop: false }`
[INFO] [stderr]     Blocking waiting for file lock on package cache
[INFO] [stderr]     Blocking waiting for file lock on package cache
[INFO] running `Command { std: "docker" "create" "-v" "/var/lib/crater-agent-workspace/builds/worker-5-tc2/source:/opt/rustwide/workdir:ro,Z" "-v" "/var/lib/crater-agent-workspace/builds/worker-5-tc2/target:/opt/rustwide/target:rw,Z" "-v" "/var/lib/crater-agent-workspace/cargo-home:/opt/rustwide/cargo-home:ro,Z" "-v" "/var/lib/crater-agent-workspace/rustup-home:/opt/rustwide/rustup-home:ro,Z" "-m" "1610612736" "--network" "none" "ghcr.io/rust-lang/crates-build-env/linux@sha256:77db811e55d90add9212f6832c23229e3de5f1c1f9905e8cb07319ea15df73ac" "sleep" "infinity", kill_on_drop: false }`
[INFO] [stdout] b6e2a2655c9ff649013fa95bc38123af8700dd6784cd8f08a72932327a7b288c
[INFO] running `Command { std: "docker" "start" "b6e2a2655c9ff649013fa95bc38123af8700dd6784cd8f08a72932327a7b288c", kill_on_drop: false }`
[INFO] running `Command { std: "docker" "inspect" "b6e2a2655c9ff649013fa95bc38123af8700dd6784cd8f08a72932327a7b288c", kill_on_drop: false }`
[INFO] running `Command { std: "docker" "exec" "-e" "SOURCE_DIR=/opt/rustwide/workdir" "-e" "CARGO_HOME=/opt/rustwide/cargo-home" "-e" "RUSTUP_HOME=/opt/rustwide/rustup-home" "-e" "CARGO_TARGET_DIR=/opt/rustwide/target" "-w" "/opt/rustwide/workdir" "--user" "0:0" "b6e2a2655c9ff649013fa95bc38123af8700dd6784cd8f08a72932327a7b288c" "/opt/rustwide/cargo-home/bin/cargo" "+3154cc1a3e6424e44f438a95007d043ed5ceaaf6" "metadata" "--no-deps" "--format-version=1", kill_on_drop: false }`
[INFO] running `Command { std: "docker" "inspect" "b6e2a2655c9ff649013fa95bc38123af8700dd6784cd8f08a72932327a7b288c", kill_on_drop: false }`
[INFO] running `Command { std: "docker" "exec" "-e" "SOURCE_DIR=/opt/rustwide/workdir" "-e" "CARGO_HOME=/opt/rustwide/cargo-home" "-e" "RUSTUP_HOME=/opt/rustwide/rustup-home" "-e" "CARGO_TARGET_DIR=/opt/rustwide/target" "-e" "CARGO_INCREMENTAL=0" "-e" "RUST_BACKTRACE=full" "-e" "RUSTFLAGS=--cap-lints=forbid" "-e" "RUSTDOCFLAGS=--cap-lints=forbid" "-w" "/opt/rustwide/workdir" "--user" "0:0" "b6e2a2655c9ff649013fa95bc38123af8700dd6784cd8f08a72932327a7b288c" "/opt/rustwide/cargo-home/bin/cargo" "+3154cc1a3e6424e44f438a95007d043ed5ceaaf6" "check" "--frozen" "--all" "--all-targets" "--message-format=json", kill_on_drop: false }`
[INFO] [stderr]     Checking typenum v1.20.1
[INFO] [stderr]    Compiling serde_core v1.0.229
[INFO] [stderr]     Checking subtle v2.6.1
[INFO] [stderr]     Checking const-oid v0.9.6
[INFO] [stderr]    Compiling generic-array v0.14.7
[INFO] [stderr]    Compiling syn v3.0.3
[INFO] [stderr]    Compiling jobserver v0.1.35
[INFO] [stderr]    Compiling zeroize_derive v1.5.0
[INFO] [stderr]    Compiling zerovec-derive v0.11.3
[INFO] [stderr]     Checking base64ct v1.8.3
[INFO] [stderr]    Compiling zerofrom v0.1.8
[INFO] [stderr]     Checking futures-sink v0.3.33
[INFO] [stderr]    Compiling fs_extra v1.3.0
[INFO] [stderr]    Compiling num-traits v0.2.19
[INFO] [stderr]    Compiling foldhash v0.2.0
[INFO] [stderr]    Compiling futures-macro v0.3.33
[INFO] [stderr]     Checking futures-channel v0.3.33
[INFO] [stderr]    Compiling cmov v0.5.4
[INFO] [stderr]    Compiling yoke v0.8.3
[INFO] [stderr]    Compiling serde_json v1.0.151
[INFO] [stderr]     Checking slab v0.4.12
[INFO] [stderr]    Compiling hashbrown v0.16.1
[INFO] [stderr]    Compiling cc v1.4.0
[INFO] [stderr]     Checking pem-rfc7468 v0.7.0
[INFO] [stderr]     Checking tracing v0.1.44
[INFO] [stderr]    Compiling const-oid v0.10.2
[INFO] [stderr]    Compiling ctutils v0.4.2
[INFO] [stderr]    Compiling crossbeam-utils v0.8.22
[INFO] [stderr]    Compiling aws-lc-rs v1.17.3
[INFO] [stderr]    Compiling getrandom v0.4.3
[INFO] [stderr]     Checking zeroize v1.9.0
[INFO] [stderr]    Compiling zerocopy v0.8.56
[INFO] [stderr]    Compiling pin-project-lite v0.2.17
[INFO] [stderr]    Compiling cpufeatures v0.3.0
[INFO] [stderr]    Compiling rustls v0.23.43
[INFO] [stderr]    Compiling futures-core v0.3.33
[INFO] [stderr]     Checking der v0.7.10
[INFO] [stderr]     Checking rustls-pki-types v1.15.1
[INFO] [stderr]    Compiling getrandom v0.2.17
[INFO] [stderr]    Compiling crc32fast v1.5.0
[INFO] [stderr]     Checking futures-util v0.3.33
[INFO] [stderr]     Checking ff v0.13.1
[INFO] [stderr]    Compiling no_std_io2 v0.9.4
[INFO] [stderr]    Compiling mio v1.2.2
[INFO] [stderr]     Checking zerovec v0.11.6
[INFO] [stderr]    Compiling socket2 v0.6.5
[INFO] [stderr]     Checking base16ct v0.2.0
[INFO] [stderr]     Checking simd-adler32 v0.3.10
[INFO] [stderr]    Compiling rle-decode-fast v1.0.3
[INFO] [stderr]    Compiling cmake v0.1.58
[INFO] [stderr]     Checking spki v0.7.3
[INFO] [stderr]     Checking pkcs8 v0.10.2
[INFO] [stderr]    Compiling rand_core v0.10.1
[INFO] [stderr]    Compiling thiserror v2.0.19
[INFO] [stderr]    Compiling hybrid-array v0.4.14
[INFO] [stderr]    Compiling unicase v2.9.0
[INFO] [stderr]    Compiling tinyvec v1.12.0
[INFO] [stderr]    Compiling tokio v1.53.1
[INFO] [stderr]    Compiling form_urlencoded v1.2.2
[INFO] [stderr]    Compiling mime_guess v2.0.5
[INFO] [stderr]     Checking miniz_oxide v0.8.9
[INFO] [stderr]    Compiling potential_utf v0.1.5
[INFO] [stderr]    Compiling libflate_lz77 v2.3.0
[INFO] [stderr]     Checking num-integer v0.1.46
[INFO] [stderr]     Checking group v0.13.0
[INFO] [stderr]     Checking brotli-decompressor v5.0.3
[INFO] [stderr]    Compiling tracing-core v0.1.36
[INFO] [stderr]    Compiling ring v0.17.14
[INFO] [stderr]    Compiling zstd-sys v2.0.16+zstd.1.5.7
[INFO] [stderr]    Compiling aws-lc-sys v0.43.0
[INFO] [stderr]    Compiling crypto-common v0.1.7
[INFO] [stderr]    Compiling block-buffer v0.10.4
[INFO] [stderr]    Compiling block-buffer v0.12.1
[INFO] [stderr]    Compiling crypto-common v0.2.2
[INFO] [stderr]    Compiling digest v0.10.7
[INFO] [stderr]     Checking crypto-bigint v0.5.5
[INFO] [stderr]     Checking sec1 v0.7.3
[INFO] [stderr]     Checking hmac v0.12.1
[INFO] [stderr]     Checking sha2 v0.10.9
[INFO] [stderr]     Checking signature v2.2.0
[INFO] [stderr]     Checking hkdf v0.12.4
[INFO] [stderr]    Compiling iana-time-zone v0.1.65
[INFO] [stderr]    Compiling crc-catalog v2.5.0
[INFO] [stderr]     Checking spin v0.9.9
[INFO] [stderr]    Compiling digest v0.11.3
[INFO] [stderr]    Compiling dary_heap v0.3.9
[INFO] [stderr]    Compiling futures-task v0.3.33
[INFO] [stderr]    Compiling adler32 v1.2.0
[INFO] [stderr]    Compiling futures-io v0.3.33
[INFO] [stderr]    Compiling sha2 v0.11.0
[INFO] [stderr]    Compiling libflate v2.3.1
[INFO] [stderr]    Compiling hmac v0.13.0
[INFO] [stderr]     Checking lazy_static v1.5.0
[INFO] [stderr]     Checking brotli v8.0.4
[INFO] [stderr]    Compiling crossbeam-queue v0.3.13
[INFO] [stderr]    Compiling crc v3.4.0
[INFO] [stderr]    Compiling chrono v0.4.45
[INFO] [stderr]    Compiling event-listener v5.4.2
[INFO] [stderr]     Checking flate2 v1.1.9
[INFO] [stderr]    Compiling unicode-normalization v0.1.25
[INFO] [stderr]    Compiling chacha20 v0.10.1
[INFO] [stderr]     Checking elliptic-curve v0.13.8
[INFO] [stderr]    Compiling webpki-roots v1.0.9
[INFO] [stderr]     Checking http-body-util v0.1.4
[INFO] [stderr]    Compiling hashlink v0.11.1
[INFO] [stderr]    Compiling proc-macro-error-attr3 v3.1.0
[INFO] [stderr]     Checking sync_wrapper v1.0.2
[INFO] [stderr]     Checking bitflags v2.13.1
[INFO] [stderr]    Compiling base64 v0.22.1
[INFO] [stderr]     Checking compression-core v0.4.32
[INFO] [stderr]    Compiling proc-macro-error3 v3.1.0
[INFO] [stderr]    Compiling stringprep v0.1.5
[INFO] [stderr]    Compiling rand v0.10.2
[INFO] [stderr]    Compiling curve25519-dalek v4.1.3
[INFO] [stderr]    Compiling hkdf v0.13.0
[INFO] [stderr]    Compiling md-5 v0.11.0
[INFO] [stderr]     Checking rfc6979 v0.4.0
[INFO] [stderr]    Compiling atoi v2.0.0
[INFO] [stderr]    Compiling num-bigint-dig v0.8.6
[INFO] [stderr]    Compiling whoami v2.1.2
[INFO] [stderr]     Checking ecdsa v0.16.9
[INFO] [stderr]    Compiling serde_derive v1.0.229
[INFO] [stderr]    Compiling displaydoc v0.2.7
[INFO] [stderr]    Compiling tokio-macros v2.7.2
[INFO] [stderr]    Compiling thiserror-impl v2.0.19
[INFO] [stderr]     Checking primeorder v0.13.6
[INFO] [stderr]     Checking num-iter v0.1.46
[INFO] [stderr]    Compiling curve25519-dalek-derive v0.1.1
[INFO] [stderr]    Compiling tinystr v0.8.3
[INFO] [stderr]    Compiling zerotrie v0.2.4
[INFO] [stderr]     Checking icu_locale_core v2.2.0
[INFO] [stderr]    Compiling icu_collections v2.2.0
[INFO] [stderr]     Checking ppv-lite86 v0.2.21
[INFO] [stderr]     Checking regex-syntax v0.8.11
[INFO] [stderr]     Checking rustls-native-certs v0.8.4
[INFO] [stderr]     Checking time v0.3.55
[INFO] [stderr]     Checking icu_provider v2.2.0
[INFO] [stderr]     Checking rand_chacha v0.3.1
[INFO] [stderr]    Compiling rust-embed-utils v8.12.0
[INFO] [stderr]     Checking rand v0.8.7
[INFO] [stderr]     Checking compression-codecs v0.4.38
[INFO] [stderr]     Checking icu_properties v2.2.0
[INFO] [stderr]     Checking ed25519 v2.2.3
[INFO] [stderr]     Checking num-bigint v0.4.8
[INFO] [stderr]     Checking pkcs1 v0.7.5
[INFO] [stderr]     Checking regex-automata v0.4.18
[INFO] [stderr]     Checking ryu v1.0.23
[INFO] [stderr]     Checking ed25519-dalek v2.2.0
[INFO] [stderr]    Compiling rust-embed-impl v8.12.0
[INFO] [stderr]     Checking rand_chacha v0.9.0
[INFO] [stderr]     Checking p256 v0.13.2
[INFO] [stderr]     Checking p384 v0.13.1
[INFO] [stderr]    Compiling tokio-stream v0.1.19
[INFO] [stderr]     Checking axum-core v0.5.6
[INFO] [stderr]     Checking futures-executor v0.3.33
[INFO] [stderr]     Checking sharded-slab v0.1.7
[INFO] [stderr]     Checking serde_path_to_error v0.1.20
[INFO] [stderr]     Checking blake2 v0.10.6
[INFO] [stderr]     Checking pem v3.0.6
[INFO] [stderr]     Checking password-hash v0.5.0
[INFO] [stderr]    Compiling rustls-webpki v0.103.13
[INFO] [stderr]     Checking http-range-header v0.4.2
[INFO] [stderr]     Checking futures v0.3.33
[INFO] [stderr]     Checking serde v1.0.229
[INFO] [stderr]     Checking rand v0.9.5
[INFO] [stderr]     Checking uuid v1.24.0
[INFO] [stderr]     Checking matchers v0.2.0
[INFO] [stderr]     Checking argon2 v0.5.3
[INFO] [stderr]     Checking smallvec v1.15.2
[INFO] [stderr]     Checking either v1.17.0
[INFO] [stderr]     Checking serde_urlencoded v0.7.1
[INFO] [stderr]     Checking parking_lot_core v0.9.12
[INFO] [stderr]     Checking icu_normalizer v2.2.0
[INFO] [stderr]     Checking tracing-subscriber v0.3.23
[INFO] [stderr]    Compiling parking_lot v0.12.5
[INFO] [stderr]     Checking simple_asn1 v0.6.4
[INFO] [stderr]     Checking idna_adapter v1.2.2
[INFO] [stderr]     Checking idna v1.1.0
[INFO] [stderr]    Compiling futures-intrusive v0.5.0
[INFO] [stderr]     Checking url v2.5.8
[INFO] [stderr]     Checking rsa v0.9.10
[INFO] [stderr]     Checking jsonwebtoken v11.0.0
[INFO] [stderr]    Compiling zstd-safe v7.2.4
[INFO] [stderr]     Checking zstd v0.13.3
[INFO] [stderr]    Compiling include-flate-compress v0.3.4
[INFO] [stderr]    Compiling include-flate-codegen v0.3.4
[INFO] [stderr]     Checking include-flate v0.3.4
[INFO] [stderr]     Checking rust-embed v8.12.0
[INFO] [stderr]    Compiling sqlx-core v0.9.0
[INFO] [stderr]     Checking hyper v1.11.0
[INFO] [stderr]     Checking async-compression v0.4.43
[INFO] [stderr]     Checking tower v0.5.3
[INFO] [stderr]     Checking tokio-util v0.7.19
[INFO] [stderr]     Checking tower-http v0.6.11
[INFO] [stderr]     Checking tower-http v0.7.0
[INFO] [stderr]     Checking hyper-util v0.1.20
[INFO] [stderr]    Compiling sqlx-postgres v0.9.0
[INFO] [stderr]     Checking axum v0.8.9
[INFO] [stderr]    Compiling sqlx-macros-core v0.9.0
[INFO] [stderr]     Checking tokio-rustls v0.26.4
[INFO] [stderr]     Checking rustls-platform-verifier v0.7.0
[INFO] [stderr]     Checking hyper-rustls v0.27.9
[INFO] [stderr]     Checking reqwest v0.13.4
[INFO] [stderr]    Compiling sqlx-macros v0.9.0
[INFO] [stderr]     Checking sqlx v0.9.0
[INFO] [stderr]     Checking final-api v0.1.0 (/opt/rustwide/workdir)
[INFO] [stdout] error: #[derive(RustEmbed)] folder '/opt/rustwide/workdir/frontend/dist/' does not exist. cwd: '/opt/rustwide/workdir'
[INFO] [stdout]   --> src/handler/embed.rs:9:1
[INFO] [stdout]    |
[INFO] [stdout]  9 | / #[folder = "frontend/dist/"]
[INFO] [stdout] 10 | | struct FrontendAsset;
[INFO] [stdout]    | |_____________________^
[INFO] [stdout] 
[INFO] [stdout] 
[INFO] [stdout] error: #[derive(RustEmbed)] folder '/opt/rustwide/workdir/frontend/dist/' does not exist. cwd: '/opt/rustwide/workdir'
[INFO] [stdout]   --> src/handler/embed.rs:9:1
[INFO] [stdout]    |
[INFO] [stdout]  9 | / #[folder = "frontend/dist/"]
[INFO] [stdout] 10 | | struct FrontendAsset;
[INFO] [stdout]    | |_____________________^
[INFO] [stdout] 
[INFO] [stdout] 
[INFO] [stdout] error[E0599]: no associated function or constant named `get` found for struct `FrontendAsset` in the current scope
[INFO] [stdout]   --> src/handler/embed.rs:28:39
[INFO] [stdout]    |
[INFO] [stdout] 10 | struct FrontendAsset;
[INFO] [stdout]    | -------------------- associated function or constant `get` not found for this struct
[INFO] [stdout] ...
[INFO] [stdout] 28 |         ("index.html", FrontendAsset::get("index.html"))
[INFO] [stdout]    |                                       ^^^ associated function or constant not found in `FrontendAsset`
[INFO] [stdout]    |
[INFO] [stdout]    = help: items from traits can only be used if the trait is implemented and in scope
[INFO] [stdout]    = note: the following traits define an item `get`, perhaps you need to implement one of them:
[INFO] [stdout]            candidate #1: `Embed`
[INFO] [stdout]            candidate #2: `Row`
[INFO] [stdout]            candidate #3: `SliceIndex`
[INFO] [stdout]            candidate #4: `icu_collections::codepointtrie::cptrie::TypedCodePointTrie`
[INFO] [stdout]            candidate #5: `icu_properties::names::PropertyEnumToValueNameLookup`
[INFO] [stdout]            candidate #6: `icu_provider::baked::DataStore`
[INFO] [stdout]            candidate #7: `rustls::server::server_conn::StoresServerSessions`
[INFO] [stdout] 
[INFO] [stdout] 
[INFO] [stdout] error[E0599]: no associated function or constant named `get` found for struct `FrontendAsset` in the current scope
[INFO] [stdout]   --> src/handler/embed.rs:31:28
[INFO] [stdout]    |
[INFO] [stdout] 10 | struct FrontendAsset;
[INFO] [stdout]    | -------------------- associated function or constant `get` not found for this struct
[INFO] [stdout] ...
[INFO] [stdout] 31 |         (p, FrontendAsset::get(p))
[INFO] [stdout]    |                            ^^^ associated function or constant not found in `FrontendAsset`
[INFO] [stdout]    |
[INFO] [stdout]    = help: items from traits can only be used if the trait is implemented and in scope
[INFO] [stdout]    = note: the following traits define an item `get`, perhaps you need to implement one of them:
[INFO] [stdout]            candidate #1: `Embed`
[INFO] [stdout]            candidate #2: `Row`
[INFO] [stdout]            candidate #3: `SliceIndex`
[INFO] [stdout]            candidate #4: `icu_collections::codepointtrie::cptrie::TypedCodePointTrie`
[INFO] [stdout]            candidate #5: `icu_properties::names::PropertyEnumToValueNameLookup`
[INFO] [stdout]            candidate #6: `icu_provider::baked::DataStore`
[INFO] [stdout]            candidate #7: `rustls::server::server_conn::StoresServerSessions`
[INFO] [stdout] 
[INFO] [stdout] 
[INFO] [stdout] error[E0599]: no associated function or constant named `get` found for struct `FrontendAsset` in the current scope
[INFO] [stdout]   --> src/handler/embed.rs:28:39
[INFO] [stdout]    |
[INFO] [stdout] 10 | struct FrontendAsset;
[INFO] [stdout]    | -------------------- associated function or constant `get` not found for this struct
[INFO] [stdout] ...
[INFO] [stdout] 28 |         ("index.html", FrontendAsset::get("index.html"))
[INFO] [stdout]    |                                       ^^^ associated function or constant not found in `FrontendAsset`
[INFO] [stdout]    |
[INFO] [stdout]    = help: items from traits can only be used if the trait is implemented and in scope
[INFO] [stdout]    = note: the following traits define an item `get`, perhaps you need to implement one of them:
[INFO] [stdout]            candidate #1: `Embed`
[INFO] [stdout]            candidate #2: `Row`
[INFO] [stdout]            candidate #3: `SliceIndex`
[INFO] [stdout]            candidate #4: `icu_collections::codepointtrie::cptrie::TypedCodePointTrie`
[INFO] [stdout]            candidate #5: `icu_properties::names::PropertyEnumToValueNameLookup`
[INFO] [stdout]            candidate #6: `icu_provider::baked::DataStore`
[INFO] [stdout]            candidate #7: `rustls::server::server_conn::StoresServerSessions`
[INFO] [stdout] 
[INFO] [stdout] 
[INFO] [stdout] error[E0599]: no associated function or constant named `get` found for struct `FrontendAsset` in the current scope
[INFO] [stdout]   --> src/handler/embed.rs:44:32
[INFO] [stdout]    |
[INFO] [stdout] 10 | struct FrontendAsset;
[INFO] [stdout]    | -------------------- associated function or constant `get` not found for this struct
[INFO] [stdout] ...
[INFO] [stdout] 44 |         None => FrontendAsset::get("index.html")
[INFO] [stdout]    |                                ^^^ associated function or constant not found in `FrontendAsset`
[INFO] [stdout]    |
[INFO] [stdout]    = help: items from traits can only be used if the trait is implemented and in scope
[INFO] [stdout]    = note: the following traits define an item `get`, perhaps you need to implement one of them:
[INFO] [stdout]            candidate #1: `Embed`
[INFO] [stdout]            candidate #2: `Row`
[INFO] [stdout]            candidate #3: `SliceIndex`
[INFO] [stdout]            candidate #4: `icu_collections::codepointtrie::cptrie::TypedCodePointTrie`
[INFO] [stdout]            candidate #5: `icu_properties::names::PropertyEnumToValueNameLookup`
[INFO] [stdout]            candidate #6: `icu_provider::baked::DataStore`
[INFO] [stdout]            candidate #7: `rustls::server::server_conn::StoresServerSessions`
[INFO] [stdout] 
[INFO] [stdout] 
[INFO] [stdout] error[E0599]: no associated function or constant named `get` found for struct `FrontendAsset` in the current scope
[INFO] [stdout]   --> src/handler/embed.rs:31:28
[INFO] [stdout]    |
[INFO] [stdout] 10 | struct FrontendAsset;
[INFO] [stdout]    | -------------------- associated function or constant `get` not found for this struct
[INFO] [stdout] ...
[INFO] [stdout] 31 |         (p, FrontendAsset::get(p))
[INFO] [stdout]    |                            ^^^ associated function or constant not found in `FrontendAsset`
[INFO] [stdout]    |
[INFO] [stdout]    = help: items from traits can only be used if the trait is implemented and in scope
[INFO] [stdout]    = note: the following traits define an item `get`, perhaps you need to implement one of them:
[INFO] [stdout]            candidate #1: `Embed`
[INFO] [stdout]            candidate #2: `Row`
[INFO] [stdout]            candidate #3: `SliceIndex`
[INFO] [stdout]            candidate #4: `icu_collections::codepointtrie::cptrie::TypedCodePointTrie`
[INFO] [stdout]            candidate #5: `icu_properties::names::PropertyEnumToValueNameLookup`
[INFO] [stdout]            candidate #6: `icu_provider::baked::DataStore`
[INFO] [stdout]            candidate #7: `rustls::server::server_conn::StoresServerSessions`
[INFO] [stdout] 
[INFO] [stdout] 
[INFO] [stdout] error[E0599]: no associated function or constant named `get` found for struct `FrontendAsset` in the current scope
[INFO] [stdout]   --> src/handler/embed.rs:44:32
[INFO] [stdout]    |
[INFO] [stdout] 10 | struct FrontendAsset;
[INFO] [stdout]    | -------------------- associated function or constant `get` not found for this struct
[INFO] [stdout] ...
[INFO] [stdout] 44 |         None => FrontendAsset::get("index.html")
[INFO] [stdout]    |                                ^^^ associated function or constant not found in `FrontendAsset`
[INFO] [stdout]    |
[INFO] [stdout]    = help: items from traits can only be used if the trait is implemented and in scope
[INFO] [stdout]    = note: the following traits define an item `get`, perhaps you need to implement one of them:
[INFO] [stdout]            candidate #1: `Embed`
[INFO] [stdout]            candidate #2: `Row`
[INFO] [stdout]            candidate #3: `SliceIndex`
[INFO] [stdout]            candidate #4: `icu_collections::codepointtrie::cptrie::TypedCodePointTrie`
[INFO] [stdout]            candidate #5: `icu_properties::names::PropertyEnumToValueNameLookup`
[INFO] [stdout]            candidate #6: `icu_provider::baked::DataStore`
[INFO] [stdout]            candidate #7: `rustls::server::server_conn::StoresServerSessions`
[INFO] [stdout] 
[INFO] [stdout] 
[INFO] [stdout] For more information about this error, try `rustc --explain E0599`.
[INFO] [stdout] 
[INFO] [stderr] error: could not compile `final-api` (bin "final-api" test) due to 4 previous errors
[INFO] [stderr] warning: build failed, waiting for other jobs to finish...
[INFO] [stdout] For more information about this error, try `rustc --explain E0599`.
[INFO] [stdout] 
[INFO] [stderr] error: could not compile `final-api` (bin "final-api") due to 4 previous errors
[INFO] running `Command { std: "docker" "inspect" "b6e2a2655c9ff649013fa95bc38123af8700dd6784cd8f08a72932327a7b288c", kill_on_drop: false }`
[INFO] running `Command { std: "docker" "rm" "-f" "b6e2a2655c9ff649013fa95bc38123af8700dd6784cd8f08a72932327a7b288c", kill_on_drop: false }`
[INFO] [stdout] b6e2a2655c9ff649013fa95bc38123af8700dd6784cd8f08a72932327a7b288c
