[INFO] cloning repository https://github.com/han0110/zkevm-prof
[INFO] running `Command { std: "git" "-c" "credential.helper=" "-c" "credential.helper=/workspace/cargo-home/bin/git-credential-null" "clone" "--bare" "https://github.com/han0110/zkevm-prof" "/workspace/cache/git-repos/https%3A%2F%2Fgithub.com%2Fhan0110%2Fzkevm-prof", kill_on_drop: false }`
[INFO] [stderr] Cloning into bare repository '/workspace/cache/git-repos/https%3A%2F%2Fgithub.com%2Fhan0110%2Fzkevm-prof'...
[INFO] running `Command { std: "git" "rev-parse" "HEAD", kill_on_drop: false }`
[INFO] [stdout] 2f33350f1fe3724f6b958de1116d9297c413fdd2
[INFO] checking han0110/zkevm-prof against 3154cc1a3e6424e44f438a95007d043ed5ceaaf6+rustflags=-Znext-solver=coherence for pr-133502-30
[INFO] running `Command { std: "git" "clone" "/workspace/cache/git-repos/https%3A%2F%2Fgithub.com%2Fhan0110%2Fzkevm-prof" "/workspace/builds/worker-5-tc1/source", kill_on_drop: false }`
[INFO] [stderr] Cloning into '/workspace/builds/worker-5-tc1/source'...
[INFO] [stderr] done.
[INFO] started tweaking git repo https://github.com/han0110/zkevm-prof
[INFO] finished tweaking git repo https://github.com/han0110/zkevm-prof
[INFO] tweaked toml for git repo https://github.com/han0110/zkevm-prof written to /workspace/builds/worker-5-tc1/source/Cargo.toml
[INFO] validating manifest of git repo https://github.com/han0110/zkevm-prof on toolchain 3154cc1a3e6424e44f438a95007d043ed5ceaaf6
[INFO] running `Command { std: CARGO_HOME="/workspace/cargo-home" RUSTUP_HOME="/workspace/rustup-home" "/workspace/cargo-home/bin/cargo" "+3154cc1a3e6424e44f438a95007d043ed5ceaaf6" "metadata" "--manifest-path" "Cargo.toml" "--no-deps", kill_on_drop: false }`
[INFO] crate git repo https://github.com/han0110/zkevm-prof already has a lockfile, it will not be regenerated
[INFO] running `Command { std: CARGO_HOME="/workspace/cargo-home" RUSTUP_HOME="/workspace/rustup-home" "/workspace/cargo-home/bin/cargo" "+3154cc1a3e6424e44f438a95007d043ed5ceaaf6" "fetch" "--manifest-path" "Cargo.toml", kill_on_drop: false }`
[INFO] [stderr]     Blocking waiting for file lock on package cache
[INFO] [stderr]     Updating crates.io index
[INFO] [stderr]     Updating git repository `https://github.com/eth-act/ere-guests`
[INFO] [stderr]     Updating git repository `https://github.com/eth-act/ere`
[INFO] [stderr]     Blocking waiting for file lock on package cache
[INFO] [stderr]  Downloading crates ...
[INFO] [stderr]   Downloaded twirp v0.10.1
[INFO] [stderr]   Downloaded elf v0.7.4
[INFO] [stderr]   Downloaded gag v1.0.0
[INFO] running `Command { std: "docker" "create" "-v" "/var/lib/crater-agent-workspace/builds/worker-5-tc1/source:/opt/rustwide/workdir:ro,Z" "-v" "/var/lib/crater-agent-workspace/builds/worker-5-tc1/target:/opt/rustwide/target:rw,Z" "-v" "/var/lib/crater-agent-workspace/cargo-home:/opt/rustwide/cargo-home:ro,Z" "-v" "/var/lib/crater-agent-workspace/rustup-home:/opt/rustwide/rustup-home:ro,Z" "-m" "1610612736" "--network" "none" "ghcr.io/rust-lang/crates-build-env/linux@sha256:77db811e55d90add9212f6832c23229e3de5f1c1f9905e8cb07319ea15df73ac" "sleep" "infinity", kill_on_drop: false }`
[INFO] [stdout] 218335a5d70102c51bb0f9da28443f8f95fc8f4fbb4ab76e779a2529bae9d2d7
[INFO] running `Command { std: "docker" "start" "218335a5d70102c51bb0f9da28443f8f95fc8f4fbb4ab76e779a2529bae9d2d7", kill_on_drop: false }`
[INFO] running `Command { std: "docker" "inspect" "218335a5d70102c51bb0f9da28443f8f95fc8f4fbb4ab76e779a2529bae9d2d7", kill_on_drop: false }`
[INFO] running `Command { std: "docker" "exec" "-e" "SOURCE_DIR=/opt/rustwide/workdir" "-e" "CARGO_HOME=/opt/rustwide/cargo-home" "-e" "RUSTUP_HOME=/opt/rustwide/rustup-home" "-e" "CARGO_TARGET_DIR=/opt/rustwide/target" "-w" "/opt/rustwide/workdir" "--user" "0:0" "218335a5d70102c51bb0f9da28443f8f95fc8f4fbb4ab76e779a2529bae9d2d7" "/opt/rustwide/cargo-home/bin/cargo" "+3154cc1a3e6424e44f438a95007d043ed5ceaaf6" "metadata" "--no-deps" "--format-version=1", kill_on_drop: false }`
[INFO] running `Command { std: "docker" "inspect" "218335a5d70102c51bb0f9da28443f8f95fc8f4fbb4ab76e779a2529bae9d2d7", kill_on_drop: false }`
[INFO] running `Command { std: "docker" "exec" "-e" "SOURCE_DIR=/opt/rustwide/workdir" "-e" "CARGO_HOME=/opt/rustwide/cargo-home" "-e" "RUSTUP_HOME=/opt/rustwide/rustup-home" "-e" "CARGO_TARGET_DIR=/opt/rustwide/target" "-e" "CARGO_INCREMENTAL=0" "-e" "RUST_BACKTRACE=full" "-e" "RUSTFLAGS=--cap-lints=forbid -Znext-solver=coherence" "-e" "RUSTDOCFLAGS=--cap-lints=forbid" "-w" "/opt/rustwide/workdir" "--user" "0:0" "218335a5d70102c51bb0f9da28443f8f95fc8f4fbb4ab76e779a2529bae9d2d7" "/opt/rustwide/cargo-home/bin/cargo" "+3154cc1a3e6424e44f438a95007d043ed5ceaaf6" "check" "--frozen" "--all" "--all-targets" "--message-format=json", kill_on_drop: false }`
[INFO] [stderr]    Compiling serde_core v1.0.229
[INFO] [stderr]    Compiling camino v1.2.5
[INFO] [stderr]    Compiling serde_json v1.0.151
[INFO] [stderr]    Compiling syn v3.0.3
[INFO] [stderr]    Compiling serde v1.0.229
[INFO] [stderr]     Checking log v0.4.33
[INFO] [stderr]     Checking mio v1.2.2
[INFO] [stderr]    Compiling cc v1.4.0
[INFO] [stderr]     Checking smallvec v1.15.2
[INFO] [stderr]    Compiling futures-macro v0.3.33
[INFO] [stderr]     Checking futures-io v0.3.33
[INFO] [stderr]     Checking http-body-util v0.1.4
[INFO] [stderr]     Checking ipnet v2.12.1
[INFO] [stderr]    Compiling strum_macros v0.27.2
[INFO] [stderr]    Compiling either v1.17.0
[INFO] [stderr]     Checking tracing v0.1.44
[INFO] [stderr]    Compiling anyhow v1.0.104
[INFO] [stderr]     Checking clap_builder v4.6.5
[INFO] [stderr]     Checking rustix v1.1.4
[INFO] [stderr]     Checking getrandom v0.4.3
[INFO] [stderr]    Compiling auto_impl v1.3.0
[INFO] [stderr]     Checking unty v0.0.4
[INFO] [stderr]     Checking ere-codec v0.17.0 (https://github.com/eth-act/ere?tag=v0.17.0#50235138)
[INFO] [stderr]    Compiling generic-array v0.14.9
[INFO] [stderr]     Checking elf v0.7.4
[INFO] [stderr]    Compiling strum_macros v0.28.0
[INFO] [stderr]    Compiling itertools v0.14.0
[INFO] [stderr]     Checking regex-automata v0.4.16
[INFO] [stderr]     Checking axum-core v0.5.6
[INFO] [stderr]     Checking filedescriptor v0.8.3
[INFO] [stderr]     Checking rayon v1.12.0
[INFO] [stderr]     Checking block-buffer v0.10.4
[INFO] [stderr]     Checking crypto-common v0.1.6
[INFO] [stderr]     Checking futures-util v0.3.33
[INFO] [stderr]     Checking digest v0.10.7
[INFO] [stderr]     Checking sha2 v0.10.9
[INFO] [stderr]    Compiling openssl-sys v0.9.117
[INFO] [stderr]     Checking strum v0.27.2
[INFO] [stderr]    Compiling openssl v0.10.81
[INFO] [stderr]    Compiling native-tls v0.2.18
[INFO] [stderr]     Checking strum v0.28.0
[INFO] [stderr]     Checking tempfile v3.27.0
[INFO] [stderr]     Checking gag v1.0.0
[INFO] [stderr]    Compiling prost-derive v0.14.4
[INFO] [stderr]     Checking regex v1.13.1
[INFO] [stderr]     Checking serde_path_to_error v0.1.20
[INFO] [stderr]    Compiling semver v1.0.28
[INFO] [stderr]    Compiling cargo-platform v0.3.3
[INFO] [stderr]    Compiling serde_derive v1.0.229
[INFO] [stderr]    Compiling thiserror-impl v2.0.19
[INFO] [stderr]    Compiling tokio-macros v2.7.2
[INFO] [stderr]    Compiling displaydoc v0.2.7
[INFO] [stderr]    Compiling clap_derive v4.6.4
[INFO] [stderr]    Compiling async-trait v0.1.92
[INFO] [stderr]     Checking prost v0.14.4
[INFO] [stderr]     Checking tinystr v0.8.3
[INFO] [stderr]     Checking zerotrie v0.2.4
[INFO] [stderr]     Checking icu_collections v2.2.0
[INFO] [stderr]     Checking tokio v1.53.1
[INFO] [stderr]     Checking icu_locale_core v2.2.0
[INFO] [stderr]     Checking futures-executor v0.3.33
[INFO] [stderr]     Checking futures v0.3.33
[INFO] [stderr]    Compiling thiserror v2.0.19
[INFO] [stderr]     Checking icu_provider v2.2.0
[INFO] [stderr]     Checking clap v4.6.5
[INFO] [stderr]     Checking icu_properties v2.2.0
[INFO] [stderr]     Checking icu_normalizer v2.2.0
[INFO] [stderr]     Checking idna_adapter v1.2.2
[INFO] [stderr]     Checking idna v1.1.0
[INFO] [stderr]     Checking url v2.5.8
[INFO] [stderr]     Checking serde_urlencoded v0.7.1
[INFO] [stderr]     Checking ere-verifier-core v0.17.0 (https://github.com/eth-act/ere?tag=v0.17.0#50235138)
[INFO] [stderr]     Checking bincode v2.0.1
[INFO] [stderr]     Checking ere-compiler-core v0.17.0 (https://github.com/eth-act/ere?tag=v0.17.0#50235138)
[INFO] [stderr]    Compiling cargo-platform v0.1.9
[INFO] [stderr]    Compiling cargo_metadata v0.23.1
[INFO] [stderr]    Compiling cargo_metadata v0.19.2
[INFO] [stderr]     Checking ere-prover-core v0.17.0 (https://github.com/eth-act/ere?tag=v0.17.0#50235138)
[INFO] [stderr]    Compiling zkevm-prof v0.2.0 (/opt/rustwide/workdir/crates/zkevm-prof)
[INFO] [stderr]    Compiling ere-util-build v0.16.2 (https://github.com/eth-act/ere?tag=v0.16.2#8961a4e7)
[INFO] [stderr]    Compiling ere-util-build v0.17.0 (https://github.com/eth-act/ere?tag=v0.17.0#50235138)
[INFO] [stderr]    Compiling ere-catalog v0.17.0 (https://github.com/eth-act/ere?tag=v0.17.0#50235138)
[INFO] [stderr]    Compiling ere-catalog v0.16.2 (https://github.com/eth-act/ere?tag=v0.16.2#8961a4e7)
[INFO] [stderr]    Compiling stateless-validator-catalog v0.16.0 (https://github.com/eth-act/ere-guests?tag=v0.16.0#4826a7bf)
[INFO] [stderr]     Checking tokio-util v0.7.19
[INFO] [stderr]     Checking tower v0.5.3
[INFO] [stderr]     Checking tokio-native-tls v0.3.1
[INFO] [stderr]     Checking ere-util-tokio v0.17.0 (https://github.com/eth-act/ere?tag=v0.17.0#50235138)
[INFO] [stderr] error: failed to run custom build command for `ere-catalog v0.17.0 (https://github.com/eth-act/ere?tag=v0.17.0#50235138)`
[INFO] [stderr] note: To improve backtraces for build dependencies, set the CARGO_PROFILE_DEV_BUILD_OVERRIDE_DEBUG=true environment variable to enable debug information generation.
[INFO] [stderr] 
[INFO] [stderr] Caused by:
[INFO] [stderr]   process didn't exit successfully: `/opt/rustwide/target/debug/build/ere-catalog/893297dbe6ee158b/out/build_script_build` (exit status: 101)
[INFO] [stderr]   --- stdout
[INFO] [stderr]   cargo:rerun-if-changed=/opt/rustwide/cargo-home/git/checkouts/ere-02b047aa486ef1ec/5023513/.git/HEAD
[INFO] [stderr]   cargo:rerun-if-changed=/opt/rustwide/cargo-home/git/checkouts/ere-02b047aa486ef1ec/5023513/.git/refs
[INFO] [stderr] 
[INFO] [stderr]   --- stderr
[INFO] [stderr] 
[INFO] [stderr]   thread 'main' (1093) panicked at /opt/rustwide/cargo-home/git/checkouts/ere-02b047aa486ef1ec/5023513/crates/util/build/src/lib.rs:50:10:
[INFO] [stderr]   cargo metadata should not fail: CargoMetadata { stderr: "    Updating git repository `https://github.com/han0110/openvm.git`\nerror: failed to get `openvm-build` as a dependency of package `ere-compiler-openvm v0.17.0 (/opt/rustwide/cargo-home/git/checkouts/ere-02b047aa486ef1ec/5023513/crates/compiler/openvm)`\n\nCaused by:\n  failed to load source for dependency `openvm-build`\n\nCaused by:\n  unable to update https://github.com/han0110/openvm.git?branch=patch%2Fv2.1.0-preview#a391b22e\n\nCaused by:\n  failed to create directory `/opt/rustwide/cargo-home/git/db/openvm-807e0581f444b98c`\n\nCaused by:\n  Read-only file system (os error 30)\n" }
[INFO] [stderr]   stack backtrace:
[INFO] [stderr]      0:     0x635a096e2e41 - std[3164a59e47d3bde]::backtrace_rs::backtrace::libunwind::trace
[INFO] [stderr]                                  at /rustc/3154cc1a3e6424e44f438a95007d043ed5ceaaf6/library/std/src/../../backtrace/src/backtrace/libunwind.rs:117:9
[INFO] [stderr]      1:     0x635a096e2e41 - std[3164a59e47d3bde]::backtrace_rs::backtrace::trace_unsynchronized::<std[3164a59e47d3bde]::sys::backtrace::_print_fmt::{closure#1}>
[INFO] [stderr]                                  at /rustc/3154cc1a3e6424e44f438a95007d043ed5ceaaf6/library/std/src/../../backtrace/src/backtrace/mod.rs:66:14
[INFO] [stderr]      2:     0x635a096e2e41 - std[3164a59e47d3bde]::sys::backtrace::_print_fmt
[INFO] [stderr]                                  at /rustc/3154cc1a3e6424e44f438a95007d043ed5ceaaf6/library/std/src/sys/backtrace.rs:74:9
[INFO] [stderr]      3:     0x635a096e2e41 - <<std[3164a59e47d3bde]::sys::backtrace::BacktraceLock>::print::DisplayBacktrace as core[934024a1e6126fb4]::fmt::Display>::fmt
[INFO] [stderr]                                  at /rustc/3154cc1a3e6424e44f438a95007d043ed5ceaaf6/library/std/src/sys/backtrace.rs:44:26
[INFO] [stderr]      4:     0x635a096f5d7a - <core[934024a1e6126fb4]::fmt::rt::Argument>::fmt
[INFO] [stderr]                                  at /rustc/3154cc1a3e6424e44f438a95007d043ed5ceaaf6/library/core/src/fmt/rt.rs:152:76
[INFO] [stderr]      5:     0x635a096f5d7a - core[934024a1e6126fb4]::fmt::write
[INFO] [stderr]      6:     0x635a096e6aec - core[934024a1e6126fb4]::io::write::default_write_fmt::<std[3164a59e47d3bde]::sys::stdio::unix::Stderr>
[INFO] [stderr]                                  at /rustc/3154cc1a3e6424e44f438a95007d043ed5ceaaf6/library/core/src/io/write.rs:402:11
[INFO] [stderr]      7:     0x635a096e6aec - <std[3164a59e47d3bde]::sys::stdio::unix::Stderr as core[934024a1e6126fb4]::io::write::Write>::write_fmt
[INFO] [stderr]                                  at /rustc/3154cc1a3e6424e44f438a95007d043ed5ceaaf6/library/core/src/io/write.rs:335:13
[INFO] [stderr]      8:     0x635a096c43a6 - <std[3164a59e47d3bde]::sys::backtrace::BacktraceLock>::print
[INFO] [stderr]                                  at /rustc/3154cc1a3e6424e44f438a95007d043ed5ceaaf6/library/std/src/sys/backtrace.rs:47:9
[INFO] [stderr]      9:     0x635a096c43a6 - std[3164a59e47d3bde]::panicking::default_hook::{closure#0}
[INFO] [stderr]                                  at /rustc/3154cc1a3e6424e44f438a95007d043ed5ceaaf6/library/std/src/panicking.rs:289:27
[INFO] [stderr]     10:     0x635a096de321 - std[3164a59e47d3bde]::panicking::default_hook
[INFO] [stderr]                                  at /rustc/3154cc1a3e6424e44f438a95007d043ed5ceaaf6/library/std/src/panicking.rs:316:9
[INFO] [stderr]     11:     0x635a096de4db - std[3164a59e47d3bde]::panicking::panic_with_hook
[INFO] [stderr]                                  at /rustc/3154cc1a3e6424e44f438a95007d043ed5ceaaf6/library/std/src/panicking.rs:811:13
[INFO] [stderr]     12:     0x635a096c4452 - std[3164a59e47d3bde]::panicking::panic_handler::{closure#0}
[INFO] [stderr]                                  at /rustc/3154cc1a3e6424e44f438a95007d043ed5ceaaf6/library/std/src/panicking.rs:685:13
[INFO] [stderr]     13:     0x635a096bd249 - std[3164a59e47d3bde]::sys::backtrace::__rust_end_short_backtrace::<std[3164a59e47d3bde]::panicking::panic_handler::{closure#0}, !>
[INFO] [stderr]                                  at /rustc/3154cc1a3e6424e44f438a95007d043ed5ceaaf6/library/std/src/sys/backtrace.rs:182:18
[INFO] [stderr]     14:     0x635a096c4c3d - __rustc[2e7b49d4226056d3]::rust_begin_unwind
[INFO] [stderr]                                  at /rustc/3154cc1a3e6424e44f438a95007d043ed5ceaaf6/library/std/src/panicking.rs:676:5
[INFO] [stderr]     15:     0x635a096f656c - core[934024a1e6126fb4]::panicking::panic_fmt
[INFO] [stderr]                                  at /rustc/3154cc1a3e6424e44f438a95007d043ed5ceaaf6/library/core/src/panicking.rs:80:14
[INFO] [stderr]     16:     0x635a096f62c2 - core[934024a1e6126fb4]::result::unwrap_failed
[INFO] [stderr]                                  at /rustc/3154cc1a3e6424e44f438a95007d043ed5ceaaf6/library/core/src/result.rs:1866:5
[INFO] [stderr]     17:     0x635a0962a79b - <core[934024a1e6126fb4]::result::Result<cargo_metadata[f1b080acfdd2419a]::Metadata, cargo_metadata[f1b080acfdd2419a]::errors::Error>>::expect
[INFO] [stderr]     18:     0x635a0962dfa3 - ere_util_build[cff9c117ba41cafd]::detect_dep_version
[INFO] [stderr]     19:     0x635a09626920 - build_script_build[73129b44a8f47e00]::generate_zkvm_sdk_version_impl::{closure#0}
[INFO] [stderr]     20:     0x635a0962679f - <core[934024a1e6126fb4]::ops::try_trait::NeverShortCircuit<alloc[b96ed41a801e996d]::string::String>>::wrap_mut_1::<(&str, &str), build_script_build[73129b44a8f47e00]::generate_zkvm_sdk_version_impl::{closure#0}>::{closure#0}
[INFO] [stderr]     21:     0x635a09627ce4 - <&mut core[934024a1e6126fb4]::array::drain::Drain<(&str, &str), <core[934024a1e6126fb4]::ops::try_trait::NeverShortCircuit<alloc[b96ed41a801e996d]::string::String>>::wrap_mut_1<(&str, &str), build_script_build[73129b44a8f47e00]::generate_zkvm_sdk_version_impl::{closure#0}>::{closure#0}> as core[934024a1e6126fb4]::ops::function::FnMut<(usize,)>>::call_mut
[INFO] [stderr]     22:     0x635a09626481 - core[934024a1e6126fb4]::array::try_from_fn_erased::<core[934024a1e6126fb4]::ops::try_trait::NeverShortCircuit<alloc[b96ed41a801e996d]::string::String>, &mut core[934024a1e6126fb4]::array::drain::Drain<(&str, &str), <core[934024a1e6126fb4]::ops::try_trait::NeverShortCircuit<alloc[b96ed41a801e996d]::string::String>>::wrap_mut_1<(&str, &str), build_script_build[73129b44a8f47e00]::generate_zkvm_sdk_version_impl::{closure#0}>::{closure#0}>>
[INFO] [stderr]     23:     0x635a096263eb - core[934024a1e6126fb4]::array::try_from_fn::<core[934024a1e6126fb4]::ops::try_trait::NeverShortCircuit<alloc[b96ed41a801e996d]::string::String>, 3usize, &mut core[934024a1e6126fb4]::array::drain::Drain<(&str, &str), <core[934024a1e6126fb4]::ops::try_trait::NeverShortCircuit<alloc[b96ed41a801e996d]::string::String>>::wrap_mut_1<(&str, &str), build_script_build[73129b44a8f47e00]::generate_zkvm_sdk_version_impl::{closure#0}>::{closure#0}>>
[INFO] [stderr]     24:     0x635a09626345 - <[(&str, &str); 3usize]>::try_map::<core[934024a1e6126fb4]::ops::try_trait::NeverShortCircuit<alloc[b96ed41a801e996d]::string::String>, <core[934024a1e6126fb4]::ops::try_trait::NeverShortCircuit<alloc[b96ed41a801e996d]::string::String>>::wrap_mut_1<(&str, &str), build_script_build[73129b44a8f47e00]::generate_zkvm_sdk_version_impl::{closure#0}>::{closure#0}>
[INFO] [stderr]     25:     0x635a096262b7 - <[(&str, &str); 3usize]>::map::<build_script_build[73129b44a8f47e00]::generate_zkvm_sdk_version_impl::{closure#0}, alloc[b96ed41a801e996d]::string::String>
[INFO] [stderr]     26:     0x635a096272b6 - build_script_build[73129b44a8f47e00]::generate_zkvm_sdk_version_impl
[INFO] [stderr]     27:     0x635a0962796b - build_script_build[73129b44a8f47e00]::main
[INFO] [stderr]     28:     0x635a09627eeb - <fn() as core[934024a1e6126fb4]::ops::function::FnOnce<()>>::call_once
[INFO] [stderr]     29:     0x635a0962675e - std[3164a59e47d3bde]::sys::backtrace::__rust_begin_short_backtrace::<fn(), ()>
[INFO] [stderr]     30:     0x635a096267d9 - std[3164a59e47d3bde]::rt::lang_start::<()>::{closure#0}
[INFO] [stderr]     31:     0x635a096dd798 - <&dyn core[934024a1e6126fb4]::ops::function::Fn<(), Output = i32> + core[934024a1e6126fb4]::marker::Sync + core[934024a1e6126fb4]::panic::unwind_safe::RefUnwindSafe as core[934024a1e6126fb4]::ops::function::FnOnce<()>>::call_once
[INFO] [stderr]                                  at /rustc/3154cc1a3e6424e44f438a95007d043ed5ceaaf6/library/core/src/ops/function.rs:287:21
[INFO] [stderr]     32:     0x635a096dd798 - std[3164a59e47d3bde]::panicking::catch_unwind::do_call::<&dyn core[934024a1e6126fb4]::ops::function::Fn<(), Output = i32> + core[934024a1e6126fb4]::marker::Sync + core[934024a1e6126fb4]::panic::unwind_safe::RefUnwindSafe, i32>
[INFO] [stderr]                                  at /rustc/3154cc1a3e6424e44f438a95007d043ed5ceaaf6/library/std/src/panicking.rs:573:43
[INFO] [stderr]     33:     0x635a096dd798 - std[3164a59e47d3bde]::panicking::catch_unwind::<i32, &dyn core[934024a1e6126fb4]::ops::function::Fn<(), Output = i32> + core[934024a1e6126fb4]::marker::Sync + core[934024a1e6126fb4]::panic::unwind_safe::RefUnwindSafe>
[INFO] [stderr]                                  at /rustc/3154cc1a3e6424e44f438a95007d043ed5ceaaf6/library/std/src/panicking.rs:541:19
[INFO] [stderr]     34:     0x635a096dd798 - std[3164a59e47d3bde]::panic::catch_unwind::<&dyn core[934024a1e6126fb4]::ops::function::Fn<(), Output = i32> + core[934024a1e6126fb4]::marker::Sync + core[934024a1e6126fb4]::panic::unwind_safe::RefUnwindSafe, i32>
[INFO] [stderr]                                  at /rustc/3154cc1a3e6424e44f438a95007d043ed5ceaaf6/library/std/src/panic.rs:359:14
[INFO] [stderr]     35:     0x635a096dd798 - std[3164a59e47d3bde]::rt::lang_start_internal::{closure#0}
[INFO] [stderr]                                  at /rustc/3154cc1a3e6424e44f438a95007d043ed5ceaaf6/library/std/src/rt.rs:175:24
[INFO] [stderr]     36:     0x635a096dd798 - std[3164a59e47d3bde]::panicking::catch_unwind::do_call::<std[3164a59e47d3bde]::rt::lang_start_internal::{closure#0}, isize>
[INFO] [stderr]                                  at /rustc/3154cc1a3e6424e44f438a95007d043ed5ceaaf6/library/std/src/panicking.rs:573:43
[INFO] [stderr]     37:     0x635a096dd798 - std[3164a59e47d3bde]::panicking::catch_unwind::<isize, std[3164a59e47d3bde]::rt::lang_start_internal::{closure#0}>
[INFO] [stderr]                                  at /rustc/3154cc1a3e6424e44f438a95007d043ed5ceaaf6/library/std/src/panicking.rs:541:19
[INFO] [stderr]     38:     0x635a096dd798 - std[3164a59e47d3bde]::panic::catch_unwind::<std[3164a59e47d3bde]::rt::lang_start_internal::{closure#0}, isize>
[INFO] [stderr]                                  at /rustc/3154cc1a3e6424e44f438a95007d043ed5ceaaf6/library/std/src/panic.rs:359:14
[INFO] [stderr]     39:     0x635a096dd798 - std[3164a59e47d3bde]::rt::lang_start_internal
[INFO] [stderr]                                  at /rustc/3154cc1a3e6424e44f438a95007d043ed5ceaaf6/library/std/src/rt.rs:171:5
[INFO] [stderr]     40:     0x635a09626751 - std[3164a59e47d3bde]::rt::lang_start::<()>
[INFO] [stderr]     41:     0x635a09627f25 - main
[INFO] [stderr]     42:     0x7d8dc401f601 - <unknown>
[INFO] [stderr]     43:     0x7d8dc401f718 - __libc_start_main
[INFO] [stderr]     44:     0x635a09626135 - _start
[INFO] [stderr]     45:                0x0 - <unknown>
[INFO] [stderr] warning: build failed, waiting for other jobs to finish...
[INFO] [stderr] error: failed to run custom build command for `stateless-validator-catalog v0.16.0 (https://github.com/eth-act/ere-guests?tag=v0.16.0#4826a7bf)`
[INFO] [stderr] note: To improve backtraces for build dependencies, set the CARGO_PROFILE_DEV_BUILD_OVERRIDE_DEBUG=true environment variable to enable debug information generation.
[INFO] [stderr] 
[INFO] [stderr] Caused by:
[INFO] [stderr]   process didn't exit successfully: `/opt/rustwide/target/debug/build/stateless-validator-catalog/d80d04afe08f1d79/out/build_script_build` (exit status: 101)
[INFO] [stderr]   --- stderr
[INFO] [stderr] 
[INFO] [stderr]   thread 'main' (1139) panicked at /opt/rustwide/cargo-home/git/checkouts/ere-02b047aa486ef1ec/8961a4e/crates/util/build/src/lib.rs:50:10:
[INFO] [stderr]   cargo metadata should not fail: CargoMetadata { stderr: "    Updating crates.io index\n    Updating git repository `https://github.com/lambdaclass/ethrex.git`\nerror: failed to get `ethrex-common` as a dependency of package `stateless-validator-ethrex v0.16.0 (/opt/rustwide/cargo-home/git/checkouts/ere-guests-1aad5bd5f2b6cea1/4826a7b/crates/stateless-validator-ethrex)`\n\nCaused by:\n  failed to load source for dependency `ethrex-common`\n\nCaused by:\n  unable to update https://github.com/lambdaclass/ethrex.git?tag=v23.0.0#d906f106\n\nCaused by:\n  failed to create directory `/opt/rustwide/cargo-home/git/db/ethrex-b17359103979e28f`\n\nCaused by:\n  Read-only file system (os error 30)\n" }
[INFO] [stderr]   stack backtrace:
[INFO] [stderr]      0:     0x55dc2b7bd661 - std[3164a59e47d3bde]::backtrace_rs::backtrace::libunwind::trace
[INFO] [stderr]                                  at /rustc/3154cc1a3e6424e44f438a95007d043ed5ceaaf6/library/std/src/../../backtrace/src/backtrace/libunwind.rs:117:9
[INFO] [stderr]      1:     0x55dc2b7bd661 - std[3164a59e47d3bde]::backtrace_rs::backtrace::trace_unsynchronized::<std[3164a59e47d3bde]::sys::backtrace::_print_fmt::{closure#1}>
[INFO] [stderr]                                  at /rustc/3154cc1a3e6424e44f438a95007d043ed5ceaaf6/library/std/src/../../backtrace/src/backtrace/mod.rs:66:14
[INFO] [stderr]      2:     0x55dc2b7bd661 - std[3164a59e47d3bde]::sys::backtrace::_print_fmt
[INFO] [stderr]                                  at /rustc/3154cc1a3e6424e44f438a95007d043ed5ceaaf6/library/std/src/sys/backtrace.rs:74:9
[INFO] [stderr]      3:     0x55dc2b7bd661 - <<std[3164a59e47d3bde]::sys::backtrace::BacktraceLock>::print::DisplayBacktrace as core[934024a1e6126fb4]::fmt::Display>::fmt
[INFO] [stderr]                                  at /rustc/3154cc1a3e6424e44f438a95007d043ed5ceaaf6/library/std/src/sys/backtrace.rs:44:26
[INFO] [stderr]      4:     0x55dc2b7d05da - <core[934024a1e6126fb4]::fmt::rt::Argument>::fmt
[INFO] [stderr]                                  at /rustc/3154cc1a3e6424e44f438a95007d043ed5ceaaf6/library/core/src/fmt/rt.rs:152:76
[INFO] [stderr]      5:     0x55dc2b7d05da - core[934024a1e6126fb4]::fmt::write
[INFO] [stderr]      6:     0x55dc2b7c130c - core[934024a1e6126fb4]::io::write::default_write_fmt::<std[3164a59e47d3bde]::sys::stdio::unix::Stderr>
[INFO] [stderr]                                  at /rustc/3154cc1a3e6424e44f438a95007d043ed5ceaaf6/library/core/src/io/write.rs:402:11
[INFO] [stderr]      7:     0x55dc2b7c130c - <std[3164a59e47d3bde]::sys::stdio::unix::Stderr as core[934024a1e6126fb4]::io::write::Write>::write_fmt
[INFO] [stderr]                                  at /rustc/3154cc1a3e6424e44f438a95007d043ed5ceaaf6/library/core/src/io/write.rs:335:13
[INFO] [stderr]      8:     0x55dc2b79e8e6 - <std[3164a59e47d3bde]::sys::backtrace::BacktraceLock>::print
[INFO] [stderr]                                  at /rustc/3154cc1a3e6424e44f438a95007d043ed5ceaaf6/library/std/src/sys/backtrace.rs:47:9
[INFO] [stderr]      9:     0x55dc2b79e8e6 - std[3164a59e47d3bde]::panicking::default_hook::{closure#0}
[INFO] [stderr]                                  at /rustc/3154cc1a3e6424e44f438a95007d043ed5ceaaf6/library/std/src/panicking.rs:289:27
[INFO] [stderr]     10:     0x55dc2b7b8831 - std[3164a59e47d3bde]::panicking::default_hook
[INFO] [stderr]                                  at /rustc/3154cc1a3e6424e44f438a95007d043ed5ceaaf6/library/std/src/panicking.rs:316:9
[INFO] [stderr]     11:     0x55dc2b7b89eb - std[3164a59e47d3bde]::panicking::panic_with_hook
[INFO] [stderr]                                  at /rustc/3154cc1a3e6424e44f438a95007d043ed5ceaaf6/library/std/src/panicking.rs:811:13
[INFO] [stderr]     12:     0x55dc2b79e992 - std[3164a59e47d3bde]::panicking::panic_handler::{closure#0}
[INFO] [stderr]                                  at /rustc/3154cc1a3e6424e44f438a95007d043ed5ceaaf6/library/std/src/panicking.rs:685:13
[INFO] [stderr]     13:     0x55dc2b7975f9 - std[3164a59e47d3bde]::sys::backtrace::__rust_end_short_backtrace::<std[3164a59e47d3bde]::panicking::panic_handler::{closure#0}, !>
[INFO] [stderr]                                  at /rustc/3154cc1a3e6424e44f438a95007d043ed5ceaaf6/library/std/src/sys/backtrace.rs:182:18
[INFO] [stderr]     14:     0x55dc2b79f17d - __rustc[2e7b49d4226056d3]::rust_begin_unwind
[INFO] [stderr]                                  at /rustc/3154cc1a3e6424e44f438a95007d043ed5ceaaf6/library/std/src/panicking.rs:676:5
[INFO] [stderr]     15:     0x55dc2b7d0dcc - core[934024a1e6126fb4]::panicking::panic_fmt
[INFO] [stderr]                                  at /rustc/3154cc1a3e6424e44f438a95007d043ed5ceaaf6/library/core/src/panicking.rs:80:14
[INFO] [stderr]     16:     0x55dc2b7d0b22 - core[934024a1e6126fb4]::result::unwrap_failed
[INFO] [stderr]                                  at /rustc/3154cc1a3e6424e44f438a95007d043ed5ceaaf6/library/core/src/result.rs:1866:5
[INFO] [stderr]     17:     0x55dc2b705efb - <core[934024a1e6126fb4]::result::Result<cargo_metadata[f1b080acfdd2419a]::Metadata, cargo_metadata[f1b080acfdd2419a]::errors::Error>>::expect
[INFO] [stderr]     18:     0x55dc2b7091e3 - ere_util_build[860c87f4b9cc7cfe]::detect_dep_version
[INFO] [stderr]     19:     0x55dc2b6ff52e - build_script_build[a6bd316805fc8906]::main
[INFO] [stderr]     20:     0x55dc2b7036d3 - <fn() as core[934024a1e6126fb4]::ops::function::FnOnce<()>>::call_once
[INFO] [stderr]     21:     0x55dc2b6fa55e - std[3164a59e47d3bde]::sys::backtrace::__rust_begin_short_backtrace::<fn(), ()>
[INFO] [stderr]     22:     0x55dc2b6fedc9 - std[3164a59e47d3bde]::rt::lang_start::<()>::{closure#0}
[INFO] [stderr]     23:     0x55dc2b7b7ca8 - <&dyn core[934024a1e6126fb4]::ops::function::Fn<(), Output = i32> + core[934024a1e6126fb4]::marker::Sync + core[934024a1e6126fb4]::panic::unwind_safe::RefUnwindSafe as core[934024a1e6126fb4]::ops::function::FnOnce<()>>::call_once
[INFO] [stderr]                                  at /rustc/3154cc1a3e6424e44f438a95007d043ed5ceaaf6/library/core/src/ops/function.rs:287:21
[INFO] [stderr]     24:     0x55dc2b7b7ca8 - std[3164a59e47d3bde]::panicking::catch_unwind::do_call::<&dyn core[934024a1e6126fb4]::ops::function::Fn<(), Output = i32> + core[934024a1e6126fb4]::marker::Sync + core[934024a1e6126fb4]::panic::unwind_safe::RefUnwindSafe, i32>
[INFO] [stderr]                                  at /rustc/3154cc1a3e6424e44f438a95007d043ed5ceaaf6/library/std/src/panicking.rs:573:43
[INFO] [stderr]     25:     0x55dc2b7b7ca8 - std[3164a59e47d3bde]::panicking::catch_unwind::<i32, &dyn core[934024a1e6126fb4]::ops::function::Fn<(), Output = i32> + core[934024a1e6126fb4]::marker::Sync + core[934024a1e6126fb4]::panic::unwind_safe::RefUnwindSafe>
[INFO] [stderr]                                  at /rustc/3154cc1a3e6424e44f438a95007d043ed5ceaaf6/library/std/src/panicking.rs:541:19
[INFO] [stderr]     26:     0x55dc2b7b7ca8 - std[3164a59e47d3bde]::panic::catch_unwind::<&dyn core[934024a1e6126fb4]::ops::function::Fn<(), Output = i32> + core[934024a1e6126fb4]::marker::Sync + core[934024a1e6126fb4]::panic::unwind_safe::RefUnwindSafe, i32>
[INFO] [stderr]                                  at /rustc/3154cc1a3e6424e44f438a95007d043ed5ceaaf6/library/std/src/panic.rs:359:14
[INFO] [stderr]     27:     0x55dc2b7b7ca8 - std[3164a59e47d3bde]::rt::lang_start_internal::{closure#0}
[INFO] [stderr]                                  at /rustc/3154cc1a3e6424e44f438a95007d043ed5ceaaf6/library/std/src/rt.rs:175:24
[INFO] [stderr]     28:     0x55dc2b7b7ca8 - std[3164a59e47d3bde]::panicking::catch_unwind::do_call::<std[3164a59e47d3bde]::rt::lang_start_internal::{closure#0}, isize>
[INFO] [stderr]                                  at /rustc/3154cc1a3e6424e44f438a95007d043ed5ceaaf6/library/std/src/panicking.rs:573:43
[INFO] [stderr]     29:     0x55dc2b7b7ca8 - std[3164a59e47d3bde]::panicking::catch_unwind::<isize, std[3164a59e47d3bde]::rt::lang_start_internal::{closure#0}>
[INFO] [stderr]                                  at /rustc/3154cc1a3e6424e44f438a95007d043ed5ceaaf6/library/std/src/panicking.rs:541:19
[INFO] [stderr]     30:     0x55dc2b7b7ca8 - std[3164a59e47d3bde]::panic::catch_unwind::<std[3164a59e47d3bde]::rt::lang_start_internal::{closure#0}, isize>
[INFO] [stderr]                                  at /rustc/3154cc1a3e6424e44f438a95007d043ed5ceaaf6/library/std/src/panic.rs:359:14
[INFO] [stderr]     31:     0x55dc2b7b7ca8 - std[3164a59e47d3bde]::rt::lang_start_internal
[INFO] [stderr]                                  at /rustc/3154cc1a3e6424e44f438a95007d043ed5ceaaf6/library/std/src/rt.rs:171:5
[INFO] [stderr]     32:     0x55dc2b6fa4a1 - std[3164a59e47d3bde]::rt::lang_start::<()>
[INFO] [stderr]     33:     0x55dc2b703715 - main
[INFO] [stderr]     34:     0x73bebfacd601 - <unknown>
[INFO] [stderr]     35:     0x73bebfacd718 - __libc_start_main
[INFO] [stderr]     36:     0x55dc2b6f9ba5 - _start
[INFO] [stderr]     37:                0x0 - <unknown>
[INFO] [stderr] error: failed to run custom build command for `ere-catalog v0.16.2 (https://github.com/eth-act/ere?tag=v0.16.2#8961a4e7)`
[INFO] [stderr] note: To improve backtraces for build dependencies, set the CARGO_PROFILE_DEV_BUILD_OVERRIDE_DEBUG=true environment variable to enable debug information generation.
[INFO] [stderr] 
[INFO] [stderr] Caused by:
[INFO] [stderr]   process didn't exit successfully: `/opt/rustwide/target/debug/build/ere-catalog/d5e1878863241857/out/build_script_build` (exit status: 101)
[INFO] [stderr]   --- stdout
[INFO] [stderr]   cargo:rerun-if-changed=/opt/rustwide/cargo-home/git/checkouts/ere-02b047aa486ef1ec/8961a4e/.git/HEAD
[INFO] [stderr]   cargo:rerun-if-changed=/opt/rustwide/cargo-home/git/checkouts/ere-02b047aa486ef1ec/8961a4e/.git/refs
[INFO] [stderr] 
[INFO] [stderr]   --- stderr
[INFO] [stderr] 
[INFO] [stderr]   thread 'main' (1135) panicked at /opt/rustwide/cargo-home/git/checkouts/ere-02b047aa486ef1ec/8961a4e/crates/util/build/src/lib.rs:50:10:
[INFO] [stderr]   cargo metadata should not fail: CargoMetadata { stderr: "    Updating git repository `https://github.com/han0110/openvm.git`\nerror: failed to get `openvm-build` as a dependency of package `ere-compiler-openvm v0.16.2 (/opt/rustwide/cargo-home/git/checkouts/ere-02b047aa486ef1ec/8961a4e/crates/compiler/openvm)`\n\nCaused by:\n  failed to load source for dependency `openvm-build`\n\nCaused by:\n  unable to update https://github.com/han0110/openvm.git?branch=patch%2Fv2.1.0-preview#a391b22e\n\nCaused by:\n  failed to create directory `/opt/rustwide/cargo-home/git/db/openvm-807e0581f444b98c`\n\nCaused by:\n  Read-only file system (os error 30)\n" }
[INFO] [stderr]   stack backtrace:
[INFO] [stderr]      0:     0x55626af00e41 - std[3164a59e47d3bde]::backtrace_rs::backtrace::libunwind::trace
[INFO] [stderr]                                  at /rustc/3154cc1a3e6424e44f438a95007d043ed5ceaaf6/library/std/src/../../backtrace/src/backtrace/libunwind.rs:117:9
[INFO] [stderr]      1:     0x55626af00e41 - std[3164a59e47d3bde]::backtrace_rs::backtrace::trace_unsynchronized::<std[3164a59e47d3bde]::sys::backtrace::_print_fmt::{closure#1}>
[INFO] [stderr]                                  at /rustc/3154cc1a3e6424e44f438a95007d043ed5ceaaf6/library/std/src/../../backtrace/src/backtrace/mod.rs:66:14
[INFO] [stderr]      2:     0x55626af00e41 - std[3164a59e47d3bde]::sys::backtrace::_print_fmt
[INFO] [stderr]                                  at /rustc/3154cc1a3e6424e44f438a95007d043ed5ceaaf6/library/std/src/sys/backtrace.rs:74:9
[INFO] [stderr]      3:     0x55626af00e41 - <<std[3164a59e47d3bde]::sys::backtrace::BacktraceLock>::print::DisplayBacktrace as core[934024a1e6126fb4]::fmt::Display>::fmt
[INFO] [stderr]                                  at /rustc/3154cc1a3e6424e44f438a95007d043ed5ceaaf6/library/std/src/sys/backtrace.rs:44:26
[INFO] [stderr]      4:     0x55626af13d7a - <core[934024a1e6126fb4]::fmt::rt::Argument>::fmt
[INFO] [stderr]                                  at /rustc/3154cc1a3e6424e44f438a95007d043ed5ceaaf6/library/core/src/fmt/rt.rs:152:76
[INFO] [stderr]      5:     0x55626af13d7a - core[934024a1e6126fb4]::fmt::write
[INFO] [stderr]      6:     0x55626af04aec - core[934024a1e6126fb4]::io::write::default_write_fmt::<std[3164a59e47d3bde]::sys::stdio::unix::Stderr>
[INFO] [stderr]                                  at /rustc/3154cc1a3e6424e44f438a95007d043ed5ceaaf6/library/core/src/io/write.rs:402:11
[INFO] [stderr]      7:     0x55626af04aec - <std[3164a59e47d3bde]::sys::stdio::unix::Stderr as core[934024a1e6126fb4]::io::write::Write>::write_fmt
[INFO] [stderr]                                  at /rustc/3154cc1a3e6424e44f438a95007d043ed5ceaaf6/library/core/src/io/write.rs:335:13
[INFO] [stderr]      8:     0x55626aee23a6 - <std[3164a59e47d3bde]::sys::backtrace::BacktraceLock>::print
[INFO] [stderr]                                  at /rustc/3154cc1a3e6424e44f438a95007d043ed5ceaaf6/library/std/src/sys/backtrace.rs:47:9
[INFO] [stderr]      9:     0x55626aee23a6 - std[3164a59e47d3bde]::panicking::default_hook::{closure#0}
[INFO] [stderr]                                  at /rustc/3154cc1a3e6424e44f438a95007d043ed5ceaaf6/library/std/src/panicking.rs:289:27
[INFO] [stderr]     10:     0x55626aefc321 - std[3164a59e47d3bde]::panicking::default_hook
[INFO] [stderr]                                  at /rustc/3154cc1a3e6424e44f438a95007d043ed5ceaaf6/library/std/src/panicking.rs:316:9
[INFO] [stderr]     11:     0x55626aefc4db - std[3164a59e47d3bde]::panicking::panic_with_hook
[INFO] [stderr]                                  at /rustc/3154cc1a3e6424e44f438a95007d043ed5ceaaf6/library/std/src/panicking.rs:811:13
[INFO] [stderr]     12:     0x55626aee2452 - std[3164a59e47d3bde]::panicking::panic_handler::{closure#0}
[INFO] [stderr]                                  at /rustc/3154cc1a3e6424e44f438a95007d043ed5ceaaf6/library/std/src/panicking.rs:685:13
[INFO] [stderr]     13:     0x55626aedb249 - std[3164a59e47d3bde]::sys::backtrace::__rust_end_short_backtrace::<std[3164a59e47d3bde]::panicking::panic_handler::{closure#0}, !>
[INFO] [stderr]                                  at /rustc/3154cc1a3e6424e44f438a95007d043ed5ceaaf6/library/std/src/sys/backtrace.rs:182:18
[INFO] [stderr]     14:     0x55626aee2c3d - __rustc[2e7b49d4226056d3]::rust_begin_unwind
[INFO] [stderr]                                  at /rustc/3154cc1a3e6424e44f438a95007d043ed5ceaaf6/library/std/src/panicking.rs:676:5
[INFO] [stderr]     15:     0x55626af1456c - core[934024a1e6126fb4]::panicking::panic_fmt
[INFO] [stderr]                                  at /rustc/3154cc1a3e6424e44f438a95007d043ed5ceaaf6/library/core/src/panicking.rs:80:14
[INFO] [stderr]     16:     0x55626af142c2 - core[934024a1e6126fb4]::result::unwrap_failed
[INFO] [stderr]                                  at /rustc/3154cc1a3e6424e44f438a95007d043ed5ceaaf6/library/core/src/result.rs:1866:5
[INFO] [stderr]     17:     0x55626ae4882b - <core[934024a1e6126fb4]::result::Result<cargo_metadata[f1b080acfdd2419a]::Metadata, cargo_metadata[f1b080acfdd2419a]::errors::Error>>::expect
[INFO] [stderr]     18:     0x55626ae4bec3 - ere_util_build[860c87f4b9cc7cfe]::detect_dep_version
[INFO] [stderr]     19:     0x55626ae44930 - build_script_build[3f9922d7988f593f]::generate_zkvm_sdk_version_impl::{closure#0}
[INFO] [stderr]     20:     0x55626ae447af - <core[934024a1e6126fb4]::ops::try_trait::NeverShortCircuit<alloc[b96ed41a801e996d]::string::String>>::wrap_mut_1::<(&str, &str), build_script_build[3f9922d7988f593f]::generate_zkvm_sdk_version_impl::{closure#0}>::{closure#0}
[INFO] [stderr]     21:     0x55626ae45cf4 - <&mut core[934024a1e6126fb4]::array::drain::Drain<(&str, &str), <core[934024a1e6126fb4]::ops::try_trait::NeverShortCircuit<alloc[b96ed41a801e996d]::string::String>>::wrap_mut_1<(&str, &str), build_script_build[3f9922d7988f593f]::generate_zkvm_sdk_version_impl::{closure#0}>::{closure#0}> as core[934024a1e6126fb4]::ops::function::FnMut<(usize,)>>::call_mut
[INFO] [stderr]     22:     0x55626ae44491 - core[934024a1e6126fb4]::array::try_from_fn_erased::<core[934024a1e6126fb4]::ops::try_trait::NeverShortCircuit<alloc[b96ed41a801e996d]::string::String>, &mut core[934024a1e6126fb4]::array::drain::Drain<(&str, &str), <core[934024a1e6126fb4]::ops::try_trait::NeverShortCircuit<alloc[b96ed41a801e996d]::string::String>>::wrap_mut_1<(&str, &str), build_script_build[3f9922d7988f593f]::generate_zkvm_sdk_version_impl::{closure#0}>::{closure#0}>>
[INFO] [stderr]     23:     0x55626ae443fb - core[934024a1e6126fb4]::array::try_from_fn::<core[934024a1e6126fb4]::ops::try_trait::NeverShortCircuit<alloc[b96ed41a801e996d]::string::String>, 3usize, &mut core[934024a1e6126fb4]::array::drain::Drain<(&str, &str), <core[934024a1e6126fb4]::ops::try_trait::NeverShortCircuit<alloc[b96ed41a801e996d]::string::String>>::wrap_mut_1<(&str, &str), build_script_build[3f9922d7988f593f]::generate_zkvm_sdk_version_impl::{closure#0}>::{closure#0}>>
[INFO] [stderr]     24:     0x55626ae44355 - <[(&str, &str); 3usize]>::try_map::<core[934024a1e6126fb4]::ops::try_trait::NeverShortCircuit<alloc[b96ed41a801e996d]::string::String>, <core[934024a1e6126fb4]::ops::try_trait::NeverShortCircuit<alloc[b96ed41a801e996d]::string::String>>::wrap_mut_1<(&str, &str), build_script_build[3f9922d7988f593f]::generate_zkvm_sdk_version_impl::{closure#0}>::{closure#0}>
[INFO] [stderr]     25:     0x55626ae442c7 - <[(&str, &str); 3usize]>::map::<build_script_build[3f9922d7988f593f]::generate_zkvm_sdk_version_impl::{closure#0}, alloc[b96ed41a801e996d]::string::String>
[INFO] [stderr]     26:     0x55626ae452c6 - build_script_build[3f9922d7988f593f]::generate_zkvm_sdk_version_impl
[INFO] [stderr]     27:     0x55626ae4597b - build_script_build[3f9922d7988f593f]::main
[INFO] [stderr]     28:     0x55626ae45efb - <fn() as core[934024a1e6126fb4]::ops::function::FnOnce<()>>::call_once
[INFO] [stderr]     29:     0x55626ae4476e - std[3164a59e47d3bde]::sys::backtrace::__rust_begin_short_backtrace::<fn(), ()>
[INFO] [stderr]     30:     0x55626ae447e9 - std[3164a59e47d3bde]::rt::lang_start::<()>::{closure#0}
[INFO] [stderr]     31:     0x55626aefb798 - <&dyn core[934024a1e6126fb4]::ops::function::Fn<(), Output = i32> + core[934024a1e6126fb4]::marker::Sync + core[934024a1e6126fb4]::panic::unwind_safe::RefUnwindSafe as core[934024a1e6126fb4]::ops::function::FnOnce<()>>::call_once
[INFO] [stderr]                                  at /rustc/3154cc1a3e6424e44f438a95007d043ed5ceaaf6/library/core/src/ops/function.rs:287:21
[INFO] [stderr]     32:     0x55626aefb798 - std[3164a59e47d3bde]::panicking::catch_unwind::do_call::<&dyn core[934024a1e6126fb4]::ops::function::Fn<(), Output = i32> + core[934024a1e6126fb4]::marker::Sync + core[934024a1e6126fb4]::panic::unwind_safe::RefUnwindSafe, i32>
[INFO] [stderr]                                  at /rustc/3154cc1a3e6424e44f438a95007d043ed5ceaaf6/library/std/src/panicking.rs:573:43
[INFO] [stderr]     33:     0x55626aefb798 - std[3164a59e47d3bde]::panicking::catch_unwind::<i32, &dyn core[934024a1e6126fb4]::ops::function::Fn<(), Output = i32> + core[934024a1e6126fb4]::marker::Sync + core[934024a1e6126fb4]::panic::unwind_safe::RefUnwindSafe>
[INFO] [stderr]                                  at /rustc/3154cc1a3e6424e44f438a95007d043ed5ceaaf6/library/std/src/panicking.rs:541:19
[INFO] [stderr]     34:     0x55626aefb798 - std[3164a59e47d3bde]::panic::catch_unwind::<&dyn core[934024a1e6126fb4]::ops::function::Fn<(), Output = i32> + core[934024a1e6126fb4]::marker::Sync + core[934024a1e6126fb4]::panic::unwind_safe::RefUnwindSafe, i32>
[INFO] [stderr]                                  at /rustc/3154cc1a3e6424e44f438a95007d043ed5ceaaf6/library/std/src/panic.rs:359:14
[INFO] [stderr]     35:     0x55626aefb798 - std[3164a59e47d3bde]::rt::lang_start_internal::{closure#0}
[INFO] [stderr]                                  at /rustc/3154cc1a3e6424e44f438a95007d043ed5ceaaf6/library/std/src/rt.rs:175:24
[INFO] [stderr]     36:     0x55626aefb798 - std[3164a59e47d3bde]::panicking::catch_unwind::do_call::<std[3164a59e47d3bde]::rt::lang_start_internal::{closure#0}, isize>
[INFO] [stderr]                                  at /rustc/3154cc1a3e6424e44f438a95007d043ed5ceaaf6/library/std/src/panicking.rs:573:43
[INFO] [stderr]     37:     0x55626aefb798 - std[3164a59e47d3bde]::panicking::catch_unwind::<isize, std[3164a59e47d3bde]::rt::lang_start_internal::{closure#0}>
[INFO] [stderr]                                  at /rustc/3154cc1a3e6424e44f438a95007d043ed5ceaaf6/library/std/src/panicking.rs:541:19
[INFO] [stderr]     38:     0x55626aefb798 - std[3164a59e47d3bde]::panic::catch_unwind::<std[3164a59e47d3bde]::rt::lang_start_internal::{closure#0}, isize>
[INFO] [stderr]                                  at /rustc/3154cc1a3e6424e44f438a95007d043ed5ceaaf6/library/std/src/panic.rs:359:14
[INFO] [stderr]     39:     0x55626aefb798 - std[3164a59e47d3bde]::rt::lang_start_internal
[INFO] [stderr]                                  at /rustc/3154cc1a3e6424e44f438a95007d043ed5ceaaf6/library/std/src/rt.rs:171:5
[INFO] [stderr]     40:     0x55626ae44761 - std[3164a59e47d3bde]::rt::lang_start::<()>
[INFO] [stderr]     41:     0x55626ae45f35 - main
[INFO] [stderr]     42:     0x7ed2c7965601 - <unknown>
[INFO] [stderr]     43:     0x7ed2c7965718 - __libc_start_main
[INFO] [stderr]     44:     0x55626ae44145 - _start
[INFO] [stderr]     45:                0x0 - <unknown>
[INFO] running `Command { std: "docker" "inspect" "218335a5d70102c51bb0f9da28443f8f95fc8f4fbb4ab76e779a2529bae9d2d7", kill_on_drop: false }`
[INFO] running `Command { std: "docker" "rm" "-f" "218335a5d70102c51bb0f9da28443f8f95fc8f4fbb4ab76e779a2529bae9d2d7", kill_on_drop: false }`
[INFO] [stdout] 218335a5d70102c51bb0f9da28443f8f95fc8f4fbb4ab76e779a2529bae9d2d7
