[INFO] cloning repository https://github.com/hakoerber/screencfg
[INFO] running `Command { std: "git" "-c" "credential.helper=" "-c" "credential.helper=/workspace/cargo-home/bin/git-credential-null" "clone" "--bare" "https://github.com/hakoerber/screencfg" "/workspace/cache/git-repos/https%3A%2F%2Fgithub.com%2Fhakoerber%2Fscreencfg", kill_on_drop: false }`
[INFO] [stderr] Cloning into bare repository '/workspace/cache/git-repos/https%3A%2F%2Fgithub.com%2Fhakoerber%2Fscreencfg'...
[INFO] running `Command { std: "git" "rev-parse" "HEAD", kill_on_drop: false }`
[INFO] [stdout] bbae4f31ffb4d6524995c31254ab80de711541e0
[INFO] checking hakoerber/screencfg against 3154cc1a3e6424e44f438a95007d043ed5ceaaf6+rustflags=-Znext-solver=coherence for pr-133502-30
[INFO] running `Command { std: "git" "clone" "/workspace/cache/git-repos/https%3A%2F%2Fgithub.com%2Fhakoerber%2Fscreencfg" "/workspace/builds/worker-5-tc1/source", kill_on_drop: false }`
[INFO] [stderr] Cloning into '/workspace/builds/worker-5-tc1/source'...
[INFO] [stderr] done.
[INFO] started tweaking git repo https://github.com/hakoerber/screencfg
[INFO] finished tweaking git repo https://github.com/hakoerber/screencfg
[INFO] tweaked toml for git repo https://github.com/hakoerber/screencfg written to /workspace/builds/worker-5-tc1/source/Cargo.toml
[INFO] validating manifest of git repo https://github.com/hakoerber/screencfg on toolchain 3154cc1a3e6424e44f438a95007d043ed5ceaaf6
[INFO] running `Command { std: CARGO_HOME="/workspace/cargo-home" RUSTUP_HOME="/workspace/rustup-home" "/workspace/cargo-home/bin/cargo" "+3154cc1a3e6424e44f438a95007d043ed5ceaaf6" "metadata" "--manifest-path" "Cargo.toml" "--no-deps", kill_on_drop: false }`
[INFO] crate git repo https://github.com/hakoerber/screencfg already has a lockfile, it will not be regenerated
[INFO] running `Command { std: CARGO_HOME="/workspace/cargo-home" RUSTUP_HOME="/workspace/rustup-home" "/workspace/cargo-home/bin/cargo" "+3154cc1a3e6424e44f438a95007d043ed5ceaaf6" "fetch" "--manifest-path" "Cargo.toml", kill_on_drop: false }`
[INFO] running `Command { std: "docker" "create" "-v" "/var/lib/crater-agent-workspace/builds/worker-5-tc1/source:/opt/rustwide/workdir:ro,Z" "-v" "/var/lib/crater-agent-workspace/builds/worker-5-tc1/target:/opt/rustwide/target:rw,Z" "-v" "/var/lib/crater-agent-workspace/cargo-home:/opt/rustwide/cargo-home:ro,Z" "-v" "/var/lib/crater-agent-workspace/rustup-home:/opt/rustwide/rustup-home:ro,Z" "-m" "1610612736" "--network" "none" "ghcr.io/rust-lang/crates-build-env/linux@sha256:77db811e55d90add9212f6832c23229e3de5f1c1f9905e8cb07319ea15df73ac" "sleep" "infinity", kill_on_drop: false }`
[INFO] [stdout] 12672d5a6284232afed06b22027e653c9228df97ddd086751ce40ad6c9666131
[INFO] running `Command { std: "docker" "start" "12672d5a6284232afed06b22027e653c9228df97ddd086751ce40ad6c9666131", kill_on_drop: false }`
[INFO] running `Command { std: "docker" "inspect" "12672d5a6284232afed06b22027e653c9228df97ddd086751ce40ad6c9666131", kill_on_drop: false }`
[INFO] running `Command { std: "docker" "exec" "-e" "SOURCE_DIR=/opt/rustwide/workdir" "-e" "CARGO_HOME=/opt/rustwide/cargo-home" "-e" "RUSTUP_HOME=/opt/rustwide/rustup-home" "-e" "CARGO_TARGET_DIR=/opt/rustwide/target" "-w" "/opt/rustwide/workdir" "--user" "0:0" "12672d5a6284232afed06b22027e653c9228df97ddd086751ce40ad6c9666131" "/opt/rustwide/cargo-home/bin/cargo" "+3154cc1a3e6424e44f438a95007d043ed5ceaaf6" "metadata" "--no-deps" "--format-version=1", kill_on_drop: false }`
[INFO] running `Command { std: "docker" "inspect" "12672d5a6284232afed06b22027e653c9228df97ddd086751ce40ad6c9666131", kill_on_drop: false }`
[INFO] running `Command { std: "docker" "exec" "-e" "SOURCE_DIR=/opt/rustwide/workdir" "-e" "CARGO_HOME=/opt/rustwide/cargo-home" "-e" "RUSTUP_HOME=/opt/rustwide/rustup-home" "-e" "CARGO_TARGET_DIR=/opt/rustwide/target" "-e" "CARGO_INCREMENTAL=0" "-e" "RUST_BACKTRACE=full" "-e" "RUSTFLAGS=--cap-lints=forbid -Znext-solver=coherence" "-e" "RUSTDOCFLAGS=--cap-lints=forbid" "-w" "/opt/rustwide/workdir" "--user" "0:0" "12672d5a6284232afed06b22027e653c9228df97ddd086751ce40ad6c9666131" "/opt/rustwide/cargo-home/bin/cargo" "+3154cc1a3e6424e44f438a95007d043ed5ceaaf6" "check" "--frozen" "--all" "--all-targets" "--message-format=json", kill_on_drop: false }`
[INFO] [stderr]    Compiling unicode-ident v1.0.26
[INFO] [stderr]    Compiling serde_json v1.0.151
[INFO] [stderr]    Compiling thiserror v2.0.20
[INFO] [stderr]    Compiling serde v1.0.229
[INFO] [stderr]     Checking memchr v2.8.3
[INFO] [stderr]     Checking clap_lex v1.1.1
[INFO] [stderr]     Checking toml_parser v1.1.3+spec-1.1.0
[INFO] [stderr]     Checking serde_spanned v1.1.1
[INFO] [stderr]    Compiling proc-macro2 v1.0.107
[INFO] [stderr]     Checking toml_datetime v1.1.1+spec-1.1.0
[INFO] [stderr]     Checking clap_builder v4.6.7
[INFO] [stderr]     Checking toml v1.1.6+spec-1.1.0
[INFO] [stderr]    Compiling quote v1.0.47
[INFO] [stderr]    Compiling syn v3.0.6
[INFO] [stderr]    Compiling syn v2.0.119
[INFO] [stderr]    Compiling strum_macros v0.28.0
[INFO] [stderr]    Compiling thiserror-impl v2.0.20
[INFO] [stderr]    Compiling serde_derive v1.0.229
[INFO] [stderr]    Compiling clap_derive v4.6.7
[INFO] [stderr]     Checking strum v0.28.0
[INFO] [stderr]     Checking xrandr v0.4.0 (/opt/rustwide/workdir/xrandr)
[INFO] [stderr]     Checking clap v4.6.7
[INFO] [stderr]     Checking i3 v0.4.0 (/opt/rustwide/workdir/i3)
[INFO] [stderr]     Checking screencfg v0.4.0 (/opt/rustwide/workdir)
[INFO] [stdout] error[E0433]: cannot find `MockSetting` in `i3`
[INFO] [stdout]    --> src/tests.rs:12:22
[INFO] [stdout]     |
[INFO] [stdout]  12 |         setting: i3::MockSetting::LaptopOnly,
[INFO] [stdout]     |                      ^^^^^^^^^^^ could not find `MockSetting` in `i3`
[INFO] [stdout]     |
[INFO] [stdout] note: found an item that was configured out
[INFO] [stdout]    --> i3/src/lib.rs:127:10
[INFO] [stdout]     |
[INFO] [stdout] 126 | #[cfg(any(test, feature = "testing"))]
[INFO] [stdout]     |          --------------------------- the item is gated here
[INFO] [stdout] 127 | pub enum MockSetting {
[INFO] [stdout]     |          ^^^^^^^^^^^
[INFO] [stdout] 
[INFO] [stdout] 
[INFO] [stdout] error[E0433]: cannot find `MockSetting` in `i3`
[INFO] [stdout]    --> src/tests.rs:119:22
[INFO] [stdout]     |
[INFO] [stdout] 119 |         setting: i3::MockSetting::ExternalOnly(1),
[INFO] [stdout]     |                      ^^^^^^^^^^^ could not find `MockSetting` in `i3`
[INFO] [stdout]     |
[INFO] [stdout] note: found an item that was configured out
[INFO] [stdout]    --> i3/src/lib.rs:127:10
[INFO] [stdout]     |
[INFO] [stdout] 126 | #[cfg(any(test, feature = "testing"))]
[INFO] [stdout]     |          --------------------------- the item is gated here
[INFO] [stdout] 127 | pub enum MockSetting {
[INFO] [stdout]     |          ^^^^^^^^^^^
[INFO] [stdout] 
[INFO] [stdout] 
[INFO] [stdout] error[E0433]: cannot find `MockSetting` in `i3`
[INFO] [stdout]    --> src/tests.rs:196:22
[INFO] [stdout]     |
[INFO] [stdout] 196 |         setting: i3::MockSetting::ExternalOnly(2),
[INFO] [stdout]     |                      ^^^^^^^^^^^ could not find `MockSetting` in `i3`
[INFO] [stdout]     |
[INFO] [stdout] note: found an item that was configured out
[INFO] [stdout]    --> i3/src/lib.rs:127:10
[INFO] [stdout]     |
[INFO] [stdout] 126 | #[cfg(any(test, feature = "testing"))]
[INFO] [stdout]     |          --------------------------- the item is gated here
[INFO] [stdout] 127 | pub enum MockSetting {
[INFO] [stdout]     |          ^^^^^^^^^^^
[INFO] [stdout] 
[INFO] [stdout] 
[INFO] [stdout] error[E0433]: cannot find `MockSetting` in `i3`
[INFO] [stdout]    --> src/tests.rs:321:22
[INFO] [stdout]     |
[INFO] [stdout] 321 |         setting: i3::MockSetting::Mixed,
[INFO] [stdout]     |                      ^^^^^^^^^^^ could not find `MockSetting` in `i3`
[INFO] [stdout]     |
[INFO] [stdout] note: found an item that was configured out
[INFO] [stdout]    --> i3/src/lib.rs:127:10
[INFO] [stdout]     |
[INFO] [stdout] 126 | #[cfg(any(test, feature = "testing"))]
[INFO] [stdout]     |          --------------------------- the item is gated here
[INFO] [stdout] 127 | pub enum MockSetting {
[INFO] [stdout]     |          ^^^^^^^^^^^
[INFO] [stdout] 
[INFO] [stdout] 
[INFO] [stdout] error[E0422]: cannot find struct, variant or union type `MockConnection` in crate `i3`
[INFO] [stdout]    --> src/tests.rs:10:30
[INFO] [stdout]     |
[INFO] [stdout]  10 |     let mut connection = i3::MockConnection {
[INFO] [stdout]     |                              ^^^^^^^^^^^^^^ not found in `i3`
[INFO] [stdout]     |
[INFO] [stdout] note: similarly named struct `Connection` defined here
[INFO] [stdout]    --> i3/src/lib.rs:327:1
[INFO] [stdout]     |
[INFO] [stdout] 327 | pub struct Connection(net::UnixStream);
[INFO] [stdout]     | ^^^^^^^^^^^^^^^^^^^^^
[INFO] [stdout] note: found an item that was configured out
[INFO] [stdout]    --> i3/src/lib.rs:134:12
[INFO] [stdout]     |
[INFO] [stdout] 133 | #[cfg(any(test, feature = "testing"))]
[INFO] [stdout]     |          --------------------------- the item is gated here
[INFO] [stdout] 134 | pub struct MockConnection {
[INFO] [stdout]     |            ^^^^^^^^^^^^^^
[INFO] [stdout] help: a struct with a similar name exists
[INFO] [stdout]     |
[INFO] [stdout]  10 -     let mut connection = i3::MockConnection {
[INFO] [stdout]  10 +     let mut connection = i3::Connection {
[INFO] [stdout]     |
[INFO] [stdout] 
[INFO] [stdout] 
[INFO] [stdout] error[E0422]: cannot find struct, variant or union type `MockConnection` in crate `i3`
[INFO] [stdout]    --> src/tests.rs:117:30
[INFO] [stdout]     |
[INFO] [stdout] 117 |     let mut connection = i3::MockConnection {
[INFO] [stdout]     |                              ^^^^^^^^^^^^^^ not found in `i3`
[INFO] [stdout]     |
[INFO] [stdout] note: similarly named struct `Connection` defined here
[INFO] [stdout]    --> i3/src/lib.rs:327:1
[INFO] [stdout]     |
[INFO] [stdout] 327 | pub struct Connection(net::UnixStream);
[INFO] [stdout]     | ^^^^^^^^^^^^^^^^^^^^^
[INFO] [stdout] note: found an item that was configured out
[INFO] [stdout]    --> i3/src/lib.rs:134:12
[INFO] [stdout]     |
[INFO] [stdout] 133 | #[cfg(any(test, feature = "testing"))]
[INFO] [stdout]     |          --------------------------- the item is gated here
[INFO] [stdout] 134 | pub struct MockConnection {
[INFO] [stdout]     |            ^^^^^^^^^^^^^^
[INFO] [stdout] help: a struct with a similar name exists
[INFO] [stdout]     |
[INFO] [stdout] 117 -     let mut connection = i3::MockConnection {
[INFO] [stdout] 117 +     let mut connection = i3::Connection {
[INFO] [stdout]     |
[INFO] [stdout] 
[INFO] [stdout] 
[INFO] [stdout] error[E0422]: cannot find struct, variant or union type `MockConnection` in crate `i3`
[INFO] [stdout]    --> src/tests.rs:194:30
[INFO] [stdout]     |
[INFO] [stdout] 194 |     let mut connection = i3::MockConnection {
[INFO] [stdout]     |                              ^^^^^^^^^^^^^^ not found in `i3`
[INFO] [stdout]     |
[INFO] [stdout] note: similarly named struct `Connection` defined here
[INFO] [stdout]    --> i3/src/lib.rs:327:1
[INFO] [stdout]     |
[INFO] [stdout] 327 | pub struct Connection(net::UnixStream);
[INFO] [stdout]     | ^^^^^^^^^^^^^^^^^^^^^
[INFO] [stdout] note: found an item that was configured out
[INFO] [stdout]    --> i3/src/lib.rs:134:12
[INFO] [stdout]     |
[INFO] [stdout] 133 | #[cfg(any(test, feature = "testing"))]
[INFO] [stdout]     |          --------------------------- the item is gated here
[INFO] [stdout] 134 | pub struct MockConnection {
[INFO] [stdout]     |            ^^^^^^^^^^^^^^
[INFO] [stdout] help: a struct with a similar name exists
[INFO] [stdout]     |
[INFO] [stdout] 194 -     let mut connection = i3::MockConnection {
[INFO] [stdout] 194 +     let mut connection = i3::Connection {
[INFO] [stdout]     |
[INFO] [stdout] 
[INFO] [stdout] 
[INFO] [stdout] error[E0422]: cannot find struct, variant or union type `MockConnection` in crate `i3`
[INFO] [stdout]    --> src/tests.rs:319:30
[INFO] [stdout]     |
[INFO] [stdout] 319 |     let mut connection = i3::MockConnection {
[INFO] [stdout]     |                              ^^^^^^^^^^^^^^ not found in `i3`
[INFO] [stdout]     |
[INFO] [stdout] note: similarly named struct `Connection` defined here
[INFO] [stdout]    --> i3/src/lib.rs:327:1
[INFO] [stdout]     |
[INFO] [stdout] 327 | pub struct Connection(net::UnixStream);
[INFO] [stdout]     | ^^^^^^^^^^^^^^^^^^^^^
[INFO] [stdout] note: found an item that was configured out
[INFO] [stdout]    --> i3/src/lib.rs:134:12
[INFO] [stdout]     |
[INFO] [stdout] 133 | #[cfg(any(test, feature = "testing"))]
[INFO] [stdout]     |          --------------------------- the item is gated here
[INFO] [stdout] 134 | pub struct MockConnection {
[INFO] [stdout]     |            ^^^^^^^^^^^^^^
[INFO] [stdout] help: a struct with a similar name exists
[INFO] [stdout]     |
[INFO] [stdout] 319 -     let mut connection = i3::MockConnection {
[INFO] [stdout] 319 +     let mut connection = i3::Connection {
[INFO] [stdout]     |
[INFO] [stdout] 
[INFO] [stdout] 
[INFO] [stdout] Some errors have detailed explanations: E0422, E0433.
[INFO] [stdout] 
[INFO] [stdout] For more information about an error, try `rustc --explain E0422`.
[INFO] [stdout] 
[INFO] [stderr] error: could not compile `screencfg` (bin "screencfg" test) due to 8 previous errors
[INFO] running `Command { std: "docker" "inspect" "12672d5a6284232afed06b22027e653c9228df97ddd086751ce40ad6c9666131", kill_on_drop: false }`
[INFO] running `Command { std: "docker" "rm" "-f" "12672d5a6284232afed06b22027e653c9228df97ddd086751ce40ad6c9666131", kill_on_drop: false }`
[INFO] [stdout] 12672d5a6284232afed06b22027e653c9228df97ddd086751ce40ad6c9666131
