[INFO] cloning repository https://github.com/gyb0211/shadow
[INFO] running `Command { std: "git" "-c" "credential.helper=" "-c" "credential.helper=/workspace/cargo-home/bin/git-credential-null" "clone" "--bare" "https://github.com/gyb0211/shadow" "/workspace/cache/git-repos/https%3A%2F%2Fgithub.com%2Fgyb0211%2Fshadow", kill_on_drop: false }`
[INFO] [stderr] Cloning into bare repository '/workspace/cache/git-repos/https%3A%2F%2Fgithub.com%2Fgyb0211%2Fshadow'...
[INFO] running `Command { std: "git" "rev-parse" "HEAD", kill_on_drop: false }`
[INFO] [stdout] 1bb8d2ad079d5d0d8728f3073c62abfd2274a4c8
[INFO] checking gyb0211/shadow against 3154cc1a3e6424e44f438a95007d043ed5ceaaf6+rustflags=-Znext-solver=coherence for pr-133502-30
[INFO] running `Command { std: "git" "clone" "/workspace/cache/git-repos/https%3A%2F%2Fgithub.com%2Fgyb0211%2Fshadow" "/workspace/builds/worker-0-tc1/source", kill_on_drop: false }`
[INFO] [stderr] Cloning into '/workspace/builds/worker-0-tc1/source'...
[INFO] [stderr] done.
[INFO] started tweaking git repo https://github.com/gyb0211/shadow
[INFO] finished tweaking git repo https://github.com/gyb0211/shadow
[INFO] tweaked toml for git repo https://github.com/gyb0211/shadow written to /workspace/builds/worker-0-tc1/source/Cargo.toml
[INFO] validating manifest of git repo https://github.com/gyb0211/shadow on toolchain 3154cc1a3e6424e44f438a95007d043ed5ceaaf6
[INFO] running `Command { std: CARGO_HOME="/workspace/cargo-home" RUSTUP_HOME="/workspace/rustup-home" "/workspace/cargo-home/bin/cargo" "+3154cc1a3e6424e44f438a95007d043ed5ceaaf6" "metadata" "--manifest-path" "Cargo.toml" "--no-deps", kill_on_drop: false }`
[INFO] crate git repo https://github.com/gyb0211/shadow already has a lockfile, it will not be regenerated
[INFO] running `Command { std: CARGO_HOME="/workspace/cargo-home" RUSTUP_HOME="/workspace/rustup-home" "/workspace/cargo-home/bin/cargo" "+3154cc1a3e6424e44f438a95007d043ed5ceaaf6" "fetch" "--manifest-path" "Cargo.toml", kill_on_drop: false }`
[INFO] [stderr] warning: unused field `repository` in `workspace.package`
[INFO] [stderr]    --> Cargo.toml:178:1
[INFO] [stderr]     |
[INFO] [stderr] 178 | repository = "https://github.com/gyb0211/shadow.git"
[INFO] [stderr]     | ^^^^^^^^^^
[INFO] [stderr]     |
[INFO] [stderr]     = note: `cargo::unused_workspace_package_fields` is set to `warn` by default
[INFO] [stderr] help: consider removing the field `workspace.package.repository`
[INFO] [stderr] warning: workspace (manifest) generated 1 warning
[INFO] [stderr]     Updating crates.io index
[INFO] [stderr]  Downloading crates ...
[INFO] [stderr]   Downloaded jsonschema-regex v0.46.9
[INFO] [stderr]   Downloaded referencing v0.46.9
[INFO] [stderr]   Downloaded micromap v0.3.0
[INFO] [stderr]   Downloaded jsonschema v0.46.9
[INFO] [stderr]   Downloaded num-bigint v0.4.7
[INFO] [stderr]   Downloaded webpki-roots v1.0.8
[INFO] [stderr]   Downloaded rustyline v17.0.2
[INFO] [stderr]   Downloaded prometheus v0.14.0
[INFO] [stderr]   Downloaded cron v0.15.0
[INFO] [stderr]   Downloaded wasmtime-wasi-http v45.0.3
[INFO] [stderr]   Downloaded wasmtime-wasi-io v45.0.3
[INFO] [stderr]   Downloaded wasmtime-internal-winch v45.0.3
[INFO] [stderr]   Downloaded winch-codegen v45.0.3
[INFO] [stderr]   Downloaded wasmtime-internal-versioned-export-macros v45.0.3
[INFO] [stderr]   Downloaded wasmtime-internal-unwinder v45.0.3
[INFO] [stderr]   Downloaded wasmtime-internal-component-util v45.0.3
[INFO] [stderr]   Downloaded cranelift-native v0.132.3
[INFO] [stderr]   Downloaded cranelift-bitset v0.132.3
[INFO] [stderr]   Downloaded wasmtime-internal-cranelift v45.0.3
[INFO] [stderr]   Downloaded wasmtime-internal-core v45.0.3
[INFO] [stderr]   Downloaded wasmprinter v0.248.0
[INFO] [stderr]   Downloaded wasm-encoder v0.248.0
[INFO] [stderr]   Downloaded cranelift-entity v0.132.3
[INFO] [stderr]   Downloaded cranelift-bforest v0.132.3
[INFO] [stderr]   Downloaded pulley-interpreter v45.0.3
[INFO] [stderr]   Downloaded cranelift-codegen-meta v0.132.3
[INFO] [stderr]   Downloaded wasmtime-internal-jit-icache-coherence v45.0.3
[INFO] [stderr]   Downloaded cranelift-control v0.132.3
[INFO] [stderr]   Downloaded cranelift-codegen-shared v0.132.3
[INFO] [stderr]   Downloaded wasmtime-environ v45.0.3
[INFO] [stderr]   Downloaded wasmparser v0.248.0
[INFO] [stderr]   Downloaded cranelift-isle v0.132.3
[INFO] [stderr]   Downloaded pulley-macros v45.0.3
[INFO] [stderr]   Downloaded cranelift-srcgen v0.132.3
[INFO] [stderr]   Downloaded cranelift-assembler-x64-meta v0.132.3
[INFO] [stderr]   Downloaded cranelift-frontend v0.132.3
[INFO] [stderr]   Downloaded wasmtime-internal-wit-bindgen v45.0.3
[INFO] [stderr]   Downloaded wasmtime v45.0.3
[INFO] [stderr]   Downloaded cranelift-assembler-x64 v0.132.3
[INFO] [stderr]   Downloaded wasmtime-internal-jit-debug v45.0.3
[INFO] [stderr]   Downloaded wasmtime-internal-fiber v45.0.3
[INFO] [stderr]   Downloaded cap-time-ext v3.4.5
[INFO] [stderr]   Downloaded cap-primitives v3.4.5
[INFO] [stderr]   Downloaded wasmtime-internal-component-macro v45.0.3
[INFO] [stderr]   Downloaded cap-net-ext v3.4.5
[INFO] [stderr]   Downloaded wasmtime-wasi v45.0.3
[INFO] [stderr]   Downloaded cap-fs-ext v3.4.5
[INFO] [stderr]   Downloaded wit-parser v0.248.0
[INFO] [stderr]   Downloaded cap-std v3.4.5
[INFO] [stderr]   Downloaded mysql_async v0.35.1
[INFO] [stderr]   Downloaded mysql_common v0.34.1
[INFO] [stderr]   Downloaded cranelift-codegen v0.132.3
[INFO] [stderr]   Downloaded keyed_priority_queue v0.4.2
[INFO] running `Command { std: "docker" "create" "-v" "/var/lib/crater-agent-workspace/builds/worker-0-tc1/source:/opt/rustwide/workdir:ro,Z" "-v" "/var/lib/crater-agent-workspace/builds/worker-0-tc1/target:/opt/rustwide/target:rw,Z" "-v" "/var/lib/crater-agent-workspace/cargo-home:/opt/rustwide/cargo-home:ro,Z" "-v" "/var/lib/crater-agent-workspace/rustup-home:/opt/rustwide/rustup-home:ro,Z" "-m" "1610612736" "--network" "none" "ghcr.io/rust-lang/crates-build-env/linux@sha256:77db811e55d90add9212f6832c23229e3de5f1c1f9905e8cb07319ea15df73ac" "sleep" "infinity", kill_on_drop: false }`
[INFO] [stdout] e879eb8438ac8e3f3ee3d99ff5f3190511b39a340672647f02d53cf5fb582596
[INFO] running `Command { std: "docker" "start" "e879eb8438ac8e3f3ee3d99ff5f3190511b39a340672647f02d53cf5fb582596", kill_on_drop: false }`
[INFO] running `Command { std: "docker" "inspect" "e879eb8438ac8e3f3ee3d99ff5f3190511b39a340672647f02d53cf5fb582596", kill_on_drop: false }`
[INFO] running `Command { std: "docker" "exec" "-e" "SOURCE_DIR=/opt/rustwide/workdir" "-e" "CARGO_HOME=/opt/rustwide/cargo-home" "-e" "RUSTUP_HOME=/opt/rustwide/rustup-home" "-e" "CARGO_TARGET_DIR=/opt/rustwide/target" "-w" "/opt/rustwide/workdir" "--user" "0:0" "e879eb8438ac8e3f3ee3d99ff5f3190511b39a340672647f02d53cf5fb582596" "/opt/rustwide/cargo-home/bin/cargo" "+3154cc1a3e6424e44f438a95007d043ed5ceaaf6" "metadata" "--no-deps" "--format-version=1", kill_on_drop: false }`
[INFO] running `Command { std: "docker" "inspect" "e879eb8438ac8e3f3ee3d99ff5f3190511b39a340672647f02d53cf5fb582596", kill_on_drop: false }`
[INFO] running `Command { std: "docker" "exec" "-e" "SOURCE_DIR=/opt/rustwide/workdir" "-e" "CARGO_HOME=/opt/rustwide/cargo-home" "-e" "RUSTUP_HOME=/opt/rustwide/rustup-home" "-e" "CARGO_TARGET_DIR=/opt/rustwide/target" "-e" "CARGO_INCREMENTAL=0" "-e" "RUST_BACKTRACE=full" "-e" "RUSTFLAGS=--cap-lints=forbid -Znext-solver=coherence" "-e" "RUSTDOCFLAGS=--cap-lints=forbid" "-w" "/opt/rustwide/workdir" "--user" "0:0" "e879eb8438ac8e3f3ee3d99ff5f3190511b39a340672647f02d53cf5fb582596" "/opt/rustwide/cargo-home/bin/cargo" "+3154cc1a3e6424e44f438a95007d043ed5ceaaf6" "check" "--frozen" "--all" "--all-targets" "--message-format=json", kill_on_drop: false }`
[INFO] [stderr] warning: unused field `repository` in `workspace.package`
[INFO] [stderr]    --> Cargo.toml:178:1
[INFO] [stderr]     |
[INFO] [stderr] 178 | repository = "https://github.com/gyb0211/shadow.git"
[INFO] [stderr]     | ^^^^^^^^^^
[INFO] [stderr]     |
[INFO] [stderr]     = note: `cargo::unused_workspace_package_fields` is set to `warn` by default
[INFO] [stderr] help: consider removing the field `workspace.package.repository`
[INFO] [stderr] warning: workspace (manifest) generated 1 warning
[INFO] [stderr]    Compiling quote v1.0.46
[INFO] [stderr]    Compiling libc v0.2.186
[INFO] [stderr]    Compiling serde_core v1.0.228
[INFO] [stderr]     Checking memchr v2.8.2
[INFO] [stderr]     Checking bytes v1.12.0
[INFO] [stderr]     Checking socket2 v0.6.4
[INFO] [stderr]     Checking mio v1.2.1
[INFO] [stderr]    Compiling zerocopy v0.8.52
[INFO] [stderr]     Checking rustls-pki-types v1.15.0
[INFO] [stderr]    Compiling syn v2.0.118
[INFO] [stderr]     Checking futures-io v0.3.32
[INFO] [stderr]    Compiling aws-lc-rs v1.17.1
[INFO] [stderr]     Checking generic-array v0.14.7
[INFO] [stderr]     Checking bitflags v2.13.0
[INFO] [stderr]     Checking http v1.4.2
[INFO] [stderr]    Compiling rustls v0.23.41
[INFO] [stderr]    Compiling serde_json v1.0.150
[INFO] [stderr]    Compiling mime_guess v2.0.5
[INFO] [stderr]     Checking num-bigint v0.4.7
[INFO] [stderr]     Checking webpki-roots v1.0.8
[INFO] [stderr]    Compiling jobserver v0.1.34
[INFO] [stderr]     Checking crypto-common v0.1.7
[INFO] [stderr]     Checking aho-corasick v1.1.4
[INFO] [stderr]     Checking getrandom v0.4.3
[INFO] [stderr]     Checking http-body v1.0.1
[INFO] [stderr]    Compiling cc v1.2.65
[INFO] [stderr]     Checking http-body-util v0.1.3
[INFO] [stderr]    Compiling ref-cast v1.0.25
[INFO] [stderr]    Compiling anyhow v1.0.103
[INFO] [stderr]     Checking parking_lot_core v0.9.12
[INFO] [stderr]    Compiling ahash v0.8.12
[INFO] [stderr]     Checking rustls-native-certs v0.8.3
[INFO] [stderr]     Checking num-rational v0.4.2
[INFO] [stderr]     Checking parking_lot v0.12.5
[INFO] [stderr]     Checking block-buffer v0.10.4
[INFO] [stderr]     Checking regex-automata v0.4.14
[INFO] [stderr]     Checking num-iter v0.1.45
[INFO] [stderr]     Checking num-complex v0.4.6
[INFO] [stderr]     Checking borrow-or-share v0.2.4
[INFO] [stderr]    Compiling unicode-general-category v1.1.0
[INFO] [stderr]     Checking bit-vec v0.8.0
[INFO] [stderr]     Checking bit-set v0.8.0
[INFO] [stderr]    Compiling cmake v0.1.58
[INFO] [stderr]     Checking num v0.4.3
[INFO] [stderr]     Checking hashbrown v0.16.1
[INFO] [stderr]     Checking digest v0.10.7
[INFO] [stderr]     Checking uuid v1.23.4
[INFO] [stderr]     Checking vsimd v0.8.0
[INFO] [stderr]    Compiling aws-lc-sys v0.42.0
[INFO] [stderr]    Compiling ring v0.17.14
[INFO] [stderr]     Checking micromap v0.3.0
[INFO] [stderr]     Checking outref v0.5.2
[INFO] [stderr]    Compiling rustix v1.1.4
[INFO] [stderr]     Checking uuid-simd v0.8.0
[INFO] [stderr]     Checking fraction v0.15.4
[INFO] [stderr]     Checking jsonschema-regex v0.46.9
[INFO] [stderr]     Checking num-cmp v0.1.0
[INFO] [stderr]     Checking bytecount v0.6.9
[INFO] [stderr]     Checking sha1 v0.10.7
[INFO] [stderr]     Checking strum v0.28.0
[INFO] [stderr]     Checking inout v0.1.4
[INFO] [stderr]     Checking tracing-log v0.2.0
[INFO] [stderr]     Checking cipher v0.4.4
[INFO] [stderr]     Checking dirs-sys v0.5.0
[INFO] [stderr]     Checking webpki-roots v0.26.11
[INFO] [stderr]    Compiling synstructure v0.13.2
[INFO] [stderr]     Checking universal-hash v0.5.1
[INFO] [stderr]     Checking poly1305 v0.8.0
[INFO] [stderr]     Checking ppv-lite86 v0.2.21
[INFO] [stderr]     Checking regex v1.12.4
[INFO] [stderr]     Checking fancy-regex v0.18.0
[INFO] [stderr]     Checking matchers v0.2.0
[INFO] [stderr]     Checking chacha20 v0.9.1
[INFO] [stderr]     Checking rand_chacha v0.9.0
[INFO] [stderr]     Checking dirs v6.0.0
[INFO] [stderr]     Checking aead v0.5.2
[INFO] [stderr]     Checking either v1.17.0
[INFO] [stderr]     Checking rand v0.9.4
[INFO] [stderr]     Checking chacha20poly1305 v0.10.1
[INFO] [stderr]     Checking shellexpand v3.1.2
[INFO] [stderr]     Checking directories v6.0.0
[INFO] [stderr]    Compiling libsqlite3-sys v0.35.0
[INFO] [stderr]     Checking sha2 v0.10.9
[INFO] [stderr]    Compiling itertools v0.14.0
[INFO] [stderr]    Compiling typenum v1.20.1
[INFO] [stderr]     Checking image v0.25.10
[INFO] [stderr]     Checking tempfile v3.27.0
[INFO] [stderr]    Compiling nix v0.30.1
[INFO] [stderr]    Compiling serde_derive v1.0.228
[INFO] [stderr]    Compiling zerofrom-derive v0.1.7
[INFO] [stderr]    Compiling yoke-derive v0.8.2
[INFO] [stderr]    Compiling tokio-macros v2.7.0
[INFO] [stderr]    Compiling zerovec-derive v0.11.3
[INFO] [stderr]     Checking tokio v1.52.3
[INFO] [stderr]     Checking zerofrom v0.1.8
[INFO] [stderr]    Compiling displaydoc v0.2.6
[INFO] [stderr]    Compiling futures-macro v0.3.32
[INFO] [stderr]     Checking yoke v0.8.3
[INFO] [stderr]    Compiling tracing-attributes v0.1.31
[INFO] [stderr]     Checking futures-util v0.3.32
[INFO] [stderr]     Checking zerovec v0.11.6
[INFO] [stderr]     Checking tinystr v0.8.3
[INFO] [stderr]     Checking icu_locale_core v2.2.0
[INFO] [stderr]     Checking potential_utf v0.1.5
[INFO] [stderr]     Checking zerotrie v0.2.4
[INFO] [stderr]     Checking tracing v0.1.44
[INFO] [stderr]     Checking icu_collections v2.2.0
[INFO] [stderr]    Compiling thiserror-impl v2.0.18
[INFO] [stderr]     Checking serde v1.0.228
[INFO] [stderr]     Checking icu_provider v2.2.0
[INFO] [stderr]    Compiling ref-cast-impl v1.0.25
[INFO] [stderr]     Checking icu_normalizer v2.2.0
[INFO] [stderr]     Checking icu_properties v2.2.0
[INFO] [stderr]     Checking chrono v0.4.45
[INFO] [stderr]     Checking fluent-uri v0.4.1
[INFO] [stderr]     Checking thiserror v2.0.18
[INFO] [stderr]     Checking futures-executor v0.3.32
[INFO] [stderr]     Checking email_address v0.2.9
[INFO] [stderr]     Checking futures v0.3.32
[INFO] [stderr]    Compiling strum_macros v0.28.0
[INFO] [stderr]     Checking referencing v0.46.9
[INFO] [stderr]    Compiling async-trait v0.1.89
[INFO] [stderr]    Compiling thiserror-impl v1.0.69
[INFO] [stderr]     Checking idna_adapter v1.2.2
[INFO] [stderr]     Checking idna v1.1.0
[INFO] [stderr]     Checking tracing-subscriber v0.3.23
[INFO] [stderr]     Checking tokio-util v0.7.18
[INFO] [stderr]     Checking tower v0.5.3
[INFO] [stderr]     Checking url v2.5.8
[INFO] [stderr]     Checking h2 v0.4.15
[INFO] [stderr]     Checking serde_urlencoded v0.7.1
[INFO] [stderr]     Checking tower-http v0.6.11
[INFO] [stderr]     Checking serde_spanned v0.6.9
[INFO] [stderr]     Checking thiserror v1.0.69
[INFO] [stderr]     Checking toml_datetime v0.6.11
[INFO] [stderr]     Checking tokio-socks v0.5.3
[INFO] [stderr]     Checking toml_edit v0.22.27
[INFO] [stderr]    Compiling prost-derive v0.14.4
[INFO] [stderr]    Compiling hybrid-array v0.4.14
[INFO] [stderr]    Compiling zstd-sys v2.0.16+zstd.1.5.7
[INFO] [stderr]     Checking phf_shared v0.12.1
[INFO] [stderr]     Checking qrcode v0.14.1
[INFO] [stderr]     Checking nibble_vec v0.1.0
[INFO] [stderr]     Checking endian-type v0.1.2
[INFO] [stderr]    Compiling prometheus v0.14.0
[INFO] [stderr]    Compiling chrono-tz v0.10.4
[INFO] [stderr]     Checking radix_trie v0.2.1
[INFO] [stderr]     Checking phf v0.12.1
[INFO] [stderr]     Checking toml v0.8.23
[INFO] [stderr]    Compiling block-buffer v0.12.1
[INFO] [stderr]     Checking prost v0.14.4
[INFO] [stderr]    Compiling crypto-common v0.2.2
[INFO] [stderr]     Checking fd-lock v4.0.4
[INFO] [stderr]     Checking toml_datetime v1.1.1+spec-1.1.0
[INFO] [stderr]     Checking serde_spanned v1.1.1
[INFO] [stderr]     Checking winnow v0.6.26
[INFO] [stderr]    Compiling const-oid v0.10.2
[INFO] [stderr]     Checking toml v1.1.4+spec-1.1.0
[INFO] [stderr]    Compiling digest v0.11.3
[INFO] [stderr]     Checking rustyline v17.0.2
[INFO] [stderr]     Checking hyper v1.10.1
[INFO] [stderr]     Checking cron v0.15.0
[INFO] [stderr]    Compiling subprocess v0.2.15
[INFO] [stderr]    Compiling cpufeatures v0.3.0
[INFO] [stderr]     Checking clap_lex v1.1.0
[INFO] [stderr]     Checking rusqlite v0.37.0
[INFO] [stderr]    Compiling crossbeam-deque v0.8.7
[INFO] [stderr]     Checking clap_builder v4.6.0
[INFO] [stderr]    Compiling sha2 v0.11.0
[INFO] [stderr]    Compiling mysql_common v0.34.1
[INFO] [stderr]     Checking crossbeam-epoch v0.9.20
[INFO] [stderr]     Checking hyper-util v0.1.20
[INFO] [stderr]     Checking console v0.15.11
[INFO] [stderr]    Compiling clap_derive v4.6.1
[INFO] [stderr]     Checking rand_chacha v0.3.1
[INFO] [stderr]    Compiling mime v0.3.17
[INFO] [stderr]     Checking time v0.3.55
[INFO] [stderr]     Checking dialoguer v0.11.0
[INFO] [stderr]     Checking rand v0.8.7
[INFO] [stderr]    Compiling rust-embed-utils v8.12.0
[INFO] [stderr]     Checking flate2 v1.1.9
[INFO] [stderr]     Checking crossbeam-channel v0.5.16
[INFO] [stderr]     Checking clap v4.6.1
[INFO] [stderr]     Checking crossbeam-queue v0.3.13
[INFO] [stderr]     Checking axum-core v0.5.6
[INFO] [stderr]    Compiling pin-project-internal v1.1.13
[INFO] [stderr]     Checking serde_path_to_error v0.1.20
[INFO] [stderr]     Checking btoi v0.4.3
[INFO] [stderr]     Checking saturating v0.1.0
[INFO] [stderr]     Checking crossbeam v0.8.4
[INFO] [stderr]    Compiling rust-embed-impl v8.12.0
[INFO] [stderr]     Checking blowfish v0.9.1
[INFO] [stderr]     Checking simple_asn1 v0.6.4
[INFO] [stderr]     Checking lru v0.12.5
[INFO] [stderr]     Checking keyed_priority_queue v0.4.2
[INFO] [stderr]     Checking socket2 v0.5.10
[INFO] [stderr]     Checking twox-hash v2.1.3
[INFO] [stderr]     Checking jsonwebtoken v9.3.1
[INFO] [stderr]     Checking bcrypt v0.17.1
[INFO] [stderr]     Checking pin-project v1.1.13
[INFO] [stderr]    Compiling zstd-safe v7.2.4
[INFO] [stderr]     Checking zstd v0.13.3
[INFO] [stderr]     Checking mysql_async v0.35.1
[INFO] [stderr]     Checking rustls-webpki v0.103.13
[INFO] [stderr]     Checking tokio-rustls v0.26.4
[INFO] [stderr]     Checking rustls-platform-verifier v0.7.0
[INFO] [stderr]     Checking tungstenite v0.29.0
[INFO] [stderr]     Checking hyper-rustls v0.27.9
[INFO] [stderr]     Checking reqwest v0.13.4
[INFO] [stderr]     Checking reqwest v0.12.28
[INFO] [stderr]     Checking tokio-tungstenite v0.29.0
[INFO] [stderr]     Checking axum v0.8.9
[INFO] [stderr]     Checking jsonschema v0.46.9
[INFO] [stderr]     Checking shadow-core v0.1.0 (/opt/rustwide/workdir/crates/shadow-core)
[INFO] [stdout] warning: unused import: `Role`
[INFO] [stdout]  --> crates/shadow-core/src/channel.rs:3:48
[INFO] [stdout]   |
[INFO] [stdout] 3 | use crate::kennel::attribution::{Attributable, Role};
[INFO] [stdout]   |                                                ^^^^
[INFO] [stdout]   |
[INFO] [stdout]   = note: `#[warn(unused_imports)]` (part of `#[warn(unused)]`) on by default
[INFO] [stdout] 
[INFO] [stdout] 
[INFO] [stdout] warning: unused import: `std::sync::Arc`
[INFO] [stdout]  --> crates/shadow-core/src/kennel/attribution.rs:7:5
[INFO] [stdout]   |
[INFO] [stdout] 7 | use std::sync::Arc;
[INFO] [stdout]   |     ^^^^^^^^^^^^^^
[INFO] [stdout] 
[INFO] [stdout] 
[INFO] [stdout] warning: unused import: `Role`
[INFO] [stdout]  --> crates/shadow-core/src/kennel/memory.rs:5:48
[INFO] [stdout]   |
[INFO] [stdout] 5 | use crate::kennel::attribution::{Attributable, Role};
[INFO] [stdout]   |                                                ^^^^
[INFO] [stdout] 
[INFO] [stdout] 
[INFO] [stdout] warning: unused import: `std::collections::HashMap`
[INFO] [stdout]   --> crates/shadow-core/src/kennel/provider.rs:11:5
[INFO] [stdout]    |
[INFO] [stdout] 11 | use std::collections::HashMap;
[INFO] [stdout]    |     ^^^^^^^^^^^^^^^^^^^^^^^^^
[INFO] [stdout] 
[INFO] [stdout] 
[INFO] [stdout] warning: unused import: `std::sync::Arc`
[INFO] [stdout]   --> crates/shadow-core/src/kennel/provider.rs:14:5
[INFO] [stdout]    |
[INFO] [stdout] 14 | use std::sync::Arc;
[INFO] [stdout]    |     ^^^^^^^^^^^^^^
[INFO] [stdout] 
[INFO] [stdout] 
[INFO] [stdout] warning: unused import: `Role`
[INFO] [stdout]  --> crates/shadow-core/src/kennel/tool.rs:3:48
[INFO] [stdout]   |
[INFO] [stdout] 3 | use crate::kennel::attribution::{Attributable, Role};
[INFO] [stdout]   |                                                ^^^^
[INFO] [stdout] 
[INFO] [stdout] 
[INFO] [stdout] warning: unused import: `serde_json::Value`
[INFO] [stdout]  --> crates/shadow-core/src/kennel/tool.rs:7:5
[INFO] [stdout]   |
[INFO] [stdout] 7 | use serde_json::Value;
[INFO] [stdout]   |     ^^^^^^^^^^^^^^^^^
[INFO] [stdout] 
[INFO] [stdout] 
[INFO] [stdout] warning: unused import: `std::time::Duration`
[INFO] [stdout]  --> crates/shadow-core/src/kennel/tool.rs:8:5
[INFO] [stdout]   |
[INFO] [stdout] 8 | use std::time::Duration;
[INFO] [stdout]   |     ^^^^^^^^^^^^^^^^^^^
[INFO] [stdout] 
[INFO] [stdout] 
[INFO] [stdout] warning: unused import: `Role`
[INFO] [stdout]  --> crates/shadow-core/src/channel.rs:3:48
[INFO] [stdout]   |
[INFO] [stdout] 3 | use crate::kennel::attribution::{Attributable, Role};
[INFO] [stdout]   |                                                ^^^^
[INFO] [stdout]   |
[INFO] [stdout]   = note: `#[warn(unused_imports)]` (part of `#[warn(unused)]`) on by default
[INFO] [stdout] 
[INFO] [stdout] 
[INFO] [stdout] warning: unused import: `std::sync::Arc`
[INFO] [stdout]  --> crates/shadow-core/src/kennel/attribution.rs:7:5
[INFO] [stdout]   |
[INFO] [stdout] 7 | use std::sync::Arc;
[INFO] [stdout]   |     ^^^^^^^^^^^^^^
[INFO] [stdout] 
[INFO] [stdout] 
[INFO] [stdout] warning: unused import: `Role`
[INFO] [stdout]  --> crates/shadow-core/src/kennel/memory.rs:5:48
[INFO] [stdout]   |
[INFO] [stdout] 5 | use crate::kennel::attribution::{Attributable, Role};
[INFO] [stdout]   |                                                ^^^^
[INFO] [stdout] 
[INFO] [stdout] 
[INFO] [stdout] warning: unused import: `std::collections::HashMap`
[INFO] [stdout]   --> crates/shadow-core/src/kennel/provider.rs:11:5
[INFO] [stdout]    |
[INFO] [stdout] 11 | use std::collections::HashMap;
[INFO] [stdout]    |     ^^^^^^^^^^^^^^^^^^^^^^^^^
[INFO] [stdout] 
[INFO] [stdout] 
[INFO] [stdout] warning: unused import: `std::sync::Arc`
[INFO] [stdout]   --> crates/shadow-core/src/kennel/provider.rs:14:5
[INFO] [stdout]    |
[INFO] [stdout] 14 | use std::sync::Arc;
[INFO] [stdout]    |     ^^^^^^^^^^^^^^
[INFO] [stdout] 
[INFO] [stdout] 
[INFO] [stdout] warning: unused import: `Role`
[INFO] [stdout]  --> crates/shadow-core/src/kennel/tool.rs:3:48
[INFO] [stdout]   |
[INFO] [stdout] 3 | use crate::kennel::attribution::{Attributable, Role};
[INFO] [stdout]   |                                                ^^^^
[INFO] [stdout] 
[INFO] [stdout] 
[INFO] [stdout] warning: unused import: `serde_json::Value`
[INFO] [stdout]  --> crates/shadow-core/src/kennel/tool.rs:7:5
[INFO] [stdout]   |
[INFO] [stdout] 7 | use serde_json::Value;
[INFO] [stdout]   |     ^^^^^^^^^^^^^^^^^
[INFO] [stdout] 
[INFO] [stdout] 
[INFO] [stdout] warning: unused import: `std::time::Duration`
[INFO] [stdout]  --> crates/shadow-core/src/kennel/tool.rs:8:5
[INFO] [stdout]   |
[INFO] [stdout] 8 | use std::time::Duration;
[INFO] [stdout]   |     ^^^^^^^^^^^^^^^^^^^
[INFO] [stdout] 
[INFO] [stdout] 
[INFO] [stderr]     Checking rust-embed v8.12.0
[INFO] [stderr]     Checking shadow-log v0.1.0 (/opt/rustwide/workdir/crates/shadow-log)
[INFO] [stdout] warning: unnecessary parentheses around function argument
[INFO] [stdout]   --> crates/shadow-log/src/broadcast.rs:43:39
[INFO] [stdout]    |
[INFO] [stdout] 43 |     let (tx, rx) = broadcast::channel((65536));
[INFO] [stdout]    |                                       ^     ^
[INFO] [stdout]    |
[INFO] [stdout]    = note: `#[warn(unused_parens)]` (part of `#[warn(unused)]`) on by default
[INFO] [stdout] help: remove these parentheses
[INFO] [stdout]    |
[INFO] [stdout] 43 -     let (tx, rx) = broadcast::channel((65536));
[INFO] [stdout] 43 +     let (tx, rx) = broadcast::channel(65536);
[INFO] [stdout]    |
[INFO] [stdout] 
[INFO] [stdout] 
[INFO] [stdout] warning: unused import: `Registry`
[INFO] [stdout]  --> crates/shadow-log/src/subscriber.rs:8:44
[INFO] [stdout]   |
[INFO] [stdout] 8 | use tracing_subscriber::{EnvFilter, Layer, Registry, fmt};
[INFO] [stdout]   |                                            ^^^^^^^^
[INFO] [stdout]   |
[INFO] [stdout]   = note: `#[warn(unused_imports)]` (part of `#[warn(unused)]`) on by default
[INFO] [stdout] 
[INFO] [stdout] 
[INFO] [stdout] warning: unnecessary parentheses around function argument
[INFO] [stdout]   --> crates/shadow-log/src/broadcast.rs:43:39
[INFO] [stdout]    |
[INFO] [stdout] 43 |     let (tx, rx) = broadcast::channel((65536));
[INFO] [stdout]    |                                       ^     ^
[INFO] [stdout]    |
[INFO] [stdout]    = note: `#[warn(unused_parens)]` (part of `#[warn(unused)]`) on by default
[INFO] [stdout] help: remove these parentheses
[INFO] [stdout]    |
[INFO] [stdout] 43 -     let (tx, rx) = broadcast::channel((65536));
[INFO] [stdout] 43 +     let (tx, rx) = broadcast::channel(65536);
[INFO] [stdout]    |
[INFO] [stdout] 
[INFO] [stdout] 
[INFO] [stdout] warning: unused import: `Registry`
[INFO] [stdout]  --> crates/shadow-log/src/subscriber.rs:8:44
[INFO] [stdout]   |
[INFO] [stdout] 8 | use tracing_subscriber::{EnvFilter, Layer, Registry, fmt};
[INFO] [stdout]   |                                            ^^^^^^^^
[INFO] [stdout]   |
[INFO] [stdout]   = note: `#[warn(unused_imports)]` (part of `#[warn(unused)]`) on by default
[INFO] [stdout] 
[INFO] [stdout] 
[INFO] [stdout] warning: struct `ToolIoCapture` is never constructed
[INFO] [stdout]  --> crates/shadow-log/src/tool_io.rs:4:12
[INFO] [stdout]   |
[INFO] [stdout] 4 | pub struct ToolIoCapture {
[INFO] [stdout]   |            ^^^^^^^^^^^^^
[INFO] [stdout]   |
[INFO] [stdout]   = note: `#[warn(dead_code)]` (part of `#[warn(unused)]`) on by default
[INFO] [stdout] 
[INFO] [stdout] 
[INFO] [stdout] warning: associated function `empty` is never used
[INFO] [stdout]   --> crates/shadow-log/src/tool_io.rs:11:8
[INFO] [stdout]    |
[INFO] [stdout] 10 | impl ToolIoCapture {
[INFO] [stdout]    | ------------------ associated function in this implementation
[INFO] [stdout] 11 |     fn empty() -> Self {
[INFO] [stdout]    |        ^^^^^
[INFO] [stdout] 
[INFO] [stdout] 
[INFO] [stdout] warning: function `capture_tool_input` is never used
[INFO] [stdout]   --> crates/shadow-log/src/tool_io.rs:20:8
[INFO] [stdout]    |
[INFO] [stdout] 20 | pub fn capture_tool_input(
[INFO] [stdout]    |        ^^^^^^^^^^^^^^^^^^
[INFO] [stdout] 
[INFO] [stdout] 
[INFO] [stdout] warning: function `capture_tool_output` is never used
[INFO] [stdout]   --> crates/shadow-log/src/tool_io.rs:28:8
[INFO] [stdout]    |
[INFO] [stdout] 28 | pub fn capture_tool_output(
[INFO] [stdout]    |        ^^^^^^^^^^^^^^^^^^^
[INFO] [stdout] 
[INFO] [stdout] 
[INFO] [stdout] warning: function `capture_with_policy` is never used
[INFO] [stdout]   --> crates/shadow-log/src/tool_io.rs:36:4
[INFO] [stdout]    |
[INFO] [stdout] 36 | fn capture_with_policy(
[INFO] [stdout]    |    ^^^^^^^^^^^^^^^^^^^
[INFO] [stdout] 
[INFO] [stdout] 
[INFO] [stdout] warning: function `capture_llm_request` is never used
[INFO] [stdout]   --> crates/shadow-log/src/tool_io.rs:58:8
[INFO] [stdout]    |
[INFO] [stdout] 58 | pub fn capture_llm_request(
[INFO] [stdout]    |        ^^^^^^^^^^^^^^^^^^^
[INFO] [stdout] 
[INFO] [stdout] 
[INFO] [stdout] warning: function `truncated_to_cap` is never used
[INFO] [stdout]   --> crates/shadow-log/src/tool_io.rs:73:4
[INFO] [stdout]    |
[INFO] [stdout] 73 | fn truncated_to_cap(redacted: &str, cap: usize) -> ToolIoCapture {
[INFO] [stdout]    |    ^^^^^^^^^^^^^^^^
[INFO] [stdout] 
[INFO] [stdout] 
[INFO] [stdout] warning: unused `Result` that must be used
[INFO] [stdout]    --> crates/shadow-log/src/writer.rs:185:9
[INFO] [stdout]     |
[INFO] [stdout] 185 | /         fs::create_dir_all(parent)
[INFO] [stdout] 186 | |             .with_context(|| format!("creating log directory {}", parent.display()));
[INFO] [stdout]     | |____________________________________________________________________________________^
[INFO] [stdout]     |
[INFO] [stdout]     = note: this `Result` may be an `Err` variant, which should be handled
[INFO] [stdout]     = note: `#[warn(unused_must_use)]` (part of `#[warn(unused)]`) on by default
[INFO] [stdout] help: use `let _unused = ...` to ignore the resulting value without dropping it immediately
[INFO] [stdout]     |
[INFO] [stdout] 185 |         let _unused = fs::create_dir_all(parent)
[INFO] [stdout]     |         +++++++++++++
[INFO] [stdout] 
[INFO] [stdout] 
[INFO] [stdout] warning: struct `ToolIoCapture` is never constructed
[INFO] [stdout]  --> crates/shadow-log/src/tool_io.rs:4:12
[INFO] [stdout]   |
[INFO] [stdout] 4 | pub struct ToolIoCapture {
[INFO] [stdout]   |            ^^^^^^^^^^^^^
[INFO] [stdout]   |
[INFO] [stdout]   = note: `#[warn(dead_code)]` (part of `#[warn(unused)]`) on by default
[INFO] [stdout] 
[INFO] [stdout] 
[INFO] [stdout] warning: associated function `empty` is never used
[INFO] [stdout]   --> crates/shadow-log/src/tool_io.rs:11:8
[INFO] [stdout]    |
[INFO] [stdout] 10 | impl ToolIoCapture {
[INFO] [stdout]    | ------------------ associated function in this implementation
[INFO] [stdout] 11 |     fn empty() -> Self {
[INFO] [stdout]    |        ^^^^^
[INFO] [stdout] 
[INFO] [stdout] 
[INFO] [stdout] warning: function `capture_tool_input` is never used
[INFO] [stdout]   --> crates/shadow-log/src/tool_io.rs:20:8
[INFO] [stdout]    |
[INFO] [stdout] 20 | pub fn capture_tool_input(
[INFO] [stdout]    |        ^^^^^^^^^^^^^^^^^^
[INFO] [stdout] 
[INFO] [stdout] 
[INFO] [stdout] warning: function `capture_tool_output` is never used
[INFO] [stdout]   --> crates/shadow-log/src/tool_io.rs:28:8
[INFO] [stdout]    |
[INFO] [stdout] 28 | pub fn capture_tool_output(
[INFO] [stdout]    |        ^^^^^^^^^^^^^^^^^^^
[INFO] [stdout] 
[INFO] [stdout] 
[INFO] [stdout] warning: function `capture_with_policy` is never used
[INFO] [stdout]   --> crates/shadow-log/src/tool_io.rs:36:4
[INFO] [stdout]    |
[INFO] [stdout] 36 | fn capture_with_policy(
[INFO] [stdout]    |    ^^^^^^^^^^^^^^^^^^^
[INFO] [stdout] 
[INFO] [stdout] 
[INFO] [stdout] warning: function `capture_llm_request` is never used
[INFO] [stdout]   --> crates/shadow-log/src/tool_io.rs:58:8
[INFO] [stdout]    |
[INFO] [stdout] 58 | pub fn capture_llm_request(
[INFO] [stdout]    |        ^^^^^^^^^^^^^^^^^^^
[INFO] [stdout] 
[INFO] [stdout] 
[INFO] [stdout] warning: function `truncated_to_cap` is never used
[INFO] [stdout]   --> crates/shadow-log/src/tool_io.rs:73:4
[INFO] [stdout]    |
[INFO] [stdout] 73 | fn truncated_to_cap(redacted: &str, cap: usize) -> ToolIoCapture {
[INFO] [stdout]    |    ^^^^^^^^^^^^^^^^
[INFO] [stdout] 
[INFO] [stdout] 
[INFO] [stdout] warning: unused `Result` that must be used
[INFO] [stdout]    --> crates/shadow-log/src/writer.rs:185:9
[INFO] [stdout]     |
[INFO] [stdout] 185 | /         fs::create_dir_all(parent)
[INFO] [stdout] 186 | |             .with_context(|| format!("creating log directory {}", parent.display()));
[INFO] [stdout]     | |____________________________________________________________________________________^
[INFO] [stdout]     |
[INFO] [stdout]     = note: this `Result` may be an `Err` variant, which should be handled
[INFO] [stdout]     = note: `#[warn(unused_must_use)]` (part of `#[warn(unused)]`) on by default
[INFO] [stdout] help: use `let _unused = ...` to ignore the resulting value without dropping it immediately
[INFO] [stdout]     |
[INFO] [stdout] 185 |         let _unused = fs::create_dir_all(parent)
[INFO] [stdout]     |         +++++++++++++
[INFO] [stdout] 
[INFO] [stdout] 
[INFO] [stderr]     Checking shadow-config v0.1.0 (/opt/rustwide/workdir/crates/shadow-config)
[INFO] [stderr]     Checking shadow-plugins v0.1.0 (/opt/rustwide/workdir/crates/shadow-plugins)
[INFO] [stdout] error[E0433]: cannot find module or crate `base64` in this scope
[INFO] [stdout]  --> crates/shadow-plugins/src/signature.rs:9:5
[INFO] [stdout]   |
[INFO] [stdout] 9 | use base64::engine::general_purpose::URL_SAFE_NO_PAD;
[INFO] [stdout]   |     ^^^^^^ use of unresolved module or unlinked crate `base64`
[INFO] [stdout]   |
[INFO] [stdout]   = help: if you wanted to use a crate named `base64`, use `cargo add base64` to add it to your `Cargo.toml`
[INFO] [stdout] 
[INFO] [stdout] 
[INFO] [stdout] error[E0433]: cannot find module or crate `base64` in this scope
[INFO] [stdout]  --> crates/shadow-plugins/src/signature.rs:9:5
[INFO] [stdout]   |
[INFO] [stdout] 9 | use base64::engine::general_purpose::URL_SAFE_NO_PAD;
[INFO] [stdout]   |     ^^^^^^ use of unresolved module or unlinked crate `base64`
[INFO] [stdout]   |
[INFO] [stdout]   = help: if you wanted to use a crate named `base64`, use `cargo add base64` to add it to your `Cargo.toml`
[INFO] [stdout] 
[INFO] [stdout] 
[INFO] [stdout] error[E0433]: cannot find `component` in the crate root
[INFO] [stdout]   --> crates/shadow-plugins/src/runtime.rs:2:12
[INFO] [stdout]    |
[INFO] [stdout]  2 | use crate::component::bindings::tool::ToolPlugin;
[INFO] [stdout]    |            ^^^^^^^^^ could not find `component` in the crate root
[INFO] [stdout]    |
[INFO] [stdout] note: found an item that was configured out
[INFO] [stdout]   --> crates/shadow-plugins/src/lib.rs:11:9
[INFO] [stdout]    |
[INFO] [stdout] 10 | #[cfg(feature = "plugins-wasmtime")]
[INFO] [stdout]    |       ---------------------------- the item is gated behind the `plugins-wasmtime` feature
[INFO] [stdout] 11 | pub mod component;
[INFO] [stdout]    |         ^^^^^^^^^
[INFO] [stdout] 
[INFO] [stdout] 
[INFO] [stdout] error[E0433]: cannot find `component` in the crate root
[INFO] [stdout]   --> crates/shadow-plugins/src/runtime.rs:2:12
[INFO] [stdout]    |
[INFO] [stdout]  2 | use crate::component::bindings::tool::ToolPlugin;
[INFO] [stdout]    |            ^^^^^^^^^ could not find `component` in the crate root
[INFO] [stdout]    |
[INFO] [stdout] note: found an item that was configured out
[INFO] [stdout]   --> crates/shadow-plugins/src/lib.rs:11:9
[INFO] [stdout]    |
[INFO] [stdout] 10 | #[cfg(feature = "plugins-wasmtime")]
[INFO] [stdout]    |       ---------------------------- the item is gated behind the `plugins-wasmtime` feature
[INFO] [stdout] 11 | pub mod component;
[INFO] [stdout]    |         ^^^^^^^^^
[INFO] [stdout] 
[INFO] [stdout] 
[INFO] [stdout] error[E0433]: cannot find `component` in the crate root
[INFO] [stdout]   --> crates/shadow-plugins/src/runtime.rs:3:12
[INFO] [stdout]    |
[INFO] [stdout]  3 | use crate::component::bindings::tool::exports::shadow::plugin::tool::ToolResult as WitToolResult;
[INFO] [stdout]    |            ^^^^^^^^^ could not find `component` in the crate root
[INFO] [stdout]    |
[INFO] [stdout] note: found an item that was configured out
[INFO] [stdout]   --> crates/shadow-plugins/src/lib.rs:11:9
[INFO] [stdout]    |
[INFO] [stdout] 10 | #[cfg(feature = "plugins-wasmtime")]
[INFO] [stdout]    |       ---------------------------- the item is gated behind the `plugins-wasmtime` feature
[INFO] [stdout] 11 | pub mod component;
[INFO] [stdout]    |         ^^^^^^^^^
[INFO] [stdout] 
[INFO] [stdout] 
[INFO] [stdout] error[E0433]: cannot find `component` in the crate root
[INFO] [stdout]   --> crates/shadow-plugins/src/runtime.rs:3:12
[INFO] [stdout]    |
[INFO] [stdout]  3 | use crate::component::bindings::tool::exports::shadow::plugin::tool::ToolResult as WitToolResult;
[INFO] [stdout]    |            ^^^^^^^^^ could not find `component` in the crate root
[INFO] [stdout]    |
[INFO] [stdout] note: found an item that was configured out
[INFO] [stdout]   --> crates/shadow-plugins/src/lib.rs:11:9
[INFO] [stdout]    |
[INFO] [stdout] 10 | #[cfg(feature = "plugins-wasmtime")]
[INFO] [stdout]    |       ---------------------------- the item is gated behind the `plugins-wasmtime` feature
[INFO] [stdout] 11 | pub mod component;
[INFO] [stdout]    |         ^^^^^^^^^
[INFO] [stdout] 
[INFO] [stdout] 
[INFO] [stdout] error[E0432]: unresolved import `base64`
[INFO] [stdout]  --> crates/shadow-plugins/src/signature.rs:8:5
[INFO] [stdout]   |
[INFO] [stdout] 8 | use base64::Engine;
[INFO] [stdout]   |     ^^^^^^ use of unresolved module or unlinked crate `base64`
[INFO] [stdout]   |
[INFO] [stdout]   = help: if you wanted to use a crate named `base64`, use `cargo add base64` to add it to your `Cargo.toml`
[INFO] [stdout] 
[INFO] [stdout] 
[INFO] [stdout] error[E0432]: unresolved import `base64`
[INFO] [stdout]  --> crates/shadow-plugins/src/signature.rs:8:5
[INFO] [stdout]   |
[INFO] [stdout] 8 | use base64::Engine;
[INFO] [stdout]   |     ^^^^^^ use of unresolved module or unlinked crate `base64`
[INFO] [stdout]   |
[INFO] [stdout]   = help: if you wanted to use a crate named `base64`, use `cargo add base64` to add it to your `Cargo.toml`
[INFO] [stdout] 
[INFO] [stdout] 
[INFO] [stdout] error[E0432]: unresolved import `crate::component`
[INFO] [stdout]   --> crates/shadow-plugins/src/runtime.rs:4:12
[INFO] [stdout]    |
[INFO] [stdout]  4 | use crate::component::{PluginLimits, PluginState, call_plugin, engine, load_component, wt};
[INFO] [stdout]    |            ^^^^^^^^^ could not find `component` in the crate root
[INFO] [stdout]    |
[INFO] [stdout] note: found an item that was configured out
[INFO] [stdout]   --> crates/shadow-plugins/src/lib.rs:11:9
[INFO] [stdout]    |
[INFO] [stdout] 10 | #[cfg(feature = "plugins-wasmtime")]
[INFO] [stdout]    |       ---------------------------- the item is gated behind the `plugins-wasmtime` feature
[INFO] [stdout] 11 | pub mod component;
[INFO] [stdout]    |         ^^^^^^^^^
[INFO] [stdout] 
[INFO] [stdout] 
[INFO] [stdout] error[E0433]: cannot find module or crate `wasmtime` in this scope
[INFO] [stdout]   --> crates/shadow-plugins/src/runtime.rs:11:5
[INFO] [stdout]    |
[INFO] [stdout] 11 | use wasmtime::component::Linker;
[INFO] [stdout]    |     ^^^^^^^^ use of unresolved module or unlinked crate `wasmtime`
[INFO] [stdout]    |
[INFO] [stdout]    = help: if you wanted to use a crate named `wasmtime`, use `cargo add wasmtime` to add it to your `Cargo.toml`
[INFO] [stdout] 
[INFO] [stdout] 
[INFO] [stdout] error[E0432]: unresolved import `wasmtime`
[INFO] [stdout]   --> crates/shadow-plugins/src/runtime.rs:10:5
[INFO] [stdout]    |
[INFO] [stdout] 10 | use wasmtime::Store;
[INFO] [stdout]    |     ^^^^^^^^ use of unresolved module or unlinked crate `wasmtime`
[INFO] [stdout]    |
[INFO] [stdout]    = help: if you wanted to use a crate named `wasmtime`, use `cargo add wasmtime` to add it to your `Cargo.toml`
[INFO] [stdout] 
[INFO] [stdout] 
[INFO] [stdout] error[E0432]: unresolved import `crate::component`
[INFO] [stdout]   --> crates/shadow-plugins/src/runtime.rs:4:12
[INFO] [stdout]    |
[INFO] [stdout]  4 | use crate::component::{PluginLimits, PluginState, call_plugin, engine, load_component, wt};
[INFO] [stdout]    |            ^^^^^^^^^ could not find `component` in the crate root
[INFO] [stdout]    |
[INFO] [stdout] note: found an item that was configured out
[INFO] [stdout]   --> crates/shadow-plugins/src/lib.rs:11:9
[INFO] [stdout]    |
[INFO] [stdout] 10 | #[cfg(feature = "plugins-wasmtime")]
[INFO] [stdout]    |       ---------------------------- the item is gated behind the `plugins-wasmtime` feature
[INFO] [stdout] 11 | pub mod component;
[INFO] [stdout]    |         ^^^^^^^^^
[INFO] [stdout] 
[INFO] [stdout] 
[INFO] [stdout] error[E0433]: cannot find module or crate `wasmtime` in this scope
[INFO] [stdout]   --> crates/shadow-plugins/src/runtime.rs:11:5
[INFO] [stdout]    |
[INFO] [stdout] 11 | use wasmtime::component::Linker;
[INFO] [stdout]    |     ^^^^^^^^ use of unresolved module or unlinked crate `wasmtime`
[INFO] [stdout]    |
[INFO] [stdout]    = help: if you wanted to use a crate named `wasmtime`, use `cargo add wasmtime` to add it to your `Cargo.toml`
[INFO] [stdout] 
[INFO] [stdout] 
[INFO] [stdout] error[E0432]: unresolved import `wasmtime`
[INFO] [stdout]   --> crates/shadow-plugins/src/runtime.rs:10:5
[INFO] [stdout]    |
[INFO] [stdout] 10 | use wasmtime::Store;
[INFO] [stdout]    |     ^^^^^^^^ use of unresolved module or unlinked crate `wasmtime`
[INFO] [stdout]    |
[INFO] [stdout]    = help: if you wanted to use a crate named `wasmtime`, use `cargo add wasmtime` to add it to your `Cargo.toml`
[INFO] [stdout] 
[INFO] [stdout] 
[INFO] [stdout] error[E0433]: cannot find `component` in the crate root
[INFO] [stdout]   --> crates/shadow-plugins/src/runtime.rs:27:12
[INFO] [stdout]    |
[INFO] [stdout] 27 |     crate::component::add_wasi(&mut linker);
[INFO] [stdout]    |            ^^^^^^^^^ could not find `component` in the crate root
[INFO] [stdout]    |
[INFO] [stdout] note: found an item that was configured out
[INFO] [stdout]   --> crates/shadow-plugins/src/lib.rs:11:9
[INFO] [stdout]    |
[INFO] [stdout] 10 | #[cfg(feature = "plugins-wasmtime")]
[INFO] [stdout]    |       ---------------------------- the item is gated behind the `plugins-wasmtime` feature
[INFO] [stdout] 11 | pub mod component;
[INFO] [stdout]    |         ^^^^^^^^^
[INFO] [stdout] 
[INFO] [stdout] 
[INFO] [stdout] error[E0433]: cannot find `component` in the crate root
[INFO] [stdout]   --> crates/shadow-plugins/src/runtime.rs:27:12
[INFO] [stdout]    |
[INFO] [stdout] 27 |     crate::component::add_wasi(&mut linker);
[INFO] [stdout]    |            ^^^^^^^^^ could not find `component` in the crate root
[INFO] [stdout]    |
[INFO] [stdout] note: found an item that was configured out
[INFO] [stdout]   --> crates/shadow-plugins/src/lib.rs:11:9
[INFO] [stdout]    |
[INFO] [stdout] 10 | #[cfg(feature = "plugins-wasmtime")]
[INFO] [stdout]    |       ---------------------------- the item is gated behind the `plugins-wasmtime` feature
[INFO] [stdout] 11 | pub mod component;
[INFO] [stdout]    |         ^^^^^^^^^
[INFO] [stdout] 
[INFO] [stdout] 
[INFO] [stdout] error[E0433]: cannot find `component` in the crate root
[INFO] [stdout]   --> crates/shadow-plugins/src/runtime.rs:28:30
[INFO] [stdout]    |
[INFO] [stdout] 28 |     let mut options = crate::component::bindings::tool::LinkOptions::default();
[INFO] [stdout]    |                              ^^^^^^^^^ could not find `component` in the crate root
[INFO] [stdout]    |
[INFO] [stdout] note: found an item that was configured out
[INFO] [stdout]   --> crates/shadow-plugins/src/lib.rs:11:9
[INFO] [stdout]    |
[INFO] [stdout] 10 | #[cfg(feature = "plugins-wasmtime")]
[INFO] [stdout]    |       ---------------------------- the item is gated behind the `plugins-wasmtime` feature
[INFO] [stdout] 11 | pub mod component;
[INFO] [stdout]    |         ^^^^^^^^^
[INFO] [stdout] 
[INFO] [stdout] 
[INFO] [stdout] error[E0433]: cannot find `component` in the crate root
[INFO] [stdout]   --> crates/shadow-plugins/src/runtime.rs:28:30
[INFO] [stdout]    |
[INFO] [stdout] 28 |     let mut options = crate::component::bindings::tool::LinkOptions::default();
[INFO] [stdout]    |                              ^^^^^^^^^ could not find `component` in the crate root
[INFO] [stdout]    |
[INFO] [stdout] note: found an item that was configured out
[INFO] [stdout]   --> crates/shadow-plugins/src/lib.rs:11:9
[INFO] [stdout]    |
[INFO] [stdout] 10 | #[cfg(feature = "plugins-wasmtime")]
[INFO] [stdout]    |       ---------------------------- the item is gated behind the `plugins-wasmtime` feature
[INFO] [stdout] 11 | pub mod component;
[INFO] [stdout]    |         ^^^^^^^^^
[INFO] [stdout] 
[INFO] [stdout] 
[INFO] [stdout] error[E0433]: cannot find module or crate `wasmtime` in this scope
[INFO] [stdout]   --> crates/shadow-plugins/src/runtime.rs:31:40
[INFO] [stdout]    |
[INFO] [stdout] 31 |         ToolPlugin::add_to_linker::<_, wasmtime::component::HasSelf<_>>(
[INFO] [stdout]    |                                        ^^^^^^^^ use of unresolved module or unlinked crate `wasmtime`
[INFO] [stdout]    |
[INFO] [stdout]    = help: if you wanted to use a crate named `wasmtime`, use `cargo add wasmtime` to add it to your `Cargo.toml`
[INFO] [stdout] 
[INFO] [stdout] 
[INFO] [stdout] error[E0433]: cannot find module or crate `wasmtime` in this scope
[INFO] [stdout]   --> crates/shadow-plugins/src/runtime.rs:31:40
[INFO] [stdout]    |
[INFO] [stdout] 31 |         ToolPlugin::add_to_linker::<_, wasmtime::component::HasSelf<_>>(
[INFO] [stdout]    |                                        ^^^^^^^^ use of unresolved module or unlinked crate `wasmtime`
[INFO] [stdout]    |
[INFO] [stdout]    = help: if you wanted to use a crate named `wasmtime`, use `cargo add wasmtime` to add it to your `Cargo.toml`
[INFO] [stdout] 
[INFO] [stdout] 
[INFO] [stdout] error[E0433]: cannot find `component` in the crate root
[INFO] [stdout]   --> crates/shadow-plugins/src/runtime.rs:49:16
[INFO] [stdout]    |
[INFO] [stdout] 49 |         crate::component::add_http_wasi(&mut linker).expect("tool http linker");
[INFO] [stdout]    |                ^^^^^^^^^ could not find `component` in the crate root
[INFO] [stdout]    |
[INFO] [stdout] note: found an item that was configured out
[INFO] [stdout]   --> crates/shadow-plugins/src/lib.rs:11:9
[INFO] [stdout]    |
[INFO] [stdout] 10 | #[cfg(feature = "plugins-wasmtime")]
[INFO] [stdout]    |       ---------------------------- the item is gated behind the `plugins-wasmtime` feature
[INFO] [stdout] 11 | pub mod component;
[INFO] [stdout]    |         ^^^^^^^^^
[INFO] [stdout] 
[INFO] [stdout] 
[INFO] [stdout] error[E0433]: cannot find `component` in the crate root
[INFO] [stdout]   --> crates/shadow-plugins/src/runtime.rs:49:16
[INFO] [stdout]    |
[INFO] [stdout] 49 |         crate::component::add_http_wasi(&mut linker).expect("tool http linker");
[INFO] [stdout]    |                ^^^^^^^^^ could not find `component` in the crate root
[INFO] [stdout]    |
[INFO] [stdout] note: found an item that was configured out
[INFO] [stdout]   --> crates/shadow-plugins/src/lib.rs:11:9
[INFO] [stdout]    |
[INFO] [stdout] 10 | #[cfg(feature = "plugins-wasmtime")]
[INFO] [stdout]    |       ---------------------------- the item is gated behind the `plugins-wasmtime` feature
[INFO] [stdout] 11 | pub mod component;
[INFO] [stdout]    |         ^^^^^^^^^
[INFO] [stdout] 
[INFO] [stdout] 
[INFO] [stdout] error[E0433]: cannot find `component` in the crate root
[INFO] [stdout]   --> crates/shadow-plugins/src/runtime.rs:60:28
[INFO] [stdout]    |
[INFO] [stdout] 60 |     let mut store = crate::component::new_store(permissions, limits);
[INFO] [stdout]    |                            ^^^^^^^^^ could not find `component` in the crate root
[INFO] [stdout]    |
[INFO] [stdout] note: found an item that was configured out
[INFO] [stdout]   --> crates/shadow-plugins/src/lib.rs:11:9
[INFO] [stdout]    |
[INFO] [stdout] 10 | #[cfg(feature = "plugins-wasmtime")]
[INFO] [stdout]    |       ---------------------------- the item is gated behind the `plugins-wasmtime` feature
[INFO] [stdout] 11 | pub mod component;
[INFO] [stdout]    |         ^^^^^^^^^
[INFO] [stdout] 
[INFO] [stdout] 
[INFO] [stdout] error[E0433]: cannot find `component` in the crate root
[INFO] [stdout]   --> crates/shadow-plugins/src/runtime.rs:60:28
[INFO] [stdout]    |
[INFO] [stdout] 60 |     let mut store = crate::component::new_store(permissions, limits);
[INFO] [stdout]    |                            ^^^^^^^^^ could not find `component` in the crate root
[INFO] [stdout]    |
[INFO] [stdout] note: found an item that was configured out
[INFO] [stdout]   --> crates/shadow-plugins/src/lib.rs:11:9
[INFO] [stdout]    |
[INFO] [stdout] 10 | #[cfg(feature = "plugins-wasmtime")]
[INFO] [stdout]    |       ---------------------------- the item is gated behind the `plugins-wasmtime` feature
[INFO] [stdout] 11 | pub mod component;
[INFO] [stdout]    |         ^^^^^^^^^
[INFO] [stdout] 
[INFO] [stdout] 
[INFO] [stdout] error[E0433]: cannot find `component` in the crate root
[INFO] [stdout]   --> crates/shadow-plugins/src/runtime.rs:68:12
[INFO] [stdout]    |
[INFO] [stdout] 68 |     crate::component::ensure_http_coherent(&store, http)?;
[INFO] [stdout]    |            ^^^^^^^^^ could not find `component` in the crate root
[INFO] [stdout]    |
[INFO] [stdout] note: found an item that was configured out
[INFO] [stdout]   --> crates/shadow-plugins/src/lib.rs:11:9
[INFO] [stdout]    |
[INFO] [stdout] 10 | #[cfg(feature = "plugins-wasmtime")]
[INFO] [stdout]    |       ---------------------------- the item is gated behind the `plugins-wasmtime` feature
[INFO] [stdout] 11 | pub mod component;
[INFO] [stdout]    |         ^^^^^^^^^
[INFO] [stdout] 
[INFO] [stdout] 
[INFO] [stdout] error[E0433]: cannot find `component` in the crate root
[INFO] [stdout]   --> crates/shadow-plugins/src/runtime.rs:68:12
[INFO] [stdout]    |
[INFO] [stdout] 68 |     crate::component::ensure_http_coherent(&store, http)?;
[INFO] [stdout]    |            ^^^^^^^^^ could not find `component` in the crate root
[INFO] [stdout]    |
[INFO] [stdout] note: found an item that was configured out
[INFO] [stdout]   --> crates/shadow-plugins/src/lib.rs:11:9
[INFO] [stdout]    |
[INFO] [stdout] 10 | #[cfg(feature = "plugins-wasmtime")]
[INFO] [stdout]    |       ---------------------------- the item is gated behind the `plugins-wasmtime` feature
[INFO] [stdout] 11 | pub mod component;
[INFO] [stdout]    |         ^^^^^^^^^
[INFO] [stdout] 
[INFO] [stdout] 
[INFO] [stdout] warning: unused import: `std::fs::exists`
[INFO] [stdout]  --> crates/shadow-plugins/src/host.rs:5:5
[INFO] [stdout]   |
[INFO] [stdout] 5 | use std::fs::exists;
[INFO] [stdout]   |     ^^^^^^^^^^^^^^^
[INFO] [stdout]   |
[INFO] [stdout]   = note: `#[warn(unused_imports)]` (part of `#[warn(unused)]`) on by default
[INFO] [stdout] 
[INFO] [stdout] 
[INFO] [stdout] warning: unused import: `shadow_log::Severity::Error`
[INFO] [stdout]  --> crates/shadow-plugins/src/host.rs:7:5
[INFO] [stdout]   |
[INFO] [stdout] 7 | use shadow_log::Severity::Error;
[INFO] [stdout]   |     ^^^^^^^^^^^^^^^^^^^^^^^^^^^
[INFO] [stdout] 
[INFO] [stdout] 
[INFO] [stdout] warning: unused import: `std::fs::exists`
[INFO] [stdout]  --> crates/shadow-plugins/src/host.rs:5:5
[INFO] [stdout]   |
[INFO] [stdout] 5 | use std::fs::exists;
[INFO] [stdout]   |     ^^^^^^^^^^^^^^^
[INFO] [stdout]   |
[INFO] [stdout]   = note: `#[warn(unused_imports)]` (part of `#[warn(unused)]`) on by default
[INFO] [stdout] 
[INFO] [stdout] 
[INFO] [stdout] warning: unused import: `shadow_log::Severity::Error`
[INFO] [stdout]  --> crates/shadow-plugins/src/host.rs:7:5
[INFO] [stdout]   |
[INFO] [stdout] 7 | use shadow_log::Severity::Error;
[INFO] [stdout]   |     ^^^^^^^^^^^^^^^^^^^^^^^^^^^
[INFO] [stdout] 
[INFO] [stdout] 
[INFO] [stdout] warning: unexpected `cfg` condition value: `schema-export`
[INFO] [stdout]  --> crates/shadow-config/src/autonomy.rs:4:12
[INFO] [stdout]   |
[INFO] [stdout] 4 | #[cfg_attr(feature = "schema-export", derive(schemars::JsonSchema))]
[INFO] [stdout]   |            ^^^^^^^^^^^^^^^^^^^^^^^^^ help: remove the condition
[INFO] [stdout]   |
[INFO] [stdout]   = note: no expected values for `feature`
[INFO] [stdout]   = help: consider adding `schema-export` as a feature in `Cargo.toml`
[INFO] [stdout]   = note: see <https://doc.rust-lang.org/nightly/rustc/check-cfg/cargo-specifics.html> for more information about checking conditional configuration
[INFO] [stdout]   = note: `#[warn(unexpected_cfgs)]` on by default
[INFO] [stdout] 
[INFO] [stdout] 
[INFO] [stdout] warning: unexpected `cfg` condition value: `schema-export`
[INFO] [stdout]   --> crates/shadow-config/src/autonomy.rs:20:12
[INFO] [stdout]    |
[INFO] [stdout] 20 | #[cfg_attr(feature = "schema-export", derive(schemars::JsonSchema))]
[INFO] [stdout]    |            ^^^^^^^^^^^^^^^^^^^^^^^^^ help: remove the condition
[INFO] [stdout]    |
[INFO] [stdout]    = note: no expected values for `feature`
[INFO] [stdout]    = help: consider adding `schema-export` as a feature in `Cargo.toml`
[INFO] [stdout]    = note: see <https://doc.rust-lang.org/nightly/rustc/check-cfg/cargo-specifics.html> for more information about checking conditional configuration
[INFO] [stdout] 
[INFO] [stdout] 
[INFO] [stdout] warning: unexpected `cfg` condition value: `schema-export`
[INFO] [stdout]   --> crates/shadow-config/src/autonomy.rs:38:12
[INFO] [stdout]    |
[INFO] [stdout] 38 | #[cfg_attr(feature = "schema-export", derive(schemars::JsonSchema))]
[INFO] [stdout]    |            ^^^^^^^^^^^^^^^^^^^^^^^^^ help: remove the condition
[INFO] [stdout]    |
[INFO] [stdout]    = note: no expected values for `feature`
[INFO] [stdout]    = help: consider adding `schema-export` as a feature in `Cargo.toml`
[INFO] [stdout]    = note: see <https://doc.rust-lang.org/nightly/rustc/check-cfg/cargo-specifics.html> for more information about checking conditional configuration
[INFO] [stdout] 
[INFO] [stdout] 
[INFO] [stdout] warning: unexpected `cfg` condition value: `schema-export`
[INFO] [stdout]   --> crates/shadow-config/src/autonomy.rs:48:12
[INFO] [stdout]    |
[INFO] [stdout] 48 | #[cfg_attr(feature = "schema-export", derive(schemars::JsonSchema))]
[INFO] [stdout]    |            ^^^^^^^^^^^^^^^^^^^^^^^^^ help: remove the condition
[INFO] [stdout]    |
[INFO] [stdout]    = note: no expected values for `feature`
[INFO] [stdout]    = help: consider adding `schema-export` as a feature in `Cargo.toml`
[INFO] [stdout]    = note: see <https://doc.rust-lang.org/nightly/rustc/check-cfg/cargo-specifics.html> for more information about checking conditional configuration
[INFO] [stdout] 
[INFO] [stdout] 
[INFO] [stdout] warning: unexpected `cfg` condition value: `schema-export`
[INFO] [stdout]   --> crates/shadow-config/src/providers.rs:15:20
[INFO] [stdout]    |
[INFO] [stdout]  9 | macro_rules! define_provider_ref {
[INFO] [stdout] ...
[INFO] [stdout] 15 |         #[cfg_attr(feature = "schema-export", derive(schemars::JsonSchema))]
[INFO] [stdout]    |                    ^^^^^^^^^^^^^^^^^^^^^^^^^ help: remove the condition
[INFO] [stdout]    |
[INFO] [stdout]   ::: crates/shadow-config/src/multi/alias_agent.rs:7:1
[INFO] [stdout]    |
[INFO] [stdout]  7 | define_provider_ref!(AgentAlias, "agents");
[INFO] [stdout]    | ------------------------------------------ in this macro invocation
[INFO] [stdout]    |
[INFO] [stdout]    = note: no expected values for `feature`
[INFO] [stdout]    = help: consider adding `schema-export` as a feature in `Cargo.toml`
[INFO] [stdout]    = note: see <https://doc.rust-lang.org/nightly/rustc/check-cfg/cargo-specifics.html> for more information about checking conditional configuration
[INFO] [stdout] 
[INFO] [stdout] 
[INFO] [stdout] warning: unused import: `RuntimeProfileConfig`
[INFO] [stdout]  --> crates/shadow-config/src/multi/alias_agent.rs:2:38
[INFO] [stdout]   |
[INFO] [stdout] 2 | use crate::schema::{ResolvedRuntime, RuntimeProfileConfig};
[INFO] [stdout]   |                                      ^^^^^^^^^^^^^^^^^^^^
[INFO] [stdout]   |
[INFO] [stdout]   = note: `#[warn(unused_imports)]` (part of `#[warn(unused)]`) on by default
[INFO] [stdout] 
[INFO] [stdout] 
[INFO] [stdout] warning: unexpected `cfg` condition value: `schema-export`
[INFO] [stdout]   --> crates/shadow-config/src/providers.rs:15:20
[INFO] [stdout]    |
[INFO] [stdout]  9 | macro_rules! define_provider_ref {
[INFO] [stdout] ...
[INFO] [stdout] 15 |         #[cfg_attr(feature = "schema-export", derive(schemars::JsonSchema))]
[INFO] [stdout]    |                    ^^^^^^^^^^^^^^^^^^^^^^^^^ help: remove the condition
[INFO] [stdout]    |
[INFO] [stdout]   ::: crates/shadow-config/src/multi/peer_group.rs:6:1
[INFO] [stdout]    |
[INFO] [stdout]  6 | define_provider_ref!(PeerGroupName, "peer_groups");
[INFO] [stdout]    | -------------------------------------------------- in this macro invocation
[INFO] [stdout]    |
[INFO] [stdout]    = note: no expected values for `feature`
[INFO] [stdout]    = help: consider adding `schema-export` as a feature in `Cargo.toml`
[INFO] [stdout]    = note: see <https://doc.rust-lang.org/nightly/rustc/check-cfg/cargo-specifics.html> for more information about checking conditional configuration
[INFO] [stdout] 
[INFO] [stdout] 
[INFO] [stdout] warning: unexpected `cfg` condition value: `schema-export`
[INFO] [stdout]   --> crates/shadow-config/src/providers.rs:15:20
[INFO] [stdout]    |
[INFO] [stdout]  9 | macro_rules! define_provider_ref {
[INFO] [stdout] ...
[INFO] [stdout] 15 |         #[cfg_attr(feature = "schema-export", derive(schemars::JsonSchema))]
[INFO] [stdout]    |                    ^^^^^^^^^^^^^^^^^^^^^^^^^ help: remove the condition
[INFO] [stdout]    |
[INFO] [stdout]   ::: crates/shadow-config/src/multi/peer_group.rs:7:1
[INFO] [stdout]    |
[INFO] [stdout]  7 | define_provider_ref!(PeerUsername, "channels.peers");
[INFO] [stdout]    | ---------------------------------------------------- in this macro invocation
[INFO] [stdout]    |
[INFO] [stdout]    = note: no expected values for `feature`
[INFO] [stdout]    = help: consider adding `schema-export` as a feature in `Cargo.toml`
[INFO] [stdout]    = note: see <https://doc.rust-lang.org/nightly/rustc/check-cfg/cargo-specifics.html> for more information about checking conditional configuration
[INFO] [stdout] 
[INFO] [stdout] 
[INFO] [stdout] warning: unused import: `Formatter`
[INFO] [stdout]  --> crates/shadow-config/src/policy.rs:7:25
[INFO] [stdout]   |
[INFO] [stdout] 7 | use std::fmt::{Display, Formatter};
[INFO] [stdout]   |                         ^^^^^^^^^
[INFO] [stdout] 
[INFO] [stdout] 
[INFO] [stdout] warning: unused import: `std::process::Child`
[INFO] [stdout]  --> crates/shadow-config/src/policy.rs:9:5
[INFO] [stdout]   |
[INFO] [stdout] 9 | use std::process::Child;
[INFO] [stdout]   |     ^^^^^^^^^^^^^^^^^^^
[INFO] [stdout] 
[INFO] [stdout] 
[INFO] [stdout] warning: unused import: `tokio::io::split`
[INFO] [stdout]   --> crates/shadow-config/src/policy.rs:12:5
[INFO] [stdout]    |
[INFO] [stdout] 12 | use tokio::io::split;
[INFO] [stdout]    |     ^^^^^^^^^^^^^^^^
[INFO] [stdout] 
[INFO] [stdout] 
[INFO] [stdout] warning: unexpected `cfg` condition value: `schema-export`
[INFO] [stdout]   --> crates/shadow-config/src/providers.rs:15:20
[INFO] [stdout]    |
[INFO] [stdout]  9 | macro_rules! define_provider_ref {
[INFO] [stdout] ...
[INFO] [stdout] 15 |         #[cfg_attr(feature = "schema-export", derive(schemars::JsonSchema))]
[INFO] [stdout]    |                    ^^^^^^^^^^^^^^^^^^^^^^^^^ help: remove the condition
[INFO] [stdout] ...
[INFO] [stdout] 93 | define_provider_ref!(ModelProviderRef, "providers.models");
[INFO] [stdout]    | ---------------------------------------------------------- in this macro invocation
[INFO] [stdout]    |
[INFO] [stdout]    = note: no expected values for `feature`
[INFO] [stdout]    = help: consider adding `schema-export` as a feature in `Cargo.toml`
[INFO] [stdout]    = note: see <https://doc.rust-lang.org/nightly/rustc/check-cfg/cargo-specifics.html> for more information about checking conditional configuration
[INFO] [stdout] 
[INFO] [stdout] 
[INFO] [stdout] warning: unexpected `cfg` condition value: `schema-export`
[INFO] [stdout]   --> crates/shadow-config/src/providers.rs:15:20
[INFO] [stdout]    |
[INFO] [stdout]  9 | macro_rules! define_provider_ref {
[INFO] [stdout] ...
[INFO] [stdout] 15 |         #[cfg_attr(feature = "schema-export", derive(schemars::JsonSchema))]
[INFO] [stdout]    |                    ^^^^^^^^^^^^^^^^^^^^^^^^^ help: remove the condition
[INFO] [stdout] ...
[INFO] [stdout] 94 | define_provider_ref!(RiskProfileRef, "risk_profiles");
[INFO] [stdout]    | ----------------------------------------------------- in this macro invocation
[INFO] [stdout]    |
[INFO] [stdout]    = note: no expected values for `feature`
[INFO] [stdout]    = help: consider adding `schema-export` as a feature in `Cargo.toml`
[INFO] [stdout]    = note: see <https://doc.rust-lang.org/nightly/rustc/check-cfg/cargo-specifics.html> for more information about checking conditional configuration
[INFO] [stdout] 
[INFO] [stdout] 
[INFO] [stdout] warning: unexpected `cfg` condition value: `schema-export`
[INFO] [stdout]   --> crates/shadow-config/src/providers.rs:15:20
[INFO] [stdout]    |
[INFO] [stdout]  9 | macro_rules! define_provider_ref {
[INFO] [stdout] ...
[INFO] [stdout] 15 |         #[cfg_attr(feature = "schema-export", derive(schemars::JsonSchema))]
[INFO] [stdout]    |                    ^^^^^^^^^^^^^^^^^^^^^^^^^ help: remove the condition
[INFO] [stdout] ...
[INFO] [stdout] 95 | define_provider_ref!(RuntimeProfileRef, "runtime_profiles");
[INFO] [stdout]    | ----------------------------------------------------------- in this macro invocation
[INFO] [stdout]    |
[INFO] [stdout]    = note: no expected values for `feature`
[INFO] [stdout]    = help: consider adding `schema-export` as a feature in `Cargo.toml`
[INFO] [stdout]    = note: see <https://doc.rust-lang.org/nightly/rustc/check-cfg/cargo-specifics.html> for more information about checking conditional configuration
[INFO] [stdout] 
[INFO] [stdout] 
[INFO] [stdout] warning: unexpected `cfg` condition value: `schema-export`
[INFO] [stdout]   --> crates/shadow-config/src/providers.rs:15:20
[INFO] [stdout]    |
[INFO] [stdout]  9 | macro_rules! define_provider_ref {
[INFO] [stdout] ...
[INFO] [stdout] 15 |         #[cfg_attr(feature = "schema-export", derive(schemars::JsonSchema))]
[INFO] [stdout]    |                    ^^^^^^^^^^^^^^^^^^^^^^^^^ help: remove the condition
[INFO] [stdout] ...
[INFO] [stdout] 96 | define_provider_ref!(ChannelRef, "channels");
[INFO] [stdout]    | -------------------------------------------- in this macro invocation
[INFO] [stdout]    |
[INFO] [stdout]    = note: no expected values for `feature`
[INFO] [stdout]    = help: consider adding `schema-export` as a feature in `Cargo.toml`
[INFO] [stdout]    = note: see <https://doc.rust-lang.org/nightly/rustc/check-cfg/cargo-specifics.html> for more information about checking conditional configuration
[INFO] [stdout] 
[INFO] [stdout] 
[INFO] [stdout] warning: unexpected `cfg` condition value: `schema-export`
[INFO] [stdout]   --> crates/shadow-config/src/schema.rs:27:12
[INFO] [stdout]    |
[INFO] [stdout] 27 | #[cfg_attr(feature = "schema-export", derive(schemars::JsonSchema))]
[INFO] [stdout]    |            ^^^^^^^^^^^^^^^^^^^^^^^^^ help: remove the condition
[INFO] [stdout]    |
[INFO] [stdout]    = note: no expected values for `feature`
[INFO] [stdout]    = help: consider adding `schema-export` as a feature in `Cargo.toml`
[INFO] [stdout]    = note: see <https://doc.rust-lang.org/nightly/rustc/check-cfg/cargo-specifics.html> for more information about checking conditional configuration
[INFO] [stdout] 
[INFO] [stdout] 
[INFO] [stdout] warning: unexpected `cfg` condition value: `schema-export`
[INFO] [stdout]    --> crates/shadow-config/src/schema.rs:642:12
[INFO] [stdout]     |
[INFO] [stdout] 642 | #[cfg_attr(feature = "schema-export", derive(schemars::JsonSchema))]
[INFO] [stdout]     |            ^^^^^^^^^^^^^^^^^^^^^^^^^ help: remove the condition
[INFO] [stdout]     |
[INFO] [stdout]     = note: no expected values for `feature`
[INFO] [stdout]     = help: consider adding `schema-export` as a feature in `Cargo.toml`
[INFO] [stdout]     = note: see <https://doc.rust-lang.org/nightly/rustc/check-cfg/cargo-specifics.html> for more information about checking conditional configuration
[INFO] [stdout] 
[INFO] [stdout] 
[INFO] [stdout] warning: unused import: `crate::multi::alias_agent::MemoryBackendKind`
[INFO] [stdout]   --> crates/shadow-config/src/schema.rs:12:5
[INFO] [stdout]    |
[INFO] [stdout] 12 | use crate::multi::alias_agent::MemoryBackendKind;
[INFO] [stdout]    |     ^^^^^^^^^^^^^^^^^^^^^^^^^^^^^^^^^^^^^^^^^^^^
[INFO] [stdout] 
[INFO] [stdout] 
[INFO] [stdout] warning: unused imports: `ModelProviderRef` and `ModelProviders`
[INFO] [stdout]   --> crates/shadow-config/src/schema.rs:15:24
[INFO] [stdout]    |
[INFO] [stdout] 15 | use crate::providers::{ModelProviderRef, ModelProviders, Providers};
[INFO] [stdout]    |                        ^^^^^^^^^^^^^^^^  ^^^^^^^^^^^^^^
[INFO] [stdout] 
[INFO] [stdout] 
[INFO] [stdout] warning: unused import: `std::future::poll_fn`
[INFO] [stdout]   --> crates/shadow-config/src/schema.rs:21:5
[INFO] [stdout]    |
[INFO] [stdout] 21 | use std::future::poll_fn;
[INFO] [stdout]    |     ^^^^^^^^^^^^^^^^^^^^
[INFO] [stdout] 
[INFO] [stdout] 
[INFO] [stdout] warning: unused import: `model_provider::*`
[INFO] [stdout]   --> crates/shadow-config/src/lib.rs:50:9
[INFO] [stdout]    |
[INFO] [stdout] 50 | pub use model_provider::*;
[INFO] [stdout]    |         ^^^^^^^^^^^^^^^^^
[INFO] [stdout] 
[INFO] [stdout] 
[INFO] [stdout] warning: unused import: `std::path::Path`
[INFO] [stdout]   --> crates/shadow-config/src/lib.rs:52:5
[INFO] [stdout]    |
[INFO] [stdout] 52 | use std::path::Path;
[INFO] [stdout]    |     ^^^^^^^^^^^^^^^
[INFO] [stdout] 
[INFO] [stdout] 
[INFO] [stdout] warning: unexpected `cfg` condition value: `schema-export`
[INFO] [stdout]  --> crates/shadow-config/src/autonomy.rs:4:12
[INFO] [stdout]   |
[INFO] [stdout] 4 | #[cfg_attr(feature = "schema-export", derive(schemars::JsonSchema))]
[INFO] [stdout]   |            ^^^^^^^^^^^^^^^^^^^^^^^^^ help: remove the condition
[INFO] [stdout]   |
[INFO] [stdout]   = note: no expected values for `feature`
[INFO] [stdout]   = help: consider adding `schema-export` as a feature in `Cargo.toml`
[INFO] [stdout]   = note: see <https://doc.rust-lang.org/nightly/rustc/check-cfg/cargo-specifics.html> for more information about checking conditional configuration
[INFO] [stdout]   = note: `#[warn(unexpected_cfgs)]` on by default
[INFO] [stdout] 
[INFO] [stdout] 
[INFO] [stdout] warning: unexpected `cfg` condition value: `schema-export`
[INFO] [stdout]   --> crates/shadow-config/src/autonomy.rs:20:12
[INFO] [stdout]    |
[INFO] [stdout] 20 | #[cfg_attr(feature = "schema-export", derive(schemars::JsonSchema))]
[INFO] [stdout]    |            ^^^^^^^^^^^^^^^^^^^^^^^^^ help: remove the condition
[INFO] [stdout]    |
[INFO] [stdout]    = note: no expected values for `feature`
[INFO] [stdout]    = help: consider adding `schema-export` as a feature in `Cargo.toml`
[INFO] [stdout]    = note: see <https://doc.rust-lang.org/nightly/rustc/check-cfg/cargo-specifics.html> for more information about checking conditional configuration
[INFO] [stdout] 
[INFO] [stdout] 
[INFO] [stdout] warning: unexpected `cfg` condition value: `schema-export`
[INFO] [stdout]   --> crates/shadow-config/src/autonomy.rs:38:12
[INFO] [stdout]    |
[INFO] [stdout] 38 | #[cfg_attr(feature = "schema-export", derive(schemars::JsonSchema))]
[INFO] [stdout]    |            ^^^^^^^^^^^^^^^^^^^^^^^^^ help: remove the condition
[INFO] [stdout]    |
[INFO] [stdout]    = note: no expected values for `feature`
[INFO] [stdout]    = help: consider adding `schema-export` as a feature in `Cargo.toml`
[INFO] [stdout]    = note: see <https://doc.rust-lang.org/nightly/rustc/check-cfg/cargo-specifics.html> for more information about checking conditional configuration
[INFO] [stdout] 
[INFO] [stdout] 
[INFO] [stdout] warning: unexpected `cfg` condition value: `schema-export`
[INFO] [stdout]   --> crates/shadow-config/src/autonomy.rs:48:12
[INFO] [stdout]    |
[INFO] [stdout] 48 | #[cfg_attr(feature = "schema-export", derive(schemars::JsonSchema))]
[INFO] [stdout]    |            ^^^^^^^^^^^^^^^^^^^^^^^^^ help: remove the condition
[INFO] [stdout]    |
[INFO] [stdout]    = note: no expected values for `feature`
[INFO] [stdout]    = help: consider adding `schema-export` as a feature in `Cargo.toml`
[INFO] [stdout]    = note: see <https://doc.rust-lang.org/nightly/rustc/check-cfg/cargo-specifics.html> for more information about checking conditional configuration
[INFO] [stdout] 
[INFO] [stdout] 
[INFO] [stdout] warning: unexpected `cfg` condition value: `schema-export`
[INFO] [stdout]   --> crates/shadow-config/src/providers.rs:15:20
[INFO] [stdout]    |
[INFO] [stdout]  9 | macro_rules! define_provider_ref {
[INFO] [stdout] ...
[INFO] [stdout] 15 |         #[cfg_attr(feature = "schema-export", derive(schemars::JsonSchema))]
[INFO] [stdout]    |                    ^^^^^^^^^^^^^^^^^^^^^^^^^ help: remove the condition
[INFO] [stdout]    |
[INFO] [stdout]   ::: crates/shadow-config/src/multi/alias_agent.rs:7:1
[INFO] [stdout]    |
[INFO] [stdout]  7 | define_provider_ref!(AgentAlias, "agents");
[INFO] [stdout]    | ------------------------------------------ in this macro invocation
[INFO] [stdout]    |
[INFO] [stdout]    = note: no expected values for `feature`
[INFO] [stdout]    = help: consider adding `schema-export` as a feature in `Cargo.toml`
[INFO] [stdout]    = note: see <https://doc.rust-lang.org/nightly/rustc/check-cfg/cargo-specifics.html> for more information about checking conditional configuration
[INFO] [stdout] 
[INFO] [stdout] 
[INFO] [stdout] warning: unused import: `RuntimeProfileConfig`
[INFO] [stdout]  --> crates/shadow-config/src/multi/alias_agent.rs:2:38
[INFO] [stdout]   |
[INFO] [stdout] 2 | use crate::schema::{ResolvedRuntime, RuntimeProfileConfig};
[INFO] [stdout]   |                                      ^^^^^^^^^^^^^^^^^^^^
[INFO] [stdout]   |
[INFO] [stdout]   = note: `#[warn(unused_imports)]` (part of `#[warn(unused)]`) on by default
[INFO] [stdout] 
[INFO] [stdout] 
[INFO] [stdout] warning: unexpected `cfg` condition value: `schema-export`
[INFO] [stdout]   --> crates/shadow-config/src/providers.rs:15:20
[INFO] [stdout]    |
[INFO] [stdout]  9 | macro_rules! define_provider_ref {
[INFO] [stdout] ...
[INFO] [stdout] 15 |         #[cfg_attr(feature = "schema-export", derive(schemars::JsonSchema))]
[INFO] [stdout]    |                    ^^^^^^^^^^^^^^^^^^^^^^^^^ help: remove the condition
[INFO] [stdout]    |
[INFO] [stdout]   ::: crates/shadow-config/src/multi/peer_group.rs:6:1
[INFO] [stdout]    |
[INFO] [stdout]  6 | define_provider_ref!(PeerGroupName, "peer_groups");
[INFO] [stdout]    | -------------------------------------------------- in this macro invocation
[INFO] [stdout]    |
[INFO] [stdout]    = note: no expected values for `feature`
[INFO] [stdout]    = help: consider adding `schema-export` as a feature in `Cargo.toml`
[INFO] [stdout]    = note: see <https://doc.rust-lang.org/nightly/rustc/check-cfg/cargo-specifics.html> for more information about checking conditional configuration
[INFO] [stdout] 
[INFO] [stdout] 
[INFO] [stdout] warning: unexpected `cfg` condition value: `schema-export`
[INFO] [stdout]   --> crates/shadow-config/src/providers.rs:15:20
[INFO] [stdout]    |
[INFO] [stdout]  9 | macro_rules! define_provider_ref {
[INFO] [stdout] ...
[INFO] [stdout] 15 |         #[cfg_attr(feature = "schema-export", derive(schemars::JsonSchema))]
[INFO] [stdout]    |                    ^^^^^^^^^^^^^^^^^^^^^^^^^ help: remove the condition
[INFO] [stdout]    |
[INFO] [stdout]   ::: crates/shadow-config/src/multi/peer_group.rs:7:1
[INFO] [stdout]    |
[INFO] [stdout]  7 | define_provider_ref!(PeerUsername, "channels.peers");
[INFO] [stdout]    | ---------------------------------------------------- in this macro invocation
[INFO] [stdout]    |
[INFO] [stdout]    = note: no expected values for `feature`
[INFO] [stdout]    = help: consider adding `schema-export` as a feature in `Cargo.toml`
[INFO] [stdout]    = note: see <https://doc.rust-lang.org/nightly/rustc/check-cfg/cargo-specifics.html> for more information about checking conditional configuration
[INFO] [stdout] 
[INFO] [stdout] 
[INFO] [stdout] warning: unused import: `Formatter`
[INFO] [stdout]  --> crates/shadow-config/src/policy.rs:7:25
[INFO] [stdout]   |
[INFO] [stdout] 7 | use std::fmt::{Display, Formatter};
[INFO] [stdout]   |                         ^^^^^^^^^
[INFO] [stdout] 
[INFO] [stdout] 
[INFO] [stdout] warning: unused import: `std::process::Child`
[INFO] [stdout]  --> crates/shadow-config/src/policy.rs:9:5
[INFO] [stdout]   |
[INFO] [stdout] 9 | use std::process::Child;
[INFO] [stdout]   |     ^^^^^^^^^^^^^^^^^^^
[INFO] [stdout] 
[INFO] [stdout] 
[INFO] [stdout] warning: unused import: `tokio::io::split`
[INFO] [stdout]   --> crates/shadow-config/src/policy.rs:12:5
[INFO] [stdout]    |
[INFO] [stdout] 12 | use tokio::io::split;
[INFO] [stdout]    |     ^^^^^^^^^^^^^^^^
[INFO] [stdout] 
[INFO] [stdout] 
[INFO] [stdout] warning: unexpected `cfg` condition value: `schema-export`
[INFO] [stdout]   --> crates/shadow-config/src/providers.rs:15:20
[INFO] [stdout]    |
[INFO] [stdout]  9 | macro_rules! define_provider_ref {
[INFO] [stdout] ...
[INFO] [stdout] 15 |         #[cfg_attr(feature = "schema-export", derive(schemars::JsonSchema))]
[INFO] [stdout]    |                    ^^^^^^^^^^^^^^^^^^^^^^^^^ help: remove the condition
[INFO] [stdout] ...
[INFO] [stdout] 93 | define_provider_ref!(ModelProviderRef, "providers.models");
[INFO] [stdout]    | ---------------------------------------------------------- in this macro invocation
[INFO] [stdout]    |
[INFO] [stdout]    = note: no expected values for `feature`
[INFO] [stdout]    = help: consider adding `schema-export` as a feature in `Cargo.toml`
[INFO] [stdout]    = note: see <https://doc.rust-lang.org/nightly/rustc/check-cfg/cargo-specifics.html> for more information about checking conditional configuration
[INFO] [stdout] 
[INFO] [stdout] 
[INFO] [stdout] warning: unexpected `cfg` condition value: `schema-export`
[INFO] [stdout]   --> crates/shadow-config/src/providers.rs:15:20
[INFO] [stdout]    |
[INFO] [stdout]  9 | macro_rules! define_provider_ref {
[INFO] [stdout] ...
[INFO] [stdout] 15 |         #[cfg_attr(feature = "schema-export", derive(schemars::JsonSchema))]
[INFO] [stdout]    |                    ^^^^^^^^^^^^^^^^^^^^^^^^^ help: remove the condition
[INFO] [stdout] ...
[INFO] [stdout] 94 | define_provider_ref!(RiskProfileRef, "risk_profiles");
[INFO] [stdout]    | ----------------------------------------------------- in this macro invocation
[INFO] [stdout]    |
[INFO] [stdout]    = note: no expected values for `feature`
[INFO] [stdout]    = help: consider adding `schema-export` as a feature in `Cargo.toml`
[INFO] [stdout]    = note: see <https://doc.rust-lang.org/nightly/rustc/check-cfg/cargo-specifics.html> for more information about checking conditional configuration
[INFO] [stdout] 
[INFO] [stdout] 
[INFO] [stdout] warning: unexpected `cfg` condition value: `schema-export`
[INFO] [stdout]   --> crates/shadow-config/src/providers.rs:15:20
[INFO] [stdout]    |
[INFO] [stdout]  9 | macro_rules! define_provider_ref {
[INFO] [stdout] ...
[INFO] [stdout] 15 |         #[cfg_attr(feature = "schema-export", derive(schemars::JsonSchema))]
[INFO] [stdout]    |                    ^^^^^^^^^^^^^^^^^^^^^^^^^ help: remove the condition
[INFO] [stdout] ...
[INFO] [stdout] 95 | define_provider_ref!(RuntimeProfileRef, "runtime_profiles");
[INFO] [stdout]    | ----------------------------------------------------------- in this macro invocation
[INFO] [stdout]    |
[INFO] [stdout]    = note: no expected values for `feature`
[INFO] [stdout]    = help: consider adding `schema-export` as a feature in `Cargo.toml`
[INFO] [stdout]    = note: see <https://doc.rust-lang.org/nightly/rustc/check-cfg/cargo-specifics.html> for more information about checking conditional configuration
[INFO] [stdout] 
[INFO] [stdout] 
[INFO] [stdout] warning: unexpected `cfg` condition value: `schema-export`
[INFO] [stdout]   --> crates/shadow-config/src/providers.rs:15:20
[INFO] [stdout]    |
[INFO] [stdout]  9 | macro_rules! define_provider_ref {
[INFO] [stdout] ...
[INFO] [stdout] 15 |         #[cfg_attr(feature = "schema-export", derive(schemars::JsonSchema))]
[INFO] [stdout]    |                    ^^^^^^^^^^^^^^^^^^^^^^^^^ help: remove the condition
[INFO] [stdout] ...
[INFO] [stdout] 96 | define_provider_ref!(ChannelRef, "channels");
[INFO] [stdout]    | -------------------------------------------- in this macro invocation
[INFO] [stdout]    |
[INFO] [stdout]    = note: no expected values for `feature`
[INFO] [stdout]    = help: consider adding `schema-export` as a feature in `Cargo.toml`
[INFO] [stdout]    = note: see <https://doc.rust-lang.org/nightly/rustc/check-cfg/cargo-specifics.html> for more information about checking conditional configuration
[INFO] [stdout] 
[INFO] [stdout] 
[INFO] [stdout] warning: unexpected `cfg` condition value: `schema-export`
[INFO] [stdout]   --> crates/shadow-config/src/schema.rs:27:12
[INFO] [stdout]    |
[INFO] [stdout] 27 | #[cfg_attr(feature = "schema-export", derive(schemars::JsonSchema))]
[INFO] [stdout]    |            ^^^^^^^^^^^^^^^^^^^^^^^^^ help: remove the condition
[INFO] [stdout]    |
[INFO] [stdout]    = note: no expected values for `feature`
[INFO] [stdout]    = help: consider adding `schema-export` as a feature in `Cargo.toml`
[INFO] [stdout]    = note: see <https://doc.rust-lang.org/nightly/rustc/check-cfg/cargo-specifics.html> for more information about checking conditional configuration
[INFO] [stdout] 
[INFO] [stdout] 
[INFO] [stdout] warning: unexpected `cfg` condition value: `schema-export`
[INFO] [stdout]    --> crates/shadow-config/src/schema.rs:642:12
[INFO] [stdout]     |
[INFO] [stdout] 642 | #[cfg_attr(feature = "schema-export", derive(schemars::JsonSchema))]
[INFO] [stdout]     |            ^^^^^^^^^^^^^^^^^^^^^^^^^ help: remove the condition
[INFO] [stdout]     |
[INFO] [stdout]     = note: no expected values for `feature`
[INFO] [stdout]     = help: consider adding `schema-export` as a feature in `Cargo.toml`
[INFO] [stdout]     = note: see <https://doc.rust-lang.org/nightly/rustc/check-cfg/cargo-specifics.html> for more information about checking conditional configuration
[INFO] [stdout] 
[INFO] [stdout] 
[INFO] [stdout] warning: unused import: `crate::multi::alias_agent::MemoryBackendKind`
[INFO] [stdout]   --> crates/shadow-config/src/schema.rs:12:5
[INFO] [stdout]    |
[INFO] [stdout] 12 | use crate::multi::alias_agent::MemoryBackendKind;
[INFO] [stdout]    |     ^^^^^^^^^^^^^^^^^^^^^^^^^^^^^^^^^^^^^^^^^^^^
[INFO] [stdout] 
[INFO] [stdout] 
[INFO] [stdout] warning: unused imports: `ModelProviderRef` and `ModelProviders`
[INFO] [stdout]   --> crates/shadow-config/src/schema.rs:15:24
[INFO] [stdout]    |
[INFO] [stdout] 15 | use crate::providers::{ModelProviderRef, ModelProviders, Providers};
[INFO] [stdout]    |                        ^^^^^^^^^^^^^^^^  ^^^^^^^^^^^^^^
[INFO] [stdout] 
[INFO] [stdout] 
[INFO] [stdout] warning: unused import: `std::future::poll_fn`
[INFO] [stdout]   --> crates/shadow-config/src/schema.rs:21:5
[INFO] [stdout]    |
[INFO] [stdout] 21 | use std::future::poll_fn;
[INFO] [stdout]    |     ^^^^^^^^^^^^^^^^^^^^
[INFO] [stdout] 
[INFO] [stdout] 
[INFO] [stdout] warning: unused import: `model_provider::*`
[INFO] [stdout]   --> crates/shadow-config/src/lib.rs:50:9
[INFO] [stdout]    |
[INFO] [stdout] 50 | pub use model_provider::*;
[INFO] [stdout]    |         ^^^^^^^^^^^^^^^^^
[INFO] [stdout] 
[INFO] [stdout] 
[INFO] [stdout] warning: unused import: `std::path::Path`
[INFO] [stdout]   --> crates/shadow-config/src/lib.rs:52:5
[INFO] [stdout]    |
[INFO] [stdout] 52 | use std::path::Path;
[INFO] [stdout]    |     ^^^^^^^^^^^^^^^
[INFO] [stdout] 
[INFO] [stdout] 
[INFO] [stdout] Some errors have detailed explanations: E0432, E0433.
[INFO] [stdout] 
[INFO] [stdout] For more information about an error, try `rustc --explain E0432`.
[INFO] [stdout] 
[INFO] [stdout] Some errors have detailed explanations: E0432, E0433.
[INFO] [stdout] 
[INFO] [stdout] For more information about an error, try `rustc --explain E0432`.
[INFO] [stdout] 
[INFO] [stderr] error: could not compile `shadow-plugins` (lib test) due to 13 previous errors; 2 warnings emitted
[INFO] [stderr] warning: build failed, waiting for other jobs to finish...
[INFO] [stderr] error: could not compile `shadow-plugins` (lib) due to 13 previous errors; 2 warnings emitted
[INFO] [stdout] warning: variable does not need to be mutable
[INFO] [stdout]   --> crates/shadow-config/src/policy.rs:49:13
[INFO] [stdout]    |
[INFO] [stdout] 49 |         let mut actions = self.actions.lock();
[INFO] [stdout]    |             ----^^^^^^^
[INFO] [stdout]    |             |
[INFO] [stdout]    |             help: remove this `mut`
[INFO] [stdout]    |
[INFO] [stdout]    = note: `#[warn(unused_mut)]` (part of `#[warn(unused)]`) on by default
[INFO] [stdout] 
[INFO] [stdout] 
[INFO] [stdout] warning: unused variable: `base_owned`
[INFO] [stdout]     --> crates/shadow-config/src/policy.rs:1195:17
[INFO] [stdout]      |
[INFO] [stdout] 1195 |             let base_owned = command_basename(base_raw).to_ascii_lowercase();
[INFO] [stdout]      |                 ^^^^^^^^^^ help: if this is intentional, prefix it with an underscore: `_base_owned`
[INFO] [stdout]      |
[INFO] [stdout]      = note: `#[warn(unused_variables)]` (part of `#[warn(unused)]`) on by default
[INFO] [stdout] 
[INFO] [stdout] 
[INFO] [stdout] warning: unused variable: `service_key`
[INFO] [stdout]  --> crates/shadow-config/src/proxy_client.rs:9:5
[INFO] [stdout]   |
[INFO] [stdout] 9 |     service_key: &str,
[INFO] [stdout]   |     ^^^^^^^^^^^ help: if this is intentional, prefix it with an underscore: `_service_key`
[INFO] [stdout] 
[INFO] [stdout] 
[INFO] [stdout] warning: unused variable: `timeout`
[INFO] [stdout]   --> crates/shadow-config/src/proxy_client.rs:10:5
[INFO] [stdout]    |
[INFO] [stdout] 10 |     timeout: u64,
[INFO] [stdout]    |     ^^^^^^^ help: if this is intentional, prefix it with an underscore: `_timeout`
[INFO] [stdout] 
[INFO] [stdout] 
[INFO] [stdout] warning: unused variable: `conn_timeout_secs`
[INFO] [stdout]   --> crates/shadow-config/src/proxy_client.rs:11:5
[INFO] [stdout]    |
[INFO] [stdout] 11 |     conn_timeout_secs: u64,
[INFO] [stdout]    |     ^^^^^^^^^^^^^^^^^ help: if this is intentional, prefix it with an underscore: `_conn_timeout_secs`
[INFO] [stdout] 
[INFO] [stdout] 
[INFO] [stdout] warning: unused variable: `service_key`
[INFO] [stdout]   --> crates/shadow-config/src/proxy_client.rs:42:5
[INFO] [stdout]    |
[INFO] [stdout] 42 |     service_key: &str,
[INFO] [stdout]    |     ^^^^^^^^^^^ help: if this is intentional, prefix it with an underscore: `_service_key`
[INFO] [stdout] 
[INFO] [stdout] 
[INFO] [stdout] warning: unused variable: `error`
[INFO] [stdout]    --> crates/shadow-config/src/proxy_client.rs:412:21
[INFO] [stdout]     |
[INFO] [stdout] 412 |                 Err(error) => {}
[INFO] [stdout]     |                     ^^^^^ help: if this is intentional, prefix it with an underscore: `_error`
[INFO] [stdout] 
[INFO] [stdout] 
[INFO] [stdout] warning: unused variable: `error`
[INFO] [stdout]    --> crates/shadow-config/src/proxy_client.rs:421:21
[INFO] [stdout]     |
[INFO] [stdout] 421 |                 Err(error) => {}
[INFO] [stdout]     |                     ^^^^^ help: if this is intentional, prefix it with an underscore: `_error`
[INFO] [stdout] 
[INFO] [stdout] 
[INFO] [stdout] warning: unused variable: `error`
[INFO] [stdout]    --> crates/shadow-config/src/proxy_client.rs:430:21
[INFO] [stdout]     |
[INFO] [stdout] 430 |                 Err(error) => {}
[INFO] [stdout]     |                     ^^^^^ help: if this is intentional, prefix it with an underscore: `_error`
[INFO] [stdout] 
[INFO] [stdout] 
[INFO] [stdout] warning: variable does not need to be mutable
[INFO] [stdout]   --> crates/shadow-config/src/policy.rs:49:13
[INFO] [stdout]    |
[INFO] [stdout] 49 |         let mut actions = self.actions.lock();
[INFO] [stdout]    |             ----^^^^^^^
[INFO] [stdout]    |             |
[INFO] [stdout]    |             help: remove this `mut`
[INFO] [stdout]    |
[INFO] [stdout]    = note: `#[warn(unused_mut)]` (part of `#[warn(unused)]`) on by default
[INFO] [stdout] 
[INFO] [stdout] 
[INFO] [stdout] warning: unused variable: `base_owned`
[INFO] [stdout]     --> crates/shadow-config/src/policy.rs:1195:17
[INFO] [stdout]      |
[INFO] [stdout] 1195 |             let base_owned = command_basename(base_raw).to_ascii_lowercase();
[INFO] [stdout]      |                 ^^^^^^^^^^ help: if this is intentional, prefix it with an underscore: `_base_owned`
[INFO] [stdout]      |
[INFO] [stdout]      = note: `#[warn(unused_variables)]` (part of `#[warn(unused)]`) on by default
[INFO] [stdout] 
[INFO] [stdout] 
[INFO] [stdout] warning: unused variable: `custom_config_dir`
[INFO] [stdout]    --> crates/shadow-config/src/schema.rs:291:15
[INFO] [stdout]     |
[INFO] [stdout] 291 |     if let Ok(custom_config_dir) = std::env::var("SHADOW_CONFIG_DIR") {}
[INFO] [stdout]     |               ^^^^^^^^^^^^^^^^^ help: if this is intentional, prefix it with an underscore: `_custom_config_dir`
[INFO] [stdout] 
[INFO] [stdout] 
[INFO] [stdout] warning: variable does not need to be mutable
[INFO] [stdout]    --> crates/shadow-config/src/schema.rs:471:13
[INFO] [stdout]     |
[INFO] [stdout] 471 |         let mut resolved = ResolvedRuntime {
[INFO] [stdout]     |             ----^^^^^^^^
[INFO] [stdout]     |             |
[INFO] [stdout]     |             help: remove this `mut`
[INFO] [stdout] 
[INFO] [stdout] 
[INFO] [stdout] warning: unused variable: `profile`
[INFO] [stdout]    --> crates/shadow-config/src/schema.rs:477:21
[INFO] [stdout]     |
[INFO] [stdout] 477 |         if let Some(profile) = runtime_profile_cfg {}
[INFO] [stdout]     |                     ^^^^^^^ help: if this is intentional, prefix it with an underscore: `_profile`
[INFO] [stdout] 
[INFO] [stdout] 
[INFO] [stdout] warning: unused variable: `resolution_source`
[INFO] [stdout]    --> crates/shadow-config/src/schema.rs:511:49
[INFO] [stdout]     |
[INFO] [stdout] 511 |         let (shadow_dir, _legacy_workspace_dir, resolution_source) =
[INFO] [stdout]     |                                                 ^^^^^^^^^^^^^^^^^ help: if this is intentional, prefix it with an underscore: `_resolution_source`
[INFO] [stdout] 
[INFO] [stdout] 
[INFO] [stdout] warning: unused variable: `default_profile`
[INFO] [stdout]    --> crates/shadow-config/src/schema.rs:558:25
[INFO] [stdout]     |
[INFO] [stdout] 558 |             if let Some(default_profile) = config.risk_profiles.get_mut("default") {
[INFO] [stdout]     |                         ^^^^^^^^^^^^^^^ help: if this is intentional, prefix it with an underscore: `_default_profile`
[INFO] [stdout] 
[INFO] [stdout] 
[INFO] [stdout] warning: function `default_false` is never used
[INFO] [stdout]   --> crates/shadow-config/src/multi/alias_agent.rs:20:4
[INFO] [stdout]    |
[INFO] [stdout] 20 | fn default_false() -> bool {
[INFO] [stdout]    |    ^^^^^^^^^^^^^
[INFO] [stdout]    |
[INFO] [stdout]    = note: `#[warn(dead_code)]` (part of `#[warn(unused)]`) on by default
[INFO] [stdout] 
[INFO] [stdout] 
[INFO] [stdout] warning: field `reliable` is never read
[INFO] [stdout]    --> crates/shadow-config/src/providers.rs:349:13
[INFO] [stdout]     |
[INFO] [stdout] 331 |         struct Helper {
[INFO] [stdout]     |                ------ field in this struct
[INFO] [stdout] ...
[INFO] [stdout] 349 |             reliable: ReliableConfig,
[INFO] [stdout]     |             ^^^^^^^^
[INFO] [stdout] 
[INFO] [stdout] 
[INFO] [stdout] warning: function `clear_runtime_proxy_client_cache` is never used
[INFO] [stdout]    --> crates/shadow-config/src/proxy_client.rs:159:4
[INFO] [stdout]     |
[INFO] [stdout] 159 | fn clear_runtime_proxy_client_cache() {
[INFO] [stdout]     |    ^^^^^^^^^^^^^^^^^^^^^^^^^^^^^^^^
[INFO] [stdout] 
[INFO] [stdout] 
[INFO] [stdout] warning: function `default_multi_message_delay_ms` is never used
[INFO] [stdout]    --> crates/shadow-config/src/schema.rs:197:4
[INFO] [stdout]     |
[INFO] [stdout] 197 | fn default_multi_message_delay_ms() -> u64 {
[INFO] [stdout]     |    ^^^^^^^^^^^^^^^^^^^^^^^^^^^^^^
[INFO] [stdout] 
[INFO] [stdout] 
[INFO] [stdout] warning: function `default_matrix_draft_update_interval_ms` is never used
[INFO] [stdout]    --> crates/shadow-config/src/schema.rs:205:4
[INFO] [stdout]     |
[INFO] [stdout] 205 | fn default_matrix_draft_update_interval_ms() -> u64 {
[INFO] [stdout]     |    ^^^^^^^^^^^^^^^^^^^^^^^^^^^^^^^^^^^^^^^
[INFO] [stdout] 
[INFO] [stdout] 
[INFO] [stdout] warning: variants `EnvConfigDir`, `EnvDataDir`, and `EnvWorkspaceLegacy` are never constructed
[INFO] [stdout]    --> crates/shadow-config/src/schema.rs:242:5
[INFO] [stdout]     |
[INFO] [stdout] 241 | enum ConfigResolutionSource {
[INFO] [stdout]     |      ---------------------- variants in this enum
[INFO] [stdout] 242 |     EnvConfigDir,
[INFO] [stdout]     |     ^^^^^^^^^^^^
[INFO] [stdout] 243 |     EnvDataDir,
[INFO] [stdout]     |     ^^^^^^^^^^
[INFO] [stdout] 244 |     EnvWorkspaceLegacy,
[INFO] [stdout]     |     ^^^^^^^^^^^^^^^^^^
[INFO] [stdout]     |
[INFO] [stdout]     = note: `ConfigResolutionSource` has derived impls for the traits `Clone` and `Debug`, but these are intentionally ignored during dead code analysis
[INFO] [stdout] 
[INFO] [stdout] 
[INFO] [stdout] warning: method `as_str` is never used
[INFO] [stdout]    --> crates/shadow-config/src/schema.rs:250:14
[INFO] [stdout]     |
[INFO] [stdout] 249 | impl ConfigResolutionSource {
[INFO] [stdout]     | --------------------------- method in this implementation
[INFO] [stdout] 250 |     const fn as_str(self) -> &'static str {
[INFO] [stdout]     |              ^^^^^^
[INFO] [stdout] 
[INFO] [stdout] 
[INFO] [stdout] warning: function `deserialize_optional_email_skip_empty` is never used
[INFO] [stdout]    --> crates/shadow-config/src/schema.rs:988:4
[INFO] [stdout]     |
[INFO] [stdout] 988 | fn deserialize_optional_email_skip_empty<'de, D>(
[INFO] [stdout]     |    ^^^^^^^^^^^^^^^^^^^^^^^^^^^^^^^^^^^^^
[INFO] [stdout] 
[INFO] [stdout] 
[INFO] [stdout] warning: unused variable: `service_key`
[INFO] [stdout]  --> crates/shadow-config/src/proxy_client.rs:9:5
[INFO] [stdout]   |
[INFO] [stdout] 9 |     service_key: &str,
[INFO] [stdout]   |     ^^^^^^^^^^^ help: if this is intentional, prefix it with an underscore: `_service_key`
[INFO] [stdout] 
[INFO] [stdout] 
[INFO] [stdout] warning: unused variable: `timeout`
[INFO] [stdout]   --> crates/shadow-config/src/proxy_client.rs:10:5
[INFO] [stdout]    |
[INFO] [stdout] 10 |     timeout: u64,
[INFO] [stdout]    |     ^^^^^^^ help: if this is intentional, prefix it with an underscore: `_timeout`
[INFO] [stdout] 
[INFO] [stdout] 
[INFO] [stdout] warning: unused variable: `conn_timeout_secs`
[INFO] [stdout]   --> crates/shadow-config/src/proxy_client.rs:11:5
[INFO] [stdout]    |
[INFO] [stdout] 11 |     conn_timeout_secs: u64,
[INFO] [stdout]    |     ^^^^^^^^^^^^^^^^^ help: if this is intentional, prefix it with an underscore: `_conn_timeout_secs`
[INFO] [stdout] 
[INFO] [stdout] 
[INFO] [stdout] warning: unused variable: `service_key`
[INFO] [stdout]   --> crates/shadow-config/src/proxy_client.rs:42:5
[INFO] [stdout]    |
[INFO] [stdout] 42 |     service_key: &str,
[INFO] [stdout]    |     ^^^^^^^^^^^ help: if this is intentional, prefix it with an underscore: `_service_key`
[INFO] [stdout] 
[INFO] [stdout] 
[INFO] [stdout] warning: unused variable: `error`
[INFO] [stdout]    --> crates/shadow-config/src/proxy_client.rs:412:21
[INFO] [stdout]     |
[INFO] [stdout] 412 |                 Err(error) => {}
[INFO] [stdout]     |                     ^^^^^ help: if this is intentional, prefix it with an underscore: `_error`
[INFO] [stdout] 
[INFO] [stdout] 
[INFO] [stdout] warning: unused variable: `error`
[INFO] [stdout]    --> crates/shadow-config/src/proxy_client.rs:421:21
[INFO] [stdout]     |
[INFO] [stdout] 421 |                 Err(error) => {}
[INFO] [stdout]     |                     ^^^^^ help: if this is intentional, prefix it with an underscore: `_error`
[INFO] [stdout] 
[INFO] [stdout] 
[INFO] [stdout] warning: unused variable: `error`
[INFO] [stdout]    --> crates/shadow-config/src/proxy_client.rs:430:21
[INFO] [stdout]     |
[INFO] [stdout] 430 |                 Err(error) => {}
[INFO] [stdout]     |                     ^^^^^ help: if this is intentional, prefix it with an underscore: `_error`
[INFO] [stdout] 
[INFO] [stdout] 
[INFO] [stdout] warning: unused variable: `custom_config_dir`
[INFO] [stdout]    --> crates/shadow-config/src/schema.rs:291:15
[INFO] [stdout]     |
[INFO] [stdout] 291 |     if let Ok(custom_config_dir) = std::env::var("SHADOW_CONFIG_DIR") {}
[INFO] [stdout]     |               ^^^^^^^^^^^^^^^^^ help: if this is intentional, prefix it with an underscore: `_custom_config_dir`
[INFO] [stdout] 
[INFO] [stdout] 
[INFO] [stdout] warning: variable does not need to be mutable
[INFO] [stdout]    --> crates/shadow-config/src/schema.rs:471:13
[INFO] [stdout]     |
[INFO] [stdout] 471 |         let mut resolved = ResolvedRuntime {
[INFO] [stdout]     |             ----^^^^^^^^
[INFO] [stdout]     |             |
[INFO] [stdout]     |             help: remove this `mut`
[INFO] [stdout] 
[INFO] [stdout] 
[INFO] [stdout] warning: unused variable: `profile`
[INFO] [stdout]    --> crates/shadow-config/src/schema.rs:477:21
[INFO] [stdout]     |
[INFO] [stdout] 477 |         if let Some(profile) = runtime_profile_cfg {}
[INFO] [stdout]     |                     ^^^^^^^ help: if this is intentional, prefix it with an underscore: `_profile`
[INFO] [stdout] 
[INFO] [stdout] 
[INFO] [stdout] warning: unused variable: `resolution_source`
[INFO] [stdout]    --> crates/shadow-config/src/schema.rs:511:49
[INFO] [stdout]     |
[INFO] [stdout] 511 |         let (shadow_dir, _legacy_workspace_dir, resolution_source) =
[INFO] [stdout]     |                                                 ^^^^^^^^^^^^^^^^^ help: if this is intentional, prefix it with an underscore: `_resolution_source`
[INFO] [stdout] 
[INFO] [stdout] 
[INFO] [stdout] warning: unused variable: `default_profile`
[INFO] [stdout]    --> crates/shadow-config/src/schema.rs:558:25
[INFO] [stdout]     |
[INFO] [stdout] 558 |             if let Some(default_profile) = config.risk_profiles.get_mut("default") {
[INFO] [stdout]     |                         ^^^^^^^^^^^^^^^ help: if this is intentional, prefix it with an underscore: `_default_profile`
[INFO] [stdout] 
[INFO] [stdout] 
[INFO] [stdout] warning: function `default_false` is never used
[INFO] [stdout]   --> crates/shadow-config/src/multi/alias_agent.rs:20:4
[INFO] [stdout]    |
[INFO] [stdout] 20 | fn default_false() -> bool {
[INFO] [stdout]    |    ^^^^^^^^^^^^^
[INFO] [stdout]    |
[INFO] [stdout]    = note: `#[warn(dead_code)]` (part of `#[warn(unused)]`) on by default
[INFO] [stdout] 
[INFO] [stdout] 
[INFO] [stdout] warning: field `reliable` is never read
[INFO] [stdout]    --> crates/shadow-config/src/providers.rs:349:13
[INFO] [stdout]     |
[INFO] [stdout] 331 |         struct Helper {
[INFO] [stdout]     |                ------ field in this struct
[INFO] [stdout] ...
[INFO] [stdout] 349 |             reliable: ReliableConfig,
[INFO] [stdout]     |             ^^^^^^^^
[INFO] [stdout] 
[INFO] [stdout] 
[INFO] [stdout] warning: function `clear_runtime_proxy_client_cache` is never used
[INFO] [stdout]    --> crates/shadow-config/src/proxy_client.rs:159:4
[INFO] [stdout]     |
[INFO] [stdout] 159 | fn clear_runtime_proxy_client_cache() {
[INFO] [stdout]     |    ^^^^^^^^^^^^^^^^^^^^^^^^^^^^^^^^
[INFO] [stdout] 
[INFO] [stdout] 
[INFO] [stdout] warning: function `default_multi_message_delay_ms` is never used
[INFO] [stdout]    --> crates/shadow-config/src/schema.rs:197:4
[INFO] [stdout]     |
[INFO] [stdout] 197 | fn default_multi_message_delay_ms() -> u64 {
[INFO] [stdout]     |    ^^^^^^^^^^^^^^^^^^^^^^^^^^^^^^
[INFO] [stdout] 
[INFO] [stdout] 
[INFO] [stdout] warning: function `default_matrix_draft_update_interval_ms` is never used
[INFO] [stdout]    --> crates/shadow-config/src/schema.rs:205:4
[INFO] [stdout]     |
[INFO] [stdout] 205 | fn default_matrix_draft_update_interval_ms() -> u64 {
[INFO] [stdout]     |    ^^^^^^^^^^^^^^^^^^^^^^^^^^^^^^^^^^^^^^^
[INFO] [stdout] 
[INFO] [stdout] 
[INFO] [stdout] warning: variants `EnvConfigDir`, `EnvDataDir`, and `EnvWorkspaceLegacy` are never constructed
[INFO] [stdout]    --> crates/shadow-config/src/schema.rs:242:5
[INFO] [stdout]     |
[INFO] [stdout] 241 | enum ConfigResolutionSource {
[INFO] [stdout]     |      ---------------------- variants in this enum
[INFO] [stdout] 242 |     EnvConfigDir,
[INFO] [stdout]     |     ^^^^^^^^^^^^
[INFO] [stdout] 243 |     EnvDataDir,
[INFO] [stdout]     |     ^^^^^^^^^^
[INFO] [stdout] 244 |     EnvWorkspaceLegacy,
[INFO] [stdout]     |     ^^^^^^^^^^^^^^^^^^
[INFO] [stdout]     |
[INFO] [stdout]     = note: `ConfigResolutionSource` has derived impls for the traits `Clone` and `Debug`, but these are intentionally ignored during dead code analysis
[INFO] [stdout] 
[INFO] [stdout] 
[INFO] [stdout] warning: method `as_str` is never used
[INFO] [stdout]    --> crates/shadow-config/src/schema.rs:250:14
[INFO] [stdout]     |
[INFO] [stdout] 249 | impl ConfigResolutionSource {
[INFO] [stdout]     | --------------------------- method in this implementation
[INFO] [stdout] 250 |     const fn as_str(self) -> &'static str {
[INFO] [stdout]     |              ^^^^^^
[INFO] [stdout] 
[INFO] [stdout] 
[INFO] [stdout] warning: function `deserialize_optional_email_skip_empty` is never used
[INFO] [stdout]    --> crates/shadow-config/src/schema.rs:988:4
[INFO] [stdout]     |
[INFO] [stdout] 988 | fn deserialize_optional_email_skip_empty<'de, D>(
[INFO] [stdout]     |    ^^^^^^^^^^^^^^^^^^^^^^^^^^^^^^^^^^^^^
[INFO] [stdout] 
[INFO] [stdout] 
[INFO] [stderr] warning: unused dependency `tempfile`
[INFO] [stderr]   --> crates/shadow-config/Cargo.toml:19:1
[INFO] [stderr]    |
[INFO] [stderr] 19 | tempfile.workspace = true
[INFO] [stderr]    | ^^^^^^^^
[INFO] [stderr]    |
[INFO] [stderr]    = note: `cargo::unused_dependencies` is set to `warn` by default
[INFO] [stderr] help: consider removing the dependency on `tempfile`
[INFO] [stderr] warning: `shadow-config` (manifest) generated 1 warning
[INFO] [stderr] warning: unused dependency `jsonschema`
[INFO] [stderr]   --> crates/shadow-core/Cargo.toml:17:1
[INFO] [stderr]    |
[INFO] [stderr] 17 | jsonschema.workspace = true
[INFO] [stderr]    | ^^^^^^^^^^
[INFO] [stderr]    |
[INFO] [stderr]    = note: `cargo::unused_dependencies` is set to `warn` by default
[INFO] [stderr] help: consider removing the dependency on `jsonschema`
[INFO] [stderr] warning: unused dependency `strum`
[INFO] [stderr]   --> crates/shadow-core/Cargo.toml:21:1
[INFO] [stderr]    |
[INFO] [stderr] 21 | strum = "0.28"
[INFO] [stderr]    | ^^^^^^^^^^^^^^
[INFO] [stderr]    |
[INFO] [stderr] help: consider removing the dependency on `strum`
[INFO] [stderr] warning: unused dependency `uuid`
[INFO] [stderr]   --> crates/shadow-core/Cargo.toml:14:1
[INFO] [stderr]    |
[INFO] [stderr] 14 | uuid.workspace = true
[INFO] [stderr]    | ^^^^
[INFO] [stderr]    |
[INFO] [stderr] help: consider removing the dependency on `uuid`
[INFO] [stderr] warning: `shadow-core` (manifest) generated 3 warnings
[INFO] running `Command { std: "docker" "inspect" "e879eb8438ac8e3f3ee3d99ff5f3190511b39a340672647f02d53cf5fb582596", kill_on_drop: false }`
[INFO] running `Command { std: "docker" "rm" "-f" "e879eb8438ac8e3f3ee3d99ff5f3190511b39a340672647f02d53cf5fb582596", kill_on_drop: false }`
[INFO] [stdout] e879eb8438ac8e3f3ee3d99ff5f3190511b39a340672647f02d53cf5fb582596
