[INFO] cloning repository https://github.com/guillaume-helg/rust-note-taker
[INFO] running `Command { std: "git" "-c" "credential.helper=" "-c" "credential.helper=/workspace/cargo-home/bin/git-credential-null" "clone" "--bare" "https://github.com/guillaume-helg/rust-note-taker" "/workspace/cache/git-repos/https%3A%2F%2Fgithub.com%2Fguillaume-helg%2Frust-note-taker", kill_on_drop: false }`
[INFO] [stderr] Cloning into bare repository '/workspace/cache/git-repos/https%3A%2F%2Fgithub.com%2Fguillaume-helg%2Frust-note-taker'...
[INFO] running `Command { std: "git" "rev-parse" "HEAD", kill_on_drop: false }`
[INFO] [stdout] 58b444ba49bf5564c434f8ef5fa784788fc3ed7e
[INFO] checking guillaume-helg/rust-note-taker against 3154cc1a3e6424e44f438a95007d043ed5ceaaf6 for pr-133502-30
[INFO] running `Command { std: "git" "clone" "/workspace/cache/git-repos/https%3A%2F%2Fgithub.com%2Fguillaume-helg%2Frust-note-taker" "/workspace/builds/worker-0-tc2/source", kill_on_drop: false }`
[INFO] [stderr] Cloning into '/workspace/builds/worker-0-tc2/source'...
[INFO] [stderr] done.
[INFO] started tweaking git repo https://github.com/guillaume-helg/rust-note-taker
[INFO] finished tweaking git repo https://github.com/guillaume-helg/rust-note-taker
[INFO] tweaked toml for git repo https://github.com/guillaume-helg/rust-note-taker written to /workspace/builds/worker-0-tc2/source/Cargo.toml
[INFO] validating manifest of git repo https://github.com/guillaume-helg/rust-note-taker on toolchain 3154cc1a3e6424e44f438a95007d043ed5ceaaf6
[INFO] running `Command { std: CARGO_HOME="/workspace/cargo-home" RUSTUP_HOME="/workspace/rustup-home" "/workspace/cargo-home/bin/cargo" "+3154cc1a3e6424e44f438a95007d043ed5ceaaf6" "metadata" "--manifest-path" "Cargo.toml" "--no-deps", kill_on_drop: false }`
[INFO] crate git repo https://github.com/guillaume-helg/rust-note-taker already has a lockfile, it will not be regenerated
[INFO] running `Command { std: CARGO_HOME="/workspace/cargo-home" RUSTUP_HOME="/workspace/rustup-home" "/workspace/cargo-home/bin/cargo" "+3154cc1a3e6424e44f438a95007d043ed5ceaaf6" "fetch" "--manifest-path" "Cargo.toml", kill_on_drop: false }`
[INFO] running `Command { std: "docker" "create" "-v" "/var/lib/crater-agent-workspace/builds/worker-0-tc2/source:/opt/rustwide/workdir:ro,Z" "-v" "/var/lib/crater-agent-workspace/builds/worker-0-tc2/target:/opt/rustwide/target:rw,Z" "-v" "/var/lib/crater-agent-workspace/cargo-home:/opt/rustwide/cargo-home:ro,Z" "-v" "/var/lib/crater-agent-workspace/rustup-home:/opt/rustwide/rustup-home:ro,Z" "-m" "1610612736" "--network" "none" "ghcr.io/rust-lang/crates-build-env/linux@sha256:77db811e55d90add9212f6832c23229e3de5f1c1f9905e8cb07319ea15df73ac" "sleep" "infinity", kill_on_drop: false }`
[INFO] [stdout] 0110d7ac842c1673845bfdca2b3bde2a118c7972a0ed3722ad0bcb5c62732259
[INFO] running `Command { std: "docker" "start" "0110d7ac842c1673845bfdca2b3bde2a118c7972a0ed3722ad0bcb5c62732259", kill_on_drop: false }`
[INFO] running `Command { std: "docker" "inspect" "0110d7ac842c1673845bfdca2b3bde2a118c7972a0ed3722ad0bcb5c62732259", kill_on_drop: false }`
[INFO] running `Command { std: "docker" "exec" "-e" "SOURCE_DIR=/opt/rustwide/workdir" "-e" "CARGO_HOME=/opt/rustwide/cargo-home" "-e" "RUSTUP_HOME=/opt/rustwide/rustup-home" "-e" "CARGO_TARGET_DIR=/opt/rustwide/target" "-w" "/opt/rustwide/workdir" "--user" "0:0" "0110d7ac842c1673845bfdca2b3bde2a118c7972a0ed3722ad0bcb5c62732259" "/opt/rustwide/cargo-home/bin/cargo" "+3154cc1a3e6424e44f438a95007d043ed5ceaaf6" "metadata" "--no-deps" "--format-version=1", kill_on_drop: false }`
[INFO] running `Command { std: "docker" "inspect" "0110d7ac842c1673845bfdca2b3bde2a118c7972a0ed3722ad0bcb5c62732259", kill_on_drop: false }`
[INFO] running `Command { std: "docker" "exec" "-e" "SOURCE_DIR=/opt/rustwide/workdir" "-e" "CARGO_HOME=/opt/rustwide/cargo-home" "-e" "RUSTUP_HOME=/opt/rustwide/rustup-home" "-e" "CARGO_TARGET_DIR=/opt/rustwide/target" "-e" "CARGO_INCREMENTAL=0" "-e" "RUST_BACKTRACE=full" "-e" "RUSTFLAGS=--cap-lints=forbid" "-e" "RUSTDOCFLAGS=--cap-lints=forbid" "-w" "/opt/rustwide/workdir" "--user" "0:0" "0110d7ac842c1673845bfdca2b3bde2a118c7972a0ed3722ad0bcb5c62732259" "/opt/rustwide/cargo-home/bin/cargo" "+3154cc1a3e6424e44f438a95007d043ed5ceaaf6" "check" "--frozen" "--all" "--all-targets" "--message-format=json", kill_on_drop: false }`
[INFO] [stderr]    Compiling syn v3.0.4
[INFO] [stderr]    Compiling syn v2.0.119
[INFO] [stderr]     Checking mio v1.2.2
[INFO] [stderr]     Checking parking_lot_core v0.9.12
[INFO] [stderr]     Checking either v1.18.0
[INFO] [stderr]     Checking rustix v0.38.44
[INFO] [stderr]     Checking futures-core v0.3.34
[INFO] [stderr]     Checking dirs-sys v0.4.1
[INFO] [stderr]     Checking compact_str v0.8.2
[INFO] [stderr]     Checking lru v0.12.5
[INFO] [stderr]     Checking uuid v1.25.0
[INFO] [stderr]     Checking directories v5.0.1
[INFO] [stderr]     Checking parking_lot v0.12.5
[INFO] [stderr]     Checking itertools v0.13.0
[INFO] [stderr]     Checking signal-hook-mio v0.2.5
[INFO] [stderr]     Checking crossterm v0.28.1
[INFO] [stderr]     Checking unicode-truncate v1.1.0
[INFO] [stderr]    Compiling strum_macros v0.26.4
[INFO] [stderr]    Compiling darling_core v0.24.1
[INFO] [stderr]     Checking strum v0.26.3
[INFO] [stderr]    Compiling serde_derive v1.0.229
[INFO] [stderr]    Compiling clap_derive v4.6.4
[INFO] [stderr]     Checking clap v4.6.6
[INFO] [stderr]    Compiling darling_macro v0.24.1
[INFO] [stderr]    Compiling darling v0.24.1
[INFO] [stderr]    Compiling instability v0.3.13
[INFO] [stderr]     Checking serde v1.0.229
[INFO] [stderr]     Checking ratatui v0.29.0
[INFO] [stderr]     Checking chrono v0.4.45
[INFO] [stderr]     Checking oxidote v0.1.0 (/opt/rustwide/workdir)
[INFO] [stdout] error: expected expression, found `,`
[INFO] [stdout]    --> src/models/task.rs:128:30
[INFO] [stdout]     |
[INFO] [stdout] 127 |         Self {
[INFO] [stdout]     |         ---- while parsing this struct
[INFO] [stdout] 128 |             id: Uuid::new_v4>,
[INFO] [stdout]     |                              ^ expected expression
[INFO] [stdout] 
[INFO] [stdout] 
[INFO] [stdout] error: expected expression, found `,`
[INFO] [stdout]    --> src/models/task.rs:128:30
[INFO] [stdout]     |
[INFO] [stdout] 127 |         Self {
[INFO] [stdout]     |         ---- while parsing this struct
[INFO] [stdout] 128 |             id: Uuid::new_v4>,
[INFO] [stdout]     |                              ^ expected expression
[INFO] [stdout] 
[INFO] [stdout] 
[INFO] [stdout] warning: unused import: `crate::models::BoardColumn`
[INFO] [stdout]  --> src/event.rs:5:5
[INFO] [stdout]   |
[INFO] [stdout] 5 | use crate::models::BoardColumn;
[INFO] [stdout]   |     ^^^^^^^^^^^^^^^^^^^^^^^^^^
[INFO] [stdout]   |
[INFO] [stdout]   = note: `#[warn(unused_imports)]` (part of `#[warn(unused)]`) on by default
[INFO] [stdout] 
[INFO] [stdout] 
[INFO] [stdout] warning: unused import: `NaiveDate`
[INFO] [stdout]  --> src/storage/store.rs:2:14
[INFO] [stdout]   |
[INFO] [stdout] 2 | use chrono::{NaiveDate, Utc};
[INFO] [stdout]   |              ^^^^^^^^^
[INFO] [stdout] 
[INFO] [stdout] 
[INFO] [stdout] warning: unused import: `TaskStatus`
[INFO] [stdout]   --> src/ui/kanban_view.rs:11:48
[INFO] [stdout]    |
[INFO] [stdout] 11 | use crate::models::{BoardColumn, TaskPriority, TaskStatus};
[INFO] [stdout]    |                                                ^^^^^^^^^^
[INFO] [stdout] 
[INFO] [stdout] 
[INFO] [stdout] warning: unused import: `crate::models::BoardColumn`
[INFO] [stdout]  --> src/event.rs:5:5
[INFO] [stdout]   |
[INFO] [stdout] 5 | use crate::models::BoardColumn;
[INFO] [stdout]   |     ^^^^^^^^^^^^^^^^^^^^^^^^^^
[INFO] [stdout]   |
[INFO] [stdout]   = note: `#[warn(unused_imports)]` (part of `#[warn(unused)]`) on by default
[INFO] [stdout] 
[INFO] [stdout] 
[INFO] [stdout] warning: unused import: `NaiveDate`
[INFO] [stdout]  --> src/storage/store.rs:2:14
[INFO] [stdout]   |
[INFO] [stdout] 2 | use chrono::{NaiveDate, Utc};
[INFO] [stdout]   |              ^^^^^^^^^
[INFO] [stdout] 
[INFO] [stdout] 
[INFO] [stdout] warning: unused import: `TaskStatus`
[INFO] [stdout]   --> src/ui/kanban_view.rs:11:48
[INFO] [stdout]    |
[INFO] [stdout] 11 | use crate::models::{BoardColumn, TaskPriority, TaskStatus};
[INFO] [stdout]    |                                                ^^^^^^^^^^
[INFO] [stdout] 
[INFO] [stdout] 
[INFO] [stdout] error[E0506]: cannot assign to `self.form_title` because it is borrowed
[INFO] [stdout]    --> src/app.rs:183:13
[INFO] [stdout]     |
[INFO] [stdout] 182 |         if let Some(note) = self.selected_note() {
[INFO] [stdout]     |                             ---- `self.form_title` is borrowed here
[INFO] [stdout] 183 |             self.form_title = note.title.clone();
[INFO] [stdout]     |             ^^^^^^^^^^^^^^^ `self.form_title` is assigned to here but it was already borrowed
[INFO] [stdout] 184 |             self.form_body = note.content.clone();
[INFO] [stdout]     |                              ------------ borrow later used here
[INFO] [stdout] 
[INFO] [stdout] 
[INFO] [stdout] error[E0506]: cannot assign to `self.form_title` because it is borrowed
[INFO] [stdout]    --> src/app.rs:307:13
[INFO] [stdout]     |
[INFO] [stdout] 306 |         if let Some(task) = self.selected_task() {
[INFO] [stdout]     |                             ---- `self.form_title` is borrowed here
[INFO] [stdout] 307 |             self.form_title = task.title.clone();
[INFO] [stdout]     |             ^^^^^^^^^^^^^^^ `self.form_title` is assigned to here but it was already borrowed
[INFO] [stdout] 308 |             self.form_body = task.description.clone();
[INFO] [stdout]     |                              ---------------- borrow later used here
[INFO] [stdout] 
[INFO] [stdout] 
[INFO] [stdout] error[E0506]: cannot assign to `self.form_title` because it is borrowed
[INFO] [stdout]    --> src/app.rs:183:13
[INFO] [stdout]     |
[INFO] [stdout] 182 |         if let Some(note) = self.selected_note() {
[INFO] [stdout]     |                             ---- `self.form_title` is borrowed here
[INFO] [stdout] 183 |             self.form_title = note.title.clone();
[INFO] [stdout]     |             ^^^^^^^^^^^^^^^ `self.form_title` is assigned to here but it was already borrowed
[INFO] [stdout] 184 |             self.form_body = note.content.clone();
[INFO] [stdout]     |                              ------------ borrow later used here
[INFO] [stdout] 
[INFO] [stdout] 
[INFO] [stdout] error[E0506]: cannot assign to `self.form_title` because it is borrowed
[INFO] [stdout]    --> src/app.rs:307:13
[INFO] [stdout]     |
[INFO] [stdout] 306 |         if let Some(task) = self.selected_task() {
[INFO] [stdout]     |                             ---- `self.form_title` is borrowed here
[INFO] [stdout] 307 |             self.form_title = task.title.clone();
[INFO] [stdout]     |             ^^^^^^^^^^^^^^^ `self.form_title` is assigned to here but it was already borrowed
[INFO] [stdout] 308 |             self.form_body = task.description.clone();
[INFO] [stdout]     |                              ---------------- borrow later used here
[INFO] [stdout] 
[INFO] [stdout] 
[INFO] [stdout] warning: variable does not need to be mutable
[INFO] [stdout]   --> src/ui/kanban_view.rs:75:17
[INFO] [stdout]    |
[INFO] [stdout] 75 |             let mut line1 = vec![
[INFO] [stdout]    |                 ----^^^^^
[INFO] [stdout]    |                 |
[INFO] [stdout]    |                 help: remove this `mut`
[INFO] [stdout]    |
[INFO] [stdout]    = note: `#[warn(unused_mut)]` (part of `#[warn(unused)]`) on by default
[INFO] [stdout] 
[INFO] [stdout] 
[INFO] [stdout] warning: variable does not need to be mutable
[INFO] [stdout]   --> src/ui/kanban_view.rs:75:17
[INFO] [stdout]    |
[INFO] [stdout] 75 |             let mut line1 = vec![
[INFO] [stdout]    |                 ----^^^^^
[INFO] [stdout]    |                 |
[INFO] [stdout]    |                 help: remove this `mut`
[INFO] [stdout]    |
[INFO] [stdout]    = note: `#[warn(unused_mut)]` (part of `#[warn(unused)]`) on by default
[INFO] [stdout] 
[INFO] [stdout] 
[INFO] [stdout] For more information about this error, try `rustc --explain E0506`.
[INFO] [stdout] 
[INFO] [stderr] error: could not compile `oxidote` (lib test) due to 3 previous errors; 4 warnings emitted
[INFO] [stderr] warning: build failed, waiting for other jobs to finish...
[INFO] [stdout] For more information about this error, try `rustc --explain E0506`.
[INFO] [stdout] 
[INFO] [stderr] error: could not compile `oxidote` (lib) due to 3 previous errors; 4 warnings emitted
[INFO] running `Command { std: "docker" "inspect" "0110d7ac842c1673845bfdca2b3bde2a118c7972a0ed3722ad0bcb5c62732259", kill_on_drop: false }`
[INFO] running `Command { std: "docker" "rm" "-f" "0110d7ac842c1673845bfdca2b3bde2a118c7972a0ed3722ad0bcb5c62732259", kill_on_drop: false }`
[INFO] [stdout] 0110d7ac842c1673845bfdca2b3bde2a118c7972a0ed3722ad0bcb5c62732259
