[INFO] cloning repository https://github.com/gu1p/axiom
[INFO] running `Command { std: "git" "-c" "credential.helper=" "-c" "credential.helper=/workspace/cargo-home/bin/git-credential-null" "clone" "--bare" "https://github.com/gu1p/axiom" "/workspace/cache/git-repos/https%3A%2F%2Fgithub.com%2Fgu1p%2Faxiom", kill_on_drop: false }`
[INFO] [stderr] Cloning into bare repository '/workspace/cache/git-repos/https%3A%2F%2Fgithub.com%2Fgu1p%2Faxiom'...
[INFO] running `Command { std: "git" "rev-parse" "HEAD", kill_on_drop: false }`
[INFO] [stdout] 115ddb5efec00d3cf09e214c1563bb454a1472e9
[INFO] checking gu1p/axiom against 3154cc1a3e6424e44f438a95007d043ed5ceaaf6+rustflags=-Znext-solver=coherence for pr-133502-30
[INFO] running `Command { std: "git" "clone" "/workspace/cache/git-repos/https%3A%2F%2Fgithub.com%2Fgu1p%2Faxiom" "/workspace/builds/worker-1-tc1/source", kill_on_drop: false }`
[INFO] [stderr] Cloning into '/workspace/builds/worker-1-tc1/source'...
[INFO] [stderr] done.
[INFO] removed /workspace/builds/worker-1-tc1/source/.cargo/config.toml
[INFO] removed /workspace/builds/worker-1-tc1/source/rust-toolchain.toml
[INFO] started tweaking git repo https://github.com/gu1p/axiom
[INFO] finished tweaking git repo https://github.com/gu1p/axiom
[INFO] tweaked toml for git repo https://github.com/gu1p/axiom written to /workspace/builds/worker-1-tc1/source/Cargo.toml
[INFO] validating manifest of git repo https://github.com/gu1p/axiom on toolchain 3154cc1a3e6424e44f438a95007d043ed5ceaaf6
[INFO] running `Command { std: CARGO_HOME="/workspace/cargo-home" RUSTUP_HOME="/workspace/rustup-home" "/workspace/cargo-home/bin/cargo" "+3154cc1a3e6424e44f438a95007d043ed5ceaaf6" "metadata" "--manifest-path" "Cargo.toml" "--no-deps", kill_on_drop: false }`
[INFO] crate git repo https://github.com/gu1p/axiom already has a lockfile, it will not be regenerated
[INFO] running `Command { std: CARGO_HOME="/workspace/cargo-home" RUSTUP_HOME="/workspace/rustup-home" "/workspace/cargo-home/bin/cargo" "+3154cc1a3e6424e44f438a95007d043ed5ceaaf6" "fetch" "--manifest-path" "Cargo.toml", kill_on_drop: false }`
[INFO] [stderr]  Downloading crates ...
[INFO] [stderr]   Downloaded borsh v1.8.0
[INFO] [stderr]   Downloaded ra_ap_edition v0.0.331
[INFO] [stderr]   Downloaded rustc-literal-escaper v0.0.4
[INFO] [stderr]   Downloaded ra_ap_stdx v0.0.331
[INFO] [stderr]   Downloaded rowan v0.15.18
[INFO] [stderr]   Downloaded ra-ap-rustc_lexer v0.160.0
[INFO] [stderr]   Downloaded ra_ap_syntax v0.0.331
[INFO] [stderr]   Downloaded ra_ap_parser v0.0.331
[INFO] running `Command { std: "docker" "create" "-v" "/var/lib/crater-agent-workspace/builds/worker-1-tc1/source:/opt/rustwide/workdir:ro,Z" "-v" "/var/lib/crater-agent-workspace/builds/worker-1-tc1/target:/opt/rustwide/target:rw,Z" "-v" "/var/lib/crater-agent-workspace/cargo-home:/opt/rustwide/cargo-home:ro,Z" "-v" "/var/lib/crater-agent-workspace/rustup-home:/opt/rustwide/rustup-home:ro,Z" "-m" "1610612736" "--network" "none" "ghcr.io/rust-lang/crates-build-env/linux@sha256:77db811e55d90add9212f6832c23229e3de5f1c1f9905e8cb07319ea15df73ac" "sleep" "infinity", kill_on_drop: false }`
[INFO] [stdout] b51854be1372e4caa16a1bbf1218bd380e485e7396b38966ee0a3510d541f239
[INFO] running `Command { std: "docker" "start" "b51854be1372e4caa16a1bbf1218bd380e485e7396b38966ee0a3510d541f239", kill_on_drop: false }`
[INFO] running `Command { std: "docker" "inspect" "b51854be1372e4caa16a1bbf1218bd380e485e7396b38966ee0a3510d541f239", kill_on_drop: false }`
[INFO] running `Command { std: "docker" "exec" "-e" "SOURCE_DIR=/opt/rustwide/workdir" "-e" "CARGO_HOME=/opt/rustwide/cargo-home" "-e" "RUSTUP_HOME=/opt/rustwide/rustup-home" "-e" "CARGO_TARGET_DIR=/opt/rustwide/target" "-w" "/opt/rustwide/workdir" "--user" "0:0" "b51854be1372e4caa16a1bbf1218bd380e485e7396b38966ee0a3510d541f239" "/opt/rustwide/cargo-home/bin/cargo" "+3154cc1a3e6424e44f438a95007d043ed5ceaaf6" "metadata" "--no-deps" "--format-version=1", kill_on_drop: false }`
[INFO] running `Command { std: "docker" "inspect" "b51854be1372e4caa16a1bbf1218bd380e485e7396b38966ee0a3510d541f239", kill_on_drop: false }`
[INFO] running `Command { std: "docker" "exec" "-e" "SOURCE_DIR=/opt/rustwide/workdir" "-e" "CARGO_HOME=/opt/rustwide/cargo-home" "-e" "RUSTUP_HOME=/opt/rustwide/rustup-home" "-e" "CARGO_TARGET_DIR=/opt/rustwide/target" "-e" "CARGO_INCREMENTAL=0" "-e" "RUST_BACKTRACE=full" "-e" "RUSTFLAGS=--cap-lints=forbid -Znext-solver=coherence" "-e" "RUSTDOCFLAGS=--cap-lints=forbid" "-w" "/opt/rustwide/workdir" "--user" "0:0" "b51854be1372e4caa16a1bbf1218bd380e485e7396b38966ee0a3510d541f239" "/opt/rustwide/cargo-home/bin/cargo" "+3154cc1a3e6424e44f438a95007d043ed5ceaaf6" "check" "--frozen" "--all" "--all-targets" "--message-format=json", kill_on_drop: false }`
[INFO] [stderr]    Compiling serde_core v1.0.229
[INFO] [stderr]     Checking winnow v0.7.15
[INFO] [stderr]    Compiling camino v1.2.5
[INFO] [stderr]    Compiling serde v1.0.229
[INFO] [stderr]     Checking winnow v1.0.4
[INFO] [stderr]     Checking toml_writer v1.1.2+spec-1.1.0
[INFO] [stderr]    Compiling crossbeam-utils v0.8.22
[INFO] [stderr]    Compiling rustix v1.1.4
[INFO] [stderr]    Compiling serde_json v1.0.151
[INFO] [stderr]     Checking linux-raw-sys v0.12.1
[INFO] [stderr]    Compiling syn v3.0.3
[INFO] [stderr]     Checking anstyle-parse v1.0.0
[INFO] [stderr]     Checking aho-corasick v1.1.5
[INFO] [stderr]     Checking anstyle-query v1.1.5
[INFO] [stderr]     Checking is_terminal_polyfill v1.70.2
[INFO] [stderr]     Checking regex-syntax v0.8.11
[INFO] [stderr]     Checking anstyle v1.0.14
[INFO] [stderr]     Checking colorchoice v1.0.5
[INFO] [stderr]     Checking rustc-hash v2.1.3
[INFO] [stderr]     Checking bstr v1.13.1
[INFO] [stderr]    Compiling anyhow v1.0.104
[INFO] [stderr]     Checking log v0.4.33
[INFO] [stderr]     Checking clap_lex v1.1.0
[INFO] [stderr]    Compiling crossbeam-epoch v0.9.20
[INFO] [stderr]     Checking tracing v0.1.44
[INFO] [stderr]     Checking either v1.18.0
[INFO] [stderr]    Compiling policy-semantic v0.1.0 (/opt/rustwide/workdir/crates/policy-semantic)
[INFO] [stderr]     Checking anstream v1.0.0
[INFO] [stderr]    Compiling crossbeam-deque v0.8.7
[INFO] [stderr]     Checking clap_builder v4.6.6
[INFO] [stderr]     Checking unicode-properties v0.1.4
[INFO] [stderr]     Checking toml_parser v1.1.3+spec-1.1.0
[INFO] [stderr]     Checking itertools v0.14.0
[INFO] [stderr]     Checking rustc-literal-escaper v0.0.4
[INFO] [stderr]     Checking countme v3.0.1
[INFO] [stderr]     Checking ra-ap-rustc_lexer v0.160.0
[INFO] [stderr]     Checking hashbrown v0.14.5
[INFO] [stderr]     Checking text-size v1.1.1
[INFO] [stderr]     Checking drop_bomb v0.1.5
[INFO] [stderr]     Checking jod-thread v1.0.0
[INFO] [stderr]     Checking ra_ap_edition v0.0.331
[INFO] [stderr]     Checking same-file v1.0.6
[INFO] [stderr]     Checking triomphe v0.1.16
[INFO] [stderr]     Checking smol_str v0.3.6
[INFO] [stderr]     Checking similar v2.7.0
[INFO] [stderr]     Checking walkdir v2.5.0
[INFO] [stderr]     Checking crossbeam-channel v0.5.16
[INFO] [stderr]     Checking regex-automata v0.4.18
[INFO] [stderr]     Checking rowan v0.15.18
[INFO] [stderr]     Checking ra_ap_stdx v0.0.331
[INFO] [stderr]     Checking ra_ap_parser v0.0.331
[INFO] [stderr]     Checking toml_datetime v0.7.5+spec-1.1.0
[INFO] [stderr]     Checking serde_spanned v1.1.1
[INFO] [stderr]     Checking semver v1.0.28
[INFO] [stderr]     Checking cargo-platform v0.3.3
[INFO] [stderr]     Checking ra_ap_syntax v0.0.331
[INFO] [stderr]     Checking toml v0.9.12+spec-1.1.0
[INFO] [stderr]     Checking globset v0.4.20
[INFO] [stderr]    Compiling serde_derive v1.0.229
[INFO] [stderr]    Compiling thiserror-impl v2.0.20
[INFO] [stderr]    Compiling clap_derive v4.6.4
[INFO] [stderr]     Checking ignore v0.4.33
[INFO] [stderr]     Checking tempfile v3.27.0
[INFO] [stderr]     Checking insta v1.48.0
[INFO] [stderr]     Checking thiserror v2.0.20
[INFO] [stderr]     Checking clap v4.6.6
[INFO] [stderr]     Checking policy-core v0.1.0 (/opt/rustwide/workdir/crates/policy-core)
[INFO] [stderr]     Checking cargo_metadata v0.23.1
[INFO] [stderr]     Checking policy-syntax v0.1.0 (/opt/rustwide/workdir/crates/policy-syntax)
[INFO] [stderr]     Checking policy-rules v0.1.0 (/opt/rustwide/workdir/crates/policy-rules)
[INFO] [stderr]     Checking policy-cargo v0.1.0 (/opt/rustwide/workdir/crates/policy-cargo)
[INFO] [stderr]     Checking cargo-policy v0.1.0 (/opt/rustwide/workdir/crates/cargo-policy)
[INFO] [stdout] error[E0463]: can't find crate for `rustc_ast`
[INFO] [stdout]  --> crates/policy-semantic/src/bin/axiom-hir-driver.rs:5:1
[INFO] [stdout]   |
[INFO] [stdout] 5 | extern crate rustc_ast;
[INFO] [stdout]   | ^^^^^^^^^^^^^^^^^^^^^^^ can't find crate
[INFO] [stdout]   |
[INFO] [stdout]   = help: maybe you need to install the missing components with: `rustup component add rust-src rustc-dev llvm-tools-preview`
[INFO] [stdout] 
[INFO] [stdout] 
[INFO] [stdout] error[E0463]: can't find crate for `rustc_driver`
[INFO] [stdout]  --> crates/policy-semantic/src/bin/axiom-hir-driver.rs:6:1
[INFO] [stdout]   |
[INFO] [stdout] 6 | extern crate rustc_driver;
[INFO] [stdout]   | ^^^^^^^^^^^^^^^^^^^^^^^^^^ can't find crate
[INFO] [stdout]   |
[INFO] [stdout]   = help: maybe you need to install the missing components with: `rustup component add rust-src rustc-dev llvm-tools-preview`
[INFO] [stdout] 
[INFO] [stdout] 
[INFO] [stdout] error[E0463]: can't find crate for `rustc_errors`
[INFO] [stdout]  --> crates/policy-semantic/src/bin/axiom-hir-driver.rs:7:1
[INFO] [stdout]   |
[INFO] [stdout] 7 | extern crate rustc_errors;
[INFO] [stdout]   | ^^^^^^^^^^^^^^^^^^^^^^^^^^ can't find crate
[INFO] [stdout]   |
[INFO] [stdout]   = help: maybe you need to install the missing components with: `rustup component add rust-src rustc-dev llvm-tools-preview`
[INFO] [stdout] 
[INFO] [stdout] 
[INFO] [stdout] error[E0463]: can't find crate for `rustc_hir`
[INFO] [stdout]  --> crates/policy-semantic/src/bin/axiom-hir-driver.rs:8:1
[INFO] [stdout]   |
[INFO] [stdout] 8 | extern crate rustc_hir;
[INFO] [stdout]   | ^^^^^^^^^^^^^^^^^^^^^^^ can't find crate
[INFO] [stdout]   |
[INFO] [stdout]   = help: maybe you need to install the missing components with: `rustup component add rust-src rustc-dev llvm-tools-preview`
[INFO] [stdout] 
[INFO] [stdout] 
[INFO] [stdout] error[E0463]: can't find crate for `rustc_interface`
[INFO] [stdout]  --> crates/policy-semantic/src/bin/axiom-hir-driver.rs:9:1
[INFO] [stdout]   |
[INFO] [stdout] 9 | extern crate rustc_interface;
[INFO] [stdout]   | ^^^^^^^^^^^^^^^^^^^^^^^^^^^^^ can't find crate
[INFO] [stdout]   |
[INFO] [stdout]   = help: maybe you need to install the missing components with: `rustup component add rust-src rustc-dev llvm-tools-preview`
[INFO] [stdout] 
[INFO] [stdout] 
[INFO] [stdout] error[E0463]: can't find crate for `rustc_lexer`
[INFO] [stdout]   --> crates/policy-semantic/src/bin/axiom-hir-driver.rs:10:1
[INFO] [stdout]    |
[INFO] [stdout] 10 | extern crate rustc_lexer;
[INFO] [stdout]    | ^^^^^^^^^^^^^^^^^^^^^^^^^ can't find crate
[INFO] [stdout]    |
[INFO] [stdout]    = help: maybe you need to install the missing components with: `rustup component add rust-src rustc-dev llvm-tools-preview`
[INFO] [stdout] 
[INFO] [stdout] 
[INFO] [stdout] error[E0463]: can't find crate for `rustc_lint_defs`
[INFO] [stdout]   --> crates/policy-semantic/src/bin/axiom-hir-driver.rs:11:1
[INFO] [stdout]    |
[INFO] [stdout] 11 | extern crate rustc_lint_defs;
[INFO] [stdout]    | ^^^^^^^^^^^^^^^^^^^^^^^^^^^^^ can't find crate
[INFO] [stdout]    |
[INFO] [stdout]    = help: maybe you need to install the missing components with: `rustup component add rust-src rustc-dev llvm-tools-preview`
[INFO] [stdout] 
[INFO] [stdout] 
[INFO] [stdout] error[E0463]: can't find crate for `rustc_middle`
[INFO] [stdout]   --> crates/policy-semantic/src/bin/axiom-hir-driver.rs:12:1
[INFO] [stdout]    |
[INFO] [stdout] 12 | extern crate rustc_middle;
[INFO] [stdout]    | ^^^^^^^^^^^^^^^^^^^^^^^^^^ can't find crate
[INFO] [stdout]    |
[INFO] [stdout]    = help: maybe you need to install the missing components with: `rustup component add rust-src rustc-dev llvm-tools-preview`
[INFO] [stdout] 
[INFO] [stdout] 
[INFO] [stdout] error[E0463]: can't find crate for `rustc_parse`
[INFO] [stdout]   --> crates/policy-semantic/src/bin/axiom-hir-driver.rs:13:1
[INFO] [stdout]    |
[INFO] [stdout] 13 | extern crate rustc_parse;
[INFO] [stdout]    | ^^^^^^^^^^^^^^^^^^^^^^^^^ can't find crate
[INFO] [stdout]    |
[INFO] [stdout]    = help: maybe you need to install the missing components with: `rustup component add rust-src rustc-dev llvm-tools-preview`
[INFO] [stdout] 
[INFO] [stdout] 
[INFO] [stdout] error[E0463]: can't find crate for `rustc_session`
[INFO] [stdout]   --> crates/policy-semantic/src/bin/axiom-hir-driver.rs:14:1
[INFO] [stdout]    |
[INFO] [stdout] 14 | extern crate rustc_session;
[INFO] [stdout]    | ^^^^^^^^^^^^^^^^^^^^^^^^^^^ can't find crate
[INFO] [stdout]    |
[INFO] [stdout]    = help: maybe you need to install the missing components with: `rustup component add rust-src rustc-dev llvm-tools-preview`
[INFO] [stdout] 
[INFO] [stdout] 
[INFO] [stdout] error[E0463]: can't find crate for `rustc_span`
[INFO] [stdout]   --> crates/policy-semantic/src/bin/axiom-hir-driver.rs:15:1
[INFO] [stdout]    |
[INFO] [stdout] 15 | extern crate rustc_span;
[INFO] [stdout]    | ^^^^^^^^^^^^^^^^^^^^^^^^ can't find crate
[INFO] [stdout]    |
[INFO] [stdout]    = help: maybe you need to install the missing components with: `rustup component add rust-src rustc-dev llvm-tools-preview`
[INFO] [stdout] 
[INFO] [stdout] 
[INFO] [stdout] error[E0463]: can't find crate for `rustc_ast`
[INFO] [stdout]  --> crates/policy-semantic/src/bin/axiom-hir-driver.rs:5:1
[INFO] [stdout]   |
[INFO] [stdout] 5 | extern crate rustc_ast;
[INFO] [stdout]   | ^^^^^^^^^^^^^^^^^^^^^^^ can't find crate
[INFO] [stdout]   |
[INFO] [stdout]   = help: maybe you need to install the missing components with: `rustup component add rust-src rustc-dev llvm-tools-preview`
[INFO] [stdout] 
[INFO] [stdout] 
[INFO] [stdout] error[E0463]: can't find crate for `rustc_driver`
[INFO] [stdout]  --> crates/policy-semantic/src/bin/axiom-hir-driver.rs:6:1
[INFO] [stdout]   |
[INFO] [stdout] 6 | extern crate rustc_driver;
[INFO] [stdout]   | ^^^^^^^^^^^^^^^^^^^^^^^^^^ can't find crate
[INFO] [stdout]   |
[INFO] [stdout]   = help: maybe you need to install the missing components with: `rustup component add rust-src rustc-dev llvm-tools-preview`
[INFO] [stdout] 
[INFO] [stdout] 
[INFO] [stdout] error[E0463]: can't find crate for `rustc_errors`
[INFO] [stdout]  --> crates/policy-semantic/src/bin/axiom-hir-driver.rs:7:1
[INFO] [stdout]   |
[INFO] [stdout] 7 | extern crate rustc_errors;
[INFO] [stdout]   | ^^^^^^^^^^^^^^^^^^^^^^^^^^ can't find crate
[INFO] [stdout]   |
[INFO] [stdout]   = help: maybe you need to install the missing components with: `rustup component add rust-src rustc-dev llvm-tools-preview`
[INFO] [stdout] 
[INFO] [stdout] 
[INFO] [stdout] error[E0463]: can't find crate for `rustc_hir`
[INFO] [stdout]  --> crates/policy-semantic/src/bin/axiom-hir-driver.rs:8:1
[INFO] [stdout]   |
[INFO] [stdout] 8 | extern crate rustc_hir;
[INFO] [stdout]   | ^^^^^^^^^^^^^^^^^^^^^^^ can't find crate
[INFO] [stdout]   |
[INFO] [stdout]   = help: maybe you need to install the missing components with: `rustup component add rust-src rustc-dev llvm-tools-preview`
[INFO] [stdout] 
[INFO] [stdout] 
[INFO] [stdout] error[E0463]: can't find crate for `rustc_interface`
[INFO] [stdout]  --> crates/policy-semantic/src/bin/axiom-hir-driver.rs:9:1
[INFO] [stdout]   |
[INFO] [stdout] 9 | extern crate rustc_interface;
[INFO] [stdout]   | ^^^^^^^^^^^^^^^^^^^^^^^^^^^^^ can't find crate
[INFO] [stdout]   |
[INFO] [stdout]   = help: maybe you need to install the missing components with: `rustup component add rust-src rustc-dev llvm-tools-preview`
[INFO] [stdout] 
[INFO] [stdout] 
[INFO] [stdout] error[E0463]: can't find crate for `rustc_lexer`
[INFO] [stdout]   --> crates/policy-semantic/src/bin/axiom-hir-driver.rs:10:1
[INFO] [stdout]    |
[INFO] [stdout] 10 | extern crate rustc_lexer;
[INFO] [stdout]    | ^^^^^^^^^^^^^^^^^^^^^^^^^ can't find crate
[INFO] [stdout]    |
[INFO] [stdout]    = help: maybe you need to install the missing components with: `rustup component add rust-src rustc-dev llvm-tools-preview`
[INFO] [stdout] 
[INFO] [stdout] 
[INFO] [stdout] error[E0463]: can't find crate for `rustc_lint_defs`
[INFO] [stdout]   --> crates/policy-semantic/src/bin/axiom-hir-driver.rs:11:1
[INFO] [stdout]    |
[INFO] [stdout] 11 | extern crate rustc_lint_defs;
[INFO] [stdout]    | ^^^^^^^^^^^^^^^^^^^^^^^^^^^^^ can't find crate
[INFO] [stdout]    |
[INFO] [stdout]    = help: maybe you need to install the missing components with: `rustup component add rust-src rustc-dev llvm-tools-preview`
[INFO] [stdout] 
[INFO] [stdout] 
[INFO] [stdout] error[E0463]: can't find crate for `rustc_middle`
[INFO] [stdout]   --> crates/policy-semantic/src/bin/axiom-hir-driver.rs:12:1
[INFO] [stdout]    |
[INFO] [stdout] 12 | extern crate rustc_middle;
[INFO] [stdout]    | ^^^^^^^^^^^^^^^^^^^^^^^^^^ can't find crate
[INFO] [stdout]    |
[INFO] [stdout]    = help: maybe you need to install the missing components with: `rustup component add rust-src rustc-dev llvm-tools-preview`
[INFO] [stdout] 
[INFO] [stdout] 
[INFO] [stdout] error[E0463]: can't find crate for `rustc_parse`
[INFO] [stdout]   --> crates/policy-semantic/src/bin/axiom-hir-driver.rs:13:1
[INFO] [stdout]    |
[INFO] [stdout] 13 | extern crate rustc_parse;
[INFO] [stdout]    | ^^^^^^^^^^^^^^^^^^^^^^^^^ can't find crate
[INFO] [stdout]    |
[INFO] [stdout]    = help: maybe you need to install the missing components with: `rustup component add rust-src rustc-dev llvm-tools-preview`
[INFO] [stdout] 
[INFO] [stdout] 
[INFO] [stdout] error[E0463]: can't find crate for `rustc_session`
[INFO] [stdout]   --> crates/policy-semantic/src/bin/axiom-hir-driver.rs:14:1
[INFO] [stdout]    |
[INFO] [stdout] 14 | extern crate rustc_session;
[INFO] [stdout]    | ^^^^^^^^^^^^^^^^^^^^^^^^^^^ can't find crate
[INFO] [stdout]    |
[INFO] [stdout]    = help: maybe you need to install the missing components with: `rustup component add rust-src rustc-dev llvm-tools-preview`
[INFO] [stdout] 
[INFO] [stdout] 
[INFO] [stdout] error[E0463]: can't find crate for `rustc_span`
[INFO] [stdout]   --> crates/policy-semantic/src/bin/axiom-hir-driver.rs:15:1
[INFO] [stdout]    |
[INFO] [stdout] 15 | extern crate rustc_span;
[INFO] [stdout]    | ^^^^^^^^^^^^^^^^^^^^^^^^ can't find crate
[INFO] [stdout]    |
[INFO] [stdout]    = help: maybe you need to install the missing components with: `rustup component add rust-src rustc-dev llvm-tools-preview`
[INFO] [stdout] 
[INFO] [stdout] 
[INFO] [stdout] For more information about this error, try `rustc --explain E0463`.
[INFO] [stdout] 
[INFO] [stderr] error: could not compile `policy-semantic` (bin "axiom-hir-driver") due to 11 previous errors
[INFO] [stderr] warning: build failed, waiting for other jobs to finish...
[INFO] [stdout] For more information about this error, try `rustc --explain E0463`.
[INFO] [stdout] 
[INFO] [stderr] error: could not compile `policy-semantic` (bin "axiom-hir-driver" test) due to 11 previous errors
[INFO] running `Command { std: "docker" "inspect" "b51854be1372e4caa16a1bbf1218bd380e485e7396b38966ee0a3510d541f239", kill_on_drop: false }`
[INFO] running `Command { std: "docker" "rm" "-f" "b51854be1372e4caa16a1bbf1218bd380e485e7396b38966ee0a3510d541f239", kill_on_drop: false }`
[INFO] [stdout] b51854be1372e4caa16a1bbf1218bd380e485e7396b38966ee0a3510d541f239
