[INFO] cloning repository https://github.com/grilletee/workspace-cli
[INFO] running `Command { std: "git" "-c" "credential.helper=" "-c" "credential.helper=/workspace/cargo-home/bin/git-credential-null" "clone" "--bare" "https://github.com/grilletee/workspace-cli" "/workspace/cache/git-repos/https%3A%2F%2Fgithub.com%2Fgrilletee%2Fworkspace-cli", kill_on_drop: false }`
[INFO] [stderr] Cloning into bare repository '/workspace/cache/git-repos/https%3A%2F%2Fgithub.com%2Fgrilletee%2Fworkspace-cli'...
[INFO] running `Command { std: "git" "rev-parse" "HEAD", kill_on_drop: false }`
[INFO] [stdout] 679ef6303d2adcb25c332c378e0052de0f8a4565
[INFO] checking grilletee/workspace-cli against 3154cc1a3e6424e44f438a95007d043ed5ceaaf6 for pr-133502-30
[INFO] running `Command { std: "git" "clone" "/workspace/cache/git-repos/https%3A%2F%2Fgithub.com%2Fgrilletee%2Fworkspace-cli" "/workspace/builds/worker-7-tc2/source", kill_on_drop: false }`
[INFO] [stderr] Cloning into '/workspace/builds/worker-7-tc2/source'...
[INFO] [stderr] done.
[INFO] started tweaking git repo https://github.com/grilletee/workspace-cli
[INFO] finished tweaking git repo https://github.com/grilletee/workspace-cli
[INFO] tweaked toml for git repo https://github.com/grilletee/workspace-cli written to /workspace/builds/worker-7-tc2/source/Cargo.toml
[INFO] validating manifest of git repo https://github.com/grilletee/workspace-cli on toolchain 3154cc1a3e6424e44f438a95007d043ed5ceaaf6
[INFO] running `Command { std: CARGO_HOME="/workspace/cargo-home" RUSTUP_HOME="/workspace/rustup-home" "/workspace/cargo-home/bin/cargo" "+3154cc1a3e6424e44f438a95007d043ed5ceaaf6" "metadata" "--manifest-path" "Cargo.toml" "--no-deps", kill_on_drop: false }`
[INFO] crate git repo https://github.com/grilletee/workspace-cli already has a lockfile, it will not be regenerated
[INFO] running `Command { std: CARGO_HOME="/workspace/cargo-home" RUSTUP_HOME="/workspace/rustup-home" "/workspace/cargo-home/bin/cargo" "+3154cc1a3e6424e44f438a95007d043ed5ceaaf6" "fetch" "--manifest-path" "Cargo.toml", kill_on_drop: false }`
[INFO] running `Command { std: "docker" "create" "-v" "/var/lib/crater-agent-workspace/builds/worker-7-tc2/source:/opt/rustwide/workdir:ro,Z" "-v" "/var/lib/crater-agent-workspace/builds/worker-7-tc2/target:/opt/rustwide/target:rw,Z" "-v" "/var/lib/crater-agent-workspace/cargo-home:/opt/rustwide/cargo-home:ro,Z" "-v" "/var/lib/crater-agent-workspace/rustup-home:/opt/rustwide/rustup-home:ro,Z" "-m" "1610612736" "--network" "none" "ghcr.io/rust-lang/crates-build-env/linux@sha256:77db811e55d90add9212f6832c23229e3de5f1c1f9905e8cb07319ea15df73ac" "sleep" "infinity", kill_on_drop: false }`
[INFO] [stdout] 2916b84e12b0983f9236b4f4ae7e53b33e64cfd27d5e98e9469f3e536a463380
[INFO] running `Command { std: "docker" "start" "2916b84e12b0983f9236b4f4ae7e53b33e64cfd27d5e98e9469f3e536a463380", kill_on_drop: false }`
[INFO] running `Command { std: "docker" "inspect" "2916b84e12b0983f9236b4f4ae7e53b33e64cfd27d5e98e9469f3e536a463380", kill_on_drop: false }`
[INFO] running `Command { std: "docker" "exec" "-e" "SOURCE_DIR=/opt/rustwide/workdir" "-e" "CARGO_HOME=/opt/rustwide/cargo-home" "-e" "RUSTUP_HOME=/opt/rustwide/rustup-home" "-e" "CARGO_TARGET_DIR=/opt/rustwide/target" "-w" "/opt/rustwide/workdir" "--user" "0:0" "2916b84e12b0983f9236b4f4ae7e53b33e64cfd27d5e98e9469f3e536a463380" "/opt/rustwide/cargo-home/bin/cargo" "+3154cc1a3e6424e44f438a95007d043ed5ceaaf6" "metadata" "--no-deps" "--format-version=1", kill_on_drop: false }`
[INFO] running `Command { std: "docker" "inspect" "2916b84e12b0983f9236b4f4ae7e53b33e64cfd27d5e98e9469f3e536a463380", kill_on_drop: false }`
[INFO] running `Command { std: "docker" "exec" "-e" "SOURCE_DIR=/opt/rustwide/workdir" "-e" "CARGO_HOME=/opt/rustwide/cargo-home" "-e" "RUSTUP_HOME=/opt/rustwide/rustup-home" "-e" "CARGO_TARGET_DIR=/opt/rustwide/target" "-e" "CARGO_INCREMENTAL=0" "-e" "RUST_BACKTRACE=full" "-e" "RUSTFLAGS=--cap-lints=forbid" "-e" "RUSTDOCFLAGS=--cap-lints=forbid" "-w" "/opt/rustwide/workdir" "--user" "0:0" "2916b84e12b0983f9236b4f4ae7e53b33e64cfd27d5e98e9469f3e536a463380" "/opt/rustwide/cargo-home/bin/cargo" "+3154cc1a3e6424e44f438a95007d043ed5ceaaf6" "check" "--frozen" "--all" "--all-targets" "--message-format=json", kill_on_drop: false }`
[INFO] [stderr]    Compiling windows_x86_64_gnu v0.52.6
[INFO] [stderr]    Compiling serde_core v1.0.229
[INFO] [stderr]     Checking regex-syntax v0.8.11
[INFO] [stderr]    Compiling syn v2.0.119
[INFO] [stderr]    Compiling syn v3.0.4
[INFO] [stderr]    Compiling serde_json v1.0.151
[INFO] [stderr]     Checking smallvec v1.15.2
[INFO] [stderr]     Checking memchr v2.8.3
[INFO] [stderr]     Checking windows-targets v0.52.6
[INFO] [stderr]     Checking windows-result v0.2.0
[INFO] [stderr]     Checking windows-strings v0.1.0
[INFO] [stderr]     Checking regex-automata v0.4.18
[INFO] [stderr]     Checking matchers v0.2.0
[INFO] [stderr]    Compiling serde_derive v1.0.229
[INFO] [stderr]    Compiling clap_derive v4.6.4
[INFO] [stderr]    Compiling windows-implement v0.58.0
[INFO] [stderr]    Compiling windows-interface v0.58.0
[INFO] [stderr]    Compiling tracing-attributes v0.1.31
[INFO] [stderr]    Compiling thiserror-impl v1.0.69
[INFO] [stderr]     Checking clap v4.6.6
[INFO] [stderr]     Checking windows-core v0.58.0
[INFO] [stderr]     Checking thiserror v1.0.69
[INFO] [stderr]     Checking windows v0.58.0
[INFO] [stderr]     Checking tracing v0.1.44
[INFO] [stderr]     Checking tracing-subscriber v0.3.23
[INFO] [stderr]     Checking serde v1.0.229
[INFO] [stderr]     Checking workspace-cli v0.1.0 (/opt/rustwide/workdir)
[INFO] [stdout] error[E0433]: cannot find `windows` in `os`
[INFO] [stdout]  --> src/launcher.rs:1:14
[INFO] [stdout]   |
[INFO] [stdout] 1 | use std::os::windows::process::CommandExt;
[INFO] [stdout]   |              ^^^^^^^ could not find `windows` in `os`
[INFO] [stdout]   |
[INFO] [stdout] note: found an item that was configured out
[INFO] [stdout]  --> /rustc/3154cc1a3e6424e44f438a95007d043ed5ceaaf6/library/std/src/os/mod.rs:62:4
[INFO] [stdout]   |
[INFO] [stdout]   = note: the item is gated behind the `windows` feature
[INFO] [stdout] 
[INFO] [stdout] 
[INFO] [stdout] error[E0433]: cannot find `Win32` in `windows`
[INFO] [stdout]  --> src/launcher.rs:8:14
[INFO] [stdout]   |
[INFO] [stdout] 8 | use windows::Win32::System::Threading::{
[INFO] [stdout]   |              ^^^^^ could not find `Win32` in `windows`
[INFO] [stdout] 
[INFO] [stdout] 
[INFO] [stdout] error[E0433]: cannot find `Win32` in `windows`
[INFO] [stdout]  --> src/positioner.rs:4:14
[INFO] [stdout]   |
[INFO] [stdout] 4 | use windows::Win32::Foundation::{HWND, RECT};
[INFO] [stdout]   |              ^^^^^ could not find `Win32` in `windows`
[INFO] [stdout] 
[INFO] [stdout] 
[INFO] [stdout] error[E0433]: cannot find `windows` in `os`
[INFO] [stdout]  --> src/launcher.rs:1:14
[INFO] [stdout]   |
[INFO] [stdout] 1 | use std::os::windows::process::CommandExt;
[INFO] [stdout]   |              ^^^^^^^ could not find `windows` in `os`
[INFO] [stdout]   |
[INFO] [stdout] note: found an item that was configured out
[INFO] [stdout]  --> /rustc/3154cc1a3e6424e44f438a95007d043ed5ceaaf6/library/std/src/os/mod.rs:62:4
[INFO] [stdout]   |
[INFO] [stdout]   = note: the item is gated behind the `windows` feature
[INFO] [stdout] 
[INFO] [stdout] 
[INFO] [stdout] error[E0433]: cannot find `Win32` in `windows`
[INFO] [stdout]  --> src/positioner.rs:5:14
[INFO] [stdout]   |
[INFO] [stdout] 5 | use windows::Win32::UI::WindowsAndMessaging::{
[INFO] [stdout]   |              ^^^^^ could not find `Win32` in `windows`
[INFO] [stdout] 
[INFO] [stdout] 
[INFO] [stdout] error[E0433]: cannot find `Win32` in `windows`
[INFO] [stdout]  --> src/winapi_safe/mod.rs:4:14
[INFO] [stdout]   |
[INFO] [stdout] 4 | use windows::Win32::Foundation::{BOOL, CloseHandle, HWND, LPARAM, RECT, STILL_ACTIVE};
[INFO] [stdout]   |              ^^^^^ could not find `Win32` in `windows`
[INFO] [stdout] 
[INFO] [stdout] 
[INFO] [stdout] error[E0433]: cannot find `Win32` in `windows`
[INFO] [stdout]  --> src/winapi_safe/mod.rs:5:14
[INFO] [stdout]   |
[INFO] [stdout] 5 | use windows::Win32::System::Diagnostics::ToolHelp::{
[INFO] [stdout]   |              ^^^^^ could not find `Win32` in `windows`
[INFO] [stdout] 
[INFO] [stdout] 
[INFO] [stdout] error[E0433]: cannot find `Win32` in `windows`
[INFO] [stdout]  --> src/winapi_safe/mod.rs:9:14
[INFO] [stdout]   |
[INFO] [stdout] 9 | use windows::Win32::System::Threading::{
[INFO] [stdout]   |              ^^^^^ could not find `Win32` in `windows`
[INFO] [stdout] 
[INFO] [stdout] 
[INFO] [stdout] error[E0433]: cannot find `Win32` in `windows`
[INFO] [stdout]   --> src/winapi_safe/mod.rs:12:14
[INFO] [stdout]    |
[INFO] [stdout] 12 | use windows::Win32::Graphics::Gdi::{
[INFO] [stdout]    |              ^^^^^ could not find `Win32` in `windows`
[INFO] [stdout] 
[INFO] [stdout] 
[INFO] [stdout] error[E0433]: cannot find `Win32` in `windows`
[INFO] [stdout]   --> src/winapi_safe/mod.rs:17:14
[INFO] [stdout]    |
[INFO] [stdout] 17 | use windows::Win32::UI::WindowsAndMessaging::{
[INFO] [stdout]    |              ^^^^^ could not find `Win32` in `windows`
[INFO] [stdout] 
[INFO] [stdout] 
[INFO] [stdout] error[E0433]: cannot find `Win32` in `windows`
[INFO] [stdout]  --> src/launcher.rs:8:14
[INFO] [stdout]   |
[INFO] [stdout] 8 | use windows::Win32::System::Threading::{
[INFO] [stdout]   |              ^^^^^ could not find `Win32` in `windows`
[INFO] [stdout] 
[INFO] [stdout] 
[INFO] [stdout] error[E0433]: cannot find `Win32` in `windows`
[INFO] [stdout]  --> src/positioner.rs:4:14
[INFO] [stdout]   |
[INFO] [stdout] 4 | use windows::Win32::Foundation::{HWND, RECT};
[INFO] [stdout]   |              ^^^^^ could not find `Win32` in `windows`
[INFO] [stdout] 
[INFO] [stdout] 
[INFO] [stdout] error[E0433]: cannot find `Win32` in `windows`
[INFO] [stdout]  --> src/positioner.rs:5:14
[INFO] [stdout]   |
[INFO] [stdout] 5 | use windows::Win32::UI::WindowsAndMessaging::{
[INFO] [stdout]   |              ^^^^^ could not find `Win32` in `windows`
[INFO] [stdout] 
[INFO] [stdout] 
[INFO] [stdout] error[E0433]: cannot find `Win32` in `windows`
[INFO] [stdout]  --> src/winapi_safe/mod.rs:4:14
[INFO] [stdout]   |
[INFO] [stdout] 4 | use windows::Win32::Foundation::{BOOL, CloseHandle, HWND, LPARAM, RECT, STILL_ACTIVE};
[INFO] [stdout]   |              ^^^^^ could not find `Win32` in `windows`
[INFO] [stdout] 
[INFO] [stdout] 
[INFO] [stdout] error[E0433]: cannot find `Win32` in `windows`
[INFO] [stdout]  --> src/winapi_safe/mod.rs:5:14
[INFO] [stdout]   |
[INFO] [stdout] 5 | use windows::Win32::System::Diagnostics::ToolHelp::{
[INFO] [stdout]   |              ^^^^^ could not find `Win32` in `windows`
[INFO] [stdout] 
[INFO] [stdout] 
[INFO] [stdout] error[E0433]: cannot find `Win32` in `windows`
[INFO] [stdout]  --> src/winapi_safe/mod.rs:9:14
[INFO] [stdout]   |
[INFO] [stdout] 9 | use windows::Win32::System::Threading::{
[INFO] [stdout]   |              ^^^^^ could not find `Win32` in `windows`
[INFO] [stdout] 
[INFO] [stdout] 
[INFO] [stdout] error[E0433]: cannot find `Win32` in `windows`
[INFO] [stdout]   --> src/winapi_safe/mod.rs:12:14
[INFO] [stdout]    |
[INFO] [stdout] 12 | use windows::Win32::Graphics::Gdi::{
[INFO] [stdout]    |              ^^^^^ could not find `Win32` in `windows`
[INFO] [stdout] 
[INFO] [stdout] 
[INFO] [stdout] error[E0433]: cannot find `Win32` in `windows`
[INFO] [stdout]   --> src/winapi_safe/mod.rs:17:14
[INFO] [stdout]    |
[INFO] [stdout] 17 | use windows::Win32::UI::WindowsAndMessaging::{
[INFO] [stdout]    |              ^^^^^ could not find `Win32` in `windows`
[INFO] [stdout] 
[INFO] [stdout] 
[INFO] [stdout] error[E0599]: no method named `creation_flags` found for mutable reference `&mut std::process::Command` in the current scope
[INFO] [stdout]   --> src/launcher.rs:23:10
[INFO] [stdout]    |
[INFO] [stdout] 19 |     match Command::new(path)
[INFO] [stdout] 20 |         .args(args)
[INFO] [stdout] 21 |         .stdout(Stdio::null())
[INFO] [stdout] 22 |         .stderr(Stdio::null())
[INFO] [stdout] 23 |         .creation_flags(flags)
[INFO] [stdout]    |          ^^^^^^^^^^^^^^ method not found in `&mut std::process::Command`
[INFO] [stdout] 
[INFO] [stdout] 
[INFO] [stdout] error[E0599]: no method named `creation_flags` found for mutable reference `&mut std::process::Command` in the current scope
[INFO] [stdout]   --> src/launcher.rs:23:10
[INFO] [stdout]    |
[INFO] [stdout] 19 |     match Command::new(path)
[INFO] [stdout] 20 |         .args(args)
[INFO] [stdout] 21 |         .stdout(Stdio::null())
[INFO] [stdout] 22 |         .stderr(Stdio::null())
[INFO] [stdout] 23 |         .creation_flags(flags)
[INFO] [stdout]    |          ^^^^^^^^^^^^^^ method not found in `&mut std::process::Command`
[INFO] [stdout] 
[INFO] [stdout] 
[INFO] [stdout] error[E0599]: no method named `creation_flags` found for mutable reference `&mut std::process::Command` in the current scope
[INFO] [stdout]   --> src/launcher.rs:38:18
[INFO] [stdout]    |
[INFO] [stdout] 34 |             Command::new(path)
[INFO] [stdout] 35 |                 .args(args)
[INFO] [stdout] 36 |                 .stdout(Stdio::null())
[INFO] [stdout] 37 |                 .stderr(Stdio::null())
[INFO] [stdout] 38 |                 .creation_flags(fallback_flags)
[INFO] [stdout]    |                  ^^^^^^^^^^^^^^ method not found in `&mut std::process::Command`
[INFO] [stdout] 
[INFO] [stdout] 
[INFO] [stdout] error[E0599]: no method named `creation_flags` found for mutable reference `&mut std::process::Command` in the current scope
[INFO] [stdout]   --> src/launcher.rs:38:18
[INFO] [stdout]    |
[INFO] [stdout] 34 |             Command::new(path)
[INFO] [stdout] 35 |                 .args(args)
[INFO] [stdout] 36 |                 .stdout(Stdio::null())
[INFO] [stdout] 37 |                 .stderr(Stdio::null())
[INFO] [stdout] 38 |                 .creation_flags(fallback_flags)
[INFO] [stdout]    |                  ^^^^^^^^^^^^^^ method not found in `&mut std::process::Command`
[INFO] [stdout] 
[INFO] [stdout] 
[INFO] [stdout] Some errors have detailed explanations: E0433, E0599.
[INFO] [stdout] 
[INFO] [stdout] For more information about an error, try `rustc --explain E0433`.
[INFO] [stdout] 
[INFO] [stdout] Some errors have detailed explanations: E0433, E0599.
[INFO] [stdout] 
[INFO] [stdout] For more information about an error, try `rustc --explain E0433`.
[INFO] [stdout] 
[INFO] [stderr] error: could not compile `workspace-cli` (bin "workspace-cli" test) due to 11 previous errors
[INFO] [stderr] warning: build failed, waiting for other jobs to finish...
[INFO] [stderr] error: could not compile `workspace-cli` (bin "workspace-cli") due to 11 previous errors
[INFO] running `Command { std: "docker" "inspect" "2916b84e12b0983f9236b4f4ae7e53b33e64cfd27d5e98e9469f3e536a463380", kill_on_drop: false }`
[INFO] running `Command { std: "docker" "rm" "-f" "2916b84e12b0983f9236b4f4ae7e53b33e64cfd27d5e98e9469f3e536a463380", kill_on_drop: false }`
[INFO] [stdout] 2916b84e12b0983f9236b4f4ae7e53b33e64cfd27d5e98e9469f3e536a463380
