[INFO] cloning repository https://github.com/griimmv/chise-project
[INFO] running `Command { std: "git" "-c" "credential.helper=" "-c" "credential.helper=/workspace/cargo-home/bin/git-credential-null" "clone" "--bare" "https://github.com/griimmv/chise-project" "/workspace/cache/git-repos/https%3A%2F%2Fgithub.com%2Fgriimmv%2Fchise-project", kill_on_drop: false }`
[INFO] [stderr] Cloning into bare repository '/workspace/cache/git-repos/https%3A%2F%2Fgithub.com%2Fgriimmv%2Fchise-project'...
[INFO] running `Command { std: "git" "rev-parse" "HEAD", kill_on_drop: false }`
[INFO] [stdout] fe20c89ff0cc9163e99b001f5fec898940ce51fe
[INFO] checking griimmv/chise-project against 3154cc1a3e6424e44f438a95007d043ed5ceaaf6 for pr-133502-30
[INFO] running `Command { std: "git" "clone" "/workspace/cache/git-repos/https%3A%2F%2Fgithub.com%2Fgriimmv%2Fchise-project" "/workspace/builds/worker-0-tc2/source", kill_on_drop: false }`
[INFO] [stderr] Cloning into '/workspace/builds/worker-0-tc2/source'...
[INFO] [stderr] done.
[INFO] started tweaking git repo https://github.com/griimmv/chise-project
[INFO] finished tweaking git repo https://github.com/griimmv/chise-project
[INFO] tweaked toml for git repo https://github.com/griimmv/chise-project written to /workspace/builds/worker-0-tc2/source/Cargo.toml
[INFO] validating manifest of git repo https://github.com/griimmv/chise-project on toolchain 3154cc1a3e6424e44f438a95007d043ed5ceaaf6
[INFO] running `Command { std: CARGO_HOME="/workspace/cargo-home" RUSTUP_HOME="/workspace/rustup-home" "/workspace/cargo-home/bin/cargo" "+3154cc1a3e6424e44f438a95007d043ed5ceaaf6" "metadata" "--manifest-path" "Cargo.toml" "--no-deps", kill_on_drop: false }`
[INFO] crate git repo https://github.com/griimmv/chise-project already has a lockfile, it will not be regenerated
[INFO] running `Command { std: CARGO_HOME="/workspace/cargo-home" RUSTUP_HOME="/workspace/rustup-home" "/workspace/cargo-home/bin/cargo" "+3154cc1a3e6424e44f438a95007d043ed5ceaaf6" "fetch" "--manifest-path" "Cargo.toml", kill_on_drop: false }`
[INFO] running `Command { std: "docker" "create" "-v" "/var/lib/crater-agent-workspace/builds/worker-0-tc2/source:/opt/rustwide/workdir:ro,Z" "-v" "/var/lib/crater-agent-workspace/builds/worker-0-tc2/target:/opt/rustwide/target:rw,Z" "-v" "/var/lib/crater-agent-workspace/cargo-home:/opt/rustwide/cargo-home:ro,Z" "-v" "/var/lib/crater-agent-workspace/rustup-home:/opt/rustwide/rustup-home:ro,Z" "-m" "1610612736" "--network" "none" "ghcr.io/rust-lang/crates-build-env/linux@sha256:77db811e55d90add9212f6832c23229e3de5f1c1f9905e8cb07319ea15df73ac" "sleep" "infinity", kill_on_drop: false }`
[INFO] [stdout] 06b878d5650d7cdef0b046d1f94911eb52960ddc8a6e548d3bc2f5ff39dbf4ea
[INFO] running `Command { std: "docker" "start" "06b878d5650d7cdef0b046d1f94911eb52960ddc8a6e548d3bc2f5ff39dbf4ea", kill_on_drop: false }`
[INFO] running `Command { std: "docker" "inspect" "06b878d5650d7cdef0b046d1f94911eb52960ddc8a6e548d3bc2f5ff39dbf4ea", kill_on_drop: false }`
[INFO] running `Command { std: "docker" "exec" "-e" "SOURCE_DIR=/opt/rustwide/workdir" "-e" "CARGO_HOME=/opt/rustwide/cargo-home" "-e" "RUSTUP_HOME=/opt/rustwide/rustup-home" "-e" "CARGO_TARGET_DIR=/opt/rustwide/target" "-w" "/opt/rustwide/workdir" "--user" "0:0" "06b878d5650d7cdef0b046d1f94911eb52960ddc8a6e548d3bc2f5ff39dbf4ea" "/opt/rustwide/cargo-home/bin/cargo" "+3154cc1a3e6424e44f438a95007d043ed5ceaaf6" "metadata" "--no-deps" "--format-version=1", kill_on_drop: false }`
[INFO] running `Command { std: "docker" "inspect" "06b878d5650d7cdef0b046d1f94911eb52960ddc8a6e548d3bc2f5ff39dbf4ea", kill_on_drop: false }`
[INFO] running `Command { std: "docker" "exec" "-e" "SOURCE_DIR=/opt/rustwide/workdir" "-e" "CARGO_HOME=/opt/rustwide/cargo-home" "-e" "RUSTUP_HOME=/opt/rustwide/rustup-home" "-e" "CARGO_TARGET_DIR=/opt/rustwide/target" "-e" "CARGO_INCREMENTAL=0" "-e" "RUST_BACKTRACE=full" "-e" "RUSTFLAGS=--cap-lints=forbid" "-e" "RUSTDOCFLAGS=--cap-lints=forbid" "-w" "/opt/rustwide/workdir" "--user" "0:0" "06b878d5650d7cdef0b046d1f94911eb52960ddc8a6e548d3bc2f5ff39dbf4ea" "/opt/rustwide/cargo-home/bin/cargo" "+3154cc1a3e6424e44f438a95007d043ed5ceaaf6" "check" "--frozen" "--all" "--all-targets" "--message-format=json", kill_on_drop: false }`
[INFO] [stderr]    Compiling aws-lc-rs v1.17.3
[INFO] [stderr]    Compiling syn v3.0.3
[INFO] [stderr]     Checking parking_lot_core v0.9.12
[INFO] [stderr]    Compiling cc v1.4.0
[INFO] [stderr]    Compiling synstructure v0.13.2
[INFO] [stderr]    Compiling zerovec-derive v0.11.3
[INFO] [stderr]    Compiling futures-macro v0.3.33
[INFO] [stderr]    Compiling tracing-attributes v0.1.31
[INFO] [stderr]    Compiling enumflags2_derive v0.7.12
[INFO] [stderr]    Compiling object v0.37.3
[INFO] [stderr]     Checking futures-lite v2.6.1
[INFO] [stderr]    Compiling darling_core v0.23.0
[INFO] [stderr]     Checking rustix v1.1.4
[INFO] [stderr]     Checking sync_wrapper v1.0.2
[INFO] [stderr]     Checking syn v2.0.119
[INFO] [stderr]    Compiling erasable v1.3.0
[INFO] [stderr]     Checking serde_json v1.0.151
[INFO] [stderr]     Checking parking_lot v0.12.5
[INFO] [stderr]     Checking uuid v1.24.0
[INFO] [stderr]     Checking async-channel v2.5.0
[INFO] [stderr]    Compiling derive_more-impl v1.0.0
[INFO] [stderr]     Checking piper v0.2.5
[INFO] [stderr]    Compiling pin-project-internal v1.1.13
[INFO] [stderr]    Compiling proc-macro-error-attr2 v2.0.0
[INFO] [stderr]    Compiling zerofrom-derive v0.1.7
[INFO] [stderr]    Compiling yoke-derive v0.8.2
[INFO] [stderr]     Checking futures-util v0.3.33
[INFO] [stderr]    Compiling include_dir_macros v0.7.4
[INFO] [stderr]     Checking regex-automata v0.4.16
[INFO] [stderr]    Compiling itertools v0.10.5
[INFO] [stderr]     Checking rgb v0.8.53
[INFO] [stderr]     Checking async-executor v1.14.0
[INFO] [stderr]     Checking tracing v0.1.44
[INFO] [stderr]     Checking blocking v1.6.2
[INFO] [stderr]     Checking chrono v0.4.45
[INFO] [stderr]    Compiling cmake v0.1.58
[INFO] [stderr]     Checking pin-project v1.1.13
[INFO] [stderr]    Compiling include_dir v0.7.4
[INFO] [stderr]    Compiling proc-macro-error2 v2.0.1
[INFO] [stderr]     Checking rc-box v1.3.0
[INFO] [stderr]     Checking async-broadcast v0.7.2
[INFO] [stderr]    Compiling async-recursion v1.1.1
[INFO] [stderr]     Checking ordered-stream v0.2.0
[INFO] [stderr]     Checking takecell v0.1.2
[INFO] [stderr]     Checking either v1.17.0
[INFO] [stderr]     Checking take_mut v0.2.2
[INFO] [stderr]    Compiling teloxide-macros v0.10.0
[INFO] [stderr]     Checking hashlink v0.12.1
[INFO] [stderr]     Checking zerofrom v0.1.8
[INFO] [stderr]     Checking tracing-log v0.2.0
[INFO] [stderr]     Checking serde_spanned v1.1.1
[INFO] [stderr]     Checking toml_datetime v1.1.1+spec-1.1.0
[INFO] [stderr]     Checking yoke v0.8.3
[INFO] [stderr]    Compiling aws-lc-sys v0.43.0
[INFO] [stderr]    Compiling ring v0.17.14
[INFO] [stderr]    Compiling stacker v0.1.24
[INFO] [stderr]    Compiling libsqlite3-sys v0.38.1
[INFO] [stderr]     Checking zerovec v0.11.6
[INFO] [stderr]     Checking toml v1.1.4+spec-1.1.0
[INFO] [stderr]    Compiling aquamarine v0.6.0
[INFO] [stderr]     Checking derive_more v1.0.0
[INFO] [stderr]    Compiling darling_macro v0.23.0
[INFO] [stderr]     Checking potential_utf v0.1.5
[INFO] [stderr]    Compiling darling v0.23.0
[INFO] [stderr]    Compiling serde_with_macros v3.21.0
[INFO] [stderr]     Checking matchers v0.2.0
[INFO] [stderr]     Checking tracing-subscriber v0.3.23
[INFO] [stderr]    Compiling serde_derive v1.0.229
[INFO] [stderr]    Compiling displaydoc v0.2.7
[INFO] [stderr]    Compiling tokio-macros v2.7.2
[INFO] [stderr]    Compiling thiserror-impl v2.0.19
[INFO] [stderr]    Compiling async-trait v0.1.91
[INFO] [stderr]     Checking futures-executor v0.3.33
[INFO] [stderr]     Checking futures v0.3.33
[INFO] [stderr]    Compiling serde_repr v0.1.21
[INFO] [stderr]     Checking dptree v0.5.1
[INFO] [stderr]     Checking tokio v1.53.1
[INFO] [stderr]     Checking tinystr v0.8.3
[INFO] [stderr]     Checking zerotrie v0.2.4
[INFO] [stderr]     Checking icu_collections v2.2.0
[INFO] [stderr]     Checking serde_with v3.21.0
[INFO] [stderr]     Checking icu_locale_core v2.2.0
[INFO] [stderr]     Checking polling v3.11.0
[INFO] [stderr]     Checking async-io v2.6.0
[INFO] [stderr]     Checking thiserror v2.0.19
[INFO] [stderr]    Compiling ar_archive_writer v0.5.2
[INFO] [stderr]     Checking icu_provider v2.2.0
[INFO] [stderr]     Checking async-signal v0.2.14
[INFO] [stderr]     Checking async-process v2.5.0
[INFO] [stderr]     Checking icu_properties v2.2.0
[INFO] [stderr]     Checking icu_normalizer v2.2.0
[INFO] [stderr]    Compiling psm v0.1.31
[INFO] [stderr]     Checking serde v1.0.229
[INFO] [stderr]     Checking idna_adapter v1.2.2
[INFO] [stderr]     Checking idna v1.1.0
[INFO] [stderr]     Checking zvariant_utils v3.5.0
[INFO] [stderr]     Checking enumflags2 v0.7.12
[INFO] [stderr]     Checking serde_urlencoded v0.7.1
[INFO] [stderr]     Checking url v2.5.8
[INFO] [stderr]    Compiling zvariant_derive v5.13.1
[INFO] [stderr]    Compiling zvariant v5.13.1
[INFO] [stderr]     Checking hyper v1.11.0
[INFO] [stderr]     Checking tower v0.5.3
[INFO] [stderr]     Checking tokio-util v0.7.19
[INFO] [stderr]     Checking tokio-stream v0.1.19
[INFO] [stderr]     Checking tower-http v0.6.11
[INFO] [stderr]     Checking hyper-util v0.1.20
[INFO] [stderr]     Checking zbus_names v4.3.4
[INFO] [stderr]    Compiling zbus_macros v5.18.0
[INFO] [stderr]     Checking rusqlite v0.40.1
[INFO] [stderr]    Compiling rustls v0.23.43
[INFO] [stderr]     Checking zbus v5.18.0
[INFO] [stderr]     Checking rustls-webpki v0.103.13
[INFO] [stderr]     Checking notify-rust v4.18.0
[INFO] [stderr]     Checking tokio-rustls v0.26.4
[INFO] [stderr]     Checking rustls-platform-verifier v0.7.0
[INFO] [stderr]     Checking hyper-rustls v0.27.9
[INFO] [stderr]     Checking reqwest v0.12.28
[INFO] [stderr]     Checking reqwest v0.13.4
[INFO] [stderr]     Checking teloxide-core v0.13.0
[INFO] [stderr]     Checking teloxide v0.17.0
[INFO] [stderr]     Checking chise v0.1.0 (/opt/rustwide/workdir)
[INFO] [stdout] warning: use of deprecated method `teloxide::types::message::getters::<impl teloxide::prelude::Message>::from`: use `.from` field instead
[INFO] [stdout]   --> src/telegram/mod.rs:35:26
[INFO] [stdout]    |
[INFO] [stdout] 35 |     let Some(from) = msg.from() else {
[INFO] [stdout]    |                          ^^^^
[INFO] [stdout]    |
[INFO] [stdout]    = note: `#[warn(deprecated)]` on by default
[INFO] [stdout] 
[INFO] [stdout] 
[INFO] [stdout] warning: use of deprecated method `teloxide::types::message::getters::<impl teloxide::prelude::Message>::from`: use `.from` field instead
[INFO] [stdout]   --> src/telegram/mod.rs:35:26
[INFO] [stdout]    |
[INFO] [stdout] 35 |     let Some(from) = msg.from() else {
[INFO] [stdout]    |                          ^^^^
[INFO] [stdout]    |
[INFO] [stdout]    = note: `#[warn(deprecated)]` on by default
[INFO] [stdout] 
[INFO] [stdout] 
[INFO] [stdout] error[E0308]: mismatched types
[INFO] [stdout]  --> src/notifier.rs:9:18
[INFO] [stdout]   |
[INFO] [stdout] 9 |         .summary(format!("{} — {}", msg.source, msg.sender))
[INFO] [stdout]   |                  ^^^^^^^^^^^^^^^^^^^^^^^^^^^^^^^^^^^^^^^^^^ expected `&str`, found `String`
[INFO] [stdout] 
[INFO] [stdout] 
[INFO] [stdout] error[E0308]: mismatched types
[INFO] [stdout]   --> src/main.rs:41:18
[INFO] [stdout]    |
[INFO] [stdout] 40 |     handles.push(tokio::spawn(ingest::run(state.clone(), shutdown_rx.clone())));
[INFO] [stdout]    |     -------      ------------------------------------------------------------- this argument has type `tokio::task::JoinHandle<()>`...
[INFO] [stdout]    |     |
[INFO] [stdout]    |     ... which causes `handles` to have type `Vec<tokio::task::JoinHandle<()>>`
[INFO] [stdout] 41 |     handles.push(tokio::spawn(telegram::run(state.clone(), shutdown_rx)));
[INFO] [stdout]    |             ---- ^^^^^^^^^^^^^^^^^^^^^^^^^^^^^^^^^^^^^^^^^^^^^^^^^^^^^^^ expected `JoinHandle<()>`, found `JoinHandle<Result<(), Error>>`
[INFO] [stdout]    |             |
[INFO] [stdout]    |             arguments to this method are incorrect
[INFO] [stdout]    |
[INFO] [stdout]    = note: expected struct `JoinHandle<()>`
[INFO] [stdout]               found struct `JoinHandle<Result<(), anyhow::Error>>`
[INFO] [stdout] note: method defined here
[INFO] [stdout]   --> /rustc/3154cc1a3e6424e44f438a95007d043ed5ceaaf6/library/alloc/src/vec/mod.rs:997:11
[INFO] [stdout] 
[INFO] [stdout] 
[INFO] [stdout] error[E0308]: mismatched types
[INFO] [stdout]  --> src/notifier.rs:9:18
[INFO] [stdout]   |
[INFO] [stdout] 9 |         .summary(format!("{} — {}", msg.source, msg.sender))
[INFO] [stdout]   |                  ^^^^^^^^^^^^^^^^^^^^^^^^^^^^^^^^^^^^^^^^^^ expected `&str`, found `String`
[INFO] [stdout] 
[INFO] [stdout] 
[INFO] [stdout] error[E0308]: mismatched types
[INFO] [stdout]   --> src/main.rs:41:18
[INFO] [stdout]    |
[INFO] [stdout] 40 |     handles.push(tokio::spawn(ingest::run(state.clone(), shutdown_rx.clone())));
[INFO] [stdout]    |     -------      ------------------------------------------------------------- this argument has type `tokio::task::JoinHandle<()>`...
[INFO] [stdout]    |     |
[INFO] [stdout]    |     ... which causes `handles` to have type `Vec<tokio::task::JoinHandle<()>>`
[INFO] [stdout] 41 |     handles.push(tokio::spawn(telegram::run(state.clone(), shutdown_rx)));
[INFO] [stdout]    |             ---- ^^^^^^^^^^^^^^^^^^^^^^^^^^^^^^^^^^^^^^^^^^^^^^^^^^^^^^^ expected `JoinHandle<()>`, found `JoinHandle<Result<(), Error>>`
[INFO] [stdout]    |             |
[INFO] [stdout]    |             arguments to this method are incorrect
[INFO] [stdout]    |
[INFO] [stdout]    = note: expected struct `JoinHandle<()>`
[INFO] [stdout]               found struct `JoinHandle<Result<(), anyhow::Error>>`
[INFO] [stdout] note: method defined here
[INFO] [stdout]   --> /rustc/3154cc1a3e6424e44f438a95007d043ed5ceaaf6/library/alloc/src/vec/mod.rs:997:11
[INFO] [stdout] 
[INFO] [stdout] 
[INFO] [stdout] For more information about this error, try `rustc --explain E0308`.
[INFO] [stdout] 
[INFO] [stderr] error: could not compile `chise` (bin "chise") due to 2 previous errors; 1 warning emitted
[INFO] [stderr] warning: build failed, waiting for other jobs to finish...
[INFO] [stdout] For more information about this error, try `rustc --explain E0308`.
[INFO] [stdout] 
[INFO] [stderr] error: could not compile `chise` (bin "chise" test) due to 2 previous errors; 1 warning emitted
[INFO] [stderr] warning: unused dependency `reqwest`
[INFO] [stderr]   --> Cargo.toml:11:15
[INFO] [stderr]    |
[INFO] [stderr] 11 | [dependencies.reqwest]
[INFO] [stderr]    |               ^^^^^^^^
[INFO] [stderr]    |
[INFO] [stderr]    = note: `cargo::unused_dependencies` is set to `warn` by default
[INFO] [stderr] help: consider removing the dependency on `reqwest`
[INFO] [stderr] warning: `chise` (manifest) generated 1 warning
[INFO] running `Command { std: "docker" "inspect" "06b878d5650d7cdef0b046d1f94911eb52960ddc8a6e548d3bc2f5ff39dbf4ea", kill_on_drop: false }`
[INFO] running `Command { std: "docker" "rm" "-f" "06b878d5650d7cdef0b046d1f94911eb52960ddc8a6e548d3bc2f5ff39dbf4ea", kill_on_drop: false }`
[INFO] [stdout] 06b878d5650d7cdef0b046d1f94911eb52960ddc8a6e548d3bc2f5ff39dbf4ea
