[INFO] cloning repository https://github.com/greenticai/component-rag-qdrant-ext
[INFO] running `Command { std: "git" "-c" "credential.helper=" "-c" "credential.helper=/workspace/cargo-home/bin/git-credential-null" "clone" "--bare" "https://github.com/greenticai/component-rag-qdrant-ext" "/workspace/cache/git-repos/https%3A%2F%2Fgithub.com%2Fgreenticai%2Fcomponent-rag-qdrant-ext", kill_on_drop: false }`
[INFO] [stderr] Cloning into bare repository '/workspace/cache/git-repos/https%3A%2F%2Fgithub.com%2Fgreenticai%2Fcomponent-rag-qdrant-ext'...
[INFO] running `Command { std: "git" "rev-parse" "HEAD", kill_on_drop: false }`
[INFO] [stdout] 6f685aa340e6a0179072e82d5eeca93ef56fc202
[INFO] checking greenticai/component-rag-qdrant-ext against 3154cc1a3e6424e44f438a95007d043ed5ceaaf6+rustflags=-Znext-solver=coherence for pr-133502-30
[INFO] running `Command { std: "git" "clone" "/workspace/cache/git-repos/https%3A%2F%2Fgithub.com%2Fgreenticai%2Fcomponent-rag-qdrant-ext" "/workspace/builds/worker-4-tc1/source", kill_on_drop: false }`
[INFO] [stderr] Cloning into '/workspace/builds/worker-4-tc1/source'...
[INFO] [stderr] done.
[INFO] removed /workspace/builds/worker-4-tc1/source/rust-toolchain.toml
[INFO] started tweaking git repo https://github.com/greenticai/component-rag-qdrant-ext
[INFO] finished tweaking git repo https://github.com/greenticai/component-rag-qdrant-ext
[INFO] tweaked toml for git repo https://github.com/greenticai/component-rag-qdrant-ext written to /workspace/builds/worker-4-tc1/source/Cargo.toml
[INFO] validating manifest of git repo https://github.com/greenticai/component-rag-qdrant-ext on toolchain 3154cc1a3e6424e44f438a95007d043ed5ceaaf6
[INFO] running `Command { std: CARGO_HOME="/workspace/cargo-home" RUSTUP_HOME="/workspace/rustup-home" "/workspace/cargo-home/bin/cargo" "+3154cc1a3e6424e44f438a95007d043ed5ceaaf6" "metadata" "--manifest-path" "Cargo.toml" "--no-deps", kill_on_drop: false }`
[INFO] crate git repo https://github.com/greenticai/component-rag-qdrant-ext already has a lockfile, it will not be regenerated
[INFO] running `Command { std: CARGO_HOME="/workspace/cargo-home" RUSTUP_HOME="/workspace/rustup-home" "/workspace/cargo-home/bin/cargo" "+3154cc1a3e6424e44f438a95007d043ed5ceaaf6" "fetch" "--manifest-path" "Cargo.toml", kill_on_drop: false }`
[INFO] [stderr]     Updating crates.io index
[INFO] [stderr]  Downloading crates ...
[INFO] [stderr]   Downloaded wit-bindgen-rt v0.41.0
[INFO] [stderr]   Downloaded greentic-extension-sdk-testing v1.2.10
[INFO] [stderr]   Downloaded serde_jcs v0.1.0
[INFO] [stderr]   Downloaded greentic-extension-sdk-contract v1.2.10
[INFO] [stderr]   Downloaded ryu-js v0.2.2
[INFO] [stderr]   Downloaded jsonschema v0.30.0
[INFO] [stderr]   Downloaded referencing v0.30.0
[INFO] [stderr]   Downloaded greentic-types v1.3.0-research.1
[INFO] running `Command { std: "docker" "create" "-v" "/var/lib/crater-agent-workspace/builds/worker-4-tc1/source:/opt/rustwide/workdir:ro,Z" "-v" "/var/lib/crater-agent-workspace/builds/worker-4-tc1/target:/opt/rustwide/target:rw,Z" "-v" "/var/lib/crater-agent-workspace/cargo-home:/opt/rustwide/cargo-home:ro,Z" "-v" "/var/lib/crater-agent-workspace/rustup-home:/opt/rustwide/rustup-home:ro,Z" "-m" "1610612736" "--network" "none" "ghcr.io/rust-lang/crates-build-env/linux@sha256:77db811e55d90add9212f6832c23229e3de5f1c1f9905e8cb07319ea15df73ac" "sleep" "infinity", kill_on_drop: false }`
[INFO] [stdout] 7ea43e9f8d7dc5a6f092c9ef0a4e37a05c8a9f593596c5aa906c05fc1daf12a4
[INFO] running `Command { std: "docker" "start" "7ea43e9f8d7dc5a6f092c9ef0a4e37a05c8a9f593596c5aa906c05fc1daf12a4", kill_on_drop: false }`
[INFO] running `Command { std: "docker" "inspect" "7ea43e9f8d7dc5a6f092c9ef0a4e37a05c8a9f593596c5aa906c05fc1daf12a4", kill_on_drop: false }`
[INFO] running `Command { std: "docker" "exec" "-e" "SOURCE_DIR=/opt/rustwide/workdir" "-e" "CARGO_HOME=/opt/rustwide/cargo-home" "-e" "RUSTUP_HOME=/opt/rustwide/rustup-home" "-e" "CARGO_TARGET_DIR=/opt/rustwide/target" "-w" "/opt/rustwide/workdir" "--user" "0:0" "7ea43e9f8d7dc5a6f092c9ef0a4e37a05c8a9f593596c5aa906c05fc1daf12a4" "/opt/rustwide/cargo-home/bin/cargo" "+3154cc1a3e6424e44f438a95007d043ed5ceaaf6" "metadata" "--no-deps" "--format-version=1", kill_on_drop: false }`
[INFO] running `Command { std: "docker" "inspect" "7ea43e9f8d7dc5a6f092c9ef0a4e37a05c8a9f593596c5aa906c05fc1daf12a4", kill_on_drop: false }`
[INFO] running `Command { std: "docker" "exec" "-e" "SOURCE_DIR=/opt/rustwide/workdir" "-e" "CARGO_HOME=/opt/rustwide/cargo-home" "-e" "RUSTUP_HOME=/opt/rustwide/rustup-home" "-e" "CARGO_TARGET_DIR=/opt/rustwide/target" "-e" "CARGO_INCREMENTAL=0" "-e" "RUST_BACKTRACE=full" "-e" "RUSTFLAGS=--cap-lints=forbid -Znext-solver=coherence" "-e" "RUSTDOCFLAGS=--cap-lints=forbid" "-w" "/opt/rustwide/workdir" "--user" "0:0" "7ea43e9f8d7dc5a6f092c9ef0a4e37a05c8a9f593596c5aa906c05fc1daf12a4" "/opt/rustwide/cargo-home/bin/cargo" "+3154cc1a3e6424e44f438a95007d043ed5ceaaf6" "check" "--frozen" "--all" "--all-targets" "--message-format=json", kill_on_drop: false }`
[INFO] [stderr]    Compiling serde v1.0.229
[INFO] [stderr]    Compiling zerocopy v0.8.56
[INFO] [stderr]     Checking futures-sink v0.3.34
[INFO] [stderr]    Compiling serde_json v1.0.151
[INFO] [stderr]     Checking http v1.5.0
[INFO] [stderr]    Compiling syn v2.0.119
[INFO] [stderr]    Compiling syn v3.0.4
[INFO] [stderr]     Checking tokio v1.53.1
[INFO] [stderr]     Checking num-integer v0.1.47
[INFO] [stderr]     Checking futures-io v0.3.34
[INFO] [stderr]    Compiling find-msvc-tools v0.1.11
[INFO] [stderr]     Checking tracing-core v0.1.36
[INFO] [stderr]     Checking sync_wrapper v1.0.2
[INFO] [stderr]    Compiling ahash v0.8.12
[INFO] [stderr]     Checking sha1_smol v1.0.1
[INFO] [stderr]     Checking log v0.4.34
[INFO] [stderr]     Checking simd-adler32 v0.3.10
[INFO] [stderr]     Checking regex-automata v0.4.18
[INFO] [stderr]     Checking futures-channel v0.3.34
[INFO] [stderr]     Checking futures-util v0.3.34
[INFO] [stderr]     Checking parking_lot_core v0.9.12
[INFO] [stderr]    Compiling curve25519-dalek v4.1.3
[INFO] [stderr]     Checking num-complex v0.4.6
[INFO] [stderr]     Checking uuid v1.25.0
[INFO] [stderr]     Checking ipnet v2.12.1
[INFO] [stderr]     Checking borrow-or-share v0.2.4
[INFO] [stderr]     Checking num-bigint v0.4.8
[INFO] [stderr]    Compiling cc v1.4.4
[INFO] [stderr]     Checking tracing v0.1.44
[INFO] [stderr]     Checking num-iter v0.1.46
[INFO] [stderr]     Checking bit-vec v0.8.0
[INFO] [stderr]     Checking ciborium-io v0.2.2
[INFO] [stderr]     Checking indexmap v2.14.0
[INFO] [stderr]     Checking miniz_oxide v0.8.9
[INFO] [stderr]     Checking parking_lot v0.12.5
[INFO] [stderr]     Checking digest v0.11.3
[INFO] [stderr]     Checking signature v2.2.0
[INFO] [stderr]     Checking zeroize v1.9.0
[INFO] [stderr]    Compiling zip v2.4.2
[INFO] [stderr]     Checking bit-set v0.8.0
[INFO] [stderr]     Checking outref v0.5.2
[INFO] [stderr]     Checking bumpalo v3.20.3
[INFO] [stderr]     Checking vsimd v0.8.0
[INFO] [stderr]     Checking sha2 v0.11.0
[INFO] [stderr]     Checking semver v1.0.28
[INFO] [stderr]     Checking serde_bytes v0.11.19
[INFO] [stderr]     Checking ryu-js v0.2.2
[INFO] [stderr]     Checking http-body v1.1.0
[INFO] [stderr]     Checking zopfli v0.8.3
[INFO] [stderr]     Checking http-body-util v0.1.5
[INFO] [stderr]     Checking bytecount v0.6.9
[INFO] [stderr]     Checking fnv v1.0.7
[INFO] [stderr]    Compiling wit-bindgen-rt v0.41.0
[INFO] [stderr]     Checking rand_core v0.6.4
[INFO] [stderr]     Checking flate2 v1.1.9
[INFO] [stderr]     Checking num-cmp v0.1.0
[INFO] [stderr]     Checking rustix v1.1.4
[INFO] [stderr]     Checking uuid-simd v0.8.0
[INFO] [stderr]    Compiling blake3 v1.8.7
[INFO] [stderr]     Checking num-rational v0.4.2
[INFO] [stderr]     Checking num v0.4.3
[INFO] [stderr]     Checking fraction v0.15.4
[INFO] [stderr]     Checking regex v1.13.1
[INFO] [stderr]     Checking fancy-regex v0.14.0
[INFO] [stderr]     Checking tower v0.5.3
[INFO] [stderr]     Checking hyper v1.11.0
[INFO] [stderr]    Compiling zerovec-derive v0.11.6
[INFO] [stderr]    Compiling displaydoc v0.2.7
[INFO] [stderr]    Compiling serde_derive v1.0.229
[INFO] [stderr]    Compiling ref-cast-impl v1.0.27
[INFO] [stderr]    Compiling thiserror-impl v2.0.20
[INFO] [stderr]     Checking hyper-util v0.1.20
[INFO] [stderr]     Checking tempfile v3.27.0
[INFO] [stderr]     Checking ref-cast v1.0.27
[INFO] [stderr]    Compiling synstructure v0.13.2
[INFO] [stderr]    Compiling darling_core v0.23.0
[INFO] [stderr]    Compiling zerofrom-derive v0.1.7
[INFO] [stderr]    Compiling yoke-derive v0.8.2
[INFO] [stderr]    Compiling zerocopy-derive v0.8.56
[INFO] [stderr]    Compiling curve25519-dalek-derive v0.1.1
[INFO] [stderr]     Checking thiserror v2.0.20
[INFO] [stderr]     Checking zerofrom v0.1.8
[INFO] [stderr]     Checking yoke v0.8.3
[INFO] [stderr]     Checking zerovec v0.11.8
[INFO] [stderr]     Checking zerotrie v0.2.5
[INFO] [stderr]     Checking tinystr v0.8.4
[INFO] [stderr]     Checking potential_utf v0.1.6
[INFO] [stderr]     Checking icu_collections v2.3.0
[INFO] [stderr]     Checking icu_locale_core v2.3.0
[INFO] [stderr]     Checking unic-langid-impl v0.9.6
[INFO] [stderr]     Checking unic-langid v0.9.6
[INFO] [stderr]    Compiling darling_macro v0.23.0
[INFO] [stderr]    Compiling darling v0.23.0
[INFO] [stderr]     Checking serde_urlencoded v0.7.1
[INFO] [stderr]     Checking fluent-uri v0.3.2
[INFO] [stderr]     Checking ed25519 v2.2.3
[INFO] [stderr]     Checking chrono v0.4.45
[INFO] [stderr]     Checking email_address v0.2.9
[INFO] [stderr]     Checking serde_jcs v0.1.0
[INFO] [stderr]     Checking component-rag-qdrant-ext v0.5.0 (/opt/rustwide/workdir)
[INFO] [stderr]    Compiling serde_with_macros v3.22.0
[INFO] [stdout] error[E0583]: file not found for module `bindings`
[INFO] [stdout]   --> src/lib.rs:12:1
[INFO] [stdout]    |
[INFO] [stdout] 12 | pub mod bindings;
[INFO] [stdout]    | ^^^^^^^^^^^^^^^^^
[INFO] [stdout]    |
[INFO] [stdout]    = help: to create the module `bindings`, create file "src/bindings.rs" or "src/bindings/mod.rs"
[INFO] [stdout]    = note: if there is a `mod bindings` elsewhere in the crate already, import it with `use crate::...` instead
[INFO] [stdout] 
[INFO] [stdout] 
[INFO] [stdout] error[E0433]: cannot find `exports` in `bindings`
[INFO] [stdout]   --> src/lib.rs:24:15
[INFO] [stdout]    |
[INFO] [stdout] 24 | use bindings::exports::greentic::extension_base::{lifecycle, manifest};
[INFO] [stdout]    |               ^^^^^^^ could not find `exports` in `bindings`
[INFO] [stdout] 
[INFO] [stdout] 
[INFO] [stdout] error[E0433]: cannot find `exports` in `bindings`
[INFO] [stdout]   --> src/lib.rs:25:15
[INFO] [stdout]    |
[INFO] [stdout] 25 | use bindings::exports::greentic::extension_design::{knowledge, prompting, tools, validation};
[INFO] [stdout]    |               ^^^^^^^ could not find `exports` in `bindings`
[INFO] [stdout] 
[INFO] [stdout] 
[INFO] [stdout] error[E0433]: cannot find `greentic` in `bindings`
[INFO] [stdout]   --> src/lib.rs:26:15
[INFO] [stdout]    |
[INFO] [stdout] 26 | use bindings::greentic::extension_base::types;
[INFO] [stdout]    |               ^^^^^^^^ could not find `greentic` in `bindings`
[INFO] [stdout] 
[INFO] [stdout] 
[INFO] [stdout] error[E0433]: cannot find `export` in `bindings`
[INFO] [stdout]    --> src/lib.rs:226:11
[INFO] [stdout]     |
[INFO] [stdout] 226 | bindings::export!(Component with_types_in bindings);
[INFO] [stdout]     |           ^^^^^^ could not find `export` in `bindings`
[INFO] [stdout] 
[INFO] [stdout] 
[INFO] [stderr]     Checking ed25519-dalek v2.2.0
[INFO] [stderr]     Checking icu_provider v2.3.1
[INFO] [stdout] Some errors have detailed explanations: E0433, E0583.
[INFO] [stdout] 
[INFO] [stdout] For more information about an error, try `rustc --explain E0433`.
[INFO] [stdout] 
[INFO] [stderr] error: could not compile `component-rag-qdrant-ext` (lib) due to 5 previous errors
[INFO] [stderr] warning: build failed, waiting for other jobs to finish...
[INFO] running `Command { std: "docker" "inspect" "7ea43e9f8d7dc5a6f092c9ef0a4e37a05c8a9f593596c5aa906c05fc1daf12a4", kill_on_drop: false }`
[INFO] running `Command { std: "docker" "rm" "-f" "7ea43e9f8d7dc5a6f092c9ef0a4e37a05c8a9f593596c5aa906c05fc1daf12a4", kill_on_drop: false }`
[INFO] [stdout] 7ea43e9f8d7dc5a6f092c9ef0a4e37a05c8a9f593596c5aa906c05fc1daf12a4
