[INFO] cloning repository https://github.com/grayrest/seahaven
[INFO] running `Command { std: "git" "-c" "credential.helper=" "-c" "credential.helper=/workspace/cargo-home/bin/git-credential-null" "clone" "--bare" "https://github.com/grayrest/seahaven" "/workspace/cache/git-repos/https%3A%2F%2Fgithub.com%2Fgrayrest%2Fseahaven", kill_on_drop: false }`
[INFO] [stderr] Cloning into bare repository '/workspace/cache/git-repos/https%3A%2F%2Fgithub.com%2Fgrayrest%2Fseahaven'...
[INFO] running `Command { std: "git" "rev-parse" "HEAD", kill_on_drop: false }`
[INFO] [stdout] 95f4168c8a0880e38d4ed130f40360f68c46f724
[INFO] checking grayrest/seahaven against 3154cc1a3e6424e44f438a95007d043ed5ceaaf6+rustflags=-Znext-solver=coherence for pr-133502-30
[INFO] running `Command { std: "git" "clone" "/workspace/cache/git-repos/https%3A%2F%2Fgithub.com%2Fgrayrest%2Fseahaven" "/workspace/builds/worker-1-tc1/source", kill_on_drop: false }`
[INFO] [stderr] Cloning into '/workspace/builds/worker-1-tc1/source'...
[INFO] [stderr] done.
[INFO] removed /workspace/builds/worker-1-tc1/source/.cargo/config.toml
[INFO] started tweaking git repo https://github.com/grayrest/seahaven
[INFO] finished tweaking git repo https://github.com/grayrest/seahaven
[INFO] tweaked toml for git repo https://github.com/grayrest/seahaven written to /workspace/builds/worker-1-tc1/source/Cargo.toml
[INFO] validating manifest of git repo https://github.com/grayrest/seahaven on toolchain 3154cc1a3e6424e44f438a95007d043ed5ceaaf6
[INFO] running `Command { std: CARGO_HOME="/workspace/cargo-home" RUSTUP_HOME="/workspace/rustup-home" "/workspace/cargo-home/bin/cargo" "+3154cc1a3e6424e44f438a95007d043ed5ceaaf6" "metadata" "--manifest-path" "Cargo.toml" "--no-deps", kill_on_drop: false }`
[INFO] crate git repo https://github.com/grayrest/seahaven already has a lockfile, it will not be regenerated
[INFO] running `Command { std: CARGO_HOME="/workspace/cargo-home" RUSTUP_HOME="/workspace/rustup-home" "/workspace/cargo-home/bin/cargo" "+3154cc1a3e6424e44f438a95007d043ed5ceaaf6" "fetch" "--manifest-path" "Cargo.toml", kill_on_drop: false }`
[INFO] [stderr]     Updating crates.io index
[INFO] [stderr]  Downloading crates ...
[INFO] [stderr]   Downloaded xshell-macros v0.2.7
[INFO] [stderr]   Downloaded xshell v0.2.7
[INFO] [stderr]   Downloaded toml v0.9.12+spec-1.1.0
[INFO] [stderr]   Downloaded ref-cast v1.0.26
[INFO] [stderr]   Downloaded dyn-clone v1.0.20
[INFO] [stderr]   Downloaded ref-cast-impl v1.0.26
[INFO] [stderr]   Downloaded futures-core v0.3.33
[INFO] [stderr]   Downloaded toml_datetime v0.7.5+spec-1.1.0
[INFO] [stderr]   Downloaded futures-task v0.3.33
[INFO] [stderr]   Downloaded time-core v0.1.9
[INFO] [stderr]   Downloaded ciborium-io v0.2.2
[INFO] [stderr]   Downloaded pty-process v0.5.3
[INFO] [stderr]   Downloaded roff v1.1.1
[INFO] [stderr]   Downloaded git-version v0.3.9
[INFO] [stderr]   Downloaded windows-targets v0.42.2
[INFO] [stderr]   Downloaded clap-markdown v0.1.5
[INFO] [stderr]   Downloaded indent v0.1.1
[INFO] [stderr]   Downloaded ptyprocess v0.5.0
[INFO] [stderr]   Downloaded filedescriptor v0.8.3
[INFO] [stderr]   Downloaded document-features v0.2.12
[INFO] [stderr]   Downloaded futures-io v0.3.33
[INFO] [stderr]   Downloaded terminal_size v0.4.4
[INFO] [stderr]   Downloaded predicates-core v1.0.10
[INFO] [stderr]   Downloaded conpty v0.5.1
[INFO] [stderr]   Downloaded descape v3.0.0
[INFO] [stderr]   Downloaded futures-sink v0.3.33
[INFO] [stderr]   Downloaded futures-macro v0.3.33
[INFO] [stderr]   Downloaded clap_lex v1.1.0
[INFO] [stderr]   Downloaded float-cmp v0.10.0
[INFO] [stderr]   Downloaded num-conv v0.2.2
[INFO] [stderr]   Downloaded windows-numerics v0.3.1
[INFO] [stderr]   Downloaded windows-interface v0.59.3
[INFO] [stderr]   Downloaded etcetera v0.11.0
[INFO] [stderr]   Downloaded signal-hook-mio v0.2.5
[INFO] [stderr]   Downloaded os-release v0.1.0
[INFO] [stderr]   Downloaded junit-report v0.9.1
[INFO] [stderr]   Downloaded windows-threading v0.2.1
[INFO] [stderr]   Downloaded windows-collections v0.3.2
[INFO] [stderr]   Downloaded git-version-macro v0.3.9
[INFO] [stderr]   Downloaded memoffset v0.7.1
[INFO] [stderr]   Downloaded page_size v0.6.0
[INFO] [stderr]   Downloaded ciborium-ll v0.2.2
[INFO] [stderr]   Downloaded num_cpus v1.17.0
[INFO] [stderr]   Downloaded clap_derive v4.6.4
[INFO] [stderr]   Downloaded deranged v0.5.8
[INFO] [stderr]   Downloaded windows-implement v0.60.2
[INFO] [stderr]   Downloaded windows-future v0.3.2
[INFO] [stderr]   Downloaded rustc-demangle v0.1.28
[INFO] [stderr]   Downloaded tinytemplate v1.2.1
[INFO] [stderr]   Downloaded crossbeam-deque v0.8.7
[INFO] [stderr]   Downloaded either v1.17.0
[INFO] [stderr]   Downloaded uu_mktemp v0.10.0
[INFO] [stderr]   Downloaded uu_md5sum v0.10.0
[INFO] [stderr]   Downloaded uu_false v0.10.0
[INFO] [stderr]   Downloaded futures-channel v0.3.33
[INFO] [stderr]   Downloaded schemars_derive v1.2.2
[INFO] [stderr]   Downloaded serde_derive_internals v0.30.0
[INFO] [stderr]   Downloaded clap_mangen v0.3.2
[INFO] [stderr]   Downloaded clap_complete v4.6.9
[INFO] [stderr]   Downloaded which v8.0.5
[INFO] [stderr]   Downloaded test-with v0.16.3
[INFO] [stderr]   Downloaded test-with-derive v0.16.3
[INFO] [stderr]   Downloaded ryu v1.0.23
[INFO] [stderr]   Downloaded diff v0.1.13
[INFO] [stderr]   Downloaded predicates v3.1.4
[INFO] [stderr]   Downloaded time-macros v0.2.32
[INFO] [stderr]   Downloaded derive-getters v0.5.0
[INFO] [stderr]   Downloaded human-panic v2.0.8
[INFO] [stderr]   Downloaded windows-core v0.62.2
[INFO] [stderr]   Downloaded addr2line v0.25.1
[INFO] [stderr]   Downloaded expectrl v0.9.0
[INFO] [stderr]   Downloaded convert_case v0.10.0
[INFO] [stderr]   Downloaded crossbeam-epoch v0.9.20
[INFO] [stderr]   Downloaded alloca v0.4.0
[INFO] [stderr]   Downloaded fs-set-times v0.20.3
[INFO] [stderr]   Downloaded lru v0.16.4
[INFO] [stderr]   Downloaded radium v0.7.0
[INFO] [stderr]   Downloaded funty v2.0.0
[INFO] [stderr]   Downloaded uu_expr v0.10.0
[INFO] [stderr]   Downloaded uu_basenc v0.10.0
[INFO] [stderr]   Downloaded uu_basename v0.10.0
[INFO] [stderr]   Downloaded uu_base64 v0.10.0
[INFO] [stderr]   Downloaded uu_b2sum v0.10.0
[INFO] [stderr]   Downloaded clap_mangen v0.2.33
[INFO] [stderr]   Downloaded uucore_procs v0.9.0
[INFO] [stderr]   Downloaded faccess v0.2.4
[INFO] [stderr]   Downloaded schemars v1.2.2
[INFO] [stderr]   Downloaded clap v4.6.6
[INFO] [stderr]   Downloaded serde_yaml v0.9.34+deprecated
[INFO] [stderr]   Downloaded unsafe-libyaml v0.2.11
[INFO] [stderr]   Downloaded pretty_assertions v1.4.1
[INFO] [stderr]   Downloaded yansi v1.0.1
[INFO] [stderr]   Downloaded landlock v0.4.7
[INFO] [stderr]   Downloaded backtrace v0.3.76
[INFO] [stderr]   Downloaded litrs v1.0.0
[INFO] [stderr]   Downloaded derive_more v2.1.1
[INFO] [stderr]   Downloaded derive_more-impl v2.1.1
[INFO] [stderr]   Downloaded plotters-svg v0.3.7
[INFO] [stderr]   Downloaded oorandom v11.1.5
[INFO] [stderr]   Downloaded criterion-plot v0.8.2
[INFO] [stderr]   Downloaded cast v0.3.0
[INFO] [stderr]   Downloaded backtrace-ext v0.2.1
[INFO] [stderr]   Downloaded jiff-tzdb-platform v0.1.3
[INFO] [stderr]   Downloaded indicatif v0.18.6
[INFO] [stderr]   Downloaded argmax v0.4.0
[INFO] [stderr]   Downloaded winnow v0.7.15
[INFO] [stderr]   Downloaded futures-util v0.3.33
[INFO] [stderr]   Downloaded clap_builder v4.6.6
[INFO] [stderr]   Downloaded ntapi v0.4.3
[INFO] [stderr]   Downloaded crossterm v0.29.0
[INFO] [stderr]   Downloaded criterion v0.8.2
[INFO] [stderr]   Downloaded plotters-backend v0.3.7
[INFO] [stderr]   Downloaded rustix-linux-procfs v0.1.1
[INFO] [stderr]   Downloaded fd-lock v4.0.4
[INFO] [stderr]   Downloaded nibble_vec v0.1.0
[INFO] [stderr]   Downloaded siphasher v1.0.3
[INFO] [stderr]   Downloaded cpufeatures v0.3.0
[INFO] [stderr]   Downloaded anes v0.1.6
[INFO] [stderr]   Downloaded sysinfo v0.38.4
[INFO] [stderr]   Downloaded ambient-authority v0.0.2
[INFO] [stderr]   Downloaded predicates-tree v1.0.13
[INFO] [stderr]   Downloaded wait-timeout v0.2.1
[INFO] [stderr]   Downloaded supports-hyperlinks v3.2.0
[INFO] [stderr]   Downloaded cached_proc_macro_types v1.0.0
[INFO] [stderr]   Downloaded darling_macro v0.23.0
[INFO] [stderr]   Downloaded derive_arbitrary v1.4.2
[INFO] [stderr]   Downloaded android_system_properties v0.1.6
[INFO] [stderr]   Downloaded endian-type v0.2.0
[INFO] [stderr]   Downloaded wasite v1.0.2
[INFO] [stderr]   Downloaded libredox v0.1.19
[INFO] [stderr]   Downloaded phf_shared v0.11.3
[INFO] [stderr]   Downloaded archery v1.2.2
[INFO] [stderr]   Downloaded normalize-path v0.2.1
[INFO] [stderr]   Downloaded inherent v1.0.14
[INFO] [stderr]   Downloaded hostname v0.4.2
[INFO] [stderr]   Downloaded procfs-core v0.18.0
[INFO] [stderr]   Downloaded os_display v0.1.4
[INFO] [stderr]   Downloaded jiff-icu v0.2.2
[INFO] [stderr]   Downloaded fluent-syntax v0.12.0
[INFO] [stderr]   Downloaded fluent v0.17.0
[INFO] [stderr]   Downloaded self_cell v1.3.0
[INFO] [stderr]   Downloaded intl_pluralrules v7.0.2
[INFO] [stderr]   Downloaded intl-memoizer v0.5.3
[INFO] [stderr]   Downloaded nix v0.31.3
[INFO] [stderr]   Downloaded time v0.3.55
[INFO] [stderr]   Downloaded objc2-io-kit v0.3.2
[INFO] [stderr]   Downloaded object v0.37.3
[INFO] [stderr]   Downloaded gimli v0.32.3
[INFO] [stderr]   Downloaded nix v0.26.4
[INFO] [stderr]   Downloaded windows_aarch64_gnullvm v0.42.2
[INFO] [stderr]   Downloaded color-print v0.3.7
[INFO] [stderr]   Downloaded maybe-owned v0.3.4
[INFO] [stderr]   Downloaded cap-fs-ext v4.0.2
[INFO] [stderr]   Downloaded pest_generator v2.8.8
[INFO] [stderr]   Downloaded globset v0.4.20
[INFO] [stderr]   Downloaded assert_fs v1.1.4
[INFO] [stderr]   Downloaded termtree v0.5.1
[INFO] [stderr]   Downloaded globwalk v0.9.1
[INFO] [stderr]   Downloaded assert_cmd v2.2.2
[INFO] [stderr]   Downloaded utf8-chars v3.0.7
[INFO] [stderr]   Downloaded peg v0.8.6
[INFO] [stderr]   Downloaded peg-runtime v0.8.6
[INFO] [stderr]   Downloaded smawk v0.3.3
[INFO] [stderr]   Downloaded indenter v0.3.4
[INFO] [stderr]   Downloaded unicase v2.9.0
[INFO] [stderr]   Downloaded strum v0.27.2
[INFO] [stderr]   Downloaded strum_macros v0.27.2
[INFO] [stderr]   Downloaded whoami v2.1.2
[INFO] [stderr]   Downloaded wasi v0.14.7+wasi-0.2.4
[INFO] [stderr]   Downloaded uzers v0.12.2
[INFO] [stderr]   Downloaded terminfo v0.9.0
[INFO] [stderr]   Downloaded phf_codegen v0.11.3
[INFO] [stderr]   Downloaded phf_generator v0.11.3
[INFO] [stderr]   Downloaded phf v0.11.3
[INFO] [stderr]   Downloaded strum_macros v0.28.0
[INFO] [stderr]   Downloaded strum v0.28.0
[INFO] [stderr]   Downloaded flate2 v1.1.9
[INFO] [stderr]   Downloaded md-5 v0.11.0
[INFO] [stderr]   Downloaded icu_time v2.2.0
[INFO] [stderr]   Downloaded fluent-bundle v0.16.0
[INFO] [stderr]   Downloaded type-map v0.5.1
[INFO] [stderr]   Downloaded fluent-langneg v0.13.1
[INFO] [stderr]   Downloaded uu_sha1sum v0.10.0
[INFO] [stderr]   Downloaded uu_env v0.10.0
[INFO] [stderr]   Downloaded uucore v0.9.0
[INFO] [stderr]   Downloaded windows_x86_64_gnullvm v0.42.2
[INFO] [stderr]   Downloaded plotters v0.3.7
[INFO] [stderr]   Downloaded const_format v0.2.36
[INFO] [stderr]   Downloaded konst_macro_rules v0.2.19
[INFO] [stderr]   Downloaded colored v3.1.1
[INFO] [stderr]   Downloaded color-print-proc-macro v0.3.7
[INFO] [stderr]   Downloaded tinyvec v1.12.0
[INFO] [stderr]   Downloaded cap-std v4.0.2
[INFO] [stderr]   Downloaded io-lifetimes v3.0.1
[INFO] [stderr]   Downloaded io-extras v0.19.0
[INFO] [stderr]   Downloaded winx v0.36.4
[INFO] [stderr]   Downloaded ipnet v2.12.1
[INFO] [stderr]   Downloaded io-lifetimes v2.0.4
[INFO] [stderr]   Downloaded pest_derive v2.8.8
[INFO] [stderr]   Downloaded pest_meta v2.8.8
[INFO] [stderr]   Downloaded ucd-trie v0.1.7
[INFO] [stderr]   Downloaded console v0.16.4
[INFO] [stderr]   Downloaded encode_unicode v1.0.0
[INFO] [stderr]   Downloaded ignore v0.4.33
[INFO] [stderr]   Downloaded peg-macros v0.8.6
[INFO] [stderr]   Downloaded owo-colors v4.3.0
[INFO] [stderr]   Downloaded cached_proc_macro v2.0.0
[INFO] [stderr]   Downloaded ahash v0.8.12
[INFO] [stderr]   Downloaded bon v3.9.3
[INFO] [stderr]   Downloaded darling v0.23.0
[INFO] [stderr]   Downloaded iana-time-zone v0.1.65
[INFO] [stderr]   Downloaded objc2-system-configuration v0.3.2
[INFO] [stderr]   Downloaded rpds v1.2.1
[INFO] [stderr]   Downloaded triomphe v0.1.16
[INFO] [stderr]   Downloaded chacha20 v0.10.1
[INFO] [stderr]   Downloaded const-oid v0.10.2
[INFO] [stderr]   Downloaded jiff-tzdb v0.1.8
[INFO] [stderr]   Downloaded icu_plurals_data v2.2.0
[INFO] [stderr]   Downloaded crypto-common v0.1.7
[INFO] [stderr]   Downloaded uu_checksum_common v0.10.0
[INFO] [stderr]   Downloaded uu_sha256sum v0.10.0
[INFO] [stderr]   Downloaded windows_x86_64_msvc v0.42.2
[INFO] [stderr]   Downloaded windows_x86_64_gnu v0.42.2
[INFO] [stderr]   Downloaded windows_i686_msvc v0.42.2
[INFO] [stderr]   Downloaded windows_i686_gnu v0.42.2
[INFO] [stderr]   Downloaded windows_aarch64_msvc v0.42.2
[INFO] [stderr]   Downloaded web-sys v0.3.104
[INFO] [stderr]   Downloaded zerocopy-derive v0.8.56
[INFO] [stderr]   Downloaded konst v0.2.20
[INFO] [stderr]   Downloaded cap-primitives v4.0.2
[INFO] [stderr]   Downloaded bon-macros v3.9.3
[INFO] [stderr]   Downloaded darling_core v0.23.0
[INFO] [stderr]   Downloaded rand v0.8.7
[INFO] [stderr]   Downloaded rand v0.10.2
[INFO] [stderr]   Downloaded data-encoding-macro-internal v0.1.19
[INFO] [stderr]   Downloaded data-encoding v2.11.1
[INFO] [stderr]   Downloaded spin v0.10.1
[INFO] [stderr]   Downloaded uu_sha384sum v0.10.0
[INFO] [stderr]   Downloaded uu_sha224sum v0.10.0
[INFO] [stderr]   Downloaded uu_seq v0.10.0
[INFO] [stderr]   Downloaded uu_printf v0.10.0
[INFO] [stderr]   Downloaded uu_printenv v0.10.0
[INFO] [stderr]   Downloaded uu_numfmt v0.10.0
[INFO] [stderr]   Downloaded uu_hostname v0.10.0
[INFO] [stderr]   Downloaded dns-lookup v3.0.1
[INFO] [stderr]   Downloaded uu_factor v0.10.0
[INFO] [stderr]   Downloaded ctor-proc-macro v0.0.7
[INFO] [stderr]   Downloaded ciborium v0.2.2
[INFO] [stderr]   Downloaded unicode-normalization v0.1.25
[INFO] [stderr]   Downloaded insta v1.48.0
[INFO] [stderr]   Downloaded ron v0.12.2
[INFO] [stderr]   Downloaded pest v2.8.8
[INFO] [stderr]   Downloaded futures-executor v0.3.33
[INFO] [stderr]   Downloaded typenum v1.20.1
[INFO] [stderr]   Downloaded zerocopy v0.8.56
[INFO] [stderr]   Downloaded unicode-width v0.2.2
[INFO] [stderr]   Downloaded cached v2.0.2
[INFO] [stderr]   Downloaded reedline v0.49.0
[INFO] [stderr]   Downloaded chrono v0.4.45
[INFO] [stderr]   Downloaded radix_trie v0.3.0
[INFO] [stderr]   Downloaded futures v0.3.33
[INFO] [stderr]   Downloaded fancy-regex v0.19.0
[INFO] [stderr]   Downloaded command-fds v0.3.3
[INFO] [stderr]   Downloaded check_elevation v0.2.7
[INFO] [stderr]   Downloaded windows-core v0.51.1
[INFO] [stderr]   Downloaded z85 v3.0.7
[INFO] [stderr]   Downloaded xattr v1.6.1
[INFO] [stderr]   Downloaded wild v2.2.1
[INFO] [stderr]   Downloaded uucore_procs v0.10.0
[INFO] [stderr]   Downloaded unit-prefix v0.5.2
[INFO] [stderr]   Downloaded unic-langid v0.9.6
[INFO] [stderr]   Downloaded unic-langid-impl v0.9.6
[INFO] [stderr]   Downloaded sm3 v0.5.0
[INFO] [stderr]   Downloaded digest v0.11.3
[INFO] [stderr]   Downloaded crypto-common v0.2.2
[INFO] [stderr]   Downloaded hybrid-array v0.4.14
[INFO] [stderr]   Downloaded sha1 v0.11.0
[INFO] [stderr]   Downloaded portable-atomic v1.14.0
[INFO] [stderr]   Downloaded crc-fast v1.9.0
[INFO] [stderr]   Downloaded string-interner v0.20.0
[INFO] [stderr]   Downloaded filetime v0.2.29
[INFO] [stderr]   Downloaded block2 v0.6.2
[INFO] [stderr]   Downloaded compare v0.1.0
[INFO] [stderr]   Downloaded uu_sleep v0.10.0
[INFO] [stderr]   Downloaded rust-ini v0.21.3
[INFO] [stderr]   Downloaded ordered-multimap v0.7.3
[INFO] [stderr]   Downloaded dlv-list v0.5.2
[INFO] [stderr]   Downloaded uu_arch v0.10.0
[INFO] [stderr]   Downloaded uucore_procs v0.5.0
[INFO] [stderr]   Downloaded dtor-proc-macro v0.0.6
[INFO] [stderr]   Downloaded rlimit v0.11.0
[INFO] [stderr]   Downloaded bstr v1.13.0
[INFO] [stderr]   Downloaded block-buffer v0.12.1
[INFO] [stderr]   Downloaded sponge-cursor v0.1.0
[INFO] [stderr]   Downloaded keccak v0.2.1
[INFO] [stderr]   Downloaded sha2 v0.11.0
[INFO] [stderr]   Downloaded core_maths v0.1.1
[INFO] [stderr]   Downloaded uutils_term_grid v0.8.0
[INFO] [stderr]   Downloaded ansi-width v0.1.0
[INFO] [stderr]   Downloaded lscolors v0.21.0
[INFO] [stderr]   Downloaded uu_uname v0.10.0
[INFO] [stderr]   Downloaded platform-info v2.1.0
[INFO] [stderr]   Downloaded uu_true v0.10.0
[INFO] [stderr]   Downloaded uu_tr v0.10.0
[INFO] [stderr]   Downloaded parse_datetime v0.15.0
[INFO] [stderr]   Downloaded uu_tee v0.10.0
[INFO] [stderr]   Downloaded ctrlc v3.5.2
[INFO] [stderr]   Downloaded binary-heap-plus v0.5.0
[INFO] [stderr]   Downloaded uu_dirname v0.10.0
[INFO] [stderr]   Downloaded uu_dir v0.10.0
[INFO] [stderr]   Downloaded uu_cut v0.10.0
[INFO] [stderr]   Downloaded phf_codegen v0.13.1
[INFO] [stderr]   Downloaded icu_time_data v2.2.1
[INFO] [stderr]   Downloaded icu_locale v2.2.0
[INFO] [stderr]   Downloaded icu_calendar_data v2.2.0
[INFO] [stderr]   Downloaded calendrical_calculations v0.2.4
[INFO] [stderr]   Downloaded icu_decimal v2.2.0
[INFO] [stderr]   Downloaded icu_plurals v2.2.0
[INFO] [stderr]   Downloaded icu_decimal_data v2.2.0
[INFO] [stderr]   Downloaded icu_pattern v0.4.2
[INFO] [stderr]   Downloaded data-encoding-macro v0.1.21
[INFO] [stderr]   Downloaded bitvec v1.1.1
[INFO] [stderr]   Downloaded uucore v0.5.0
[INFO] [stderr]   Downloaded sha3 v0.12.0
[INFO] [stderr]   Downloaded procfs v0.18.0
[INFO] [stderr]   Downloaded icu_locale_data v2.2.0
[INFO] [stderr]   Downloaded gcd v2.3.0
[INFO] [stderr]   Downloaded sysinfo v0.37.2
[INFO] [stderr]   Downloaded phf_generator v0.13.1
[INFO] [stderr]   Downloaded fixed_decimal v0.7.2
[INFO] [stderr]   Downloaded dtor v0.1.1
[INFO] [stderr]   Downloaded itertools v0.15.0
[INFO] [stderr]   Downloaded crc v3.3.0
[INFO] [stderr]   Downloaded crc-catalog v2.5.0
[INFO] [stderr]   Downloaded nix v0.30.1
[INFO] [stderr]   Downloaded fancy-regex v0.17.0
[INFO] [stderr]   Downloaded ctor v0.6.3
[INFO] [stderr]   Downloaded shake v0.1.0
[INFO] [stderr]   Downloaded blake2b_simd v1.0.4
[INFO] [stderr]   Downloaded uu_yes v0.10.0
[INFO] [stderr]   Downloaded uucore v0.8.0
[INFO] [stderr]   Downloaded uu_cksum v0.10.0
[INFO] [stderr]   Downloaded icu_datetime v2.2.0
[INFO] [stderr]   Downloaded uu_whoami v0.10.0
[INFO] [stderr]   Downloaded bytecount v0.6.9
[INFO] [stderr]   Downloaded uu_vdir v0.10.0
[INFO] [stderr]   Downloaded bigdecimal v0.4.10
[INFO] [stderr]   Downloaded blake3 v1.8.6
[INFO] [stderr]   Downloaded icu_collator_data v2.2.0
[INFO] [stderr]   Downloaded tap v1.0.1
[INFO] [stderr]   Downloaded icu_calendar v2.2.1
[INFO] [stderr]   Downloaded uu_sha512sum v0.10.0
[INFO] [stderr]   Downloaded onig v6.5.3
[INFO] [stderr]   Downloaded const-random v0.1.18
[INFO] [stderr]   Downloaded const-random-macro v0.1.16
[INFO] [stderr]   Downloaded rand_chacha v0.10.0
[INFO] [stderr]   Downloaded num-modular v0.6.1
[INFO] [stderr]   Downloaded tiny-keccak v2.0.2
[INFO] [stderr]   Downloaded uucore_procs v0.8.0
[INFO] [stderr]   Downloaded wyz v0.5.1
[INFO] [stderr]   Downloaded num-prime v0.5.0
[INFO] [stderr]   Downloaded uu_echo v0.10.0
[INFO] [stderr]   Downloaded icu_collator v2.2.1
[INFO] [stderr]   Downloaded onig_sys v69.9.3
[INFO] [stderr]   Downloaded icu_datetime_data v2.2.0
[INFO] [stderr]   Downloaded windows v0.62.2
[INFO] [stderr]   Downloaded windows v0.44.0
[INFO] [stderr]   Downloaded windows v0.51.1
[INFO] running `Command { std: "docker" "create" "-v" "/var/lib/crater-agent-workspace/builds/worker-1-tc1/source:/opt/rustwide/workdir:ro,Z" "-v" "/var/lib/crater-agent-workspace/builds/worker-1-tc1/target:/opt/rustwide/target:rw,Z" "-v" "/var/lib/crater-agent-workspace/cargo-home:/opt/rustwide/cargo-home:ro,Z" "-v" "/var/lib/crater-agent-workspace/rustup-home:/opt/rustwide/rustup-home:ro,Z" "-m" "1610612736" "--network" "none" "ghcr.io/rust-lang/crates-build-env/linux@sha256:77db811e55d90add9212f6832c23229e3de5f1c1f9905e8cb07319ea15df73ac" "sleep" "infinity", kill_on_drop: false }`
[INFO] [stdout] 2c2d31839ddbccf3c574b31ce8e6b3e355f291e5f34245f6e8b8e2cf3bd86106
[INFO] running `Command { std: "docker" "start" "2c2d31839ddbccf3c574b31ce8e6b3e355f291e5f34245f6e8b8e2cf3bd86106", kill_on_drop: false }`
[INFO] running `Command { std: "docker" "inspect" "2c2d31839ddbccf3c574b31ce8e6b3e355f291e5f34245f6e8b8e2cf3bd86106", kill_on_drop: false }`
[INFO] running `Command { std: "docker" "exec" "-e" "SOURCE_DIR=/opt/rustwide/workdir" "-e" "CARGO_HOME=/opt/rustwide/cargo-home" "-e" "RUSTUP_HOME=/opt/rustwide/rustup-home" "-e" "CARGO_TARGET_DIR=/opt/rustwide/target" "-w" "/opt/rustwide/workdir" "--user" "0:0" "2c2d31839ddbccf3c574b31ce8e6b3e355f291e5f34245f6e8b8e2cf3bd86106" "/opt/rustwide/cargo-home/bin/cargo" "+3154cc1a3e6424e44f438a95007d043ed5ceaaf6" "metadata" "--no-deps" "--format-version=1", kill_on_drop: false }`
[INFO] running `Command { std: "docker" "inspect" "2c2d31839ddbccf3c574b31ce8e6b3e355f291e5f34245f6e8b8e2cf3bd86106", kill_on_drop: false }`
[INFO] running `Command { std: "docker" "exec" "-e" "SOURCE_DIR=/opt/rustwide/workdir" "-e" "CARGO_HOME=/opt/rustwide/cargo-home" "-e" "RUSTUP_HOME=/opt/rustwide/rustup-home" "-e" "CARGO_TARGET_DIR=/opt/rustwide/target" "-e" "CARGO_INCREMENTAL=0" "-e" "RUST_BACKTRACE=full" "-e" "RUSTFLAGS=--cap-lints=forbid -Znext-solver=coherence" "-e" "RUSTDOCFLAGS=--cap-lints=forbid" "-w" "/opt/rustwide/workdir" "--user" "0:0" "2c2d31839ddbccf3c574b31ce8e6b3e355f291e5f34245f6e8b8e2cf3bd86106" "/opt/rustwide/cargo-home/bin/cargo" "+3154cc1a3e6424e44f438a95007d043ed5ceaaf6" "check" "--frozen" "--all" "--all-targets" "--message-format=json", kill_on_drop: false }`
[INFO] [stderr]    Compiling quote v1.0.47
[INFO] [stderr]    Compiling proc-macro2 v1.0.107
[INFO] [stderr]    Compiling unicode-ident v1.0.24
[INFO] [stderr]    Compiling libc v0.2.189
[INFO] [stderr]     Checking cfg-if v1.0.4
[INFO] [stderr]    Compiling serde_core v1.0.229
[INFO] [stderr]     Checking memchr v2.8.3
[INFO] [stderr]    Compiling rustix v1.1.4
[INFO] [stderr]     Checking linux-raw-sys v0.12.1
[INFO] [stderr]    Compiling autocfg v1.5.1
[INFO] [stderr]     Checking once_cell v1.21.4
[INFO] [stderr]    Compiling thiserror v2.0.20
[INFO] [stderr]     Checking regex-syntax v0.8.11
[INFO] [stderr]     Checking either v1.17.0
[INFO] [stderr]     Checking smallvec v1.15.2
[INFO] [stderr]    Compiling serde v1.0.229
[INFO] [stderr]     Checking anstyle v1.0.14
[INFO] [stderr]    Compiling heck v0.5.0
[INFO] [stderr]     Checking utf8parse v0.2.2
[INFO] [stderr]    Compiling cfg_aliases v0.2.2
[INFO] [stderr]     Checking anstyle-parse v1.0.0
[INFO] [stderr]    Compiling io-lifetimes v3.0.1
[INFO] [stderr]     Checking colorchoice v1.0.5
[INFO] [stderr]    Compiling zerocopy v0.8.56
[INFO] [stderr]    Compiling io-lifetimes v2.0.4
[INFO] [stderr]     Checking anstyle-query v1.1.5
[INFO] [stderr]     Checking is_terminal_polyfill v1.70.2
[INFO] [stderr]     Checking aho-corasick v1.1.5
[INFO] [stderr]    Compiling io-extras v0.19.0
[INFO] [stderr]    Compiling cap-primitives v4.0.2
[INFO] [stderr]     Checking clap_lex v1.1.0
[INFO] [stderr]     Checking strsim v0.11.1
[INFO] [stderr]     Checking anstream v1.0.0
[INFO] [stderr]     Checking ambient-authority v0.0.2
[INFO] [stderr]     Checking ipnet v2.12.1
[INFO] [stderr]     Checking maybe-owned v0.3.4
[INFO] [stderr]    Compiling cap-std v4.0.2
[INFO] [stderr]    Compiling num-traits v0.2.19
[INFO] [stderr]     Checking tinyvec_macros v0.1.1
[INFO] [stderr]     Checking stable_deref_trait v1.2.1
[INFO] [stderr]    Compiling cap-fs-ext v4.0.2
[INFO] [stderr]     Checking tinyvec v1.12.0
[INFO] [stderr]    Compiling version_check v0.9.5
[INFO] [stderr]     Checking cpufeatures v0.3.0
[INFO] [stderr]    Compiling memoffset v0.9.1
[INFO] [stderr]    Compiling nix v0.31.3
[INFO] [stderr]    Compiling rustversion v1.0.23
[INFO] [stderr]    Compiling shlex v2.0.1
[INFO] [stderr]     Checking unicode-width v0.2.2
[INFO] [stderr]    Compiling find-msvc-tools v0.1.10
[INFO] [stderr]     Checking arrayvec v0.7.8
[INFO] [stderr]     Checking iana-time-zone v0.1.65
[INFO] [stderr]     Checking unicode-normalization v0.1.25
[INFO] [stderr]     Checking writeable v0.6.3
[INFO] [stderr]     Checking same-file v1.0.6
[INFO] [stderr]     Checking typenum v1.20.1
[INFO] [stderr]     Checking walkdir v2.5.0
[INFO] [stderr]     Checking litemap v0.8.2
[INFO] [stderr]     Checking utf8_iter v1.0.4
[INFO] [stderr]     Checking adler2 v2.0.1
[INFO] [stderr]     Checking simd-adler32 v0.3.10
[INFO] [stderr]     Checking rustc-hash v2.1.3
[INFO] [stderr]    Compiling syn v2.0.119
[INFO] [stderr]    Compiling syn v3.0.3
[INFO] [stderr]    Compiling icu_locale_data v2.2.0
[INFO] [stderr]     Checking type-map v0.5.1
[INFO] [stderr]    Compiling libm v0.2.16
[INFO] [stderr]     Checking miniz_oxide v0.8.9
[INFO] [stderr]     Checking self_cell v1.3.0
[INFO] [stderr]     Checking const-oid v0.10.2
[INFO] [stderr]     Checking os_display v0.1.4
[INFO] [stderr]    Compiling icu_calendar_data v2.2.0
[INFO] [stderr]    Compiling generic-array v0.14.7
[INFO] [stderr]    Compiling icu_time_data v2.2.1
[INFO] [stderr]     Checking num-integer v0.1.46
[INFO] [stderr]    Compiling crc32fast v1.5.0
[INFO] [stderr]    Compiling icu_decimal_data v2.2.0
[INFO] [stderr]    Compiling icu_normalizer_data v2.2.0
[INFO] [stderr]    Compiling icu_plurals_data v2.2.0
[INFO] [stderr]    Compiling icu_datetime_data v2.2.0
[INFO] [stderr]     Checking jiff-core v0.1.0
[INFO] [stderr]     Checking glob v0.3.4
[INFO] [stderr]    Compiling icu_collator_data v2.2.0
[INFO] [stderr]    Compiling bigdecimal v0.4.10
[INFO] [stderr]     Checking keccak v0.2.1
[INFO] [stderr]    Compiling data-encoding v2.11.1
[INFO] [stderr]    Compiling procfs v0.18.0
[INFO] [stderr]     Checking crc-catalog v2.5.0
[INFO] [stderr]     Checking arrayref v0.3.9
[INFO] [stderr]     Checking constant_time_eq v0.4.2
[INFO] [stderr]     Checking utf16_iter v1.0.5
[INFO] [stderr]     Checking sponge-cursor v0.1.0
[INFO] [stderr]     Checking hybrid-array v0.4.14
[INFO] [stderr]     Checking write16 v1.0.0
[INFO] [stderr]     Checking hex v0.4.3
[INFO] [stderr]     Checking dunce v1.0.5
[INFO] [stderr]     Checking flate2 v1.1.9
[INFO] [stderr]     Checking crc v3.3.0
[INFO] [stderr]     Checking regex-automata v0.4.18
[INFO] [stderr]    Compiling jobserver v0.1.35
[INFO] [stderr]     Checking itertools v0.15.0
[INFO] [stderr]     Checking vsimd v0.8.0
[INFO] [stderr]    Compiling cc v1.4.2
[INFO] [stderr]     Checking outref v0.5.2
[INFO] [stderr]    Compiling uucore v0.10.0 (/opt/rustwide/workdir/forks/uucore)
[INFO] [stderr]     Checking jiff v0.2.35
[INFO] [stderr]     Checking spin v0.10.1
[INFO] [stderr]     Checking crypto-common v0.2.2
[INFO] [stderr]     Checking block-buffer v0.12.1
[INFO] [stderr]     Checking core_maths v0.1.1
[INFO] [stderr]     Checking unit-prefix v0.5.2
[INFO] [stderr]     Checking blake2b_simd v1.0.4
[INFO] [stderr]    Compiling uucore_procs v0.10.0
[INFO] [stderr]     Checking base64-simd v0.8.0
[INFO] [stderr]     Checking z85 v3.0.7
[INFO] [stderr]     Checking rand_core v0.10.1
[INFO] [stderr]     Checking crypto-common v0.1.7
[INFO] [stderr]     Checking digest v0.10.7
[INFO] [stderr]    Compiling getrandom v0.4.3
[INFO] [stderr]     Checking fastrand v2.5.0
[INFO] [stderr]     Checking getrandom v0.2.17
[INFO] [stderr]     Checking crc-fast v1.9.0
[INFO] [stderr]     Checking log v0.4.33
[INFO] [stderr]     Checking equivalent v1.0.2
[INFO] [stderr]     Checking errno v0.3.14
[INFO] [stderr]     Checking chacha20 v0.10.1
[INFO] [stderr]    Compiling siphasher v1.0.3
[INFO] [stderr]     Checking rand_core v0.6.4
[INFO] [stderr]     Checking foldhash v0.2.0
[INFO] [stderr]     Checking signal-hook-registry v1.4.8
[INFO] [stderr]     Checking mio v1.2.2
[INFO] [stderr]     Checking rand v0.10.2
[INFO] [stderr]     Checking bitflags v2.13.1
[INFO] [stderr]    Compiling parking_lot_core v0.9.12
[INFO] [stderr]     Checking allocator-api2 v0.2.21
[INFO] [stderr]    Compiling ident_case v1.0.1
[INFO] [stderr]     Checking scopeguard v1.2.0
[INFO] [stderr]     Checking digest v0.11.3
[INFO] [stderr]     Checking lock_api v0.4.14
[INFO] [stderr]     Checking md-5 v0.11.0
[INFO] [stderr]     Checking sha1 v0.11.0
[INFO] [stderr]     Checking sha2 v0.11.0
[INFO] [stderr]     Checking sm3 v0.5.0
[INFO] [stderr]     Checking sha3 v0.12.0
[INFO] [stderr]     Checking shake v0.1.0
[INFO] [stderr]     Checking hashbrown v0.16.1
[INFO] [stderr]     Checking pin-project-lite v0.2.17
[INFO] [stderr]     Checking parking_lot v0.12.5
[INFO] [stderr]    Compiling fnv v1.0.7
[INFO] [stderr]    Compiling prettyplease v0.2.37
[INFO] [stderr]     Checking hostname v0.4.2
[INFO] [stderr]     Checking socket2 v0.6.5
[INFO] [stderr]    Compiling ahash v0.8.12
[INFO] [stderr]     Checking tracing-core v0.1.36
[INFO] [stderr]     Checking bytes v1.12.1
[INFO] [stderr]     Checking bit-vec v0.8.0
[INFO] [stderr]    Compiling blake3 v1.8.6
[INFO] [stderr]     Checking bit-set v0.8.0
[INFO] [stderr]    Compiling peg-runtime v0.8.6
[INFO] [stderr]    Compiling phf_shared v0.11.3
[INFO] [stderr]     Checking web-time v1.1.0
[INFO] [stderr]    Compiling rand v0.8.7
[INFO] [stderr]     Checking cached_proc_macro_types v1.0.0
[INFO] [stderr]     Checking utf8-chars v3.0.7
[INFO] [stderr]     Checking futures-sink v0.3.33
[INFO] [stderr]     Checking indenter v0.3.4
[INFO] [stderr]     Checking futures-core v0.3.33
[INFO] [stderr]     Checking futures-io v0.3.33
[INFO] [stderr]    Compiling minimal-lexical v0.2.1
[INFO] [stderr]     Checking futures-task v0.3.33
[INFO] [stderr]    Compiling peg-macros v0.8.6
[INFO] [stderr]     Checking slab v0.4.12
[INFO] [stderr]     Checking futures-channel v0.3.33
[INFO] [stderr]    Compiling nom v7.1.3
[INFO] [stderr]    Compiling crossbeam-utils v0.8.22
[INFO] [stderr]     Checking triomphe v0.1.16
[INFO] [stderr]     Checking phf v0.11.3
[INFO] [stderr]    Compiling phf_generator v0.11.3
[INFO] [stderr]    Compiling crossbeam-epoch v0.9.20
[INFO] [stderr]    Compiling phf_codegen v0.11.3
[INFO] [stderr]     Checking archery v1.2.2
[INFO] [stderr]     Checking uzers v0.12.2
[INFO] [stderr]    Compiling terminfo v0.9.0
[INFO] [stderr]     Checking bstr v1.13.0
[INFO] [stderr]     Checking regex v1.13.1
[INFO] [stderr]     Checking fancy-regex v0.19.0
[INFO] [stderr]     Checking itertools v0.14.0
[INFO] [stderr]     Checking strum v0.28.0
[INFO] [stderr]    Compiling crossbeam-deque v0.8.7
[INFO] [stderr]     Checking normalize-path v0.2.1
[INFO] [stderr]     Checking itoa v1.0.18
[INFO] [stderr]    Compiling signal-hook v0.3.18
[INFO] [stderr]    Compiling unicode-segmentation v1.13.3
[INFO] [stderr]     Checking nu-ansi-term v0.50.3
[INFO] [stderr]    Compiling synstructure v0.13.2
[INFO] [stderr]    Compiling darling_core v0.20.11
[INFO] [stderr]    Compiling darling_core v0.23.0
[INFO] [stderr]    Compiling convert_case v0.10.0
[INFO] [stderr]     Checking predicates-core v1.0.10
[INFO] [stderr]     Checking globset v0.4.20
[INFO] [stderr]     Checking console v0.16.4
[INFO] [stderr]     Checking peg v0.8.6
[INFO] [stderr]     Checking float-cmp v0.10.0
[INFO] [stderr]     Checking normalize-line-endings v0.3.0
[INFO] [stderr]     Checking hashbrown v0.17.1
[INFO] [stderr]     Checking difflib v0.4.0
[INFO] [stderr]     Checking termtree v0.5.1
[INFO] [stderr]    Compiling litrs v1.0.0
[INFO] [stderr]     Checking predicates-tree v1.0.13
[INFO] [stderr]     Checking signal-hook-mio v0.2.5
[INFO] [stderr]     Checking predicates v3.1.4
[INFO] [stderr]     Checking itertools v0.13.0
[INFO] [stderr]     Checking unicode-width v0.1.14
[INFO] [stderr]    Compiling anyhow v1.0.104
[INFO] [stderr]    Compiling crunchy v0.2.4
[INFO] [stderr]    Compiling zmij v1.0.23
[INFO] [stderr]     Checking indexmap v2.14.0
[INFO] [stderr]    Compiling rayon-core v1.13.0
[INFO] [stderr]    Compiling tiny-keccak v2.0.2
[INFO] [stderr]     Checking vte v0.14.1
[INFO] [stderr]     Checking winnow v1.0.4
[INFO] [stderr]    Compiling serde_json v1.0.151
[INFO] [stderr]    Compiling pkg-config v0.3.33
[INFO] [stderr]     Checking strip-ansi-escapes v0.2.1
[INFO] [stderr]    Compiling document-features v0.2.12
[INFO] [stderr]    Compiling nix v0.30.1
[INFO] [stderr]    Compiling zerocopy-derive v0.8.56
[INFO] [stderr]    Compiling zerofrom-derive v0.1.7
[INFO] [stderr]    Compiling yoke-derive v0.8.2
[INFO] [stderr]    Compiling zerovec-derive v0.11.3
[INFO] [stderr]    Compiling derive_arbitrary v1.4.2
[INFO] [stderr]    Compiling tracing-attributes v0.1.31
[INFO] [stderr]    Compiling futures-macro v0.3.33
[INFO] [stderr]    Compiling color-print-proc-macro v0.3.7
[INFO] [stderr]    Compiling async-recursion v1.1.1
[INFO] [stderr]     Checking arbitrary v1.4.2
[INFO] [stderr]    Compiling thiserror-impl v2.0.20
[INFO] [stderr]    Compiling serde_derive v1.0.229
[INFO] [stderr]    Compiling clap_derive v4.6.4
[INFO] [stderr]    Compiling displaydoc v0.2.7
[INFO] [stderr]    Compiling data-encoding-macro-internal v0.1.19
[INFO] [stderr]    Compiling tokio-macros v2.7.2
[INFO] [stderr]     Checking color-print v0.3.7
[INFO] [stderr]    Compiling async-trait v0.1.92
[INFO] [stderr]     Checking futures-util v0.3.33
[INFO] [stderr]     Checking zerofrom v0.1.8
[INFO] [stderr]     Checking yoke v0.8.3
[INFO] [stderr]     Checking data-encoding-macro v0.1.21
[INFO] [stderr]     Checking calendrical_calculations v0.2.4
[INFO] [stderr]     Checking fixed_decimal v0.7.2
[INFO] [stderr]    Compiling inherent v1.0.14
[INFO] [stderr]     Checking zerotrie v0.2.4
[INFO] [stderr]    Compiling strum_macros v0.28.0
[INFO] [stderr]     Checking fluent-syntax v0.12.0
[INFO] [stderr]     Checking command-fds v0.3.3
[INFO] [stderr]    Compiling derive_more-impl v2.1.1
[INFO] [stderr]     Checking tokio v1.53.1
[INFO] [stderr]    Compiling onig_sys v69.9.3
[INFO] [stderr]     Checking tracing v0.1.44
[INFO] [stderr]     Checking zerovec v0.11.6
[INFO] [stderr]    Compiling object v0.37.3
[INFO] [stderr]    Compiling darling_macro v0.23.0
[INFO] [stderr]     Checking smawk v0.3.3
[INFO] [stderr]    Compiling portable-atomic v1.14.0
[INFO] [stderr]     Checking terminal_size v0.4.4
[INFO] [stderr]     Checking fs-set-times v0.20.3
[INFO] [stderr]     Checking clap_builder v4.6.6
[INFO] [stderr]     Checking rustix-linux-procfs v0.1.1
[INFO] [stderr]     Checking xattr v1.6.1
[INFO] [stderr]     Checking tempfile v3.27.0
[INFO] [stderr]    Compiling darling v0.23.0
[INFO] [stderr]     Checking unicode-linebreak v0.1.5
[INFO] [stderr]    Compiling bon-macros v3.9.3
[INFO] [stderr]     Checking derive_more v2.1.1
[INFO] [stderr]    Compiling const-random-macro v0.1.16
[INFO] [stderr]    Compiling darling_macro v0.20.11
[INFO] [stderr]     Checking rayon v1.12.0
[INFO] [stderr]     Checking textwrap v0.16.2
[INFO] [stderr]    Compiling strum_macros v0.27.2
[INFO] [stderr]    Compiling darling v0.20.11
[INFO] [stderr]     Checking ignore v0.4.33
[INFO] [stderr]    Compiling cached_proc_macro v2.0.0
[INFO] [stderr]    Compiling phf_shared v0.13.1
[INFO] [stderr]    Compiling radium v0.7.0
[INFO] [stderr]     Checking futures-executor v0.3.33
[INFO] [stderr]     Checking tinystr v0.8.3
[INFO] [stderr]     Checking potential_utf v0.1.5
[INFO] [stderr]     Checking icu_pattern v0.4.2
[INFO] [stderr]     Checking brush-vfs v0.1.0 (/opt/rustwide/workdir/brush-vfs)
[INFO] [stderr]     Checking icu_collections v2.2.0
[INFO] [stderr]     Checking futures v0.3.33
[INFO] [stderr]     Checking gimli v0.32.3
[INFO] [stderr]    Compiling phf_generator v0.13.1
[INFO] [stderr]     Checking clap v4.6.6
[INFO] [stderr]     Checking unic-langid-impl v0.9.6
[INFO] [stderr]     Checking icu_locale_core v2.2.0
[INFO] [stderr]     Checking const-random v0.1.18
[INFO] [stderr]     Checking chrono v0.4.45
[INFO] [stderr]     Checking rpds v1.2.1
[INFO] [stderr]     Checking crossterm v0.29.0
[INFO] [stderr]     Checking globwalk v0.9.1
[INFO] [stderr]     Checking unic-langid v0.9.6
[INFO] [stderr]     Checking intl_pluralrules v7.0.2
[INFO] [stderr]     Checking intl-memoizer v0.5.3
[INFO] [stderr]     Checking fluent-langneg v0.13.1
[INFO] [stderr]     Checking fluent-bundle v0.16.0
[INFO] [stderr]     Checking fd-lock v4.0.4
[INFO] [stderr]     Checking ansi-width v0.1.0
[INFO] [stderr]     Checking nibble_vec v0.1.0
[INFO] [stderr]     Checking unicase v2.9.0
[INFO] [stderr]     Checking tap v1.0.1
[INFO] [stderr]     Checking endian-type v0.2.0
[INFO] [stderr]     Checking rustc-demangle v0.1.28
[INFO] [stderr]     Checking indicatif v0.18.6
[INFO] [stderr]     Checking radix_trie v0.3.0
[INFO] [stderr]     Checking icu_provider v2.2.0
[INFO] [stderr]     Checking fluent v0.17.0
[INFO] [stderr]     Checking wyz v0.5.1
[INFO] [stderr]     Checking uutils_term_grid v0.8.0
[INFO] [stderr]     Checking assert_fs v1.1.4
[INFO] [stderr]     Checking icu_locale v2.2.0
[INFO] [stderr]     Checking icu_properties v2.2.0
[INFO] [stderr]     Checking icu_normalizer v2.2.0
[INFO] [stderr]     Checking strum v0.27.2
[INFO] [stderr]     Checking dlv-list v0.5.2
[INFO] [stderr]    Compiling phf_codegen v0.13.1
[INFO] [stderr]     Checking lscolors v0.21.0
[INFO] [stderr]     Checking diff v0.1.13
[INFO] [stderr]     Checking procfs-core v0.18.0
[INFO] [stderr]    Compiling uucore v0.9.0
[INFO] [stderr]     Checking funty v2.0.0
[INFO] [stderr]    Compiling dtor-proc-macro v0.0.6
[INFO] [stderr]    Compiling uucore v0.8.0
[INFO] [stderr]    Compiling uucore v0.5.0
[INFO] [stderr]     Checking hashbrown v0.14.5
[INFO] [stderr]     Checking reedline v0.49.0
[INFO] [stderr]     Checking roff v1.1.1
[INFO] [stderr]     Checking bitvec v1.1.1
[INFO] [stderr]     Checking dtor v0.1.1
[INFO] [stderr]     Checking phf v0.13.1
[INFO] [stderr]    Compiling sed v0.1.1 (/opt/rustwide/workdir/forks/sed)
[INFO] [stderr]     Checking icu_calendar v2.2.1
[INFO] [stderr]     Checking icu_decimal v2.2.0
[INFO] [stderr]     Checking icu_plurals v2.2.0
[INFO] [stderr]     Checking icu_collator v2.2.1
[INFO] [stderr]     Checking ordered-multimap v0.7.3
[INFO] [stderr]     Checking parse_datetime v0.15.0
[INFO] [stderr]     Checking lru v0.16.4
[INFO] [stderr]     Checking memmap2 v0.9.11
[INFO] [stderr]     Checking platform-info v2.1.0
[INFO] [stderr]     Checking filetime v0.2.29
[INFO] [stderr]    Compiling uucore_procs v0.9.0
[INFO] [stderr]    Compiling uucore_procs v0.8.0
[INFO] [stderr]    Compiling uucore_procs v0.5.0
[INFO] [stderr]     Checking lazy_static v1.5.0
[INFO] [stderr]     Checking bytecount v0.6.9
[INFO] [stderr]    Compiling ctor-proc-macro v0.0.7
[INFO] [stderr]     Checking compare v0.1.0
[INFO] [stderr]     Checking binary-heap-plus v0.5.0
[INFO] [stderr]     Checking ctor v0.6.3
[INFO] [stderr]     Checking rust-ini v0.21.3
[INFO] [stderr]     Checking argmax v0.4.0
[INFO] [stderr]     Checking clap_mangen v0.2.33
[INFO] [stderr]     Checking string-interner v0.20.0
[INFO] [stderr]     Checking clap_complete v4.6.9
[INFO] [stderr]     Checking ctrlc v3.5.2
[INFO] [stderr]     Checking faccess v0.2.4
[INFO] [stderr]     Checking fancy-regex v0.17.0
[INFO] [stderr]     Checking sysinfo v0.37.2
[INFO] [stderr]     Checking nom v8.0.0
[INFO] [stderr]     Checking addr2line v0.25.1
[INFO] [stderr]    Compiling rlimit v0.11.0
[INFO] [stderr]    Compiling ucd-trie v0.1.7
[INFO] [stderr]     Checking byteorder v1.5.0
[INFO] [stderr]     Checking yansi v1.0.1
[INFO] [stderr]     Checking gcd v2.3.0
[INFO] [stderr]    Compiling pest v2.8.8
[INFO] [stderr]     Checking icu_time v2.2.0
[INFO] [stderr]     Checking toml_parser v1.1.3+spec-1.1.0
[INFO] [stderr]     Checking serde_spanned v1.1.1
[INFO] [stderr]    Compiling typeid v1.0.3
[INFO] [stderr]     Checking toml_writer v1.1.2+spec-1.1.0
[INFO] [stderr]    Compiling ref-cast v1.0.26
[INFO] [stderr]    Compiling ref-cast-impl v1.0.26
[INFO] [stderr]    Compiling serde_derive_internals v0.30.0
[INFO] [stderr]     Checking pretty_assertions v1.4.1
[INFO] [stderr]     Checking toml_datetime v1.1.1+spec-1.1.0
[INFO] [stderr]     Checking konst_macro_rules v0.2.19
[INFO] [stderr]     Checking bon v3.9.3
[INFO] [stderr]    Compiling unicode-xid v0.2.6
[INFO] [stderr]    Compiling assert_cmd v2.2.2
[INFO] [stderr]    Compiling const_format_proc_macros v0.2.34
[INFO] [stderr]     Checking sharded-slab v0.1.7
[INFO] [stderr]     Checking konst v0.2.20
[INFO] [stderr]    Compiling git-version-macro v0.3.9
[INFO] [stderr]     Checking icu_datetime v2.2.0
[INFO] [stderr]     Checking jiff-icu v0.2.2
[INFO] [stderr]     Checking ppv-lite86 v0.2.21
[INFO] [stderr]     Checking half v2.7.1
[INFO] [stderr]     Checking backtrace v0.3.76
[INFO] [stderr]     Checking toml v1.1.4+spec-1.1.0
[INFO] [stderr]     Checking tracing-log v0.2.0
[INFO] [stderr]     Checking cached v2.0.2
[INFO] [stderr]     Checking uuid v1.24.0
[INFO] [stderr]     Checking rand_chacha v0.3.1
[INFO] [stderr]     Checking rand_chacha v0.10.0
[INFO] [stderr]     Checking sysinfo v0.38.4
[INFO] [stderr]     Checking wait-timeout v0.2.1
[INFO] [stderr]    Compiling memoffset v0.7.1
[INFO] [stderr]     Checking thread_local v1.1.10
[INFO] [stderr]     Checking dyn-clone v1.0.20
[INFO] [stderr]     Checking tracing-subscriber v0.3.23
[INFO] [stderr]    Compiling schemars_derive v1.2.2
[INFO] [stderr]     Checking git-version v0.3.9
[INFO] [stderr]     Checking const_format v0.2.36
[INFO] [stderr]     Checking ron v0.12.2
[INFO] [stderr]     Checking onig v6.5.3
[INFO] [stderr]    Compiling alloca v0.4.0
[INFO] [stderr]    Compiling pest_meta v2.8.8
[INFO] [stderr]     Checking etcetera v0.11.0
[INFO] [stderr]     Checking ciborium-io v0.2.2
[INFO] [stderr]     Checking findutils v0.10.0 (/opt/rustwide/workdir/forks/findutils)
[INFO] [stderr]     Checking uu_grep v0.1.0 (/opt/rustwide/workdir/forks/uu_grep)
[INFO] [stderr]     Checking unsafe-libyaml v0.2.11
[INFO] [stderr]     Checking plotters-backend v0.3.7
[INFO] [stderr]     Checking similar v2.7.0
[INFO] [stderr]     Checking num-bigint v0.4.8
[INFO] [stderr]     Checking human-panic v2.0.8
[INFO] [stdout] warning: unused import: `std::fs`
[INFO] [stdout]   --> forks/findutils/src/find/matchers/delete.rs:10:5
[INFO] [stdout]    |
[INFO] [stdout] 10 | use std::fs;
[INFO] [stdout]    |     ^^^^^^^
[INFO] [stdout]    |
[INFO] [stdout]    = note: `#[warn(unused_imports)]` (part of `#[warn(unused)]`) on by default
[INFO] [stdout] 
[INFO] [stdout] 
[INFO] [stdout] warning: unused import: `fs::read_dir`
[INFO] [stdout]  --> forks/findutils/src/find/matchers/empty.rs:8:5
[INFO] [stdout]   |
[INFO] [stdout] 8 |     fs::read_dir,
[INFO] [stdout]   |     ^^^^^^^^^^^^
[INFO] [stdout] 
[INFO] [stdout] 
[INFO] [stdout] warning: unused import: `self`
[INFO] [stdout]  --> forks/findutils/src/find/matchers/printf.rs:8:15
[INFO] [stdout]   |
[INFO] [stdout] 8 | use std::fs::{self, File};
[INFO] [stdout]   |               ^^^^
[INFO] [stdout] 
[INFO] [stdout] 
[INFO] [stdout] warning: unused import: `self`
[INFO] [stdout]  --> forks/findutils/src/find/matchers/time.rs:8:15
[INFO] [stdout]   |
[INFO] [stdout] 8 | use std::fs::{self, Metadata};
[INFO] [stdout]   |               ^^^^
[INFO] [stdout] 
[INFO] [stdout] 
[INFO] [stdout] warning: unused import: `self`
[INFO] [stdout]  --> forks/findutils/src/locate/mod.rs:9:10
[INFO] [stdout]   |
[INFO] [stdout] 9 |     fs::{self, File},
[INFO] [stdout]   |          ^^^^
[INFO] [stdout] 
[INFO] [stdout] 
[INFO] [stdout] warning: unused import: `fs::OpenOptions`
[INFO] [stdout]  --> forks/findutils/src/updatedb/mod.rs:8:5
[INFO] [stdout]   |
[INFO] [stdout] 8 |     fs::OpenOptions,
[INFO] [stdout]   |     ^^^^^^^^^^^^^^^
[INFO] [stdout] 
[INFO] [stdout] 
[INFO] [stdout] warning: unused import: `fs`
[INFO] [stdout]   --> forks/findutils/src/xargs/mod.rs:12:5
[INFO] [stdout]    |
[INFO] [stdout] 12 |     fs,
[INFO] [stdout]    |     ^^
[INFO] [stdout] 
[INFO] [stdout] 
[INFO] [stderr]     Checking ryu v1.0.23
[INFO] [stderr]     Checking plotters-svg v0.3.7
[INFO] [stderr]     Checking ciborium-ll v0.2.2
[INFO] [stderr]    Compiling time-core v0.1.9
[INFO] [stderr]     Checking cast v0.3.0
[INFO] [stderr]     Checking brush-parser v0.4.0 (/opt/rustwide/workdir/brush-parser)
[INFO] [stderr]    Compiling num-conv v0.2.2
[INFO] [stderr]     Checking pin-utils v0.1.0
[INFO] [stderr]     Checking ciborium v0.2.2
[INFO] [stderr]     Checking nix v0.26.4
[INFO] [stderr]     Checking criterion-plot v0.8.2
[INFO] [stderr]    Compiling time-macros v0.2.32
[INFO] [stderr]     Checking plotters v0.3.7
[INFO] [stderr]     Checking tinytemplate v1.2.1
[INFO] [stderr]     Checking page_size v0.6.0
[INFO] [stderr]     Checking serde_yaml v0.9.34+deprecated
[INFO] [stderr]     Checking powerfmt v0.2.0
[INFO] [stderr]     Checking oorandom v11.1.5
[INFO] [stderr]    Compiling pest_generator v2.8.8
[INFO] [stderr]     Checking anes v0.1.6
[INFO] [stderr]     Checking schemars v1.2.2
[INFO] [stderr]     Checking deranged v0.5.8
[INFO] [stderr]    Compiling derive-getters v0.5.0
[INFO] [stderr]     Checking quick-xml v0.41.0
[INFO] [stderr]     Checking num-modular v0.6.1
[INFO] [stderr]    Compiling brush-test-harness v0.1.0 (/opt/rustwide/workdir/brush-test-harness)
[INFO] [stderr]     Checking os-release v0.1.0
[INFO] [stderr]     Checking criterion v0.8.2
[INFO] [stderr]    Compiling enumflags2_derive v0.7.12
[INFO] [stderr]    Compiling which v8.0.5
[INFO] [stderr]     Checking indent v0.1.1
[INFO] [stderr]     Checking colored v3.1.1
[INFO] [stderr]     Checking version-compare v0.2.1
[INFO] [stderr]     Checking descape v3.0.0
[INFO] [stderr]    Compiling pest_derive v2.8.8
[INFO] [stderr]     Checking brush-platform v0.1.0 (/opt/rustwide/workdir/brush-platform)
[INFO] [stderr]    Compiling libfuzzer-sys v0.4.13
[INFO] [stderr]     Checking enumflags2 v0.7.12
[INFO] [stderr]     Checking num-prime v0.5.0
[INFO] [stderr]     Checking insta v1.48.0
[INFO] [stderr]     Checking time v0.3.55
[INFO] [stderr]    Compiling owo-colors v4.3.0
[INFO] [stderr]     Checking is_ci v1.2.0
[INFO] [stderr]     Checking landlock v0.4.7
[INFO] [stderr]     Checking supports-color v3.0.2
[INFO] [stderr]     Checking backtrace-ext v0.2.1
[INFO] [stderr]    Compiling miette-derive v7.6.0
[INFO] [stderr]     Checking supports-hyperlinks v3.2.0
[INFO] [stderr]     Checking supports-unicode v3.0.0
[INFO] [stderr]     Checking toml_datetime v0.7.5+spec-1.1.0
[INFO] [stderr]    Compiling xtask v0.1.0 (/opt/rustwide/workdir/xtask)
[INFO] [stderr]    Compiling xshell-macros v0.2.7
[INFO] [stderr]     Checking winnow v0.7.15
[INFO] [stderr]     Checking clap_mangen v0.3.2
[INFO] [stderr]     Checking clap-markdown v0.1.5
[INFO] [stderr]     Checking pty-process v0.5.3
[INFO] [stderr]     Checking num_cpus v1.17.0
[INFO] [stderr]     Checking xshell v0.2.7
[INFO] [stderr]     Checking junit-report v0.9.1
[INFO] [stderr]     Checking miette v7.6.0
[INFO] [stderr]     Checking ptyprocess v0.5.0
[INFO] [stderr]     Checking expectrl v0.9.0
[INFO] [stderr] error: could not compile `brush-parser` (lib)
[INFO] [stderr] 
[INFO] [stderr] Caused by:
[INFO] [stderr]   process didn't exit successfully: `/opt/rustwide/rustup-home/toolchains/3154cc1a3e6424e44f438a95007d043ed5ceaaf6/bin/rustc --crate-name brush_parser --edition=2024 brush-parser/src/lib.rs --error-format=json --json=diagnostic-rendered-ansi,artifacts,future-incompat,unused-externs-silent --crate-type lib --emit=dep-info,metadata -C embed-bitcode=no -C debuginfo=2 --allow=unknown_lints --deny=rust_2018_idioms '--deny=clippy::perf' '--deny=clippy::pedantic' '--deny=clippy::nursery' '--deny=clippy::cargo' '--deny=clippy::all' '--deny=rustdoc::all' --deny=warnings '--deny=clippy::unwrap_used' '--deny=clippy::unwrap_in_result' --deny=unused_macro_rules --deny=unused_lifetimes --deny=unused_attributes --deny=unsafe_op_in_unsafe_fn --deny=unnameable_types '--deny=clippy::undocumented_unsafe_blocks' '--deny=clippy::todo' '--deny=clippy::tests_outside_test_module' '--allow=clippy::struct_excessive_bools' '--deny=clippy::string_slice' '--deny=clippy::string_lit_chars_any' '--allow=clippy::similar_names' '--allow=clippy::result_large_err' '--allow=clippy::redundant_pub_crate' '--allow=clippy::redundant_else' '--allow=clippy::redundant_closure_for_method_calls' '--deny=clippy::panic_in_result_fn' '--deny=clippy::panic' '--allow=clippy::option_if_let_else' --deny=nonstandard_style '--allow=clippy::must_use_candidate' '--deny=clippy::multiple_unsafe_ops_per_block' '--allow=clippy::multiple_crate_versions' '--allow=clippy::missing_errors_doc' --deny=missing_docs '--allow=clippy::match_same_arms' '--allow=clippy::if_same_then_else' '--allow=clippy::if_not_else' --deny=future_incompatible '--deny=clippy::format_push_string' '--deny=clippy::expect_used' '--allow=clippy::collapsible_if' '--allow=clippy::collapsible_else_if' '--allow=clippy::cognitive_complexity' '--allow=clippy::bool_to_int_with_if' --cfg 'feature="arbitrary"' --cfg 'feature="serde"' --check-cfg 'cfg(docsrs,test)' --check-cfg 'cfg(feature, values("arbitrary", "debug-tracing", "diagnostics", "serde", "winnow-parser"))' -C metadata=c74c6674eb00010a -C extra-filename=-9f0aed177876ce69 --out-dir /opt/rustwide/target/debug/build/brush-parser/9f0aed177876ce69/out -L dependency=/opt/rustwide/target/debug/build/ahash/1ccc2d9a652dc2b5/out -L dependency=/opt/rustwide/target/debug/build/allocator-api2/320a7223f6faf4b8/out -L dependency=/opt/rustwide/target/debug/build/arrayvec/cb98db8d167e819c/out -L dependency=/opt/rustwide/target/debug/build/bon-macros/550f7efcb5015e09/out -L dependency=/opt/rustwide/target/debug/build/cached_proc_macro/4e0aca2abd5478aa/out -L dependency=/opt/rustwide/target/debug/build/cached_proc_macro_types/9d4d81da6b782330/out -L dependency=/opt/rustwide/target/debug/build/cfg-if/455a21b2886a1534/out -L dependency=/opt/rustwide/target/debug/build/derive_arbitrary/7b165d19c5be14eb/out -L dependency=/opt/rustwide/target/debug/build/equivalent/53277b141c879f87/out -L dependency=/opt/rustwide/target/debug/build/foldhash/90f3f4c4a6a88a0f/out -L dependency=/opt/rustwide/target/debug/build/hashbrown/f5ea2e9460b2f1a0/out -L dependency=/opt/rustwide/target/debug/build/libc/daa9f44ce5c0c2cf/out -L dependency=/opt/rustwide/target/debug/build/lock_api/497c3c4b546acad3/out -L dependency=/opt/rustwide/target/debug/build/once_cell/c3517054d55a7dff/out -L dependency=/opt/rustwide/target/debug/build/parking_lot/9536a410dcea0818/out -L dependency=/opt/rustwide/target/debug/build/parking_lot_core/ab895f6477b2e0ab/out -L dependency=/opt/rustwide/target/debug/build/peg-macros/787d6348762f0e18/out -L dependency=/opt/rustwide/target/debug/build/peg-runtime/7aa0a375963c0700/out -L dependency=/opt/rustwide/target/debug/build/pin-project-lite/bc36f7de3f04be06/out -L dependency=/opt/rustwide/target/debug/build/rustversion/6a05414b448f1068/out -L dependency=/opt/rustwide/target/debug/build/scopeguard/2eedc5e742d791e6/out -L dependency=/opt/rustwide/target/debug/build/serde_core/f0a96c5bb6baa60d/out -L dependency=/opt/rustwide/target/debug/build/serde_derive/86e14aa6ac6cf0cb/out -L dependency=/opt/rustwide/target/debug/build/smallvec/9ee489883686cc0a/out -L dependency=/opt/rustwide/target/debug/build/thiserror-impl/44fe7876f65782f4/out -L dependency=/opt/rustwide/target/debug/build/thiserror/bfd281bd906d4113/out -L dependency=/opt/rustwide/target/debug/build/tracing-attributes/02e22038044dbb6f/out -L dependency=/opt/rustwide/target/debug/build/tracing-core/f96a330ff2c13dd7/out -L dependency=/opt/rustwide/target/debug/build/web-time/b212a9d43a1b3b63/out -L dependency=/opt/rustwide/target/debug/build/zerocopy-derive/b739ba071651451e/out -L dependency=/opt/rustwide/target/debug/build/zerocopy/bb5580e95150d96f/out --extern arbitrary=/opt/rustwide/target/debug/build/arbitrary/71331637e81db1a6/out/libarbitrary-71331637e81db1a6.rmeta --extern bon=/opt/rustwide/target/debug/build/bon/b38a4e3a3db25d9b/out/libbon-b38a4e3a3db25d9b.rmeta --extern cached=/opt/rustwide/target/debug/build/cached/a3818879f0de63b0/out/libcached-a3818879f0de63b0.rmeta --extern indenter=/opt/rustwide/target/debug/build/indenter/95acdbe38de44c6b/out/libindenter-95acdbe38de44c6b.rmeta --extern peg=/opt/rustwide/target/debug/build/peg/0820803f6211571d/out/libpeg-0820803f6211571d.rmeta --extern serde=/opt/rustwide/target/debug/build/serde/1489f57a9887b8e6/out/libserde-1489f57a9887b8e6.rmeta --extern thiserror=/opt/rustwide/target/debug/build/thiserror/bfd281bd906d4113/out/libthiserror-bfd281bd906d4113.rmeta --extern tracing=/opt/rustwide/target/debug/build/tracing/0d6ce9ef7d726709/out/libtracing-0d6ce9ef7d726709.rmeta --extern utf8_chars=/opt/rustwide/target/debug/build/utf8-chars/8b3689d1dd805c99/out/libutf8_chars-8b3689d1dd805c99.rmeta --cap-lints=forbid -Znext-solver=coherence --force-warn=unused_crate_dependencies` (signal: 9, SIGKILL: kill)
[INFO] [stderr] warning: build failed, waiting for other jobs to finish...
[INFO] [stderr] error: could not compile `icu_datetime` (lib)
[INFO] [stderr] 
[INFO] [stderr] Caused by:
[INFO] [stderr]   process didn't exit successfully: `/opt/rustwide/rustup-home/toolchains/3154cc1a3e6424e44f438a95007d043ed5ceaaf6/bin/rustc --crate-name icu_datetime --edition=2021 /opt/rustwide/cargo-home/registry/src/index.crates.io-1949cf8c6b5b557f/icu_datetime-2.2.0/src/lib.rs --error-format=json --json=diagnostic-rendered-ansi,artifacts,future-incompat,unused-externs-silent --crate-type lib --emit=dep-info,metadata -C embed-bitcode=no -C debuginfo=2 --cfg 'feature="compiled_data"' --check-cfg 'cfg(docsrs,test)' --check-cfg 'cfg(feature, values("compiled_data", "datagen", "default", "ixdtf", "logging", "serde", "unstable", "unstable_chrono_0_4", "unstable_jiff_0_2", "unstable_time_0_3"))' -C metadata=d9d69f3f0452df40 -C extra-filename=-7349e650167c79cb --out-dir /opt/rustwide/target/debug/build/icu_datetime/7349e650167c79cb/out -L dependency=/opt/rustwide/target/debug/build/calendrical_calculations/1e6b348a95aa387d/out -L dependency=/opt/rustwide/target/debug/build/core_maths/daf2f53a96984194/out -L dependency=/opt/rustwide/target/debug/build/displaydoc/13be72969894b72c/out -L dependency=/opt/rustwide/target/debug/build/either/40ac410d495b0848/out -L dependency=/opt/rustwide/target/debug/build/fixed_decimal/581b5af85828666b/out -L dependency=/opt/rustwide/target/debug/build/icu_calendar/24231e47d44d3a2f/out -L dependency=/opt/rustwide/target/debug/build/icu_calendar_data/d139ceab719504ca/out -L dependency=/opt/rustwide/target/debug/build/icu_collections/01199ecf614100aa/out -L dependency=/opt/rustwide/target/debug/build/icu_decimal_data/1d520f4ae33715a6/out -L dependency=/opt/rustwide/target/debug/build/icu_locale/fed2515b8a87821c/out -L dependency=/opt/rustwide/target/debug/build/icu_locale_core/97fee4c551becbb9/out -L dependency=/opt/rustwide/target/debug/build/icu_locale_data/5103975ff8de9b50/out -L dependency=/opt/rustwide/target/debug/build/icu_plurals_data/4697e922bba8fe78/out -L dependency=/opt/rustwide/target/debug/build/icu_provider/bbdeceb7d7f69f25/out -L dependency=/opt/rustwide/target/debug/build/icu_time_data/a9d390a771ba1172/out -L dependency=/opt/rustwide/target/debug/build/libm/2e0fe817bf4c866c/out -L dependency=/opt/rustwide/target/debug/build/litemap/6502f2af88b5b8c3/out -L dependency=/opt/rustwide/target/debug/build/potential_utf/769c6bcfaadc980c/out -L dependency=/opt/rustwide/target/debug/build/smallvec/9ee489883686cc0a/out -L dependency=/opt/rustwide/target/debug/build/stable_deref_trait/0cabe2dfd5e41ec5/out -L dependency=/opt/rustwide/target/debug/build/tinystr/7969ec42395f8213/out -L dependency=/opt/rustwide/target/debug/build/utf8_iter/2a9a14295c98e961/out -L dependency=/opt/rustwide/target/debug/build/writeable/579b9dd26dfd5a23/out -L dependency=/opt/rustwide/target/debug/build/yoke-derive/5fffc61e7dd244b1/out -L dependency=/opt/rustwide/target/debug/build/yoke/1d24996dc7fd1933/out -L dependency=/opt/rustwide/target/debug/build/zerofrom-derive/ccfd318a81e91e06/out -L dependency=/opt/rustwide/target/debug/build/zerofrom/574e314470828677/out -L dependency=/opt/rustwide/target/debug/build/zerotrie/651c0eadb6b81e67/out -L dependency=/opt/rustwide/target/debug/build/zerovec-derive/89ae5e718e7511f5/out -L dependency=/opt/rustwide/target/debug/build/zerovec/10601e9c95d42d64/out --extern displaydoc=/opt/rustwide/target/debug/build/displaydoc/13be72969894b72c/out/libdisplaydoc-13be72969894b72c.so --extern fixed_decimal=/opt/rustwide/target/debug/build/fixed_decimal/581b5af85828666b/out/libfixed_decimal-581b5af85828666b.rmeta --extern icu_calendar=/opt/rustwide/target/debug/build/icu_calendar/24231e47d44d3a2f/out/libicu_calendar-24231e47d44d3a2f.rmeta --extern icu_datetime_data=/opt/rustwide/target/debug/build/icu_datetime_data/d2fb66d18689ef58/out/libicu_datetime_data-d2fb66d18689ef58.rmeta --extern icu_decimal=/opt/rustwide/target/debug/build/icu_decimal/6c59f28ebcf47d68/out/libicu_decimal-6c59f28ebcf47d68.rmeta --extern icu_locale=/opt/rustwide/target/debug/build/icu_locale/fed2515b8a87821c/out/libicu_locale-fed2515b8a87821c.rmeta --extern icu_locale_core=/opt/rustwide/target/debug/build/icu_locale_core/97fee4c551becbb9/out/libicu_locale_core-97fee4c551becbb9.rmeta --extern icu_pattern=/opt/rustwide/target/debug/build/icu_pattern/225222ba436b68cb/out/libicu_pattern-225222ba436b68cb.rmeta --extern icu_plurals=/opt/rustwide/target/debug/build/icu_plurals/f834af88905126c3/out/libicu_plurals-f834af88905126c3.rmeta --extern icu_provider=/opt/rustwide/target/debug/build/icu_provider/bbdeceb7d7f69f25/out/libicu_provider-bbdeceb7d7f69f25.rmeta --extern icu_time=/opt/rustwide/target/debug/build/icu_time/57858d7ac1236491/out/libicu_time-57858d7ac1236491.rmeta --extern potential_utf=/opt/rustwide/target/debug/build/potential_utf/769c6bcfaadc980c/out/libpotential_utf-769c6bcfaadc980c.rmeta --extern tinystr=/opt/rustwide/target/debug/build/tinystr/7969ec42395f8213/out/libtinystr-7969ec42395f8213.rmeta --extern writeable=/opt/rustwide/target/debug/build/writeable/579b9dd26dfd5a23/out/libwriteable-579b9dd26dfd5a23.rmeta --extern zerovec=/opt/rustwide/target/debug/build/zerovec/10601e9c95d42d64/out/libzerovec-10601e9c95d42d64.rmeta --cap-lints allow --cap-lints=forbid -Znext-solver=coherence --force-warn=unused_crate_dependencies` (signal: 9, SIGKILL: kill)
[INFO] [stderr] error: could not compile `syn` (lib)
[INFO] [stderr] 
[INFO] [stderr] Caused by:
[INFO] [stderr]   process didn't exit successfully: `/opt/rustwide/rustup-home/toolchains/3154cc1a3e6424e44f438a95007d043ed5ceaaf6/bin/rustc --crate-name syn --edition=2021 /opt/rustwide/cargo-home/registry/src/index.crates.io-1949cf8c6b5b557f/syn-2.0.119/src/lib.rs --error-format=json --json=diagnostic-rendered-ansi,artifacts,future-incompat,unused-externs-silent --crate-type lib --emit=dep-info,metadata -C embed-bitcode=no -C debuginfo=2 --cfg 'feature="clone-impls"' --cfg 'feature="default"' --cfg 'feature="derive"' --cfg 'feature="extra-traits"' --cfg 'feature="full"' --cfg 'feature="parsing"' --cfg 'feature="printing"' --cfg 'feature="proc-macro"' --cfg 'feature="visit"' --check-cfg 'cfg(docsrs,test)' --check-cfg 'cfg(feature, values("clone-impls", "default", "derive", "extra-traits", "fold", "full", "parsing", "printing", "proc-macro", "test", "visit", "visit-mut"))' -C metadata=a80d2b4bac531545 -C extra-filename=-ccbde35482e4688f --out-dir /opt/rustwide/target/debug/build/syn/ccbde35482e4688f/out -L dependency=/opt/rustwide/target/debug/build/proc-macro2/ff92376951b68377/out -L dependency=/opt/rustwide/target/debug/build/unicode-ident/34a5014e0dd756af/out --extern proc_macro2=/opt/rustwide/target/debug/build/proc-macro2/ff92376951b68377/out/libproc_macro2-ff92376951b68377.rmeta --extern quote=/opt/rustwide/target/debug/build/quote/09718638fc74e034/out/libquote-09718638fc74e034.rmeta --extern unicode_ident=/opt/rustwide/target/debug/build/unicode-ident/34a5014e0dd756af/out/libunicode_ident-34a5014e0dd756af.rmeta --cap-lints allow --cap-lints=forbid -Znext-solver=coherence --force-warn=unused_crate_dependencies` (signal: 9, SIGKILL: kill)
[INFO] [stderr] error: could not compile `regex-automata` (lib)
[INFO] [stderr] 
[INFO] [stderr] Caused by:
[INFO] [stderr]   process didn't exit successfully: `/opt/rustwide/rustup-home/toolchains/3154cc1a3e6424e44f438a95007d043ed5ceaaf6/bin/rustc --crate-name regex_automata --edition=2021 /opt/rustwide/cargo-home/registry/src/index.crates.io-1949cf8c6b5b557f/regex-automata-0.4.18/src/lib.rs --error-format=json --json=diagnostic-rendered-ansi,artifacts,future-incompat,unused-externs-silent --crate-type lib --emit=dep-info,metadata,link -Z embed-metadata=no -C embed-bitcode=no --cfg 'feature="alloc"' --cfg 'feature="dfa-onepass"' --cfg 'feature="hybrid"' --cfg 'feature="meta"' --cfg 'feature="nfa-backtrack"' --cfg 'feature="nfa-pikevm"' --cfg 'feature="nfa-thompson"' --cfg 'feature="perf-inline"' --cfg 'feature="perf-literal"' --cfg 'feature="perf-literal-multisubstring"' --cfg 'feature="perf-literal-substring"' --cfg 'feature="std"' --cfg 'feature="syntax"' --cfg 'feature="unicode"' --cfg 'feature="unicode-age"' --cfg 'feature="unicode-bool"' --cfg 'feature="unicode-case"' --cfg 'feature="unicode-gencat"' --cfg 'feature="unicode-perl"' --cfg 'feature="unicode-script"' --cfg 'feature="unicode-segment"' --cfg 'feature="unicode-word-boundary"' --check-cfg 'cfg(docsrs,test)' --check-cfg 'cfg(feature, values("alloc", "default", "dfa", "dfa-build", "dfa-onepass", "dfa-search", "hybrid", "internal-instrument", "internal-instrument-pikevm", "logging", "meta", "nfa", "nfa-backtrack", "nfa-pikevm", "nfa-thompson", "perf", "perf-inline", "perf-literal", "perf-literal-multisubstring", "perf-literal-substring", "std", "syntax", "unicode", "unicode-age", "unicode-bool", "unicode-case", "unicode-gencat", "unicode-perl", "unicode-script", "unicode-segment", "unicode-word-boundary"))' -C metadata=08feb32c5548c061 -C extra-filename=-f2dab3037434e354 --out-dir /opt/rustwide/target/debug/build/regex-automata/f2dab3037434e354/out -L dependency=/opt/rustwide/target/debug/build/memchr/f66fc20702c794bf/out --extern aho_corasick=/opt/rustwide/target/debug/build/aho-corasick/7c5534b285ccb645/out/libaho_corasick-7c5534b285ccb645.rmeta --extern memchr=/opt/rustwide/target/debug/build/memchr/f66fc20702c794bf/out/libmemchr-f66fc20702c794bf.rmeta --extern regex_syntax=/opt/rustwide/target/debug/build/regex-syntax/8a1612fc429c14cd/out/libregex_syntax-8a1612fc429c14cd.rmeta --cap-lints allow --cap-lints=forbid -Znext-solver=coherence --force-warn=unused_crate_dependencies` (signal: 9, SIGKILL: kill)
[INFO] [stderr] warning: libfuzzer-sys@0.4.13: c++: fatal error: Killed signal terminated program cc1plus
[INFO] [stderr] warning: libfuzzer-sys@0.4.13: compilation terminated.
[INFO] [stderr] warning: libfuzzer-sys@0.4.13: ToolExecError: command did not execute successfully (status code exit status: 1): LC_ALL="C" "c++" "-O0" "-ffunction-sections" "-fdata-sections" "-fPIC" "-g" "-gdwarf-4" "-fno-omit-frame-pointer" "-mno-omit-leaf-frame-pointer" "-m64" "-std=c++17" "-w" "-o" "/opt/rustwide/target/debug/build/libfuzzer-sys/90bf2f9f08838deb/out/e5f0d71fb86e9d6b-FuzzerMerge.o" "-c" "libfuzzer/FuzzerMerge.cpp"cargo:warning=c++: fatal error: Killed signal terminated program cc1plus
[INFO] [stderr] warning: libfuzzer-sys@0.4.13: compilation terminated.
[INFO] [stderr] warning: libfuzzer-sys@0.4.13: ToolExecError: command did not execute successfully (status code exit status: 1): LC_ALL="C" "c++" "-O0" "-ffunction-sections" "-fdata-sections" "-fPIC" "-g" "-gdwarf-4" "-fno-omit-frame-pointer" "-mno-omit-leaf-frame-pointer" "-m64" "-std=c++17" "-w" "-o" "/opt/rustwide/target/debug/build/libfuzzer-sys/90bf2f9f08838deb/out/e5f0d71fb86e9d6b-FuzzerDriver.o" "-c" "libfuzzer/FuzzerDriver.cpp"cargo:warning=c++: fatal error: Killed signal terminated program cc1plus
[INFO] [stderr] warning: libfuzzer-sys@0.4.13: compilation terminated.
[INFO] [stderr] warning: libfuzzer-sys@0.4.13: ToolExecError: command did not execute successfully (status code exit status: 1): LC_ALL="C" "c++" "-O0" "-ffunction-sections" "-fdata-sections" "-fPIC" "-g" "-gdwarf-4" "-fno-omit-frame-pointer" "-mno-omit-leaf-frame-pointer" "-m64" "-std=c++17" "-w" "-o" "/opt/rustwide/target/debug/build/libfuzzer-sys/90bf2f9f08838deb/out/e5f0d71fb86e9d6b-FuzzerTracePC.o" "-c" "libfuzzer/FuzzerTracePC.cpp"cargo:warning=c++: fatal error: Killed signal terminated program cc1plus
[INFO] [stderr] warning: libfuzzer-sys@0.4.13: compilation terminated.
[INFO] [stderr] warning: libfuzzer-sys@0.4.13: ToolExecError: command did not execute successfully (status code exit status: 1): LC_ALL="C" "c++" "-O0" "-ffunction-sections" "-fdata-sections" "-fPIC" "-g" "-gdwarf-4" "-fno-omit-frame-pointer" "-mno-omit-leaf-frame-pointer" "-m64" "-std=c++17" "-w" "-o" "/opt/rustwide/target/debug/build/libfuzzer-sys/90bf2f9f08838deb/out/e5f0d71fb86e9d6b-FuzzerFork.o" "-c" "libfuzzer/FuzzerFork.cpp"
[INFO] [stderr] error: failed to run custom build command for `libfuzzer-sys v0.4.13`
[INFO] [stderr] note: To improve backtraces for build dependencies, set the CARGO_PROFILE_DEV_BUILD_OVERRIDE_DEBUG=true environment variable to enable debug information generation.
[INFO] [stderr] 
[INFO] [stderr] Caused by:
[INFO] [stderr]   process didn't exit successfully: `/opt/rustwide/target/debug/build/libfuzzer-sys/7e2cbb91627ec1cc/out/build_script_build` (exit status: 1)
[INFO] [stderr]   --- stdout
[INFO] [stderr]   cargo:rerun-if-env-changed=CUSTOM_LIBFUZZER_PATH
[INFO] [stderr]   cargo:rerun-if-changed=libfuzzer/FuzzerMerge.cpp
[INFO] [stderr]   cargo:rerun-if-changed=libfuzzer/FuzzerIOWindows.cpp
[INFO] [stderr]   cargo:rerun-if-changed=libfuzzer/FuzzerUtilDarwin.cpp
[INFO] [stderr]   cargo:rerun-if-changed=libfuzzer/FuzzerExtFunctionsDlsym.cpp
[INFO] [stderr]   cargo:rerun-if-changed=libfuzzer/FuzzerLoop.cpp
[INFO] [stderr]   cargo:rerun-if-changed=libfuzzer/FuzzerExtraCountersWindows.cpp
[INFO] [stderr]   cargo:rerun-if-changed=libfuzzer/FuzzerMain.cpp
[INFO] [stderr]   cargo:rerun-if-changed=libfuzzer/FuzzerDriver.cpp
[INFO] [stderr]   cargo:rerun-if-changed=libfuzzer/FuzzerDataFlowTrace.cpp
[INFO] [stderr]   cargo:rerun-if-changed=libfuzzer/FuzzerExtraCountersDarwin.cpp
[INFO] [stderr]   cargo:rerun-if-changed=libfuzzer/FuzzerTracePC.cpp
[INFO] [stderr]   cargo:rerun-if-changed=libfuzzer/FuzzerInterceptors.cpp
[INFO] [stderr]   cargo:rerun-if-changed=libfuzzer/FuzzerUtilLinux.cpp
[INFO] [stderr]   cargo:rerun-if-changed=libfuzzer/FuzzerUtilFuchsia.cpp
[INFO] [stderr]   cargo:rerun-if-changed=libfuzzer/FuzzerFork.cpp
[INFO] [stderr]   cargo:rerun-if-changed=libfuzzer/FuzzerExtraCounters.cpp
[INFO] [stderr]   cargo:rerun-if-changed=libfuzzer/FuzzerMutate.cpp
[INFO] [stderr]   cargo:rerun-if-changed=libfuzzer/FuzzerUtilWindows.cpp
[INFO] [stderr]   cargo:rerun-if-changed=libfuzzer/FuzzerExtFunctionsWeak.cpp
[INFO] [stderr]   cargo:rerun-if-changed=libfuzzer/FuzzerCrossOver.cpp
[INFO] [stderr]   cargo:rerun-if-changed=libfuzzer/FuzzerIO.cpp
[INFO] [stderr]   cargo:rerun-if-changed=libfuzzer/FuzzerUtilPosix.cpp
[INFO] [stderr]   cargo:rerun-if-changed=libfuzzer/FuzzerExtFunctionsWindows.cpp
[INFO] [stderr]   cargo:rerun-if-changed=libfuzzer/FuzzerSHA1.cpp
[INFO] [stderr]   cargo:rerun-if-changed=libfuzzer/FuzzerIOPosix.cpp
[INFO] [stderr]   cargo:rerun-if-changed=libfuzzer/FuzzerUtil.cpp
[INFO] [stderr]   cargo:rerun-if-env-changed=CC_FORCE_DISABLE
[INFO] [stderr]   CC_FORCE_DISABLE = None
[INFO] [stderr]   cargo:rerun-if-env-changed=CXX_x86_64-unknown-linux-gnu
[INFO] [stderr]   CXX_x86_64-unknown-linux-gnu = None
[INFO] [stderr]   cargo:rerun-if-env-changed=CXX_x86_64_unknown_linux_gnu
[INFO] [stderr]   CXX_x86_64_unknown_linux_gnu = None
[INFO] [stderr]   cargo:rerun-if-env-changed=HOST_CXX
[INFO] [stderr]   HOST_CXX = None
[INFO] [stderr]   cargo:rerun-if-env-changed=CXX
[INFO] [stderr]   CXX = None
[INFO] [stderr]   cargo:rerun-if-env-changed=CC_ENABLE_DEBUG_OUTPUT
[INFO] [stderr]   cargo:rerun-if-env-changed=CRATE_CC_NO_DEFAULTS
[INFO] [stderr]   CRATE_CC_NO_DEFAULTS = None
[INFO] [stderr]   cargo:rerun-if-env-changed=CC_ENABLE_DEBUG_OUTPUT
[INFO] [stderr]   cargo:rerun-if-env-changed=CRATE_CC_NO_DEFAULTS
[INFO] [stderr]   CRATE_CC_NO_DEFAULTS = None
[INFO] [stderr]   cargo:rerun-if-env-changed=CXXFLAGS
[INFO] [stderr]   CXXFLAGS = None
[INFO] [stderr]   cargo:rerun-if-env-changed=HOST_CXXFLAGS
[INFO] [stderr]   HOST_CXXFLAGS = None
[INFO] [stderr]   cargo:rerun-if-env-changed=CXXFLAGS_x86_64_unknown_linux_gnu
[INFO] [stderr]   CXXFLAGS_x86_64_unknown_linux_gnu = None
[INFO] [stderr]   cargo:rerun-if-env-changed=CXXFLAGS_x86_64-unknown-linux-gnu
[INFO] [stderr]   CXXFLAGS_x86_64-unknown-linux-gnu = None
[INFO] [stderr]   cargo:rerun-if-env-changed=CXXFLAGS
[INFO] [stderr]   CXXFLAGS = None
[INFO] [stderr]   cargo:rerun-if-env-changed=HOST_CXXFLAGS
[INFO] [stderr]   HOST_CXXFLAGS = None
[INFO] [stderr]   cargo:rerun-if-env-changed=CXXFLAGS_x86_64_unknown_linux_gnu
[INFO] [stderr]   CXXFLAGS_x86_64_unknown_linux_gnu = None
[INFO] [stderr]   cargo:rerun-if-env-changed=CXXFLAGS_x86_64-unknown-linux-gnu
[INFO] [stderr]   CXXFLAGS_x86_64-unknown-linux-gnu = None
[INFO] [stderr]   cargo:rerun-if-env-changed=CXX_x86_64-unknown-linux-gnu
[INFO] [stderr]   CXX_x86_64-unknown-linux-gnu = None
[INFO] [stderr]   cargo:rerun-if-env-changed=CXX_x86_64_unknown_linux_gnu
[INFO] [stderr]   CXX_x86_64_unknown_linux_gnu = None
[INFO] [stderr]   cargo:rerun-if-env-changed=HOST_CXX
[INFO] [stderr]   HOST_CXX = None
[INFO] [stderr]   cargo:rerun-if-env-changed=CXX
[INFO] [stderr]   CXX = None
[INFO] [stderr]   cargo:rerun-if-env-changed=CRATE_CC_NO_DEFAULTS
[INFO] [stderr]   CRATE_CC_NO_DEFAULTS = None
[INFO] [stderr]   cargo:rerun-if-env-changed=CXXFLAGS
[INFO] [stderr]   CXXFLAGS = None
[INFO] [stderr]   cargo:rerun-if-env-changed=HOST_CXXFLAGS
[INFO] [stderr]   HOST_CXXFLAGS = None
[INFO] [stderr]   cargo:rerun-if-env-changed=CXXFLAGS_x86_64_unknown_linux_gnu
[INFO] [stderr]   CXXFLAGS_x86_64_unknown_linux_gnu = None
[INFO] [stderr]   cargo:rerun-if-env-changed=CXXFLAGS_x86_64-unknown-linux-gnu
[INFO] [stderr]   CXXFLAGS_x86_64-unknown-linux-gnu = None
[INFO] [stderr]   cargo:rerun-if-env-changed=CXX_x86_64-unknown-linux-gnu
[INFO] [stderr]   CXX_x86_64-unknown-linux-gnu = None
[INFO] [stderr]   cargo:rerun-if-env-changed=CXX_x86_64_unknown_linux_gnu
[INFO] [stderr]   CXX_x86_64_unknown_linux_gnu = None
[INFO] [stderr]   cargo:rerun-if-env-changed=HOST_CXX
[INFO] [stderr]   HOST_CXX = None
[INFO] [stderr]   cargo:rerun-if-env-changed=CXX
[INFO] [stderr]   CXX = None
[INFO] [stderr]   cargo:rerun-if-env-changed=CRATE_CC_NO_DEFAULTS
[INFO] [stderr]   CRATE_CC_NO_DEFAULTS = None
[INFO] [stderr]   cargo:rerun-if-env-changed=CXXFLAGS
[INFO] [stderr]   CXXFLAGS = None
[INFO] [stderr]   cargo:rerun-if-env-changed=HOST_CXXFLAGS
[INFO] [stderr]   HOST_CXXFLAGS = None
[INFO] [stderr]   cargo:rerun-if-env-changed=CXXFLAGS_x86_64_unknown_linux_gnu
[INFO] [stderr]   CXXFLAGS_x86_64_unknown_linux_gnu = None
[INFO] [stderr]   cargo:rerun-if-env-changed=CXXFLAGS_x86_64-unknown-linux-gnu
[INFO] [stderr]   CXXFLAGS_x86_64-unknown-linux-gnu = None
[INFO] [stderr]   cargo:rerun-if-env-changed=CXX_x86_64-unknown-linux-gnu
[INFO] [stderr]   CXX_x86_64-unknown-linux-gnu = None
[INFO] [stderr]   cargo:rerun-if-env-changed=CXX_x86_64_unknown_linux_gnu
[INFO] [stderr]   CXX_x86_64_unknown_linux_gnu = None
[INFO] [stderr]   cargo:rerun-if-env-changed=HOST_CXX
[INFO] [stderr]   HOST_CXX = None
[INFO] [stderr]   cargo:rerun-if-env-changed=CXX
[INFO] [stderr]   CXX = None
[INFO] [stderr]   cargo:rerun-if-env-changed=CRATE_CC_NO_DEFAULTS
[INFO] [stderr]   CRATE_CC_NO_DEFAULTS = None
[INFO] [stderr]   cargo:rerun-if-env-changed=CXXFLAGS
[INFO] [stderr]   CXXFLAGS = None
[INFO] [stderr]   cargo:rerun-if-env-changed=HOST_CXXFLAGS
[INFO] [stderr]   HOST_CXXFLAGS = None
[INFO] [stderr]   cargo:rerun-if-env-changed=CXXFLAGS_x86_64_unknown_linux_gnu
[INFO] [stderr]   CXXFLAGS_x86_64_unknown_linux_gnu = None
[INFO] [stderr]   cargo:rerun-if-env-changed=CXXFLAGS_x86_64-unknown-linux-gnu
[INFO] [stderr]   CXXFLAGS_x86_64-unknown-linux-gnu = None
[INFO] [stderr]   cargo:rerun-if-env-changed=CXX_x86_64-unknown-linux-gnu
[INFO] [stderr]   CXX_x86_64-unknown-linux-gnu = None
[INFO] [stderr]   cargo:rerun-if-env-changed=CXX_x86_64_unknown_linux_gnu
[INFO] [stderr]   CXX_x86_64_unknown_linux_gnu = None
[INFO] [stderr]   cargo:rerun-if-env-changed=HOST_CXX
[INFO] [stderr]   HOST_CXX = None
[INFO] [stderr]   cargo:rerun-if-env-changed=CXX
[INFO] [stderr]   CXX = None
[INFO] [stderr]   cargo:rerun-if-env-changed=CRATE_CC_NO_DEFAULTS
[INFO] [stderr]   CRATE_CC_NO_DEFAULTS = None
[INFO] [stderr]   cargo:rerun-if-env-changed=CXXFLAGS
[INFO] [stderr]   CXXFLAGS = None
[INFO] [stderr]   cargo:rerun-if-env-changed=HOST_CXXFLAGS
[INFO] [stderr]   HOST_CXXFLAGS = None
[INFO] [stderr]   cargo:rerun-if-env-changed=CXXFLAGS_x86_64_unknown_linux_gnu
[INFO] [stderr]   CXXFLAGS_x86_64_unknown_linux_gnu = None
[INFO] [stderr]   cargo:rerun-if-env-changed=CXXFLAGS_x86_64-unknown-linux-gnu
[INFO] [stderr]   CXXFLAGS_x86_64-unknown-linux-gnu = None
[INFO] [stderr]   cargo:rerun-if-env-changed=CXX_x86_64-unknown-linux-gnu
[INFO] [stderr]   CXX_x86_64-unknown-linux-gnu = None
[INFO] [stderr]   cargo:rerun-if-env-changed=CXX_x86_64_unknown_linux_gnu
[INFO] [stderr]   CXX_x86_64_unknown_linux_gnu = None
[INFO] [stderr]   cargo:rerun-if-env-changed=HOST_CXX
[INFO] [stderr]   HOST_CXX = None
[INFO] [stderr]   cargo:rerun-if-env-changed=CXX
[INFO] [stderr]   CXX = None
[INFO] [stderr]   cargo:rerun-if-env-changed=CRATE_CC_NO_DEFAULTS
[INFO] [stderr]   CRATE_CC_NO_DEFAULTS = None
[INFO] [stderr]   cargo:rerun-if-env-changed=CXXFLAGS
[INFO] [stderr]   CXXFLAGS = None
[INFO] [stderr]   cargo:rerun-if-env-changed=HOST_CXXFLAGS
[INFO] [stderr]   HOST_CXXFLAGS = None
[INFO] [stderr]   cargo:rerun-if-env-changed=CXXFLAGS_x86_64_unknown_linux_gnu
[INFO] [stderr]   CXXFLAGS_x86_64_unknown_linux_gnu = None
[INFO] [stderr]   cargo:rerun-if-env-changed=CXXFLAGS_x86_64-unknown-linux-gnu
[INFO] [stderr]   CXXFLAGS_x86_64-unknown-linux-gnu = None
[INFO] [stderr]   cargo:rerun-if-env-changed=CXX_x86_64-unknown-linux-gnu
[INFO] [stderr]   CXX_x86_64-unknown-linux-gnu = None
[INFO] [stderr]   cargo:rerun-if-env-changed=CXX_x86_64_unknown_linux_gnu
[INFO] [stderr]   CXX_x86_64_unknown_linux_gnu = None
[INFO] [stderr]   cargo:rerun-if-env-changed=HOST_CXX
[INFO] [stderr]   HOST_CXX = None
[INFO] [stderr]   cargo:rerun-if-env-changed=CXX
[INFO] [stderr]   CXX = None
[INFO] [stderr]   cargo:rerun-if-env-changed=CRATE_CC_NO_DEFAULTS
[INFO] [stderr]   CRATE_CC_NO_DEFAULTS = None
[INFO] [stderr]   cargo:rerun-if-env-changed=CXXFLAGS
[INFO] [stderr]   CXXFLAGS = None
[INFO] [stderr]   cargo:rerun-if-env-changed=HOST_CXXFLAGS
[INFO] [stderr]   HOST_CXXFLAGS = None
[INFO] [stderr]   cargo:rerun-if-env-changed=CXXFLAGS_x86_64_unknown_linux_gnu
[INFO] [stderr]   CXXFLAGS_x86_64_unknown_linux_gnu = None
[INFO] [stderr]   cargo:rerun-if-env-changed=CXXFLAGS_x86_64-unknown-linux-gnu
[INFO] [stderr]   CXXFLAGS_x86_64-unknown-linux-gnu = None
[INFO] [stderr]   cargo:rerun-if-env-changed=CXX_x86_64-unknown-linux-gnu
[INFO] [stderr]   CXX_x86_64-unknown-linux-gnu = None
[INFO] [stderr]   cargo:rerun-if-env-changed=CXX_x86_64_unknown_linux_gnu
[INFO] [stderr]   CXX_x86_64_unknown_linux_gnu = None
[INFO] [stderr]   cargo:rerun-if-env-changed=HOST_CXX
[INFO] [stderr]   HOST_CXX = None
[INFO] [stderr]   cargo:rerun-if-env-changed=CXX
[INFO] [stderr]   CXX = None
[INFO] [stderr]   cargo:rerun-if-env-changed=CRATE_CC_NO_DEFAULTS
[INFO] [stderr]   CRATE_CC_NO_DEFAULTS = None
[INFO] [stderr]   cargo:rerun-if-env-changed=CXXFLAGS
[INFO] [stderr]   CXXFLAGS = None
[INFO] [stderr]   cargo:rerun-if-env-changed=HOST_CXXFLAGS
[INFO] [stderr]   HOST_CXXFLAGS = None
[INFO] [stderr]   cargo:rerun-if-env-changed=CXXFLAGS_x86_64_unknown_linux_gnu
[INFO] [stderr]   CXXFLAGS_x86_64_unknown_linux_gnu = None
[INFO] [stderr]   cargo:rerun-if-env-changed=CXXFLAGS_x86_64-unknown-linux-gnu
[INFO] [stderr]   CXXFLAGS_x86_64-unknown-linux-gnu = None
[INFO] [stderr]   cargo:rerun-if-env-changed=CXX_x86_64-unknown-linux-gnu
[INFO] [stderr]   CXX_x86_64-unknown-linux-gnu = None
[INFO] [stderr]   cargo:rerun-if-env-changed=CXX_x86_64_unknown_linux_gnu
[INFO] [stderr]   CXX_x86_64_unknown_linux_gnu = None
[INFO] [stderr]   cargo:rerun-if-env-changed=HOST_CXX
[INFO] [stderr]   HOST_CXX = None
[INFO] [stderr]   cargo:rerun-if-env-changed=CXX
[INFO] [stderr]   CXX = None
[INFO] [stderr]   cargo:rerun-if-env-changed=CRATE_CC_NO_DEFAULTS
[INFO] [stderr]   CRATE_CC_NO_DEFAULTS = None
[INFO] [stderr]   cargo:rerun-if-env-changed=CXXFLAGS
[INFO] [stderr]   CXXFLAGS = None
[INFO] [stderr]   cargo:rerun-if-env-changed=HOST_CXXFLAGS
[INFO] [stderr]   HOST_CXXFLAGS = None
[INFO] [stderr]   cargo:rerun-if-env-changed=CXXFLAGS_x86_64_unknown_linux_gnu
[INFO] [stderr]   CXXFLAGS_x86_64_unknown_linux_gnu = None
[INFO] [stderr]   cargo:rerun-if-env-changed=CXXFLAGS_x86_64-unknown-linux-gnu
[INFO] [stderr]   CXXFLAGS_x86_64-unknown-linux-gnu = None
[INFO] [stderr]   cargo:rerun-if-env-changed=CXX_x86_64-unknown-linux-gnu
[INFO] [stderr]   CXX_x86_64-unknown-linux-gnu = None
[INFO] [stderr]   cargo:rerun-if-env-changed=CXX_x86_64_unknown_linux_gnu
[INFO] [stderr]   CXX_x86_64_unknown_linux_gnu = None
[INFO] [stderr]   cargo:rerun-if-env-changed=HOST_CXX
[INFO] [stderr]   HOST_CXX = None
[INFO] [stderr]   cargo:rerun-if-env-changed=CXX
[INFO] [stderr]   CXX = None
[INFO] [stderr]   cargo:rerun-if-env-changed=CRATE_CC_NO_DEFAULTS
[INFO] [stderr]   CRATE_CC_NO_DEFAULTS = None
[INFO] [stderr]   cargo:rerun-if-env-changed=CXXFLAGS
[INFO] [stderr]   CXXFLAGS = None
[INFO] [stderr]   cargo:rerun-if-env-changed=HOST_CXXFLAGS
[INFO] [stderr]   HOST_CXXFLAGS = None
[INFO] [stderr]   cargo:rerun-if-env-changed=CXXFLAGS_x86_64_unknown_linux_gnu
[INFO] [stderr]   CXXFLAGS_x86_64_unknown_linux_gnu = None
[INFO] [stderr]   cargo:rerun-if-env-changed=CXXFLAGS_x86_64-unknown-linux-gnu
[INFO] [stderr]   CXXFLAGS_x86_64-unknown-linux-gnu = None
[INFO] [stderr]   cargo:rerun-if-env-changed=CXX_x86_64-unknown-linux-gnu
[INFO] [stderr]   CXX_x86_64-unknown-linux-gnu = None
[INFO] [stderr]   cargo:rerun-if-env-changed=CXX_x86_64_unknown_linux_gnu
[INFO] [stderr]   CXX_x86_64_unknown_linux_gnu = None
[INFO] [stderr]   cargo:rerun-if-env-changed=HOST_CXX
[INFO] [stderr]   HOST_CXX = None
[INFO] [stderr]   cargo:rerun-if-env-changed=CXX
[INFO] [stderr]   CXX = None
[INFO] [stderr]   cargo:rerun-if-env-changed=CRATE_CC_NO_DEFAULTS
[INFO] [stderr]   CRATE_CC_NO_DEFAULTS = None
[INFO] [stderr]   cargo:rerun-if-env-changed=CXXFLAGS
[INFO] [stderr]   CXXFLAGS = None
[INFO] [stderr]   cargo:rerun-if-env-changed=HOST_CXXFLAGS
[INFO] [stderr]   HOST_CXXFLAGS = None
[INFO] [stderr]   cargo:rerun-if-env-changed=CXXFLAGS_x86_64_unknown_linux_gnu
[INFO] [stderr]   CXXFLAGS_x86_64_unknown_linux_gnu = None
[INFO] [stderr]   cargo:rerun-if-env-changed=CXXFLAGS_x86_64-unknown-linux-gnu
[INFO] [stderr]   CXXFLAGS_x86_64-unknown-linux-gnu = None
[INFO] [stderr]   cargo:rerun-if-env-changed=CXX_x86_64-unknown-linux-gnu
[INFO] [stderr]   CXX_x86_64-unknown-linux-gnu = None
[INFO] [stderr]   cargo:rerun-if-env-changed=CXX_x86_64_unknown_linux_gnu
[INFO] [stderr]   CXX_x86_64_unknown_linux_gnu = None
[INFO] [stderr]   cargo:rerun-if-env-changed=HOST_CXX
[INFO] [stderr]   HOST_CXX = None
[INFO] [stderr]   cargo:rerun-if-env-changed=CXX
[INFO] [stderr]   CXX = None
[INFO] [stderr]   cargo:rerun-if-env-changed=CRATE_CC_NO_DEFAULTS
[INFO] [stderr]   CRATE_CC_NO_DEFAULTS = None
[INFO] [stderr]   cargo:rerun-if-env-changed=CXXFLAGS
[INFO] [stderr]   CXXFLAGS = None
[INFO] [stderr]   cargo:rerun-if-env-changed=HOST_CXXFLAGS
[INFO] [stderr]   HOST_CXXFLAGS = None
[INFO] [stderr]   cargo:rerun-if-env-changed=CXXFLAGS_x86_64_unknown_linux_gnu
[INFO] [stderr]   CXXFLAGS_x86_64_unknown_linux_gnu = None
[INFO] [stderr]   cargo:rerun-if-env-changed=CXXFLAGS_x86_64-unknown-linux-gnu
[INFO] [stderr]   CXXFLAGS_x86_64-unknown-linux-gnu = None
[INFO] [stderr]   cargo:rerun-if-env-changed=CXX_x86_64-unknown-linux-gnu
[INFO] [stderr]   CXX_x86_64-unknown-linux-gnu = None
[INFO] [stderr]   cargo:rerun-if-env-changed=CXX_x86_64_unknown_linux_gnu
[INFO] [stderr]   CXX_x86_64_unknown_linux_gnu = None
[INFO] [stderr]   cargo:rerun-if-env-changed=HOST_CXX
[INFO] [stderr]   HOST_CXX = None
[INFO] [stderr]   cargo:rerun-if-env-changed=CXX
[INFO] [stderr]   CXX = None
[INFO] [stderr]   cargo:rerun-if-env-changed=CRATE_CC_NO_DEFAULTS
[INFO] [stderr]   CRATE_CC_NO_DEFAULTS = None
[INFO] [stderr]   cargo:rerun-if-env-changed=CXXFLAGS
[INFO] [stderr]   CXXFLAGS = None
[INFO] [stderr]   cargo:rerun-if-env-changed=HOST_CXXFLAGS
[INFO] [stderr]   HOST_CXXFLAGS = None
[INFO] [stderr]   cargo:rerun-if-env-changed=CXXFLAGS_x86_64_unknown_linux_gnu
[INFO] [stderr]   CXXFLAGS_x86_64_unknown_linux_gnu = None
[INFO] [stderr]   cargo:rerun-if-env-changed=CXXFLAGS_x86_64-unknown-linux-gnu
[INFO] [stderr]   CXXFLAGS_x86_64-unknown-linux-gnu = None
[INFO] [stderr]   cargo:rerun-if-env-changed=CXX_x86_64-unknown-linux-gnu
[INFO] [stderr]   CXX_x86_64-unknown-linux-gnu = None
[INFO] [stderr]   cargo:rerun-if-env-changed=CXX_x86_64_unknown_linux_gnu
[INFO] [stderr]   CXX_x86_64_unknown_linux_gnu = None
[INFO] [stderr]   cargo:rerun-if-env-changed=HOST_CXX
[INFO] [stderr]   HOST_CXX = None
[INFO] [stderr]   cargo:rerun-if-env-changed=CXX
[INFO] [stderr]   CXX = None
[INFO] [stderr]   cargo:rerun-if-env-changed=CRATE_CC_NO_DEFAULTS
[INFO] [stderr]   CRATE_CC_NO_DEFAULTS = None
[INFO] [stderr]   cargo:rerun-if-env-changed=CXXFLAGS
[INFO] [stderr]   CXXFLAGS = None
[INFO] [stderr]   cargo:rerun-if-env-changed=HOST_CXXFLAGS
[INFO] [stderr]   HOST_CXXFLAGS = None
[INFO] [stderr]   cargo:rerun-if-env-changed=CXXFLAGS_x86_64_unknown_linux_gnu
[INFO] [stderr]   CXXFLAGS_x86_64_unknown_linux_gnu = None
[INFO] [stderr]   cargo:rerun-if-env-changed=CXXFLAGS_x86_64-unknown-linux-gnu
[INFO] [stderr]   CXXFLAGS_x86_64-unknown-linux-gnu = None
[INFO] [stderr]   cargo:rerun-if-env-changed=CXX_x86_64-unknown-linux-gnu
[INFO] [stderr]   CXX_x86_64-unknown-linux-gnu = None
[INFO] [stderr]   cargo:rerun-if-env-changed=CXX_x86_64_unknown_linux_gnu
[INFO] [stderr]   CXX_x86_64_unknown_linux_gnu = None
[INFO] [stderr]   cargo:rerun-if-env-changed=HOST_CXX
[INFO] [stderr]   HOST_CXX = None
[INFO] [stderr]   cargo:rerun-if-env-changed=CXX
[INFO] [stderr]   CXX = None
[INFO] [stderr]   cargo:rerun-if-env-changed=CRATE_CC_NO_DEFAULTS
[INFO] [stderr]   CRATE_CC_NO_DEFAULTS = None
[INFO] [stderr]   cargo:rerun-if-env-changed=CXXFLAGS
[INFO] [stderr]   CXXFLAGS = None
[INFO] [stderr]   cargo:rerun-if-env-changed=HOST_CXXFLAGS
[INFO] [stderr]   HOST_CXXFLAGS = None
[INFO] [stderr]   cargo:rerun-if-env-changed=CXXFLAGS_x86_64_unknown_linux_gnu
[INFO] [stderr]   CXXFLAGS_x86_64_unknown_linux_gnu = None
[INFO] [stderr]   cargo:rerun-if-env-changed=CXXFLAGS_x86_64-unknown-linux-gnu
[INFO] [stderr]   CXXFLAGS_x86_64-unknown-linux-gnu = None
[INFO] [stderr]   cargo:rerun-if-env-changed=CXX_x86_64-unknown-linux-gnu
[INFO] [stderr]   CXX_x86_64-unknown-linux-gnu = None
[INFO] [stderr]   cargo:rerun-if-env-changed=CXX_x86_64_unknown_linux_gnu
[INFO] [stderr]   CXX_x86_64_unknown_linux_gnu = None
[INFO] [stderr]   cargo:rerun-if-env-changed=HOST_CXX
[INFO] [stderr]   HOST_CXX = None
[INFO] [stderr]   cargo:rerun-if-env-changed=CXX
[INFO] [stderr]   CXX = None
[INFO] [stderr]   cargo:rerun-if-env-changed=CRATE_CC_NO_DEFAULTS
[INFO] [stderr]   CRATE_CC_NO_DEFAULTS = None
[INFO] [stderr]   cargo:rerun-if-env-changed=CXXFLAGS
[INFO] [stderr]   CXXFLAGS = None
[INFO] [stderr]   cargo:rerun-if-env-changed=HOST_CXXFLAGS
[INFO] [stderr]   HOST_CXXFLAGS = None
[INFO] [stderr]   cargo:rerun-if-env-changed=CXXFLAGS_x86_64_unknown_linux_gnu
[INFO] [stderr]   CXXFLAGS_x86_64_unknown_linux_gnu = None
[INFO] [stderr]   cargo:rerun-if-env-changed=CXXFLAGS_x86_64-unknown-linux-gnu
[INFO] [stderr]   CXXFLAGS_x86_64-unknown-linux-gnu = None
[INFO] [stderr]   cargo:rerun-if-env-changed=CXX_x86_64-unknown-linux-gnu
[INFO] [stderr]   CXX_x86_64-unknown-linux-gnu = None
[INFO] [stderr]   cargo:rerun-if-env-changed=CXX_x86_64_unknown_linux_gnu
[INFO] [stderr]   CXX_x86_64_unknown_linux_gnu = None
[INFO] [stderr]   cargo:rerun-if-env-changed=HOST_CXX
[INFO] [stderr]   HOST_CXX = None
[INFO] [stderr]   cargo:rerun-if-env-changed=CXX
[INFO] [stderr]   CXX = None
[INFO] [stderr]   cargo:rerun-if-env-changed=CRATE_CC_NO_DEFAULTS
[INFO] [stderr]   CRATE_CC_NO_DEFAULTS = None
[INFO] [stderr]   cargo:rerun-if-env-changed=CXXFLAGS
[INFO] [stderr]   CXXFLAGS = None
[INFO] [stderr]   cargo:rerun-if-env-changed=HOST_CXXFLAGS
[INFO] [stderr]   HOST_CXXFLAGS = None
[INFO] [stderr]   cargo:rerun-if-env-changed=CXXFLAGS_x86_64_unknown_linux_gnu
[INFO] [stderr]   CXXFLAGS_x86_64_unknown_linux_gnu = None
[INFO] [stderr]   cargo:rerun-if-env-changed=CXXFLAGS_x86_64-unknown-linux-gnu
[INFO] [stderr]   CXXFLAGS_x86_64-unknown-linux-gnu = None
[INFO] [stderr]   cargo:rerun-if-env-changed=CXX_x86_64-unknown-linux-gnu
[INFO] [stderr]   CXX_x86_64-unknown-linux-gnu = None
[INFO] [stderr]   cargo:rerun-if-env-changed=CXX_x86_64_unknown_linux_gnu
[INFO] [stderr]   CXX_x86_64_unknown_linux_gnu = None
[INFO] [stderr]   cargo:rerun-if-env-changed=HOST_CXX
[INFO] [stderr]   HOST_CXX = None
[INFO] [stderr]   cargo:rerun-if-env-changed=CXX
[INFO] [stderr]   CXX = None
[INFO] [stderr]   cargo:rerun-if-env-changed=CRATE_CC_NO_DEFAULTS
[INFO] [stderr]   CRATE_CC_NO_DEFAULTS = None
[INFO] [stderr]   cargo:rerun-if-env-changed=CXXFLAGS
[INFO] [stderr]   CXXFLAGS = None
[INFO] [stderr]   cargo:rerun-if-env-changed=HOST_CXXFLAGS
[INFO] [stderr]   HOST_CXXFLAGS = None
[INFO] [stderr]   cargo:rerun-if-env-changed=CXXFLAGS_x86_64_unknown_linux_gnu
[INFO] [stderr]   CXXFLAGS_x86_64_unknown_linux_gnu = None
[INFO] [stderr]   cargo:rerun-if-env-changed=CXXFLAGS_x86_64-unknown-linux-gnu
[INFO] [stderr]   CXXFLAGS_x86_64-unknown-linux-gnu = None
[INFO] [stderr]   exit status: 0
[INFO] [stderr]   exit status: 0
[INFO] [stderr]   exit status: 0
[INFO] [stderr]   exit status: 0
[INFO] [stderr]   exit status: 0
[INFO] [stderr]   exit status: 0
[INFO] [stderr]   exit status: 0
[INFO] [stderr]   exit status: 0
[INFO] [stderr]   cargo:rerun-if-env-changed=CXX_x86_64-unknown-linux-gnu
[INFO] [stderr]   CXX_x86_64-unknown-linux-gnu = None
[INFO] [stderr]   cargo:rerun-if-env-changed=CXX_x86_64_unknown_linux_gnu
[INFO] [stderr]   CXX_x86_64_unknown_linux_gnu = None
[INFO] [stderr]   cargo:rerun-if-env-changed=HOST_CXX
[INFO] [stderr]   HOST_CXX = None
[INFO] [stderr]   cargo:rerun-if-env-changed=CXX
[INFO] [stderr]   CXX = None
[INFO] [stderr]   cargo:rerun-if-env-changed=CRATE_CC_NO_DEFAULTS
[INFO] [stderr]   CRATE_CC_NO_DEFAULTS = None
[INFO] [stderr]   cargo:rerun-if-env-changed=CXXFLAGS
[INFO] [stderr]   CXXFLAGS = None
[INFO] [stderr]   cargo:rerun-if-env-changed=HOST_CXXFLAGS
[INFO] [stderr]   HOST_CXXFLAGS = None
[INFO] [stderr]   cargo:rerun-if-env-changed=CXXFLAGS_x86_64_unknown_linux_gnu
[INFO] [stderr]   CXXFLAGS_x86_64_unknown_linux_gnu = None
[INFO] [stderr]   cargo:rerun-if-env-changed=CXXFLAGS_x86_64-unknown-linux-gnu
[INFO] [stderr]   CXXFLAGS_x86_64-unknown-linux-gnu = None
[INFO] [stderr]   cargo:rerun-if-env-changed=CXX_x86_64-unknown-linux-gnu
[INFO] [stderr]   CXX_x86_64-unknown-linux-gnu = None
[INFO] [stderr]   cargo:rerun-if-env-changed=CXX_x86_64_unknown_linux_gnu
[INFO] [stderr]   CXX_x86_64_unknown_linux_gnu = None
[INFO] [stderr]   cargo:rerun-if-env-changed=HOST_CXX
[INFO] [stderr]   HOST_CXX = None
[INFO] [stderr]   cargo:rerun-if-env-changed=CXX
[INFO] [stderr]   CXX = None
[INFO] [stderr]   cargo:rerun-if-env-changed=CRATE_CC_NO_DEFAULTS
[INFO] [stderr]   CRATE_CC_NO_DEFAULTS = None
[INFO] [stderr]   cargo:rerun-if-env-changed=CXXFLAGS
[INFO] [stderr]   CXXFLAGS = None
[INFO] [stderr]   cargo:rerun-if-env-changed=HOST_CXXFLAGS
[INFO] [stderr]   HOST_CXXFLAGS = None
[INFO] [stderr]   cargo:rerun-if-env-changed=CXXFLAGS_x86_64_unknown_linux_gnu
[INFO] [stderr]   CXXFLAGS_x86_64_unknown_linux_gnu = None
[INFO] [stderr]   cargo:rerun-if-env-changed=CXXFLAGS_x86_64-unknown-linux-gnu
[INFO] [stderr]   CXXFLAGS_x86_64-unknown-linux-gnu = None
[INFO] [stderr]   cargo:rerun-if-env-changed=CXX_x86_64-unknown-linux-gnu
[INFO] [stderr]   CXX_x86_64-unknown-linux-gnu = None
[INFO] [stderr]   cargo:rerun-if-env-changed=CXX_x86_64_unknown_linux_gnu
[INFO] [stderr]   CXX_x86_64_unknown_linux_gnu = None
[INFO] [stderr]   cargo:rerun-if-env-changed=HOST_CXX
[INFO] [stderr]   HOST_CXX = None
[INFO] [stderr]   cargo:rerun-if-env-changed=CXX
[INFO] [stderr]   CXX = None
[INFO] [stderr]   cargo:rerun-if-env-changed=CRATE_CC_NO_DEFAULTS
[INFO] [stderr]   CRATE_CC_NO_DEFAULTS = None
[INFO] [stderr]   cargo:rerun-if-env-changed=CXXFLAGS
[INFO] [stderr]   CXXFLAGS = None
[INFO] [stderr]   cargo:rerun-if-env-changed=HOST_CXXFLAGS
[INFO] [stderr]   HOST_CXXFLAGS = None
[INFO] [stderr]   cargo:rerun-if-env-changed=CXXFLAGS_x86_64_unknown_linux_gnu
[INFO] [stderr]   CXXFLAGS_x86_64_unknown_linux_gnu = None
[INFO] [stderr]   cargo:rerun-if-env-changed=CXXFLAGS_x86_64-unknown-linux-gnu
[INFO] [stderr]   CXXFLAGS_x86_64-unknown-linux-gnu = None
[INFO] [stderr]   cargo:rerun-if-env-changed=CXX_x86_64-unknown-linux-gnu
[INFO] [stderr]   CXX_x86_64-unknown-linux-gnu = None
[INFO] [stderr]   cargo:rerun-if-env-changed=CXX_x86_64_unknown_linux_gnu
[INFO] [stderr]   CXX_x86_64_unknown_linux_gnu = None
[INFO] [stderr]   cargo:rerun-if-env-changed=HOST_CXX
[INFO] [stderr]   HOST_CXX = None
[INFO] [stderr]   cargo:rerun-if-env-changed=CXX
[INFO] [stderr]   CXX = None
[INFO] [stderr]   cargo:rerun-if-env-changed=CRATE_CC_NO_DEFAULTS
[INFO] [stderr]   CRATE_CC_NO_DEFAULTS = None
[INFO] [stderr]   cargo:rerun-if-env-changed=CXXFLAGS
[INFO] [stderr]   CXXFLAGS = None
[INFO] [stderr]   cargo:rerun-if-env-changed=HOST_CXXFLAGS
[INFO] [stderr]   HOST_CXXFLAGS = None
[INFO] [stderr]   cargo:rerun-if-env-changed=CXXFLAGS_x86_64_unknown_linux_gnu
[INFO] [stderr]   CXXFLAGS_x86_64_unknown_linux_gnu = None
[INFO] [stderr]   cargo:rerun-if-env-changed=CXXFLAGS_x86_64-unknown-linux-gnu
[INFO] [stderr]   CXXFLAGS_x86_64-unknown-linux-gnu = None
[INFO] [stderr]   cargo:rerun-if-env-changed=CXX_x86_64-unknown-linux-gnu
[INFO] [stderr]   CXX_x86_64-unknown-linux-gnu = None
[INFO] [stderr]   cargo:rerun-if-env-changed=CXX_x86_64_unknown_linux_gnu
[INFO] [stderr]   CXX_x86_64_unknown_linux_gnu = None
[INFO] [stderr]   cargo:rerun-if-env-changed=HOST_CXX
[INFO] [stderr]   HOST_CXX = None
[INFO] [stderr]   cargo:rerun-if-env-changed=CXX
[INFO] [stderr]   CXX = None
[INFO] [stderr]   cargo:rerun-if-env-changed=CRATE_CC_NO_DEFAULTS
[INFO] [stderr]   CRATE_CC_NO_DEFAULTS = None
[INFO] [stderr]   cargo:rerun-if-env-changed=CXXFLAGS
[INFO] [stderr]   CXXFLAGS = None
[INFO] [stderr]   cargo:rerun-if-env-changed=HOST_CXXFLAGS
[INFO] [stderr]   HOST_CXXFLAGS = None
[INFO] [stderr]   cargo:rerun-if-env-changed=CXXFLAGS_x86_64_unknown_linux_gnu
[INFO] [stderr]   CXXFLAGS_x86_64_unknown_linux_gnu = None
[INFO] [stderr]   cargo:rerun-if-env-changed=CXXFLAGS_x86_64-unknown-linux-gnu
[INFO] [stderr]   CXXFLAGS_x86_64-unknown-linux-gnu = None
[INFO] [stderr]   cargo:rerun-if-env-changed=CXX_x86_64-unknown-linux-gnu
[INFO] [stderr]   CXX_x86_64-unknown-linux-gnu = None
[INFO] [stderr]   cargo:rerun-if-env-changed=CXX_x86_64_unknown_linux_gnu
[INFO] [stderr]   CXX_x86_64_unknown_linux_gnu = None
[INFO] [stderr]   cargo:rerun-if-env-changed=HOST_CXX
[INFO] [stderr]   HOST_CXX = None
[INFO] [stderr]   cargo:rerun-if-env-changed=CXX
[INFO] [stderr]   CXX = None
[INFO] [stderr]   cargo:rerun-if-env-changed=CRATE_CC_NO_DEFAULTS
[INFO] [stderr]   CRATE_CC_NO_DEFAULTS = None
[INFO] [stderr]   cargo:rerun-if-env-changed=CXXFLAGS
[INFO] [stderr]   CXXFLAGS = None
[INFO] [stderr]   cargo:rerun-if-env-changed=HOST_CXXFLAGS
[INFO] [stderr]   HOST_CXXFLAGS = None
[INFO] [stderr]   cargo:rerun-if-env-changed=CXXFLAGS_x86_64_unknown_linux_gnu
[INFO] [stderr]   CXXFLAGS_x86_64_unknown_linux_gnu = None
[INFO] [stderr]   cargo:rerun-if-env-changed=CXXFLAGS_x86_64-unknown-linux-gnu
[INFO] [stderr]   CXXFLAGS_x86_64-unknown-linux-gnu = None
[INFO] [stderr]   cargo:rerun-if-env-changed=CXX_x86_64-unknown-linux-gnu
[INFO] [stderr]   CXX_x86_64-unknown-linux-gnu = None
[INFO] [stderr]   cargo:rerun-if-env-changed=CXX_x86_64_unknown_linux_gnu
[INFO] [stderr]   CXX_x86_64_unknown_linux_gnu = None
[INFO] [stderr]   cargo:rerun-if-env-changed=HOST_CXX
[INFO] [stderr]   HOST_CXX = None
[INFO] [stderr]   cargo:rerun-if-env-changed=CXX
[INFO] [stderr]   CXX = None
[INFO] [stderr]   cargo:rerun-if-env-changed=CRATE_CC_NO_DEFAULTS
[INFO] [stderr]   CRATE_CC_NO_DEFAULTS = None
[INFO] [stderr]   cargo:rerun-if-env-changed=CXXFLAGS
[INFO] [stderr]   CXXFLAGS = None
[INFO] [stderr]   cargo:rerun-if-env-changed=HOST_CXXFLAGS
[INFO] [stderr]   HOST_CXXFLAGS = None
[INFO] [stderr]   cargo:rerun-if-env-changed=CXXFLAGS_x86_64_unknown_linux_gnu
[INFO] [stderr]   CXXFLAGS_x86_64_unknown_linux_gnu = None
[INFO] [stderr]   cargo:rerun-if-env-changed=CXXFLAGS_x86_64-unknown-linux-gnu
[INFO] [stderr]   CXXFLAGS_x86_64-unknown-linux-gnu = None
[INFO] [stderr]   cargo:rerun-if-env-changed=CXX_x86_64-unknown-linux-gnu
[INFO] [stderr]   CXX_x86_64-unknown-linux-gnu = None
[INFO] [stderr]   cargo:rerun-if-env-changed=CXX_x86_64_unknown_linux_gnu
[INFO] [stderr]   CXX_x86_64_unknown_linux_gnu = None
[INFO] [stderr]   cargo:rerun-if-env-changed=HOST_CXX
[INFO] [stderr]   HOST_CXX = None
[INFO] [stderr]   cargo:rerun-if-env-changed=CXX
[INFO] [stderr]   CXX = None
[INFO] [stderr]   cargo:rerun-if-env-changed=CRATE_CC_NO_DEFAULTS
[INFO] [stderr]   CRATE_CC_NO_DEFAULTS = None
[INFO] [stderr]   cargo:rerun-if-env-changed=CXXFLAGS
[INFO] [stderr]   CXXFLAGS = None
[INFO] [stderr]   cargo:rerun-if-env-changed=HOST_CXXFLAGS
[INFO] [stderr]   HOST_CXXFLAGS = None
[INFO] [stderr]   cargo:rerun-if-env-changed=CXXFLAGS_x86_64_unknown_linux_gnu
[INFO] [stderr]   CXXFLAGS_x86_64_unknown_linux_gnu = None
[INFO] [stderr]   cargo:rerun-if-env-changed=CXXFLAGS_x86_64-unknown-linux-gnu
[INFO] [stderr]   CXXFLAGS_x86_64-unknown-linux-gnu = None
[INFO] [stderr]   cargo:warning=c++: fatal error: Killed signal terminated program cc1plus
[INFO] [stderr]   cargo:warning=compilation terminated.
[INFO] [stderr]   exit status: 0
[INFO] [stderr]   exit status: 0
[INFO] [stderr]   exit status: 0
[INFO] [stderr]   exit status: 0
[INFO] [stderr]   exit status: 1
[INFO] [stderr]   cargo:warning=ToolExecError: command did not execute successfully (status code exit status: 1): LC_ALL="C" "c++" "-O0" "-ffunction-sections" "-fdata-sections" "-fPIC" "-g" "-gdwarf-4" "-fno-omit-frame-pointer" "-mno-omit-leaf-frame-pointer" "-m64" "-std=c++17" "-w" "-o" "/opt/rustwide/target/debug/build/libfuzzer-sys/90bf2f9f08838deb/out/e5f0d71fb86e9d6b-FuzzerMerge.o" "-c" "libfuzzer/FuzzerMerge.cpp"cargo:warning=c++: fatal error: Killed signal terminated program cc1plus
[INFO] [stderr]   cargo:warning=compilation terminated.
[INFO] [stderr] 
[INFO] [stderr]   exit status: 0
[INFO] [stderr]   exit status: 1
[INFO] [stderr]   cargo:warning=ToolExecError: command did not execute successfully (status code exit status: 1): LC_ALL="C" "c++" "-O0" "-ffunction-sections" "-fdata-sections" "-fPIC" "-g" "-gdwarf-4" "-fno-omit-frame-pointer" "-mno-omit-leaf-frame-pointer" "-m64" "-std=c++17" "-w" "-o" "/opt/rustwide/target/debug/build/libfuzzer-sys/90bf2f9f08838deb/out/e5f0d71fb86e9d6b-FuzzerDriver.o" "-c" "libfuzzer/FuzzerDriver.cpp"cargo:warning=c++: fatal error: Killed signal terminated program cc1plus
[INFO] [stderr]   cargo:warning=compilation terminated.
[INFO] [stderr] 
[INFO] [stderr]   exit status: 1
[INFO] [stderr]   cargo:warning=ToolExecError: command did not execute successfully (status code exit status: 1): LC_ALL="C" "c++" "-O0" "-ffunction-sections" "-fdata-sections" "-fPIC" "-g" "-gdwarf-4" "-fno-omit-frame-pointer" "-mno-omit-leaf-frame-pointer" "-m64" "-std=c++17" "-w" "-o" "/opt/rustwide/target/debug/build/libfuzzer-sys/90bf2f9f08838deb/out/e5f0d71fb86e9d6b-FuzzerTracePC.o" "-c" "libfuzzer/FuzzerTracePC.cpp"cargo:warning=c++: fatal error: Killed signal terminated program cc1plus
[INFO] [stderr]   cargo:warning=compilation terminated.
[INFO] [stderr] 
[INFO] [stderr]   exit status: 1
[INFO] [stderr]   cargo:warning=ToolExecError: command did not execute successfully (status code exit status: 1): LC_ALL="C" "c++" "-O0" "-ffunction-sections" "-fdata-sections" "-fPIC" "-g" "-gdwarf-4" "-fno-omit-frame-pointer" "-mno-omit-leaf-frame-pointer" "-m64" "-std=c++17" "-w" "-o" "/opt/rustwide/target/debug/build/libfuzzer-sys/90bf2f9f08838deb/out/e5f0d71fb86e9d6b-FuzzerFork.o" "-c" "libfuzzer/FuzzerFork.cpp"
[INFO] [stderr]   exit status: 0
[INFO] [stderr]   exit status: 0
[INFO] [stderr]   exit status: 0
[INFO] [stderr]   exit status: 0
[INFO] [stderr]   exit status: 0
[INFO] [stderr]   exit status: 0
[INFO] [stderr]   exit status: 0
[INFO] [stderr]   exit status: 0
[INFO] [stderr]   exit status: 0
[INFO] [stderr] 
[INFO] [stderr]   --- stderr
[INFO] [stderr] 
[INFO] [stderr] 
[INFO] [stderr]   error occurred in cc-rs: command did not execute successfully (status code exit status: 1): LC_ALL="C" "c++" "-O0" "-ffunction-sections" "-fdata-sections" "-fPIC" "-g" "-gdwarf-4" "-fno-omit-frame-pointer" "-mno-omit-leaf-frame-pointer" "-m64" "-std=c++17" "-w" "-o" "/opt/rustwide/target/debug/build/libfuzzer-sys/90bf2f9f08838deb/out/e5f0d71fb86e9d6b-FuzzerFork.o" "-c" "libfuzzer/FuzzerFork.cpp"
[INFO] [stderr] 
[INFO] [stderr] 
[INFO] running `Command { std: "docker" "inspect" "2c2d31839ddbccf3c574b31ce8e6b3e355f291e5f34245f6e8b8e2cf3bd86106", kill_on_drop: false }`
[INFO] running `Command { std: "docker" "rm" "-f" "2c2d31839ddbccf3c574b31ce8e6b3e355f291e5f34245f6e8b8e2cf3bd86106", kill_on_drop: false }`
[INFO] [stdout] 2c2d31839ddbccf3c574b31ce8e6b3e355f291e5f34245f6e8b8e2cf3bd86106
