[INFO] cloning repository https://github.com/grandpajoe1980/nms
[INFO] running `Command { std: "git" "-c" "credential.helper=" "-c" "credential.helper=/workspace/cargo-home/bin/git-credential-null" "clone" "--bare" "https://github.com/grandpajoe1980/nms" "/workspace/cache/git-repos/https%3A%2F%2Fgithub.com%2Fgrandpajoe1980%2Fnms", kill_on_drop: false }`
[INFO] [stderr] Cloning into bare repository '/workspace/cache/git-repos/https%3A%2F%2Fgithub.com%2Fgrandpajoe1980%2Fnms'...
[INFO] running `Command { std: "git" "rev-parse" "HEAD", kill_on_drop: false }`
[INFO] [stdout] 12ee6cd42b7f656beba26dba77713f6d1e542407
[INFO] checking grandpajoe1980/nms against 3154cc1a3e6424e44f438a95007d043ed5ceaaf6 for pr-133502-30
[INFO] running `Command { std: "git" "clone" "/workspace/cache/git-repos/https%3A%2F%2Fgithub.com%2Fgrandpajoe1980%2Fnms" "/workspace/builds/worker-5-tc2/source", kill_on_drop: false }`
[INFO] [stderr] Cloning into '/workspace/builds/worker-5-tc2/source'...
[INFO] [stderr] done.
[INFO] started tweaking git repo https://github.com/grandpajoe1980/nms
[INFO] finished tweaking git repo https://github.com/grandpajoe1980/nms
[INFO] tweaked toml for git repo https://github.com/grandpajoe1980/nms written to /workspace/builds/worker-5-tc2/source/Cargo.toml
[INFO] validating manifest of git repo https://github.com/grandpajoe1980/nms on toolchain 3154cc1a3e6424e44f438a95007d043ed5ceaaf6
[INFO] running `Command { std: CARGO_HOME="/workspace/cargo-home" RUSTUP_HOME="/workspace/rustup-home" "/workspace/cargo-home/bin/cargo" "+3154cc1a3e6424e44f438a95007d043ed5ceaaf6" "metadata" "--manifest-path" "Cargo.toml" "--no-deps", kill_on_drop: false }`
[INFO] crate git repo https://github.com/grandpajoe1980/nms already has a lockfile, it will not be regenerated
[INFO] running `Command { std: CARGO_HOME="/workspace/cargo-home" RUSTUP_HOME="/workspace/rustup-home" "/workspace/cargo-home/bin/cargo" "+3154cc1a3e6424e44f438a95007d043ed5ceaaf6" "fetch" "--manifest-path" "Cargo.toml", kill_on_drop: false }`
[INFO] running `Command { std: "docker" "create" "-v" "/var/lib/crater-agent-workspace/builds/worker-5-tc2/source:/opt/rustwide/workdir:ro,Z" "-v" "/var/lib/crater-agent-workspace/builds/worker-5-tc2/target:/opt/rustwide/target:rw,Z" "-v" "/var/lib/crater-agent-workspace/cargo-home:/opt/rustwide/cargo-home:ro,Z" "-v" "/var/lib/crater-agent-workspace/rustup-home:/opt/rustwide/rustup-home:ro,Z" "-m" "1610612736" "--network" "none" "ghcr.io/rust-lang/crates-build-env/linux@sha256:77db811e55d90add9212f6832c23229e3de5f1c1f9905e8cb07319ea15df73ac" "sleep" "infinity", kill_on_drop: false }`
[INFO] [stdout] 983ad8dc30d00970a80a08ffdeec4b68f943eeab2da7b34b0752048b7933bfcc
[INFO] running `Command { std: "docker" "start" "983ad8dc30d00970a80a08ffdeec4b68f943eeab2da7b34b0752048b7933bfcc", kill_on_drop: false }`
[INFO] running `Command { std: "docker" "inspect" "983ad8dc30d00970a80a08ffdeec4b68f943eeab2da7b34b0752048b7933bfcc", kill_on_drop: false }`
[INFO] running `Command { std: "docker" "exec" "-e" "SOURCE_DIR=/opt/rustwide/workdir" "-e" "CARGO_HOME=/opt/rustwide/cargo-home" "-e" "RUSTUP_HOME=/opt/rustwide/rustup-home" "-e" "CARGO_TARGET_DIR=/opt/rustwide/target" "-w" "/opt/rustwide/workdir" "--user" "0:0" "983ad8dc30d00970a80a08ffdeec4b68f943eeab2da7b34b0752048b7933bfcc" "/opt/rustwide/cargo-home/bin/cargo" "+3154cc1a3e6424e44f438a95007d043ed5ceaaf6" "metadata" "--no-deps" "--format-version=1", kill_on_drop: false }`
[INFO] running `Command { std: "docker" "inspect" "983ad8dc30d00970a80a08ffdeec4b68f943eeab2da7b34b0752048b7933bfcc", kill_on_drop: false }`
[INFO] running `Command { std: "docker" "exec" "-e" "SOURCE_DIR=/opt/rustwide/workdir" "-e" "CARGO_HOME=/opt/rustwide/cargo-home" "-e" "RUSTUP_HOME=/opt/rustwide/rustup-home" "-e" "CARGO_TARGET_DIR=/opt/rustwide/target" "-e" "CARGO_INCREMENTAL=0" "-e" "RUST_BACKTRACE=full" "-e" "RUSTFLAGS=--cap-lints=forbid" "-e" "RUSTDOCFLAGS=--cap-lints=forbid" "-w" "/opt/rustwide/workdir" "--user" "0:0" "983ad8dc30d00970a80a08ffdeec4b68f943eeab2da7b34b0752048b7933bfcc" "/opt/rustwide/cargo-home/bin/cargo" "+3154cc1a3e6424e44f438a95007d043ed5ceaaf6" "check" "--frozen" "--all" "--all-targets" "--message-format=json", kill_on_drop: false }`
[INFO] [stderr]    Compiling getrandom v0.4.3
[INFO] [stderr]     Checking smallvec v1.15.2
[INFO] [stderr]    Compiling syn v3.0.3
[INFO] [stderr]    Compiling syn v2.0.119
[INFO] [stderr]     Checking inout v0.2.2
[INFO] [stderr]    Compiling libsqlite3-sys v0.30.1
[INFO] [stderr]     Checking ring v0.17.14
[INFO] [stderr]     Checking ahash v0.8.12
[INFO] [stderr]     Checking digest v0.10.7
[INFO] [stderr]     Checking form_urlencoded v1.2.2
[INFO] [stderr]    Compiling rustls v0.23.43
[INFO] [stderr]     Checking password-hash v0.5.0
[INFO] [stderr]     Checking chrono v0.4.45
[INFO] [stderr]     Checking dns-lookup v2.1.1
[INFO] [stderr]     Checking collector-snmp v0.2.0 (/opt/rustwide/workdir/crates/collector-snmp)
[INFO] [stderr]     Checking if-addrs v0.13.4
[INFO] [stderr]     Checking socket2 v0.5.10
[INFO] [stderr]     Checking clap_builder v4.6.6
[INFO] [stderr]     Checking hashbrown v0.14.5
[INFO] [stderr]     Checking crypto-common v0.2.2
[INFO] [stderr]     Checking tempfile v3.27.0
[INFO] [stderr]     Checking blake2 v0.10.6
[INFO] [stderr]     Checking sha2 v0.10.9
[INFO] [stderr]     Checking argon2 v0.5.3
[INFO] [stderr]     Checking hashlink v0.9.1
[INFO] [stderr]     Checking universal-hash v0.6.1
[INFO] [stderr]     Checking cipher v0.5.2
[INFO] [stderr]     Checking aead v0.6.1
[INFO] [stderr]     Checking poly1305 v0.9.1
[INFO] [stderr]     Checking chacha20 v0.10.1
[INFO] [stderr]     Checking chacha20poly1305 v0.11.0
[INFO] [stderr]     Checking rustls-webpki v0.103.15
[INFO] [stderr]    Compiling synstructure v0.13.2
[INFO] [stderr]    Compiling zerofrom-derive v0.1.7
[INFO] [stderr]    Compiling yoke-derive v0.8.2
[INFO] [stderr]     Checking zerofrom v0.1.8
[INFO] [stderr]     Checking yoke v0.8.3
[INFO] [stderr]    Compiling zerovec-derive v0.11.6
[INFO] [stderr]    Compiling displaydoc v0.2.7
[INFO] [stderr]    Compiling serde_derive v1.0.229
[INFO] [stderr]    Compiling clap_derive v4.6.4
[INFO] [stderr]     Checking zerotrie v0.2.5
[INFO] [stderr]     Checking zerovec v0.11.8
[INFO] [stderr]     Checking clap v4.6.6
[INFO] [stderr]     Checking tinystr v0.8.4
[INFO] [stderr]     Checking potential_utf v0.1.6
[INFO] [stderr]     Checking icu_collections v2.3.0
[INFO] [stderr]     Checking icu_locale_core v2.3.0
[INFO] [stderr]     Checking serde v1.0.229
[INFO] [stderr]     Checking ipnet v2.12.1
[INFO] [stderr]     Checking serde_yaml v0.9.34+deprecated
[INFO] [stderr]     Checking icu_provider v2.3.1
[INFO] [stderr]     Checking icu_properties v2.3.0
[INFO] [stderr]     Checking icu_normalizer v2.3.0
[INFO] [stderr]     Checking idna_adapter v1.2.2
[INFO] [stderr]     Checking idna v1.1.0
[INFO] [stderr]     Checking url v2.5.8
[INFO] [stderr]     Checking rusqlite v0.32.1
[INFO] [stderr]     Checking ureq v2.12.1
[INFO] [stderr]     Checking nms-engine v0.2.0 (/opt/rustwide/workdir/crates/engine)
[INFO] [stdout] error[E0599]: no associated function or constant named `RAW` found for struct `socket2::Type` in the current scope
[INFO] [stdout]   --> crates/engine/src/ping/unix.rs:17:58
[INFO] [stdout]    |
[INFO] [stdout] 17 |             .or_else(|_| Socket::new(Domain::IPV4, Type::RAW, Some(Protocol::ICMPV4)))?;
[INFO] [stdout]    |                                                          ^^^ associated function or constant not found in `socket2::Type`
[INFO] [stdout] 
[INFO] [stdout] 
[INFO] [stdout] error[E0308]: mismatched types
[INFO] [stdout]    --> crates/engine/src/ping/unix.rs:59:36
[INFO] [stdout]     |
[INFO] [stdout]  59 |         if self.sock.send_to(&pkt, &dst).is_err() {
[INFO] [stdout]     |                      -------       ^^^^ expected `&SockAddr`, found `&SocketAddr`
[INFO] [stdout]     |                      |
[INFO] [stdout]     |                      arguments to this method are incorrect
[INFO] [stdout]     |
[INFO] [stdout]     = note: expected reference `&SockAddr`
[INFO] [stdout]                found reference `&std::net::SocketAddr`
[INFO] [stdout] note: method defined here
[INFO] [stdout]    --> /opt/rustwide/cargo-home/registry/src/index.crates.io-1949cf8c6b5b557f/socket2-0.5.10/src/socket.rs:717:12
[INFO] [stdout]     |
[INFO] [stdout] 717 |     pub fn send_to(&self, buf: &[u8], addr: &SockAddr) -> io::Result<usize> {
[INFO] [stdout]     |            ^^^^^^^
[INFO] [stdout] 
[INFO] [stdout] 
[INFO] [stdout] error[E0308]: mismatched types
[INFO] [stdout]    --> crates/engine/src/ping/unix.rs:70:39
[INFO] [stdout]     |
[INFO] [stdout]  70 |             match self.sock.recv_from(&mut buf) {
[INFO] [stdout]     |                             --------- ^^^^^^^^ expected `&mut [MaybeUninit<u8>]`, found `&mut [u8; 1500]`
[INFO] [stdout]     |                             |
[INFO] [stdout]     |                             arguments to this method are incorrect
[INFO] [stdout]     |
[INFO] [stdout]     = note: expected mutable reference `&mut [MaybeUninit<u8>]`
[INFO] [stdout]                found mutable reference `&mut [u8; 1500]`
[INFO] [stdout] note: method defined here
[INFO] [stdout]    --> /opt/rustwide/cargo-home/registry/src/index.crates.io-1949cf8c6b5b557f/socket2-0.5.10/src/socket.rs:544:12
[INFO] [stdout]     |
[INFO] [stdout] 544 |     pub fn recv_from(&self, buf: &mut [MaybeUninit<u8>]) -> io::Result<(usize, SockAddr)> {
[INFO] [stdout]     |            ^^^^^^^^^
[INFO] [stdout] 
[INFO] [stdout] 
[INFO] [stdout] error[E0599]: no associated function or constant named `RAW` found for struct `socket2::Type` in the current scope
[INFO] [stdout]   --> crates/engine/src/ping/unix.rs:17:58
[INFO] [stdout]    |
[INFO] [stdout] 17 |             .or_else(|_| Socket::new(Domain::IPV4, Type::RAW, Some(Protocol::ICMPV4)))?;
[INFO] [stdout]    |                                                          ^^^ associated function or constant not found in `socket2::Type`
[INFO] [stdout] 
[INFO] [stdout] 
[INFO] [stdout] error[E0308]: mismatched types
[INFO] [stdout]    --> crates/engine/src/ping/unix.rs:59:36
[INFO] [stdout]     |
[INFO] [stdout]  59 |         if self.sock.send_to(&pkt, &dst).is_err() {
[INFO] [stdout]     |                      -------       ^^^^ expected `&SockAddr`, found `&SocketAddr`
[INFO] [stdout]     |                      |
[INFO] [stdout]     |                      arguments to this method are incorrect
[INFO] [stdout]     |
[INFO] [stdout]     = note: expected reference `&SockAddr`
[INFO] [stdout]                found reference `&std::net::SocketAddr`
[INFO] [stdout] note: method defined here
[INFO] [stdout]    --> /opt/rustwide/cargo-home/registry/src/index.crates.io-1949cf8c6b5b557f/socket2-0.5.10/src/socket.rs:717:12
[INFO] [stdout]     |
[INFO] [stdout] 717 |     pub fn send_to(&self, buf: &[u8], addr: &SockAddr) -> io::Result<usize> {
[INFO] [stdout]     |            ^^^^^^^
[INFO] [stdout] 
[INFO] [stdout] 
[INFO] [stdout] error[E0308]: mismatched types
[INFO] [stdout]    --> crates/engine/src/ping/unix.rs:70:39
[INFO] [stdout]     |
[INFO] [stdout]  70 |             match self.sock.recv_from(&mut buf) {
[INFO] [stdout]     |                             --------- ^^^^^^^^ expected `&mut [MaybeUninit<u8>]`, found `&mut [u8; 1500]`
[INFO] [stdout]     |                             |
[INFO] [stdout]     |                             arguments to this method are incorrect
[INFO] [stdout]     |
[INFO] [stdout]     = note: expected mutable reference `&mut [MaybeUninit<u8>]`
[INFO] [stdout]                found mutable reference `&mut [u8; 1500]`
[INFO] [stdout] note: method defined here
[INFO] [stdout]    --> /opt/rustwide/cargo-home/registry/src/index.crates.io-1949cf8c6b5b557f/socket2-0.5.10/src/socket.rs:544:12
[INFO] [stdout]     |
[INFO] [stdout] 544 |     pub fn recv_from(&self, buf: &mut [MaybeUninit<u8>]) -> io::Result<(usize, SockAddr)> {
[INFO] [stdout]     |            ^^^^^^^^^
[INFO] [stdout] 
[INFO] [stdout] 
[INFO] [stdout] Some errors have detailed explanations: E0308, E0599.
[INFO] [stdout] 
[INFO] [stdout] For more information about an error, try `rustc --explain E0308`.
[INFO] [stdout] 
[INFO] [stderr] error: could not compile `nms-engine` (lib) due to 3 previous errors
[INFO] [stderr] warning: build failed, waiting for other jobs to finish...
[INFO] [stdout] Some errors have detailed explanations: E0308, E0599.
[INFO] [stdout] 
[INFO] [stdout] For more information about an error, try `rustc --explain E0308`.
[INFO] [stdout] 
[INFO] [stderr] error: could not compile `nms-engine` (lib test) due to 3 previous errors
[INFO] running `Command { std: "docker" "inspect" "983ad8dc30d00970a80a08ffdeec4b68f943eeab2da7b34b0752048b7933bfcc", kill_on_drop: false }`
[INFO] running `Command { std: "docker" "rm" "-f" "983ad8dc30d00970a80a08ffdeec4b68f943eeab2da7b34b0752048b7933bfcc", kill_on_drop: false }`
[INFO] [stdout] 983ad8dc30d00970a80a08ffdeec4b68f943eeab2da7b34b0752048b7933bfcc
