[INFO] cloning repository https://github.com/gokul-kulkarni/reclaim
[INFO] running `Command { std: "git" "-c" "credential.helper=" "-c" "credential.helper=/workspace/cargo-home/bin/git-credential-null" "clone" "--bare" "https://github.com/gokul-kulkarni/reclaim" "/workspace/cache/git-repos/https%3A%2F%2Fgithub.com%2Fgokul-kulkarni%2Freclaim", kill_on_drop: false }`
[INFO] [stderr] Cloning into bare repository '/workspace/cache/git-repos/https%3A%2F%2Fgithub.com%2Fgokul-kulkarni%2Freclaim'...
[INFO] running `Command { std: "git" "rev-parse" "HEAD", kill_on_drop: false }`
[INFO] [stdout] 74a4fc0bb8a4e3feb582cc0d4525826f3df62e48
[INFO] checking gokul-kulkarni/reclaim against 3154cc1a3e6424e44f438a95007d043ed5ceaaf6+rustflags=-Znext-solver=coherence for pr-133502-30
[INFO] running `Command { std: "git" "clone" "/workspace/cache/git-repos/https%3A%2F%2Fgithub.com%2Fgokul-kulkarni%2Freclaim" "/workspace/builds/worker-1-tc1/source", kill_on_drop: false }`
[INFO] [stderr] Cloning into '/workspace/builds/worker-1-tc1/source'...
[INFO] [stderr] done.
[INFO] started tweaking git repo https://github.com/gokul-kulkarni/reclaim
[INFO] finished tweaking git repo https://github.com/gokul-kulkarni/reclaim
[INFO] tweaked toml for git repo https://github.com/gokul-kulkarni/reclaim written to /workspace/builds/worker-1-tc1/source/Cargo.toml
[INFO] validating manifest of git repo https://github.com/gokul-kulkarni/reclaim on toolchain 3154cc1a3e6424e44f438a95007d043ed5ceaaf6
[INFO] running `Command { std: CARGO_HOME="/workspace/cargo-home" RUSTUP_HOME="/workspace/rustup-home" "/workspace/cargo-home/bin/cargo" "+3154cc1a3e6424e44f438a95007d043ed5ceaaf6" "metadata" "--manifest-path" "Cargo.toml" "--no-deps", kill_on_drop: false }`
[INFO] crate git repo https://github.com/gokul-kulkarni/reclaim already has a lockfile, it will not be regenerated
[INFO] running `Command { std: CARGO_HOME="/workspace/cargo-home" RUSTUP_HOME="/workspace/rustup-home" "/workspace/cargo-home/bin/cargo" "+3154cc1a3e6424e44f438a95007d043ed5ceaaf6" "fetch" "--manifest-path" "Cargo.toml", kill_on_drop: false }`
[INFO] [stderr] warning: unused workspace dependency `rand`
[INFO] [stderr]   --> Cargo.toml:27:1
[INFO] [stderr]    |
[INFO] [stderr] 27 | rand = "0.8"
[INFO] [stderr]    | ^^^^
[INFO] [stderr]    |
[INFO] [stderr]    = note: `cargo::unused_workspace_dependencies` is set to `warn` by default
[INFO] [stderr] help: consider removing the workspace dependency `rand`
[INFO] [stderr] warning: workspace (manifest) generated 1 warning
[INFO] [stderr]     Updating crates.io index
[INFO] [stderr]  Downloading crates ...
[INFO] [stderr]   Downloaded rstest v0.23.0
[INFO] [stderr]   Downloaded jwalk v0.9.0
[INFO] [stderr]   Downloaded rstest_macros v0.23.0
[INFO] running `Command { std: "docker" "create" "-v" "/var/lib/crater-agent-workspace/builds/worker-1-tc1/source:/opt/rustwide/workdir:ro,Z" "-v" "/var/lib/crater-agent-workspace/builds/worker-1-tc1/target:/opt/rustwide/target:rw,Z" "-v" "/var/lib/crater-agent-workspace/cargo-home:/opt/rustwide/cargo-home:ro,Z" "-v" "/var/lib/crater-agent-workspace/rustup-home:/opt/rustwide/rustup-home:ro,Z" "-m" "1610612736" "--network" "none" "ghcr.io/rust-lang/crates-build-env/linux@sha256:77db811e55d90add9212f6832c23229e3de5f1c1f9905e8cb07319ea15df73ac" "sleep" "infinity", kill_on_drop: false }`
[INFO] [stdout] 9988a08ea474aa9e6ff9d2392eff09edf48449d1b730d5568e2b166b3a296e05
[INFO] running `Command { std: "docker" "start" "9988a08ea474aa9e6ff9d2392eff09edf48449d1b730d5568e2b166b3a296e05", kill_on_drop: false }`
[INFO] running `Command { std: "docker" "inspect" "9988a08ea474aa9e6ff9d2392eff09edf48449d1b730d5568e2b166b3a296e05", kill_on_drop: false }`
[INFO] running `Command { std: "docker" "exec" "-e" "SOURCE_DIR=/opt/rustwide/workdir" "-e" "CARGO_HOME=/opt/rustwide/cargo-home" "-e" "RUSTUP_HOME=/opt/rustwide/rustup-home" "-e" "CARGO_TARGET_DIR=/opt/rustwide/target" "-w" "/opt/rustwide/workdir" "--user" "0:0" "9988a08ea474aa9e6ff9d2392eff09edf48449d1b730d5568e2b166b3a296e05" "/opt/rustwide/cargo-home/bin/cargo" "+3154cc1a3e6424e44f438a95007d043ed5ceaaf6" "metadata" "--no-deps" "--format-version=1", kill_on_drop: false }`
[INFO] running `Command { std: "docker" "inspect" "9988a08ea474aa9e6ff9d2392eff09edf48449d1b730d5568e2b166b3a296e05", kill_on_drop: false }`
[INFO] running `Command { std: "docker" "exec" "-e" "SOURCE_DIR=/opt/rustwide/workdir" "-e" "CARGO_HOME=/opt/rustwide/cargo-home" "-e" "RUSTUP_HOME=/opt/rustwide/rustup-home" "-e" "CARGO_TARGET_DIR=/opt/rustwide/target" "-e" "CARGO_INCREMENTAL=0" "-e" "RUST_BACKTRACE=full" "-e" "RUSTFLAGS=--cap-lints=forbid -Znext-solver=coherence" "-e" "RUSTDOCFLAGS=--cap-lints=forbid" "-w" "/opt/rustwide/workdir" "--user" "0:0" "9988a08ea474aa9e6ff9d2392eff09edf48449d1b730d5568e2b166b3a296e05" "/opt/rustwide/cargo-home/bin/cargo" "+3154cc1a3e6424e44f438a95007d043ed5ceaaf6" "check" "--frozen" "--all" "--all-targets" "--message-format=json", kill_on_drop: false }`
[INFO] [stderr] warning: unused workspace dependency `rand`
[INFO] [stderr]   --> Cargo.toml:27:1
[INFO] [stderr]    |
[INFO] [stderr] 27 | rand = "0.8"
[INFO] [stderr]    | ^^^^
[INFO] [stderr]    |
[INFO] [stderr]    = note: `cargo::unused_workspace_dependencies` is set to `warn` by default
[INFO] [stderr] help: consider removing the workspace dependency `rand`
[INFO] [stderr] warning: workspace (manifest) generated 1 warning
[INFO] [stderr]    Compiling syn v3.0.3
[INFO] [stderr]    Compiling syn v2.0.119
[INFO] [stderr]     Checking futures-sink v0.3.33
[INFO] [stderr]    Compiling rustix v1.1.4
[INFO] [stderr]     Checking scopeguard v1.2.0
[INFO] [stderr]     Checking parking_lot_core v0.9.12
[INFO] [stderr]     Checking mio v1.2.2
[INFO] [stderr]     Checking getrandom v0.4.3
[INFO] [stderr]     Checking lock_api v0.4.14
[INFO] [stderr]     Checking futures-channel v0.3.33
[INFO] [stderr]    Compiling serde_json v1.0.151
[INFO] [stderr]     Checking crossbeam-queue v0.3.13
[INFO] [stderr]     Checking crossbeam-channel v0.5.16
[INFO] [stderr]     Checking dirs-sys v0.4.1
[INFO] [stderr]     Checking chrono v0.4.45
[INFO] [stderr]     Checking rayon v1.12.0
[INFO] [stderr]     Checking dashmap v6.2.1
[INFO] [stderr]     Checking regex-automata v0.4.18
[INFO] [stderr]     Checking crossbeam v0.8.4
[INFO] [stderr]     Checking directories v5.0.1
[INFO] [stderr]     Checking uuid v1.24.0
[INFO] [stderr]     Checking num_cpus v1.17.0
[INFO] [stderr]     Checking humantime v2.4.0
[INFO] [stderr]    Compiling shellexpand v3.1.2
[INFO] [stderr]    Compiling rustix v0.38.44
[INFO] [stderr]    Compiling aho-corasick v1.1.5
[INFO] [stderr]     Checking trash v5.2.6
[INFO] [stderr]     Checking signal-hook v0.3.18
[INFO] [stderr]    Compiling instability v0.3.13
[INFO] [stderr]     Checking signal-hook-mio v0.2.5
[INFO] [stderr]    Compiling rstest_macros v0.23.0
[INFO] [stderr]     Checking tower-http v0.6.11
[INFO] [stderr]     Checking parking_lot v0.12.5
[INFO] [stderr]     Checking itertools v0.13.0
[INFO] [stderr]     Checking jwalk v0.9.0
[INFO] [stderr]     Checking tempfile v3.27.0
[INFO] [stderr]     Checking terminal_size v0.4.4
[INFO] [stderr]     Checking compact_str v0.8.2
[INFO] [stderr]     Checking clap_builder v4.6.6
[INFO] [stderr]    Compiling darling_core v0.24.0
[INFO] [stderr]     Checking crossterm v0.28.1
[INFO] [stderr]     Checking regex v1.13.1
[INFO] [stderr]     Checking matchers v0.2.0
[INFO] [stderr]    Compiling relative-path v1.9.3
[INFO] [stderr]     Checking predicates v3.1.4
[INFO] [stderr]     Checking bstr v1.13.0
[INFO] [stderr]     Checking unicode-truncate v1.1.0
[INFO] [stderr]     Checking futures-timer v3.0.4
[INFO] [stderr]     Checking console v0.16.4
[INFO] [stderr]     Checking similar v2.7.0
[INFO] [stderr]     Checking assert_cmd v2.2.2
[INFO] [stderr]    Compiling serde_derive v1.0.229
[INFO] [stderr]    Compiling tokio-macros v2.7.2
[INFO] [stderr]    Compiling thiserror-impl v2.0.19
[INFO] [stderr]    Compiling clap_derive v4.6.4
[INFO] [stderr]     Checking tokio v1.53.1
[INFO] [stderr]    Compiling tracing-attributes v0.1.31
[INFO] [stderr]    Compiling futures-macro v0.3.33
[INFO] [stderr]     Checking thiserror v2.0.19
[INFO] [stderr]    Compiling rust-embed-impl v8.12.0
[INFO] [stderr]    Compiling strum_macros v0.26.4
[INFO] [stderr]     Checking futures-util v0.3.33
[INFO] [stderr]     Checking tracing v0.1.44
[INFO] [stderr]     Checking axum-core v0.5.6
[INFO] [stderr]     Checking rust-embed v8.12.0
[INFO] [stderr]     Checking tracing-subscriber v0.3.23
[INFO] [stderr]     Checking clap v4.6.6
[INFO] [stderr]     Checking clap_complete v4.6.9
[INFO] [stderr]    Compiling darling_macro v0.24.0
[INFO] [stderr]    Compiling darling v0.24.0
[INFO] [stderr]     Checking serde v1.0.229
[INFO] [stderr]     Checking strum v0.26.3
[INFO] [stderr]     Checking ratatui v0.29.0
[INFO] [stderr]     Checking hyper v1.11.0
[INFO] [stderr]     Checking toml_datetime v0.6.11
[INFO] [stderr]     Checking serde_spanned v0.6.9
[INFO] [stderr]     Checking serde_urlencoded v0.7.1
[INFO] [stderr]     Checking insta v1.48.0
[INFO] [stderr]     Checking toml_edit v0.22.27
[INFO] [stderr]     Checking hyper-util v0.1.20
[INFO] [stderr]     Checking tower v0.5.3
[INFO] [stderr]     Checking futures-executor v0.3.33
[INFO] [stderr]     Checking futures v0.3.33
[INFO] [stderr]     Checking rstest v0.23.0
[INFO] [stderr]     Checking axum v0.8.9
[INFO] [stderr]     Checking toml v0.8.23
[INFO] [stderr]     Checking reclaim-core v0.1.5 (/opt/rustwide/workdir/crates/reclaim-core)
[INFO] [stderr]     Checking reclaim-providers v0.1.5 (/opt/rustwide/workdir/crates/reclaim-providers)
[INFO] [stderr]     Checking reclaim-web v0.1.5 (/opt/rustwide/workdir/crates/reclaim-web)
[INFO] [stdout] error: #[derive(RustEmbed)] folder '/opt/rustwide/workdir/crates/reclaim-web/../../web/dist' does not exist. cwd: '/opt/rustwide/workdir'
[INFO] [stdout]   --> crates/reclaim-web/src/assets.rs:16:1
[INFO] [stdout]    |
[INFO] [stdout] 16 | / #[folder = "$CARGO_MANIFEST_DIR/../../web/dist"]
[INFO] [stdout] 17 | | struct Frontend;
[INFO] [stdout]    | |________________^
[INFO] [stdout] 
[INFO] [stdout] 
[INFO] [stdout] error: #[derive(RustEmbed)] folder '/opt/rustwide/workdir/crates/reclaim-web/../../web/dist' does not exist. cwd: '/opt/rustwide/workdir'
[INFO] [stdout]   --> crates/reclaim-web/src/assets.rs:16:1
[INFO] [stdout]    |
[INFO] [stdout] 16 | / #[folder = "$CARGO_MANIFEST_DIR/../../web/dist"]
[INFO] [stdout] 17 | | struct Frontend;
[INFO] [stdout]    | |________________^
[INFO] [stdout] 
[INFO] [stdout] 
[INFO] [stdout] error[E0599]: no associated function or constant named `get` found for struct `Frontend` in the current scope
[INFO] [stdout]   --> crates/reclaim-web/src/assets.rs:23:35
[INFO] [stdout]    |
[INFO] [stdout] 17 | struct Frontend;
[INFO] [stdout]    | --------------- associated function or constant `get` not found for this struct
[INFO] [stdout] ...
[INFO] [stdout] 23 |     if let Some(file) = Frontend::get(path) {
[INFO] [stdout]    |                                   ^^^ associated function or constant not found in `Frontend`
[INFO] [stdout]    |
[INFO] [stdout]    = help: items from traits can only be used if the trait is implemented and in scope
[INFO] [stdout]    = note: the following traits define an item `get`, perhaps you need to implement one of them:
[INFO] [stdout]            candidate #1: `Embed`
[INFO] [stdout]            candidate #2: `SliceIndex`
[INFO] [stdout]            candidate #3: `toml_edit::table::TableLike`
[INFO] [stdout] 
[INFO] [stdout] 
[INFO] [stdout] error[E0599]: no associated function or constant named `get` found for struct `Frontend` in the current scope
[INFO] [stdout]   --> crates/reclaim-web/src/assets.rs:29:36
[INFO] [stdout]    |
[INFO] [stdout] 17 | struct Frontend;
[INFO] [stdout]    | --------------- associated function or constant `get` not found for this struct
[INFO] [stdout] ...
[INFO] [stdout] 29 |     if let Some(index) = Frontend::get("index.html") {
[INFO] [stdout]    |                                    ^^^ associated function or constant not found in `Frontend`
[INFO] [stdout]    |
[INFO] [stdout]    = help: items from traits can only be used if the trait is implemented and in scope
[INFO] [stdout]    = note: the following traits define an item `get`, perhaps you need to implement one of them:
[INFO] [stdout]            candidate #1: `Embed`
[INFO] [stdout]            candidate #2: `SliceIndex`
[INFO] [stdout]            candidate #3: `toml_edit::table::TableLike`
[INFO] [stdout] 
[INFO] [stdout] 
[INFO] [stdout] error[E0599]: no associated function or constant named `get` found for struct `Frontend` in the current scope
[INFO] [stdout]   --> crates/reclaim-web/src/assets.rs:23:35
[INFO] [stdout]    |
[INFO] [stdout] 17 | struct Frontend;
[INFO] [stdout]    | --------------- associated function or constant `get` not found for this struct
[INFO] [stdout] ...
[INFO] [stdout] 23 |     if let Some(file) = Frontend::get(path) {
[INFO] [stdout]    |                                   ^^^ associated function or constant not found in `Frontend`
[INFO] [stdout]    |
[INFO] [stdout]    = help: items from traits can only be used if the trait is implemented and in scope
[INFO] [stdout]    = note: the following traits define an item `get`, perhaps you need to implement one of them:
[INFO] [stdout]            candidate #1: `Embed`
[INFO] [stdout]            candidate #2: `SliceIndex`
[INFO] [stdout]            candidate #3: `toml_edit::table::TableLike`
[INFO] [stdout] 
[INFO] [stdout] 
[INFO] [stdout] error[E0599]: no associated function or constant named `get` found for struct `Frontend` in the current scope
[INFO] [stdout]   --> crates/reclaim-web/src/assets.rs:29:36
[INFO] [stdout]    |
[INFO] [stdout] 17 | struct Frontend;
[INFO] [stdout]    | --------------- associated function or constant `get` not found for this struct
[INFO] [stdout] ...
[INFO] [stdout] 29 |     if let Some(index) = Frontend::get("index.html") {
[INFO] [stdout]    |                                    ^^^ associated function or constant not found in `Frontend`
[INFO] [stdout]    |
[INFO] [stdout]    = help: items from traits can only be used if the trait is implemented and in scope
[INFO] [stdout]    = note: the following traits define an item `get`, perhaps you need to implement one of them:
[INFO] [stdout]            candidate #1: `Embed`
[INFO] [stdout]            candidate #2: `SliceIndex`
[INFO] [stdout]            candidate #3: `toml_edit::table::TableLike`
[INFO] [stdout] 
[INFO] [stdout] 
[INFO] [stdout] For more information about this error, try `rustc --explain E0599`.
[INFO] [stdout] 
[INFO] [stderr] error: could not compile `reclaim-web` (lib) due to 3 previous errors
[INFO] [stderr] warning: build failed, waiting for other jobs to finish...
[INFO] [stdout] For more information about this error, try `rustc --explain E0599`.
[INFO] [stdout] 
[INFO] [stderr] error: could not compile `reclaim-web` (lib test) due to 3 previous errors
[INFO] [stderr] warning: unused dependency `humantime`
[INFO] [stderr]   --> crates/reclaim-core/Cargo.toml:23:1
[INFO] [stderr]    |
[INFO] [stderr] 23 | humantime.workspace = true
[INFO] [stderr]    | ^^^^^^^^^
[INFO] [stderr]    |
[INFO] [stderr]    = note: `cargo::unused_dependencies` is set to `warn` by default
[INFO] [stderr] help: consider removing the dependency on `humantime`
[INFO] [stderr] warning: unused dependency `tracing`
[INFO] [stderr]   --> crates/reclaim-core/Cargo.toml:20:1
[INFO] [stderr]    |
[INFO] [stderr] 20 | tracing.workspace = true
[INFO] [stderr]    | ^^^^^^^
[INFO] [stderr]    |
[INFO] [stderr] help: consider removing the dependency on `tracing`
[INFO] [stderr] warning: `reclaim-core` (manifest) generated 2 warnings
[INFO] [stderr] warning: unused dependency `tower-http`
[INFO] [stderr]   --> crates/reclaim-web/Cargo.toml:18:1
[INFO] [stderr]    |
[INFO] [stderr] 18 | tower-http.workspace = true
[INFO] [stderr]    | ^^^^^^^^^^
[INFO] [stderr]    |
[INFO] [stderr]    = note: `cargo::unused_dependencies` is set to `warn` by default
[INFO] [stderr] help: consider removing the dependency on `tower-http`
[INFO] [stderr] warning: `reclaim-web` (manifest) generated 1 warning
[INFO] running `Command { std: "docker" "inspect" "9988a08ea474aa9e6ff9d2392eff09edf48449d1b730d5568e2b166b3a296e05", kill_on_drop: false }`
[INFO] running `Command { std: "docker" "rm" "-f" "9988a08ea474aa9e6ff9d2392eff09edf48449d1b730d5568e2b166b3a296e05", kill_on_drop: false }`
[INFO] [stdout] 9988a08ea474aa9e6ff9d2392eff09edf48449d1b730d5568e2b166b3a296e05
