[INFO] cloning repository https://github.com/glennswest/stormbootx
[INFO] running `Command { std: "git" "-c" "credential.helper=" "-c" "credential.helper=/workspace/cargo-home/bin/git-credential-null" "clone" "--bare" "https://github.com/glennswest/stormbootx" "/workspace/cache/git-repos/https%3A%2F%2Fgithub.com%2Fglennswest%2Fstormbootx", kill_on_drop: false }`
[INFO] [stderr] Cloning into bare repository '/workspace/cache/git-repos/https%3A%2F%2Fgithub.com%2Fglennswest%2Fstormbootx'...
[INFO] running `Command { std: "git" "rev-parse" "HEAD", kill_on_drop: false }`
[INFO] [stdout] 9b38d7e880d076b3898ff7c2ff93137f933d5edf
[INFO] checking glennswest/stormbootx against 3154cc1a3e6424e44f438a95007d043ed5ceaaf6+rustflags=-Znext-solver=coherence for pr-133502-30
[INFO] running `Command { std: "git" "clone" "/workspace/cache/git-repos/https%3A%2F%2Fgithub.com%2Fglennswest%2Fstormbootx" "/workspace/builds/worker-7-tc1/source", kill_on_drop: false }`
[INFO] [stderr] Cloning into '/workspace/builds/worker-7-tc1/source'...
[INFO] [stderr] done.
[INFO] started tweaking git repo https://github.com/glennswest/stormbootx
[INFO] finished tweaking git repo https://github.com/glennswest/stormbootx
[INFO] tweaked toml for git repo https://github.com/glennswest/stormbootx written to /workspace/builds/worker-7-tc1/source/Cargo.toml
[INFO] validating manifest of git repo https://github.com/glennswest/stormbootx on toolchain 3154cc1a3e6424e44f438a95007d043ed5ceaaf6
[INFO] running `Command { std: CARGO_HOME="/workspace/cargo-home" RUSTUP_HOME="/workspace/rustup-home" "/workspace/cargo-home/bin/cargo" "+3154cc1a3e6424e44f438a95007d043ed5ceaaf6" "metadata" "--manifest-path" "Cargo.toml" "--no-deps", kill_on_drop: false }`
[INFO] crate git repo https://github.com/glennswest/stormbootx already has a lockfile, it will not be regenerated
[INFO] running `Command { std: CARGO_HOME="/workspace/cargo-home" RUSTUP_HOME="/workspace/rustup-home" "/workspace/cargo-home/bin/cargo" "+3154cc1a3e6424e44f438a95007d043ed5ceaaf6" "fetch" "--manifest-path" "Cargo.toml", kill_on_drop: false }`
[INFO] [stderr]     Updating crates.io index
[INFO] [stderr]  Downloading crates ...
[INFO] [stderr]   Downloaded ucs2 v0.3.3
[INFO] [stderr]   Downloaded uefi-macros v0.19.0
[INFO] [stderr]   Downloaded managed v0.8.0
[INFO] [stderr]   Downloaded uguid v2.2.1
[INFO] [stderr]   Downloaded ptr_meta_derive v0.3.2
[INFO] [stderr]   Downloaded uefi-raw v0.15.1
[INFO] [stderr]   Downloaded ptr_meta v0.3.2
[INFO] [stderr]   Downloaded ed25519-compact v2.6.0
[INFO] [stderr]   Downloaded uefi v0.39.0
[INFO] [stderr]   Downloaded smoltcp v0.14.0
[INFO] running `Command { std: "docker" "create" "-v" "/var/lib/crater-agent-workspace/builds/worker-7-tc1/source:/opt/rustwide/workdir:ro,Z" "-v" "/var/lib/crater-agent-workspace/builds/worker-7-tc1/target:/opt/rustwide/target:rw,Z" "-v" "/var/lib/crater-agent-workspace/cargo-home:/opt/rustwide/cargo-home:ro,Z" "-v" "/var/lib/crater-agent-workspace/rustup-home:/opt/rustwide/rustup-home:ro,Z" "-m" "1610612736" "--network" "none" "ghcr.io/rust-lang/crates-build-env/linux@sha256:77db811e55d90add9212f6832c23229e3de5f1c1f9905e8cb07319ea15df73ac" "sleep" "infinity", kill_on_drop: false }`
[INFO] [stdout] e17be6ecc80435a239b0459052abbfe623188749827fd24cd6b0f02cccbd2dd6
[INFO] running `Command { std: "docker" "start" "e17be6ecc80435a239b0459052abbfe623188749827fd24cd6b0f02cccbd2dd6", kill_on_drop: false }`
[INFO] running `Command { std: "docker" "inspect" "e17be6ecc80435a239b0459052abbfe623188749827fd24cd6b0f02cccbd2dd6", kill_on_drop: false }`
[INFO] running `Command { std: "docker" "exec" "-e" "SOURCE_DIR=/opt/rustwide/workdir" "-e" "CARGO_HOME=/opt/rustwide/cargo-home" "-e" "RUSTUP_HOME=/opt/rustwide/rustup-home" "-e" "CARGO_TARGET_DIR=/opt/rustwide/target" "-w" "/opt/rustwide/workdir" "--user" "0:0" "e17be6ecc80435a239b0459052abbfe623188749827fd24cd6b0f02cccbd2dd6" "/opt/rustwide/cargo-home/bin/cargo" "+3154cc1a3e6424e44f438a95007d043ed5ceaaf6" "metadata" "--no-deps" "--format-version=1", kill_on_drop: false }`
[INFO] running `Command { std: "docker" "inspect" "e17be6ecc80435a239b0459052abbfe623188749827fd24cd6b0f02cccbd2dd6", kill_on_drop: false }`
[INFO] running `Command { std: "docker" "exec" "-e" "SOURCE_DIR=/opt/rustwide/workdir" "-e" "CARGO_HOME=/opt/rustwide/cargo-home" "-e" "RUSTUP_HOME=/opt/rustwide/rustup-home" "-e" "CARGO_TARGET_DIR=/opt/rustwide/target" "-e" "CARGO_INCREMENTAL=0" "-e" "RUST_BACKTRACE=full" "-e" "RUSTFLAGS=--cap-lints=forbid -Znext-solver=coherence" "-e" "RUSTDOCFLAGS=--cap-lints=forbid" "-w" "/opt/rustwide/workdir" "--user" "0:0" "e17be6ecc80435a239b0459052abbfe623188749827fd24cd6b0f02cccbd2dd6" "/opt/rustwide/cargo-home/bin/cargo" "+3154cc1a3e6424e44f438a95007d043ed5ceaaf6" "check" "--frozen" "--all" "--all-targets" "--message-format=json", kill_on_drop: false }`
[INFO] [stderr]     Checking byteorder v1.5.0
[INFO] [stderr]    Compiling heapless v0.9.3
[INFO] [stderr]    Compiling smoltcp v0.14.0
[INFO] [stderr]     Checking uguid v2.2.1
[INFO] [stderr]    Compiling stormbootx v0.24.0 (/opt/rustwide/workdir)
[INFO] [stderr]     Checking bitflags v1.3.2
[INFO] [stderr]     Checking managed v0.8.0
[INFO] [stderr]     Checking ed25519-compact v2.6.0
[INFO] [stderr]     Checking nvme-tcp-initiator v0.1.0 (/opt/rustwide/workdir/crates/nvme-tcp-initiator)
[INFO] [stderr]     Checking ucs2 v0.3.3
[INFO] [stderr]    Compiling syn v3.0.4
[INFO] [stderr]    Compiling uefi-macros v0.19.0
[INFO] [stderr]     Checking uefi-raw v0.15.1
[INFO] [stderr]     Checking hash32 v0.3.1
[INFO] [stderr]    Compiling ptr_meta_derive v0.3.2
[INFO] [stderr]     Checking ptr_meta v0.3.2
[INFO] [stderr]     Checking uefi v0.39.0
[INFO] [stdout] error[E0433]: cannot find module or crate `std` in this scope
[INFO] [stdout]    --> src/esp.rs:889:9
[INFO] [stdout]     |
[INFO] [stdout] 889 |     use std::io::{Read, Seek, SeekFrom};
[INFO] [stdout]     |         ^^^ use of unresolved module or unlinked crate `std`
[INFO] [stdout]     |
[INFO] [stdout]     = help: if you wanted to use a crate named `std`, use `cargo add std` to add it to your `Cargo.toml`
[INFO] [stdout] 
[INFO] [stdout] 
[INFO] [stdout] error[E0433]: cannot find module or crate `std` in this scope
[INFO] [stdout]    --> src/esp.rs:890:9
[INFO] [stdout]     |
[INFO] [stdout] 890 |     use std::path::PathBuf;
[INFO] [stdout]     |         ^^^ use of unresolved module or unlinked crate `std`
[INFO] [stdout]     |
[INFO] [stdout]     = help: if you wanted to use a crate named `std`, use `cargo add std` to add it to your `Cargo.toml`
[INFO] [stdout] 
[INFO] [stdout] 
[INFO] [stdout] error[E0433]: cannot find module or crate `std` in this scope
[INFO] [stdout]    --> src/esp.rs:891:9
[INFO] [stdout]     |
[INFO] [stdout] 891 |     use std::process::Command;
[INFO] [stdout]     |         ^^^ use of unresolved module or unlinked crate `std`
[INFO] [stdout]     |
[INFO] [stdout]     = help: if you wanted to use a crate named `std`, use `cargo add std` to add it to your `Cargo.toml`
[INFO] [stdout] 
[INFO] [stdout] 
[INFO] [stdout] error[E0432]: unresolved import `std`
[INFO] [stdout]    --> src/esp.rs:888:9
[INFO] [stdout]     |
[INFO] [stdout] 888 |     use std::fs;
[INFO] [stdout]     |         ^^^ use of unresolved module or unlinked crate `std`
[INFO] [stdout]     |
[INFO] [stdout]     = help: if you wanted to use a crate named `std`, use `cargo add std` to add it to your `Cargo.toml`
[INFO] [stdout] 
[INFO] [stdout] 
[INFO] [stdout] error: unwinding panics are not supported without std
[INFO] [stdout]   |
[INFO] [stdout]   = help: using nightly cargo, use -Zbuild-std with panic="abort" to avoid unwinding
[INFO] [stdout]   = note: since the core library is usually precompiled with panic="unwind", rebuilding your crate with panic="abort" may not be enough to fix the problem
[INFO] [stdout] 
[INFO] [stdout] 
[INFO] [stdout] error: unwinding panics are not supported without std
[INFO] [stdout]   |
[INFO] [stdout]   = help: using nightly cargo, use -Zbuild-std with panic="abort" to avoid unwinding
[INFO] [stdout]   = note: since the core library is usually precompiled with panic="unwind", rebuilding your crate with panic="abort" may not be enough to fix the problem
[INFO] [stdout] 
[INFO] [stdout] 
[INFO] [stdout] error: cannot find macro `vec` in this scope
[INFO] [stdout]     --> src/esp.rs:1222:23
[INFO] [stdout]      |
[INFO] [stdout] 1222 |         let mut got = vec![0u8; e.size as usize];
[INFO] [stdout]      |                       ^^^
[INFO] [stdout]      |
[INFO] [stdout] help: consider importing this macro
[INFO] [stdout]      |
[INFO] [stdout]  887 +     use alloc::vec;
[INFO] [stdout]      |
[INFO] [stdout] 
[INFO] [stdout] 
[INFO] [stdout] error: cannot find macro `vec` in this scope
[INFO] [stdout]     --> src/esp.rs:1156:29
[INFO] [stdout]      |
[INFO] [stdout] 1156 |                 let mut b = vec![0u8; 3000];
[INFO] [stdout]      |                             ^^^
[INFO] [stdout]      |
[INFO] [stdout] help: consider importing this macro
[INFO] [stdout]      |
[INFO] [stdout]  887 +     use alloc::vec;
[INFO] [stdout]      |
[INFO] [stdout] 
[INFO] [stdout] 
[INFO] [stdout] error: cannot find macro `vec` in this scope
[INFO] [stdout]     --> src/esp.rs:1145:27
[INFO] [stdout]      |
[INFO] [stdout] 1145 |             let mut buf = vec![0u8; 1237];
[INFO] [stdout]      |                           ^^^
[INFO] [stdout]      |
[INFO] [stdout] help: consider importing this macro
[INFO] [stdout]      |
[INFO] [stdout]  887 +     use alloc::vec;
[INFO] [stdout]      |
[INFO] [stdout] 
[INFO] [stdout] 
[INFO] [stdout] error: cannot find macro `vec` in this scope
[INFO] [stdout]     --> src/esp.rs:1076:27
[INFO] [stdout]      |
[INFO] [stdout] 1076 |             let mut got = vec![0u8; e.size as usize];
[INFO] [stdout]      |                           ^^^
[INFO] [stdout]      |
[INFO] [stdout] help: consider importing this macro
[INFO] [stdout]      |
[INFO] [stdout]  887 +     use alloc::vec;
[INFO] [stdout]      |
[INFO] [stdout] 
[INFO] [stdout] 
[INFO] [stdout] error: cannot find macro `vec` in this scope
[INFO] [stdout]     --> src/esp.rs:1068:27
[INFO] [stdout]      |
[INFO] [stdout] 1068 |             let mut got = vec![0u8; want.len()];
[INFO] [stdout]      |                           ^^^
[INFO] [stdout]      |
[INFO] [stdout] help: consider importing this macro
[INFO] [stdout]      |
[INFO] [stdout]  887 +     use alloc::vec;
[INFO] [stdout]      |
[INFO] [stdout] 
[INFO] [stdout] 
[INFO] [stdout] error: cannot find macro `vec` in this scope
[INFO] [stdout]     --> src/esp.rs:1032:27
[INFO] [stdout]      |
[INFO] [stdout] 1032 |         let mut entries = vec![0u8; 128 * 128];
[INFO] [stdout]      |                           ^^^
[INFO] [stdout]      |
[INFO] [stdout] help: consider importing this macro
[INFO] [stdout]      |
[INFO] [stdout]  887 +     use alloc::vec;
[INFO] [stdout]      |
[INFO] [stdout] 
[INFO] [stdout] 
[INFO] [stdout] error: cannot find macro `vec` in this scope
[INFO] [stdout]     --> src/esp.rs:1031:24
[INFO] [stdout]      |
[INFO] [stdout] 1031 |         let mut head = vec![0u8; bs * 2 + 128 * 128];
[INFO] [stdout]      |                        ^^^
[INFO] [stdout]      |
[INFO] [stdout] help: consider importing this macro
[INFO] [stdout]      |
[INFO] [stdout]  887 +     use alloc::vec;
[INFO] [stdout]      |
[INFO] [stdout] 
[INFO] [stdout] 
[INFO] [stdout] error: cannot find macro `format` in this scope
[INFO] [stdout]     --> src/esp.rs:1018:69
[INFO] [stdout]      |
[INFO] [stdout] 1018 |             run("mcopy", &["-o", "-i", fat_s, p.to_str().unwrap(), &format!("::/filler{i:02}.x")]);
[INFO] [stdout]      |                                                                     ^^^^^^
[INFO] [stdout]      |
[INFO] [stdout] help: consider importing one of these macros
[INFO] [stdout]      |
[INFO] [stdout]  887 +     use crate::format;
[INFO] [stdout]      |
[INFO] [stdout]  887 +     use alloc::format;
[INFO] [stdout]      |
[INFO] [stdout] 
[INFO] [stdout] 
[INFO] [stdout] error: cannot find macro `format` in this scope
[INFO] [stdout]     --> src/esp.rs:1010:23
[INFO] [stdout]      |
[INFO] [stdout] 1010 |             let dst = format!("::{}", name.replace('\\', "/"));
[INFO] [stdout]      |                       ^^^^^^
[INFO] [stdout]      |
[INFO] [stdout] help: consider importing one of these macros
[INFO] [stdout]      |
[INFO] [stdout]  887 +     use crate::format;
[INFO] [stdout]      |
[INFO] [stdout]  887 +     use alloc::format;
[INFO] [stdout]      |
[INFO] [stdout] 
[INFO] [stdout] 
[INFO] [stdout] error: cannot find macro `format` in this scope
[INFO] [stdout]     --> src/esp.rs:1003:69
[INFO] [stdout]      |
[INFO] [stdout] 1003 |             run("mcopy", &["-o", "-i", fat_s, p.to_str().unwrap(), &format!("::/{name}")]);
[INFO] [stdout]      |                                                                     ^^^^^^
[INFO] [stdout]      |
[INFO] [stdout] help: consider importing one of these macros
[INFO] [stdout]      |
[INFO] [stdout]  887 +     use crate::format;
[INFO] [stdout]      |
[INFO] [stdout]  887 +     use alloc::format;
[INFO] [stdout]      |
[INFO] [stdout] 
[INFO] [stdout] 
[INFO] [stdout] error: cannot find macro `vec` in this scope
[INFO] [stdout]    --> src/esp.rs:990:55
[INFO] [stdout]     |
[INFO] [stdout] 990 |         let mut files: Vec<(&'static str, Vec<u8>)> = vec![
[INFO] [stdout]     |                                                       ^^^
[INFO] [stdout]     |
[INFO] [stdout] help: consider importing this macro
[INFO] [stdout]     |
[INFO] [stdout] 887 +     use alloc::vec;
[INFO] [stdout]     |
[INFO] [stdout] 
[INFO] [stdout] 
[INFO] [stdout] error: cannot find macro `format` in this scope
[INFO] [stdout]    --> src/esp.rs:935:43
[INFO] [stdout]     |
[INFO] [stdout] 935 |         let d = std::env::temp_dir().join(format!("stormbootx-esp-{}-{tag}", std::process::id()));
[INFO] [stdout]     |                                           ^^^^^^
[INFO] [stdout]     |
[INFO] [stdout] help: consider importing one of these macros
[INFO] [stdout]     |
[INFO] [stdout] 887 +     use crate::format;
[INFO] [stdout]     |
[INFO] [stdout] 887 +     use alloc::format;
[INFO] [stdout]     |
[INFO] [stdout] 
[INFO] [stdout] 
[INFO] [stdout] error[E0433]: cannot find module or crate `std` in this scope
[INFO] [stdout]    --> src/esp.rs:935:17
[INFO] [stdout]     |
[INFO] [stdout] 935 |         let d = std::env::temp_dir().join(format!("stormbootx-esp-{}-{tag}", std::process::id()));
[INFO] [stdout]     |                 ^^^ use of unresolved module or unlinked crate `std`
[INFO] [stdout]     |
[INFO] [stdout]     = help: if you wanted to use a crate named `std`, use `cargo add std` to add it to your `Cargo.toml`
[INFO] [stdout] 
[INFO] [stdout] 
[INFO] [stdout] error: cannot find macro `format` in this scope
[INFO] [stdout]    --> src/sha256.rs:361:13
[INFO] [stdout]     |
[INFO] [stdout] 361 |             format!("{:?}", digest(b"abc")),
[INFO] [stdout]     |             ^^^^^^
[INFO] [stdout]     |
[INFO] [stdout] help: consider importing this macro
[INFO] [stdout]     |
[INFO] [stdout] 244 +     use alloc::format;
[INFO] [stdout]     |
[INFO] [stdout] 
[INFO] [stdout] 
[INFO] [stdout] error: cannot find macro `format` in this scope
[INFO] [stdout]    --> src/sha256.rs:351:33
[INFO] [stdout]     |
[INFO] [stdout] 351 |         assert!(!d.matches_hex(&format!("{want}0")));
[INFO] [stdout]     |                                 ^^^^^^
[INFO] [stdout]     |
[INFO] [stdout] help: consider importing this macro
[INFO] [stdout]     |
[INFO] [stdout] 244 +     use alloc::format;
[INFO] [stdout]     |
[INFO] [stdout] 
[INFO] [stdout] 
[INFO] [stdout] error: cannot find macro `format` in this scope
[INFO] [stdout]    --> src/sha256.rs:344:32
[INFO] [stdout]     |
[INFO] [stdout] 344 |         assert!(d.matches_hex(&format!("sha256:{want}")));
[INFO] [stdout]     |                                ^^^^^^
[INFO] [stdout]     |
[INFO] [stdout] help: consider importing this macro
[INFO] [stdout]     |
[INFO] [stdout] 244 +     use alloc::format;
[INFO] [stdout]     |
[INFO] [stdout] 
[INFO] [stdout] 
[INFO] [stdout] error: cannot find macro `format` in this scope
[INFO] [stdout]    --> src/sha256.rs:343:32
[INFO] [stdout]     |
[INFO] [stdout] 343 |         assert!(d.matches_hex(&format!("  {want}\t")));
[INFO] [stdout]     |                                ^^^^^^
[INFO] [stdout]     |
[INFO] [stdout] help: consider importing this macro
[INFO] [stdout]     |
[INFO] [stdout] 244 +     use alloc::format;
[INFO] [stdout]     |
[INFO] [stdout] 
[INFO] [stdout] 
[INFO] [stdout] error: cannot find macro `format` in this scope
[INFO] [stdout]    --> src/sha256.rs:251:9
[INFO] [stdout]     |
[INFO] [stdout] 251 |         format!("{}", digest(data))
[INFO] [stdout]     |         ^^^^^^
[INFO] [stdout]     |
[INFO] [stdout] help: consider importing this macro
[INFO] [stdout]     |
[INFO] [stdout] 244 +     use alloc::format;
[INFO] [stdout]     |
[INFO] [stdout] 
[INFO] [stdout] 
[INFO] [stdout] error[E0425]: cannot find type `Vec` in this scope
[INFO] [stdout]    --> src/esp.rs:897:15
[INFO] [stdout]     |
[INFO] [stdout] 897 |         head: Vec<u8>,
[INFO] [stdout]     |               ^^^ not found in this scope
[INFO] [stdout]     |
[INFO] [stdout] help: consider importing one of these structs
[INFO] [stdout]     |
[INFO] [stdout] 887 +     use crate::Vec;
[INFO] [stdout]     |
[INFO] [stdout] 887 +     use alloc::vec::Vec;
[INFO] [stdout]     |
[INFO] [stdout] 
[INFO] [stdout] 
[INFO] [stdout] error[E0433]: cannot find type `String` in this scope
[INFO] [stdout]    --> src/esp.rs:950:13
[INFO] [stdout]     |
[INFO] [stdout] 950 |             String::from_utf8_lossy(&out.stderr)
[INFO] [stdout]     |             ^^^^^^ use of undeclared type `String`
[INFO] [stdout]     |
[INFO] [stdout] help: consider importing one of these structs
[INFO] [stdout]     |
[INFO] [stdout] 887 +     use crate::String;
[INFO] [stdout]     |
[INFO] [stdout] 887 +     use alloc::string::String;
[INFO] [stdout]     |
[INFO] [stdout] 
[INFO] [stdout] 
[INFO] [stdout] error[E0425]: cannot find type `Vec` in this scope
[INFO] [stdout]    --> src/esp.rs:955:40
[INFO] [stdout]     |
[INFO] [stdout] 955 |     fn content(n: usize, seed: u32) -> Vec<u8> {
[INFO] [stdout]     |                                        ^^^ not found in this scope
[INFO] [stdout]     |
[INFO] [stdout] help: consider importing one of these structs
[INFO] [stdout]     |
[INFO] [stdout] 887 +     use crate::Vec;
[INFO] [stdout]     |
[INFO] [stdout] 887 +     use alloc::vec::Vec;
[INFO] [stdout]     |
[INFO] [stdout] 
[INFO] [stdout] 
[INFO] [stdout] error[E0425]: cannot find type `Vec` in this scope
[INFO] [stdout]    --> src/esp.rs:970:16
[INFO] [stdout]     |
[INFO] [stdout] 970 |         files: Vec<(&'static str, Vec<u8>)>,
[INFO] [stdout]     |                ^^^ not found in this scope
[INFO] [stdout]     |
[INFO] [stdout] help: consider importing one of these structs
[INFO] [stdout]     |
[INFO] [stdout] 887 +     use crate::Vec;
[INFO] [stdout]     |
[INFO] [stdout] 887 +     use alloc::vec::Vec;
[INFO] [stdout]     |
[INFO] [stdout] 
[INFO] [stdout] 
[INFO] [stdout] error[E0425]: cannot find type `Vec` in this scope
[INFO] [stdout]    --> src/esp.rs:970:35
[INFO] [stdout]     |
[INFO] [stdout] 970 |         files: Vec<(&'static str, Vec<u8>)>,
[INFO] [stdout]     |                                   ^^^ not found in this scope
[INFO] [stdout]     |
[INFO] [stdout] help: consider importing one of these structs
[INFO] [stdout]     |
[INFO] [stdout] 887 +     use crate::Vec;
[INFO] [stdout]     |
[INFO] [stdout] 887 +     use alloc::vec::Vec;
[INFO] [stdout]     |
[INFO] [stdout] 
[INFO] [stdout] 
[INFO] [stdout] error[E0425]: cannot find type `Vec` in this scope
[INFO] [stdout]    --> src/esp.rs:990:24
[INFO] [stdout]     |
[INFO] [stdout] 990 |         let mut files: Vec<(&'static str, Vec<u8>)> = vec![
[INFO] [stdout]     |                        ^^^ not found in this scope
[INFO] [stdout]     |
[INFO] [stdout] help: consider importing one of these structs
[INFO] [stdout]     |
[INFO] [stdout] 887 +     use crate::Vec;
[INFO] [stdout]     |
[INFO] [stdout] 887 +     use alloc::vec::Vec;
[INFO] [stdout]     |
[INFO] [stdout] 
[INFO] [stdout] 
[INFO] [stdout] error[E0425]: cannot find type `Vec` in this scope
[INFO] [stdout]    --> src/esp.rs:990:43
[INFO] [stdout]     |
[INFO] [stdout] 990 |         let mut files: Vec<(&'static str, Vec<u8>)> = vec![
[INFO] [stdout]     |                                           ^^^ not found in this scope
[INFO] [stdout]     |
[INFO] [stdout] help: consider importing one of these structs
[INFO] [stdout]     |
[INFO] [stdout] 887 +     use crate::Vec;
[INFO] [stdout]     |
[INFO] [stdout] 887 +     use alloc::vec::Vec;
[INFO] [stdout]     |
[INFO] [stdout] 
[INFO] [stdout] 
[INFO] [stdout] error[E0425]: cannot find type `Vec` in this scope
[INFO] [stdout]     --> src/esp.rs:1095:65
[INFO] [stdout]      |
[INFO] [stdout] 1095 |     fn names(fat: &mut Fat, disk: &mut TestDisk, path: &str) -> Vec<String> {
[INFO] [stdout]      |                                                                 ^^^ not found in this scope
[INFO] [stdout]      |
[INFO] [stdout] help: consider importing one of these structs
[INFO] [stdout]      |
[INFO] [stdout]  887 +     use crate::Vec;
[INFO] [stdout]      |
[INFO] [stdout]  887 +     use alloc::vec::Vec;
[INFO] [stdout]      |
[INFO] [stdout] 
[INFO] [stdout] 
[INFO] [stdout] error[E0425]: cannot find type `String` in this scope
[INFO] [stdout]     --> src/esp.rs:1095:69
[INFO] [stdout]      |
[INFO] [stdout] 1095 |     fn names(fat: &mut Fat, disk: &mut TestDisk, path: &str) -> Vec<String> {
[INFO] [stdout]      |                                                                     ^^^^^^ not found in this scope
[INFO] [stdout]      |
[INFO] [stdout] help: consider importing one of these structs
[INFO] [stdout]      |
[INFO] [stdout]  887 +     use crate::String;
[INFO] [stdout]      |
[INFO] [stdout]  887 +     use alloc::string::String;
[INFO] [stdout]      |
[INFO] [stdout] 
[INFO] [stdout] 
[INFO] [stdout] error[E0433]: cannot find type `Vec` in this scope
[INFO] [stdout]     --> src/esp.rs:1098:21
[INFO] [stdout]      |
[INFO] [stdout] 1098 |         let mut v = Vec::new();
[INFO] [stdout]      |                     ^^^ use of undeclared type `Vec`
[INFO] [stdout]      |
[INFO] [stdout] help: consider importing one of these structs
[INFO] [stdout]      |
[INFO] [stdout]  887 +     use crate::Vec;
[INFO] [stdout]      |
[INFO] [stdout]  887 +     use alloc::vec::Vec;
[INFO] [stdout]      |
[INFO] [stdout] 
[INFO] [stdout] 
[INFO] [stdout] error[E0433]: cannot find type `String` in this scope
[INFO] [stdout]     --> src/esp.rs:1100:20
[INFO] [stdout]      |
[INFO] [stdout] 1100 |             v.push(String::from_utf16(l.name()).unwrap());
[INFO] [stdout]      |                    ^^^^^^ use of undeclared type `String`
[INFO] [stdout]      |
[INFO] [stdout] help: consider importing one of these structs
[INFO] [stdout]      |
[INFO] [stdout]  887 +     use crate::String;
[INFO] [stdout]      |
[INFO] [stdout]  887 +     use alloc::string::String;
[INFO] [stdout]      |
[INFO] [stdout] 
[INFO] [stdout] 
[INFO] [stdout] error[E0425]: cannot find type `String` in this scope
[INFO] [stdout]     --> src/esp.rs:1105:20
[INFO] [stdout]      |
[INFO] [stdout] 1105 |     fn has(list: &[String], want: &str) -> bool {
[INFO] [stdout]      |                    ^^^^^^ not found in this scope
[INFO] [stdout]      |
[INFO] [stdout] help: consider importing one of these structs
[INFO] [stdout]      |
[INFO] [stdout]  887 +     use crate::String;
[INFO] [stdout]      |
[INFO] [stdout]  887 +     use alloc::string::String;
[INFO] [stdout]      |
[INFO] [stdout] 
[INFO] [stdout] 
[INFO] [stdout] error[E0433]: cannot find type `Vec` in this scope
[INFO] [stdout]     --> src/esp.rs:1144:27
[INFO] [stdout]      |
[INFO] [stdout] 1144 |             let mut got = Vec::new();
[INFO] [stdout]      |                           ^^^ use of undeclared type `Vec`
[INFO] [stdout]      |
[INFO] [stdout] help: consider importing one of these structs
[INFO] [stdout]      |
[INFO] [stdout]  887 +     use crate::Vec;
[INFO] [stdout]      |
[INFO] [stdout]  887 +     use alloc::vec::Vec;
[INFO] [stdout]      |
[INFO] [stdout] 
[INFO] [stdout] 
[INFO] [stdout] error[E0152]: duplicate lang item in crate `std` (which `test` depends on): `panic_impl`
[INFO] [stdout]   |
[INFO] [stdout]   = note: the lang item is first defined in crate `uefi` (which `espprobe` depends on)
[INFO] [stdout]   = note: first definition in `uefi` loaded from /opt/rustwide/target/debug/build/uefi/416a92f955df2477/out/libuefi-416a92f955df2477.rmeta
[INFO] [stdout]   = note: second definition in `std` loaded from /opt/rustwide/rustup-home/toolchains/3154cc1a3e6424e44f438a95007d043ed5ceaaf6/lib/rustlib/x86_64-unknown-linux-gnu/lib/libstd-6ee2a0f0126c8a50.rmeta
[INFO] [stdout] 
[INFO] [stdout] 
[INFO] [stdout] error[E0425]: cannot find type `String` in this scope
[INFO] [stdout]    --> src/sha256.rs:250:28
[INFO] [stdout]     |
[INFO] [stdout] 250 |     fn hex(data: &[u8]) -> String {
[INFO] [stdout]     |                            ^^^^^^ not found in this scope
[INFO] [stdout]     |
[INFO] [stdout] help: consider importing this struct
[INFO] [stdout]     |
[INFO] [stdout] 244 +     use alloc::string::String;
[INFO] [stdout]     |
[INFO] [stdout] 
[INFO] [stdout] 
[INFO] [stdout] error[E0425]: cannot find type `Vec` in this scope
[INFO] [stdout]    --> src/sha256.rs:314:19
[INFO] [stdout]     |
[INFO] [stdout] 314 |         let data: Vec<u8> = (0..1000u32).map(|i| (i % 251) as u8).collect();
[INFO] [stdout]     |                   ^^^ not found in this scope
[INFO] [stdout]     |
[INFO] [stdout] help: consider importing this struct
[INFO] [stdout]     |
[INFO] [stdout] 244 +     use alloc::vec::Vec;
[INFO] [stdout]     |
[INFO] [stdout] 
[INFO] [stdout] 
[INFO] [stdout] error[E0152]: duplicate lang item in crate `std` (which `test` depends on): `panic_impl`
[INFO] [stdout]   |
[INFO] [stdout]   = note: the lang item is first defined in crate `uefi` (which `tcp4probe` depends on)
[INFO] [stdout]   = note: first definition in `uefi` loaded from /opt/rustwide/target/debug/build/uefi/416a92f955df2477/out/libuefi-416a92f955df2477.rmeta
[INFO] [stdout]   = note: second definition in `std` loaded from /opt/rustwide/rustup-home/toolchains/3154cc1a3e6424e44f438a95007d043ed5ceaaf6/lib/rustlib/x86_64-unknown-linux-gnu/lib/libstd-6ee2a0f0126c8a50.rmeta
[INFO] [stdout] 
[INFO] [stdout] 
[INFO] [stdout] Some errors have detailed explanations: E0152, E0425, E0432, E0433.
[INFO] [stdout] 
[INFO] [stdout] For more information about an error, try `rustc --explain E0152`.
[INFO] [stdout] 
[INFO] [stdout] Some errors have detailed explanations: E0152, E0425.
[INFO] [stdout] 
[INFO] [stdout] For more information about an error, try `rustc --explain E0152`.
[INFO] [stdout] 
[INFO] [stderr] error: could not compile `stormbootx` (bin "espprobe" test) due to 31 previous errors
[INFO] [stderr] warning: build failed, waiting for other jobs to finish...
[INFO] [stderr] error: could not compile `stormbootx` (bin "tcp4probe" test) due to 8 previous errors
[INFO] [stdout] error: unwinding panics are not supported without std
[INFO] [stdout]   |
[INFO] [stdout]   = help: using nightly cargo, use -Zbuild-std with panic="abort" to avoid unwinding
[INFO] [stdout]   = note: since the core library is usually precompiled with panic="unwind", rebuilding your crate with panic="abort" may not be enough to fix the problem
[INFO] [stdout] 
[INFO] [stdout] 
[INFO] [stdout] error[E0433]: cannot find module or crate `std` in this scope
[INFO] [stdout]    --> src/esp.rs:889:9
[INFO] [stdout]     |
[INFO] [stdout] 889 |     use std::io::{Read, Seek, SeekFrom};
[INFO] [stdout]     |         ^^^ use of unresolved module or unlinked crate `std`
[INFO] [stdout]     |
[INFO] [stdout]     = help: if you wanted to use a crate named `std`, use `cargo add std` to add it to your `Cargo.toml`
[INFO] [stdout] 
[INFO] [stdout] 
[INFO] [stdout] error[E0433]: cannot find module or crate `std` in this scope
[INFO] [stdout]    --> src/esp.rs:890:9
[INFO] [stdout]     |
[INFO] [stdout] 890 |     use std::path::PathBuf;
[INFO] [stdout]     |         ^^^ use of unresolved module or unlinked crate `std`
[INFO] [stdout]     |
[INFO] [stdout]     = help: if you wanted to use a crate named `std`, use `cargo add std` to add it to your `Cargo.toml`
[INFO] [stdout] 
[INFO] [stdout] 
[INFO] [stdout] error[E0433]: cannot find module or crate `std` in this scope
[INFO] [stdout]    --> src/esp.rs:891:9
[INFO] [stdout]     |
[INFO] [stdout] 891 |     use std::process::Command;
[INFO] [stdout]     |         ^^^ use of unresolved module or unlinked crate `std`
[INFO] [stdout]     |
[INFO] [stdout]     = help: if you wanted to use a crate named `std`, use `cargo add std` to add it to your `Cargo.toml`
[INFO] [stdout] 
[INFO] [stdout] 
[INFO] [stdout] error[E0432]: unresolved import `std`
[INFO] [stdout]    --> src/esp.rs:888:9
[INFO] [stdout]     |
[INFO] [stdout] 888 |     use std::fs;
[INFO] [stdout]     |         ^^^ use of unresolved module or unlinked crate `std`
[INFO] [stdout]     |
[INFO] [stdout]     = help: if you wanted to use a crate named `std`, use `cargo add std` to add it to your `Cargo.toml`
[INFO] [stdout] 
[INFO] [stdout] 
[INFO] [stdout] error[E0433]: cannot find module or crate `std` in this scope
[INFO] [stdout]    --> src/dnsname.rs:304:21
[INFO] [stdout]     |
[INFO] [stdout] 304 |         let mut m = std::vec![0u8; 236];
[INFO] [stdout]     |                     ^^^ use of unresolved module or unlinked crate `std`
[INFO] [stdout] 
[INFO] [stdout] 
[INFO] [stdout] error: cannot find macro `format` in this scope
[INFO] [stdout]    --> src/sha256.rs:361:13
[INFO] [stdout]     |
[INFO] [stdout] 361 |             format!("{:?}", digest(b"abc")),
[INFO] [stdout]     |             ^^^^^^
[INFO] [stdout]     |
[INFO] [stdout] help: consider importing one of these macros
[INFO] [stdout]     |
[INFO] [stdout] 244 +     use crate::format;
[INFO] [stdout]     |
[INFO] [stdout] 244 +     use alloc::format;
[INFO] [stdout]     |
[INFO] [stdout] 
[INFO] [stdout] 
[INFO] [stdout] error: cannot find macro `format` in this scope
[INFO] [stdout]    --> src/sha256.rs:351:33
[INFO] [stdout]     |
[INFO] [stdout] 351 |         assert!(!d.matches_hex(&format!("{want}0")));
[INFO] [stdout]     |                                 ^^^^^^
[INFO] [stdout]     |
[INFO] [stdout] help: consider importing one of these macros
[INFO] [stdout]     |
[INFO] [stdout] 244 +     use crate::format;
[INFO] [stdout]     |
[INFO] [stdout] 244 +     use alloc::format;
[INFO] [stdout]     |
[INFO] [stdout] 
[INFO] [stdout] 
[INFO] [stderr] error: could not compile `stormbootx` (bin "tcp4probe") due to 1 previous error
[INFO] [stdout] error: cannot find macro `format` in this scope
[INFO] [stdout]    --> src/sha256.rs:344:32
[INFO] [stdout]     |
[INFO] [stdout] 344 |         assert!(d.matches_hex(&format!("sha256:{want}")));
[INFO] [stdout]     |                                ^^^^^^
[INFO] [stdout]     |
[INFO] [stdout] help: consider importing one of these macros
[INFO] [stdout]     |
[INFO] [stdout] 244 +     use crate::format;
[INFO] [stdout]     |
[INFO] [stdout] 244 +     use alloc::format;
[INFO] [stdout]     |
[INFO] [stdout] 
[INFO] [stdout] 
[INFO] [stdout] error: cannot find macro `format` in this scope
[INFO] [stdout]    --> src/sha256.rs:343:32
[INFO] [stdout]     |
[INFO] [stdout] 343 |         assert!(d.matches_hex(&format!("  {want}\t")));
[INFO] [stdout]     |                                ^^^^^^
[INFO] [stdout]     |
[INFO] [stdout] help: consider importing one of these macros
[INFO] [stdout]     |
[INFO] [stdout] 244 +     use crate::format;
[INFO] [stdout]     |
[INFO] [stdout] 244 +     use alloc::format;
[INFO] [stdout]     |
[INFO] [stdout] 
[INFO] [stdout] 
[INFO] [stdout] error: cannot find macro `format` in this scope
[INFO] [stdout]    --> src/sha256.rs:251:9
[INFO] [stdout]     |
[INFO] [stdout] 251 |         format!("{}", digest(data))
[INFO] [stdout]     |         ^^^^^^
[INFO] [stdout]     |
[INFO] [stdout] help: consider importing one of these macros
[INFO] [stdout]     |
[INFO] [stdout] 244 +     use crate::format;
[INFO] [stdout]     |
[INFO] [stdout] 244 +     use alloc::format;
[INFO] [stdout]     |
[INFO] [stdout] 
[INFO] [stdout] 
[INFO] [stdout] error: cannot find macro `format` in this scope
[INFO] [stdout]    --> src/manifest.rs:727:30
[INFO] [stdout]     |
[INFO] [stdout] 727 |         assert_eq!(signature(format!("{hex}\n").as_bytes()), Some([0x0f; 64]));
[INFO] [stdout]     |                              ^^^^^^
[INFO] [stdout]     |
[INFO] [stdout] help: consider importing one of these macros
[INFO] [stdout]     |
[INFO] [stdout] 610 +     use crate::format;
[INFO] [stdout]     |
[INFO] [stdout] 610 +     use alloc::format;
[INFO] [stdout]     |
[INFO] [stdout] 
[INFO] [stdout] 
[INFO] [stderr] error: could not compile `stormbootx` (bin "espprobe") due to 1 previous error
[INFO] [stdout] error: cannot find macro `format` in this scope
[INFO] [stdout]    --> src/manifest.rs:682:22
[INFO] [stdout]     |
[INFO] [stdout] 682 |             many += &format!("file {} 1 stormboot/drivers/d{i}.efi\n", sha('c'));
[INFO] [stdout]     |                      ^^^^^^
[INFO] [stdout]     |
[INFO] [stdout] help: consider importing one of these macros
[INFO] [stdout]     |
[INFO] [stdout] 610 +     use crate::format;
[INFO] [stdout]     |
[INFO] [stdout] 610 +     use alloc::format;
[INFO] [stdout]     |
[INFO] [stdout] 
[INFO] [stdout] 
[INFO] [stdout] error: cannot find macro `format` in this scope
[INFO] [stdout]    --> src/manifest.rs:617:9
[INFO] [stdout]     |
[INFO] [stdout] 617 |         format!(
[INFO] [stdout]     |         ^^^^^^
[INFO] [stdout]     |
[INFO] [stdout] help: consider importing one of these macros
[INFO] [stdout]     |
[INFO] [stdout] 610 +     use crate::format;
[INFO] [stdout]     |
[INFO] [stdout] 610 +     use alloc::format;
[INFO] [stdout]     |
[INFO] [stdout] 
[INFO] [stdout] 
[INFO] [stdout] error: cannot find macro `vec` in this scope
[INFO] [stdout]     --> src/esp.rs:1222:23
[INFO] [stdout]      |
[INFO] [stdout] 1222 |         let mut got = vec![0u8; e.size as usize];
[INFO] [stdout]      |                       ^^^
[INFO] [stdout]      |
[INFO] [stdout] help: consider importing this macro
[INFO] [stdout]      |
[INFO] [stdout]  887 +     use alloc::vec;
[INFO] [stdout]      |
[INFO] [stdout] 
[INFO] [stdout] 
[INFO] [stdout] error: cannot find macro `vec` in this scope
[INFO] [stdout]     --> src/esp.rs:1156:29
[INFO] [stdout]      |
[INFO] [stdout] 1156 |                 let mut b = vec![0u8; 3000];
[INFO] [stdout]      |                             ^^^
[INFO] [stdout]      |
[INFO] [stdout] help: consider importing this macro
[INFO] [stdout]      |
[INFO] [stdout]  887 +     use alloc::vec;
[INFO] [stdout]      |
[INFO] [stdout] 
[INFO] [stdout] 
[INFO] [stdout] error: cannot find macro `vec` in this scope
[INFO] [stdout]     --> src/esp.rs:1145:27
[INFO] [stdout]      |
[INFO] [stdout] 1145 |             let mut buf = vec![0u8; 1237];
[INFO] [stdout]      |                           ^^^
[INFO] [stdout]      |
[INFO] [stdout] help: consider importing this macro
[INFO] [stdout]      |
[INFO] [stdout]  887 +     use alloc::vec;
[INFO] [stdout]      |
[INFO] [stdout] 
[INFO] [stdout] 
[INFO] [stdout] error: cannot find macro `vec` in this scope
[INFO] [stdout]     --> src/esp.rs:1076:27
[INFO] [stdout]      |
[INFO] [stdout] 1076 |             let mut got = vec![0u8; e.size as usize];
[INFO] [stdout]      |                           ^^^
[INFO] [stdout]      |
[INFO] [stdout] help: consider importing this macro
[INFO] [stdout]      |
[INFO] [stdout]  887 +     use alloc::vec;
[INFO] [stdout]      |
[INFO] [stdout] 
[INFO] [stdout] 
[INFO] [stdout] error: cannot find macro `vec` in this scope
[INFO] [stdout]     --> src/esp.rs:1068:27
[INFO] [stdout]      |
[INFO] [stdout] 1068 |             let mut got = vec![0u8; want.len()];
[INFO] [stdout]      |                           ^^^
[INFO] [stdout]      |
[INFO] [stdout] help: consider importing this macro
[INFO] [stdout]      |
[INFO] [stdout]  887 +     use alloc::vec;
[INFO] [stdout]      |
[INFO] [stdout] 
[INFO] [stdout] 
[INFO] [stdout] error: cannot find macro `vec` in this scope
[INFO] [stdout]     --> src/esp.rs:1032:27
[INFO] [stdout]      |
[INFO] [stdout] 1032 |         let mut entries = vec![0u8; 128 * 128];
[INFO] [stdout]      |                           ^^^
[INFO] [stdout]      |
[INFO] [stdout] help: consider importing this macro
[INFO] [stdout]      |
[INFO] [stdout]  887 +     use alloc::vec;
[INFO] [stdout]      |
[INFO] [stdout] 
[INFO] [stdout] 
[INFO] [stdout] error: cannot find macro `vec` in this scope
[INFO] [stdout]     --> src/esp.rs:1031:24
[INFO] [stdout]      |
[INFO] [stdout] 1031 |         let mut head = vec![0u8; bs * 2 + 128 * 128];
[INFO] [stdout]      |                        ^^^
[INFO] [stdout]      |
[INFO] [stdout] help: consider importing this macro
[INFO] [stdout]      |
[INFO] [stdout]  887 +     use alloc::vec;
[INFO] [stdout]      |
[INFO] [stdout] 
[INFO] [stdout] 
[INFO] [stdout] error: cannot find macro `format` in this scope
[INFO] [stdout]     --> src/esp.rs:1018:69
[INFO] [stdout]      |
[INFO] [stdout] 1018 |             run("mcopy", &["-o", "-i", fat_s, p.to_str().unwrap(), &format!("::/filler{i:02}.x")]);
[INFO] [stdout]      |                                                                     ^^^^^^
[INFO] [stdout]      |
[INFO] [stdout] help: consider importing one of these macros
[INFO] [stdout]      |
[INFO] [stdout]  887 +     use crate::format;
[INFO] [stdout]      |
[INFO] [stdout]  887 +     use alloc::format;
[INFO] [stdout]      |
[INFO] [stdout] 
[INFO] [stdout] 
[INFO] [stdout] error: cannot find macro `format` in this scope
[INFO] [stdout]     --> src/esp.rs:1010:23
[INFO] [stdout]      |
[INFO] [stdout] 1010 |             let dst = format!("::{}", name.replace('\\', "/"));
[INFO] [stdout]      |                       ^^^^^^
[INFO] [stdout]      |
[INFO] [stdout] help: consider importing one of these macros
[INFO] [stdout]      |
[INFO] [stdout]  887 +     use crate::format;
[INFO] [stdout]      |
[INFO] [stdout]  887 +     use alloc::format;
[INFO] [stdout]      |
[INFO] [stdout] 
[INFO] [stdout] 
[INFO] [stdout] error: cannot find macro `format` in this scope
[INFO] [stdout]     --> src/esp.rs:1003:69
[INFO] [stdout]      |
[INFO] [stdout] 1003 |             run("mcopy", &["-o", "-i", fat_s, p.to_str().unwrap(), &format!("::/{name}")]);
[INFO] [stdout]      |                                                                     ^^^^^^
[INFO] [stdout]      |
[INFO] [stdout] help: consider importing one of these macros
[INFO] [stdout]      |
[INFO] [stdout]  887 +     use crate::format;
[INFO] [stdout]      |
[INFO] [stdout]  887 +     use alloc::format;
[INFO] [stdout]      |
[INFO] [stdout] 
[INFO] [stdout] 
[INFO] [stdout] error: cannot find macro `vec` in this scope
[INFO] [stdout]    --> src/esp.rs:990:55
[INFO] [stdout]     |
[INFO] [stdout] 990 |         let mut files: Vec<(&'static str, Vec<u8>)> = vec![
[INFO] [stdout]     |                                                       ^^^
[INFO] [stdout]     |
[INFO] [stdout] help: consider importing this macro
[INFO] [stdout]     |
[INFO] [stdout] 887 +     use alloc::vec;
[INFO] [stdout]     |
[INFO] [stdout] 
[INFO] [stdout] 
[INFO] [stdout] error: cannot find macro `format` in this scope
[INFO] [stdout]    --> src/esp.rs:935:43
[INFO] [stdout]     |
[INFO] [stdout] 935 |         let d = std::env::temp_dir().join(format!("stormbootx-esp-{}-{tag}", std::process::id()));
[INFO] [stdout]     |                                           ^^^^^^
[INFO] [stdout]     |
[INFO] [stdout] help: consider importing one of these macros
[INFO] [stdout]     |
[INFO] [stdout] 887 +     use crate::format;
[INFO] [stdout]     |
[INFO] [stdout] 887 +     use alloc::format;
[INFO] [stdout]     |
[INFO] [stdout] 
[INFO] [stdout] 
[INFO] [stdout] error[E0433]: cannot find module or crate `std` in this scope
[INFO] [stdout]    --> src/esp.rs:935:17
[INFO] [stdout]     |
[INFO] [stdout] 935 |         let d = std::env::temp_dir().join(format!("stormbootx-esp-{}-{tag}", std::process::id()));
[INFO] [stdout]     |                 ^^^ use of unresolved module or unlinked crate `std`
[INFO] [stdout]     |
[INFO] [stdout]     = help: if you wanted to use a crate named `std`, use `cargo add std` to add it to your `Cargo.toml`
[INFO] [stdout] 
[INFO] [stdout] 
[INFO] [stdout] error[E0433]: cannot find module or crate `std` in this scope
[INFO] [stdout]    --> src/dnsname.rs:298:24
[INFO] [stdout]     |
[INFO] [stdout] 298 |     fn hex(s: &str) -> std::vec::Vec<u8> {
[INFO] [stdout]     |                        ^^^ use of unresolved module or unlinked crate `std`
[INFO] [stdout]     |
[INFO] [stdout]     = help: if you wanted to use a crate named `std`, use `cargo add std` to add it to your `Cargo.toml`
[INFO] [stdout] help: consider importing this module
[INFO] [stdout]     |
[INFO] [stdout] 296 +     use alloc::vec;
[INFO] [stdout]     |
[INFO] [stdout] help: if you import `vec`, refer to it directly
[INFO] [stdout]     |
[INFO] [stdout] 298 -     fn hex(s: &str) -> std::vec::Vec<u8> {
[INFO] [stdout] 298 +     fn hex(s: &str) -> vec::Vec<u8> {
[INFO] [stdout]     |
[INFO] [stdout] 
[INFO] [stdout] 
[INFO] [stdout] error[E0433]: cannot find module or crate `std` in this scope
[INFO] [stdout]    --> src/dnsname.rs:303:28
[INFO] [stdout]     |
[INFO] [stdout] 303 |     fn ack(opts: &[u8]) -> std::vec::Vec<u8> {
[INFO] [stdout]     |                            ^^^ use of unresolved module or unlinked crate `std`
[INFO] [stdout]     |
[INFO] [stdout]     = help: if you wanted to use a crate named `std`, use `cargo add std` to add it to your `Cargo.toml`
[INFO] [stdout] help: consider importing this module
[INFO] [stdout]     |
[INFO] [stdout] 296 +     use alloc::vec;
[INFO] [stdout]     |
[INFO] [stdout] help: if you import `vec`, refer to it directly
[INFO] [stdout]     |
[INFO] [stdout] 303 -     fn ack(opts: &[u8]) -> std::vec::Vec<u8> {
[INFO] [stdout] 303 +     fn ack(opts: &[u8]) -> vec::Vec<u8> {
[INFO] [stdout]     |
[INFO] [stdout] 
[INFO] [stdout] 
[INFO] [stdout] error[E0425]: cannot find type `Vec` in this scope
[INFO] [stdout]    --> src/esp.rs:897:15
[INFO] [stdout]     |
[INFO] [stdout] 897 |         head: Vec<u8>,
[INFO] [stdout]     |               ^^^ not found in this scope
[INFO] [stdout]     |
[INFO] [stdout] help: consider importing one of these structs
[INFO] [stdout]     |
[INFO] [stdout] 887 +     use crate::Vec;
[INFO] [stdout]     |
[INFO] [stdout] 887 +     use alloc::vec::Vec;
[INFO] [stdout]     |
[INFO] [stdout] 
[INFO] [stdout] 
[INFO] [stdout] error[E0433]: cannot find type `String` in this scope
[INFO] [stdout]    --> src/esp.rs:950:13
[INFO] [stdout]     |
[INFO] [stdout] 950 |             String::from_utf8_lossy(&out.stderr)
[INFO] [stdout]     |             ^^^^^^ use of undeclared type `String`
[INFO] [stdout]     |
[INFO] [stdout] help: consider importing one of these structs
[INFO] [stdout]     |
[INFO] [stdout] 887 +     use crate::String;
[INFO] [stdout]     |
[INFO] [stdout] 887 +     use alloc::string::String;
[INFO] [stdout]     |
[INFO] [stdout] 
[INFO] [stdout] 
[INFO] [stdout] error[E0425]: cannot find type `Vec` in this scope
[INFO] [stdout]    --> src/esp.rs:955:40
[INFO] [stdout]     |
[INFO] [stdout] 955 |     fn content(n: usize, seed: u32) -> Vec<u8> {
[INFO] [stdout]     |                                        ^^^ not found in this scope
[INFO] [stdout]     |
[INFO] [stdout] help: consider importing one of these structs
[INFO] [stdout]     |
[INFO] [stdout] 887 +     use crate::Vec;
[INFO] [stdout]     |
[INFO] [stdout] 887 +     use alloc::vec::Vec;
[INFO] [stdout]     |
[INFO] [stdout] 
[INFO] [stdout] 
[INFO] [stdout] error[E0425]: cannot find type `Vec` in this scope
[INFO] [stdout]    --> src/esp.rs:970:16
[INFO] [stdout]     |
[INFO] [stdout] 970 |         files: Vec<(&'static str, Vec<u8>)>,
[INFO] [stdout]     |                ^^^ not found in this scope
[INFO] [stdout]     |
[INFO] [stdout] help: consider importing one of these structs
[INFO] [stdout]     |
[INFO] [stdout] 887 +     use crate::Vec;
[INFO] [stdout]     |
[INFO] [stdout] 887 +     use alloc::vec::Vec;
[INFO] [stdout]     |
[INFO] [stdout] 
[INFO] [stdout] 
[INFO] [stdout] error[E0425]: cannot find type `Vec` in this scope
[INFO] [stdout]    --> src/esp.rs:970:35
[INFO] [stdout]     |
[INFO] [stdout] 970 |         files: Vec<(&'static str, Vec<u8>)>,
[INFO] [stdout]     |                                   ^^^ not found in this scope
[INFO] [stdout]     |
[INFO] [stdout] help: consider importing one of these structs
[INFO] [stdout]     |
[INFO] [stdout] 887 +     use crate::Vec;
[INFO] [stdout]     |
[INFO] [stdout] 887 +     use alloc::vec::Vec;
[INFO] [stdout]     |
[INFO] [stdout] 
[INFO] [stdout] 
[INFO] [stdout] error[E0425]: cannot find type `Vec` in this scope
[INFO] [stdout]    --> src/esp.rs:990:24
[INFO] [stdout]     |
[INFO] [stdout] 990 |         let mut files: Vec<(&'static str, Vec<u8>)> = vec![
[INFO] [stdout]     |                        ^^^ not found in this scope
[INFO] [stdout]     |
[INFO] [stdout] help: consider importing one of these structs
[INFO] [stdout]     |
[INFO] [stdout] 887 +     use crate::Vec;
[INFO] [stdout]     |
[INFO] [stdout] 887 +     use alloc::vec::Vec;
[INFO] [stdout]     |
[INFO] [stdout] 
[INFO] [stdout] 
[INFO] [stdout] error[E0425]: cannot find type `Vec` in this scope
[INFO] [stdout]    --> src/esp.rs:990:43
[INFO] [stdout]     |
[INFO] [stdout] 990 |         let mut files: Vec<(&'static str, Vec<u8>)> = vec![
[INFO] [stdout]     |                                           ^^^ not found in this scope
[INFO] [stdout]     |
[INFO] [stdout] help: consider importing one of these structs
[INFO] [stdout]     |
[INFO] [stdout] 887 +     use crate::Vec;
[INFO] [stdout]     |
[INFO] [stdout] 887 +     use alloc::vec::Vec;
[INFO] [stdout]     |
[INFO] [stdout] 
[INFO] [stdout] 
[INFO] [stdout] error[E0425]: cannot find type `Vec` in this scope
[INFO] [stdout]     --> src/esp.rs:1095:65
[INFO] [stdout]      |
[INFO] [stdout] 1095 |     fn names(fat: &mut Fat, disk: &mut TestDisk, path: &str) -> Vec<String> {
[INFO] [stdout]      |                                                                 ^^^ not found in this scope
[INFO] [stdout]      |
[INFO] [stdout] help: consider importing one of these structs
[INFO] [stdout]      |
[INFO] [stdout]  887 +     use crate::Vec;
[INFO] [stdout]      |
[INFO] [stdout]  887 +     use alloc::vec::Vec;
[INFO] [stdout]      |
[INFO] [stdout] 
[INFO] [stdout] 
[INFO] [stdout] error[E0425]: cannot find type `String` in this scope
[INFO] [stdout]     --> src/esp.rs:1095:69
[INFO] [stdout]      |
[INFO] [stdout] 1095 |     fn names(fat: &mut Fat, disk: &mut TestDisk, path: &str) -> Vec<String> {
[INFO] [stdout]      |                                                                     ^^^^^^ not found in this scope
[INFO] [stdout]      |
[INFO] [stdout] help: consider importing one of these structs
[INFO] [stdout]      |
[INFO] [stdout]  887 +     use crate::String;
[INFO] [stdout]      |
[INFO] [stdout]  887 +     use alloc::string::String;
[INFO] [stdout]      |
[INFO] [stdout] 
[INFO] [stdout] 
[INFO] [stdout] error[E0433]: cannot find type `Vec` in this scope
[INFO] [stdout]     --> src/esp.rs:1098:21
[INFO] [stdout]      |
[INFO] [stdout] 1098 |         let mut v = Vec::new();
[INFO] [stdout]      |                     ^^^ use of undeclared type `Vec`
[INFO] [stdout]      |
[INFO] [stdout] help: consider importing one of these structs
[INFO] [stdout]      |
[INFO] [stdout]  887 +     use crate::Vec;
[INFO] [stdout]      |
[INFO] [stdout]  887 +     use alloc::vec::Vec;
[INFO] [stdout]      |
[INFO] [stdout] 
[INFO] [stdout] 
[INFO] [stdout] error[E0433]: cannot find type `String` in this scope
[INFO] [stdout]     --> src/esp.rs:1100:20
[INFO] [stdout]      |
[INFO] [stdout] 1100 |             v.push(String::from_utf16(l.name()).unwrap());
[INFO] [stdout]      |                    ^^^^^^ use of undeclared type `String`
[INFO] [stdout]      |
[INFO] [stdout] help: consider importing one of these structs
[INFO] [stdout]      |
[INFO] [stdout]  887 +     use crate::String;
[INFO] [stdout]      |
[INFO] [stdout]  887 +     use alloc::string::String;
[INFO] [stdout]      |
[INFO] [stdout] 
[INFO] [stdout] 
[INFO] [stdout] error[E0425]: cannot find type `String` in this scope
[INFO] [stdout]     --> src/esp.rs:1105:20
[INFO] [stdout]      |
[INFO] [stdout] 1105 |     fn has(list: &[String], want: &str) -> bool {
[INFO] [stdout]      |                    ^^^^^^ not found in this scope
[INFO] [stdout]      |
[INFO] [stdout] help: consider importing one of these structs
[INFO] [stdout]      |
[INFO] [stdout]  887 +     use crate::String;
[INFO] [stdout]      |
[INFO] [stdout]  887 +     use alloc::string::String;
[INFO] [stdout]      |
[INFO] [stdout] 
[INFO] [stdout] 
[INFO] [stdout] error[E0433]: cannot find type `Vec` in this scope
[INFO] [stdout]     --> src/esp.rs:1144:27
[INFO] [stdout]      |
[INFO] [stdout] 1144 |             let mut got = Vec::new();
[INFO] [stdout]      |                           ^^^ use of undeclared type `Vec`
[INFO] [stdout]      |
[INFO] [stdout] help: consider importing one of these structs
[INFO] [stdout]      |
[INFO] [stdout]  887 +     use crate::Vec;
[INFO] [stdout]      |
[INFO] [stdout]  887 +     use alloc::vec::Vec;
[INFO] [stdout]      |
[INFO] [stdout] 
[INFO] [stdout] 
[INFO] [stdout] error[E0433]: cannot find module or crate `std` in this scope
[INFO] [stdout]    --> src/manifest.rs:612:24
[INFO] [stdout]     |
[INFO] [stdout] 612 |     fn sha(c: char) -> std::string::String {
[INFO] [stdout]     |                        ^^^ use of unresolved module or unlinked crate `std`
[INFO] [stdout]     |
[INFO] [stdout]     = help: if you wanted to use a crate named `std`, use `cargo add std` to add it to your `Cargo.toml`
[INFO] [stdout] help: consider importing this module
[INFO] [stdout]     |
[INFO] [stdout] 610 +     use alloc::string;
[INFO] [stdout]     |
[INFO] [stdout] help: if you import `string`, refer to it directly
[INFO] [stdout]     |
[INFO] [stdout] 612 -     fn sha(c: char) -> std::string::String {
[INFO] [stdout] 612 +     fn sha(c: char) -> string::String {
[INFO] [stdout]     |
[INFO] [stdout] 
[INFO] [stdout] 
[INFO] [stdout] error[E0433]: cannot find module or crate `std` in this scope
[INFO] [stdout]    --> src/manifest.rs:616:20
[INFO] [stdout]     |
[INFO] [stdout] 616 |     fn sample() -> std::string::String {
[INFO] [stdout]     |                    ^^^ use of unresolved module or unlinked crate `std`
[INFO] [stdout]     |
[INFO] [stdout]     = help: if you wanted to use a crate named `std`, use `cargo add std` to add it to your `Cargo.toml`
[INFO] [stdout] help: consider importing this module
[INFO] [stdout]     |
[INFO] [stdout] 610 +     use alloc::string;
[INFO] [stdout]     |
[INFO] [stdout] help: if you import `string`, refer to it directly
[INFO] [stdout]     |
[INFO] [stdout] 616 -     fn sample() -> std::string::String {
[INFO] [stdout] 616 +     fn sample() -> string::String {
[INFO] [stdout]     |
[INFO] [stdout] 
[INFO] [stdout] 
[INFO] [stdout] error[E0433]: cannot find module or crate `std` in this scope
[INFO] [stdout]    --> src/manifest.rs:726:18
[INFO] [stdout]     |
[INFO] [stdout] 726 |         let hex: std::string::String = core::iter::repeat("0f").take(64).collect();
[INFO] [stdout]     |                  ^^^ use of unresolved module or unlinked crate `std`
[INFO] [stdout]     |
[INFO] [stdout]     = help: if you wanted to use a crate named `std`, use `cargo add std` to add it to your `Cargo.toml`
[INFO] [stdout] help: consider importing this module
[INFO] [stdout]     |
[INFO] [stdout] 610 +     use alloc::string;
[INFO] [stdout]     |
[INFO] [stdout] help: if you import `string`, refer to it directly
[INFO] [stdout]     |
[INFO] [stdout] 726 -         let hex: std::string::String = core::iter::repeat("0f").take(64).collect();
[INFO] [stdout] 726 +         let hex: string::String = core::iter::repeat("0f").take(64).collect();
[INFO] [stdout]     |
[INFO] [stdout] 
[INFO] [stdout] 
[INFO] [stdout] error[E0433]: cannot find module or crate `std` in this scope
[INFO] [stdout]    --> src/manifest.rs:746:22
[INFO] [stdout]     |
[INFO] [stdout] 746 |         let changed: std::vec::Vec<_> = s.changed().collect();
[INFO] [stdout]     |                      ^^^ use of unresolved module or unlinked crate `std`
[INFO] [stdout]     |
[INFO] [stdout]     = help: if you wanted to use a crate named `std`, use `cargo add std` to add it to your `Cargo.toml`
[INFO] [stdout] help: consider importing this module
[INFO] [stdout]     |
[INFO] [stdout] 610 +     use alloc::vec;
[INFO] [stdout]     |
[INFO] [stdout] help: if you import `vec`, refer to it directly
[INFO] [stdout]     |
[INFO] [stdout] 746 -         let changed: std::vec::Vec<_> = s.changed().collect();
[INFO] [stdout] 746 +         let changed: vec::Vec<_> = s.changed().collect();
[INFO] [stdout]     |
[INFO] [stdout] 
[INFO] [stdout] 
[INFO] [stdout] error[E0425]: cannot find type `String` in this scope
[INFO] [stdout]    --> src/sha256.rs:250:28
[INFO] [stdout]     |
[INFO] [stdout] 250 |     fn hex(data: &[u8]) -> String {
[INFO] [stdout]     |                            ^^^^^^ not found in this scope
[INFO] [stdout]     |
[INFO] [stdout] help: consider importing one of these structs
[INFO] [stdout]     |
[INFO] [stdout] 244 +     use crate::String;
[INFO] [stdout]     |
[INFO] [stdout] 244 +     use alloc::string::String;
[INFO] [stdout]     |
[INFO] [stdout] 
[INFO] [stdout] 
[INFO] [stdout] error[E0425]: cannot find type `Vec` in this scope
[INFO] [stdout]    --> src/sha256.rs:314:19
[INFO] [stdout]     |
[INFO] [stdout] 314 |         let data: Vec<u8> = (0..1000u32).map(|i| (i % 251) as u8).collect();
[INFO] [stdout]     |                   ^^^ not found in this scope
[INFO] [stdout]     |
[INFO] [stdout] help: consider importing one of these structs
[INFO] [stdout]     |
[INFO] [stdout] 244 +     use crate::Vec;
[INFO] [stdout]     |
[INFO] [stdout] 244 +     use alloc::vec::Vec;
[INFO] [stdout]     |
[INFO] [stdout] 
[INFO] [stdout] 
[INFO] [stdout] error[E0152]: duplicate lang item in crate `std` (which `test` depends on): `panic_impl`
[INFO] [stdout]   |
[INFO] [stdout]   = note: the lang item is first defined in crate `uefi` (which `stormbootx` depends on)
[INFO] [stdout]   = note: first definition in `uefi` loaded from /opt/rustwide/target/debug/build/uefi/416a92f955df2477/out/libuefi-416a92f955df2477.rmeta
[INFO] [stdout]   = note: second definition in `std` loaded from /opt/rustwide/rustup-home/toolchains/3154cc1a3e6424e44f438a95007d043ed5ceaaf6/lib/rustlib/x86_64-unknown-linux-gnu/lib/libstd-6ee2a0f0126c8a50.rmeta
[INFO] [stdout] 
[INFO] [stdout] 
[INFO] [stdout] Some errors have detailed explanations: E0152, E0425, E0432, E0433.
[INFO] [stdout] 
[INFO] [stdout] For more information about an error, try `rustc --explain E0152`.
[INFO] [stdout] 
[INFO] [stderr] error: could not compile `stormbootx` (bin "stormbootx" test) due to 48 previous errors
[INFO] [stderr] error: could not compile `stormbootx` (bin "stormbootx") due to 1 previous error
[INFO] running `Command { std: "docker" "inspect" "e17be6ecc80435a239b0459052abbfe623188749827fd24cd6b0f02cccbd2dd6", kill_on_drop: false }`
[INFO] running `Command { std: "docker" "rm" "-f" "e17be6ecc80435a239b0459052abbfe623188749827fd24cd6b0f02cccbd2dd6", kill_on_drop: false }`
[INFO] [stdout] e17be6ecc80435a239b0459052abbfe623188749827fd24cd6b0f02cccbd2dd6
