[INFO] cloning repository https://github.com/gleicon/edgestore
[INFO] running `Command { std: "git" "-c" "credential.helper=" "-c" "credential.helper=/workspace/cargo-home/bin/git-credential-null" "clone" "--bare" "https://github.com/gleicon/edgestore" "/workspace/cache/git-repos/https%3A%2F%2Fgithub.com%2Fgleicon%2Fedgestore", kill_on_drop: false }`
[INFO] [stderr] Cloning into bare repository '/workspace/cache/git-repos/https%3A%2F%2Fgithub.com%2Fgleicon%2Fedgestore'...
[INFO] running `Command { std: "git" "rev-parse" "HEAD", kill_on_drop: false }`
[INFO] [stdout] 39bb28e148e03b3c9080eca99661b022e0d0ba40
[INFO] checking gleicon/edgestore against 3154cc1a3e6424e44f438a95007d043ed5ceaaf6+rustflags=-Znext-solver=coherence for pr-133502-30
[INFO] running `Command { std: "git" "clone" "/workspace/cache/git-repos/https%3A%2F%2Fgithub.com%2Fgleicon%2Fedgestore" "/workspace/builds/worker-7-tc1/source", kill_on_drop: false }`
[INFO] [stderr] Cloning into '/workspace/builds/worker-7-tc1/source'...
[INFO] [stderr] done.
[INFO] removed /workspace/builds/worker-7-tc1/source/.cargo/config.toml
[INFO] started tweaking git repo https://github.com/gleicon/edgestore
[INFO] finished tweaking git repo https://github.com/gleicon/edgestore
[INFO] tweaked toml for git repo https://github.com/gleicon/edgestore written to /workspace/builds/worker-7-tc1/source/Cargo.toml
[INFO] validating manifest of git repo https://github.com/gleicon/edgestore on toolchain 3154cc1a3e6424e44f438a95007d043ed5ceaaf6
[INFO] running `Command { std: CARGO_HOME="/workspace/cargo-home" RUSTUP_HOME="/workspace/rustup-home" "/workspace/cargo-home/bin/cargo" "+3154cc1a3e6424e44f438a95007d043ed5ceaaf6" "metadata" "--manifest-path" "Cargo.toml" "--no-deps", kill_on_drop: false }`
[INFO] crate git repo https://github.com/gleicon/edgestore already has a lockfile, it will not be regenerated
[INFO] running `Command { std: CARGO_HOME="/workspace/cargo-home" RUSTUP_HOME="/workspace/rustup-home" "/workspace/cargo-home/bin/cargo" "+3154cc1a3e6424e44f438a95007d043ed5ceaaf6" "fetch" "--manifest-path" "Cargo.toml", kill_on_drop: false }`
[INFO] [stderr] warning: `package.homepage` is redundant with `package.repository`
[INFO] [stderr]  --> edgestore-tier/Cargo.toml:8:1
[INFO] [stderr]   |
[INFO] [stderr] 7 | repository.workspace = true
[INFO] [stderr]   | ----------
[INFO] [stderr] 8 | homepage.workspace = true
[INFO] [stderr]   | ^^^^^^^^
[INFO] [stderr]   |
[INFO] [stderr]   = note: `cargo::redundant_homepage` is set to `warn` by default
[INFO] [stderr] help: consider removing `package.homepage`
[INFO] [stderr] warning: `edgestore-tier` (manifest) generated 1 warning
[INFO] [stderr] warning: `package.homepage` is redundant with `package.repository`
[INFO] [stderr]  --> edgestore/Cargo.toml:8:1
[INFO] [stderr]   |
[INFO] [stderr] 7 | repository.workspace = true
[INFO] [stderr]   | ----------
[INFO] [stderr] 8 | homepage.workspace = true
[INFO] [stderr]   | ^^^^^^^^
[INFO] [stderr]   |
[INFO] [stderr]   = note: `cargo::redundant_homepage` is set to `warn` by default
[INFO] [stderr] help: consider removing `package.homepage`
[INFO] [stderr] warning: `edgestore` (manifest) generated 1 warning
[INFO] [stderr] warning: `package.homepage` is redundant with `package.repository`
[INFO] [stderr]  --> edgestore-cli/Cargo.toml:8:1
[INFO] [stderr]   |
[INFO] [stderr] 7 | repository.workspace = true
[INFO] [stderr]   | ----------
[INFO] [stderr] 8 | homepage.workspace = true
[INFO] [stderr]   | ^^^^^^^^
[INFO] [stderr]   |
[INFO] [stderr]   = note: `cargo::redundant_homepage` is set to `warn` by default
[INFO] [stderr] help: consider removing `package.homepage`
[INFO] [stderr] warning: `edgestore-cli` (manifest) generated 1 warning
[INFO] [stderr] warning: `package.homepage` is redundant with `package.repository`
[INFO] [stderr]  --> edgestore-tokio/Cargo.toml:8:1
[INFO] [stderr]   |
[INFO] [stderr] 7 | repository.workspace = true
[INFO] [stderr]   | ----------
[INFO] [stderr] 8 | homepage.workspace = true
[INFO] [stderr]   | ^^^^^^^^
[INFO] [stderr]   |
[INFO] [stderr]   = note: `cargo::redundant_homepage` is set to `warn` by default
[INFO] [stderr] help: consider removing `package.homepage`
[INFO] [stderr] warning: `edgestore-tokio` (manifest) generated 1 warning
[INFO] [stderr] warning: `package.homepage` is redundant with `package.repository`
[INFO] [stderr]  --> edgestore-text/Cargo.toml:8:1
[INFO] [stderr]   |
[INFO] [stderr] 7 | repository.workspace = true
[INFO] [stderr]   | ----------
[INFO] [stderr] 8 | homepage.workspace = true
[INFO] [stderr]   | ^^^^^^^^
[INFO] [stderr]   |
[INFO] [stderr]   = note: `cargo::redundant_homepage` is set to `warn` by default
[INFO] [stderr] help: consider removing `package.homepage`
[INFO] [stderr] warning: `edgestore-text` (manifest) generated 1 warning
[INFO] [stderr] warning: `package.homepage` is redundant with `package.repository`
[INFO] [stderr]  --> edgestore-repl/Cargo.toml:8:1
[INFO] [stderr]   |
[INFO] [stderr] 7 | repository.workspace = true
[INFO] [stderr]   | ----------
[INFO] [stderr] 8 | homepage.workspace = true
[INFO] [stderr]   | ^^^^^^^^
[INFO] [stderr]   |
[INFO] [stderr]   = note: `cargo::redundant_homepage` is set to `warn` by default
[INFO] [stderr] help: consider removing `package.homepage`
[INFO] [stderr] warning: `edgestore-repl` (manifest) generated 1 warning
[INFO] [stderr]     Updating crates.io index
[INFO] [stderr]  Downloading crates ...
[INFO] [stderr]   Downloaded xorf v0.12.0
[INFO] [stderr]   Downloaded ordered-float v2.10.1
[INFO] [stderr]   Downloaded integer-encoding v3.0.4
[INFO] [stderr]   Downloaded cc v1.5.1
[INFO] [stderr]   Downloaded lru v0.18.5
[INFO] [stderr]   Downloaded flatbuffers v24.12.23
[INFO] [stderr]   Downloaded snap v1.1.2
[INFO] [stderr]   Downloaded lz4_flex v0.11.6
[INFO] [stderr]   Downloaded thrift v0.17.0
[INFO] [stderr]   Downloaded arrow-schema v53.4.1
[INFO] [stderr]   Downloaded arrow-data v53.4.1
[INFO] [stderr]   Downloaded aws-smithy-observability v0.3.0
[INFO] [stderr]   Downloaded aws-types v1.6.0
[INFO] [stderr]   Downloaded aws-smithy-runtime-api-macros v1.1.0
[INFO] [stderr]   Downloaded aws-smithy-async v1.3.0
[INFO] [stderr]   Downloaded arrow-select v53.4.1
[INFO] [stderr]   Downloaded hybrid-array v0.4.15
[INFO] [stderr]   Downloaded aws-credential-types v1.3.0
[INFO] [stderr]   Downloaded arrow-buffer v53.4.1
[INFO] [stderr]   Downloaded arrow-cast v53.4.1
[INFO] [stderr]   Downloaded aws-smithy-xml v0.62.1
[INFO] [stderr]   Downloaded aws-smithy-schema v0.2.1
[INFO] [stderr]   Downloaded arrow-ipc v53.4.1
[INFO] [stderr]   Downloaded aws-smithy-http v0.64.1
[INFO] [stderr]   Downloaded aws-smithy-checksums v0.65.0
[INFO] [stderr]   Downloaded aws-smithy-runtime-api v1.18.0
[INFO] [stderr]   Downloaded aws-smithy-types v1.8.1
[INFO] [stderr]   Downloaded aws-smithy-runtime v1.15.0
[INFO] [stderr]   Downloaded aws-smithy-http-client v1.4.2
[INFO] [stderr]   Downloaded aws-smithy-json v0.63.1
[INFO] [stderr]   Downloaded arrow-array v53.4.1
[INFO] [stderr]   Downloaded aws-smithy-eventstream v0.61.4
[INFO] [stderr]   Downloaded aws-sigv4 v1.6.0
[INFO] [stderr]   Downloaded aws-smithy-query v0.62.1
[INFO] [stderr]   Downloaded aws-runtime v1.10.0
[INFO] [stderr]   Downloaded aws-sdk-sso v1.113.0
[INFO] [stderr]   Downloaded aws-sdk-ssooidc v1.115.0
[INFO] [stderr]   Downloaded parquet v53.4.1
[INFO] [stderr]   Downloaded aws-sdk-sts v1.118.0
[INFO] [stderr]   Downloaded stop-words v0.8.1
[INFO] [stderr]   Downloaded aws-config v1.12.0
[INFO] [stderr]   Downloaded crc-fast v1.10.0
[INFO] [stderr]   Downloaded aws-sdk-s3 v1.150.0
[INFO] running `Command { std: "docker" "create" "-v" "/var/lib/crater-agent-workspace/builds/worker-7-tc1/source:/opt/rustwide/workdir:ro,Z" "-v" "/var/lib/crater-agent-workspace/builds/worker-7-tc1/target:/opt/rustwide/target:rw,Z" "-v" "/var/lib/crater-agent-workspace/cargo-home:/opt/rustwide/cargo-home:ro,Z" "-v" "/var/lib/crater-agent-workspace/rustup-home:/opt/rustwide/rustup-home:ro,Z" "-m" "1610612736" "--network" "none" "ghcr.io/rust-lang/crates-build-env/linux@sha256:77db811e55d90add9212f6832c23229e3de5f1c1f9905e8cb07319ea15df73ac" "sleep" "infinity", kill_on_drop: false }`
[INFO] [stdout] c92c7202306a89d186d513dd26790f1d012ba24846db28409521101973779432
[INFO] running `Command { std: "docker" "start" "c92c7202306a89d186d513dd26790f1d012ba24846db28409521101973779432", kill_on_drop: false }`
[INFO] running `Command { std: "docker" "inspect" "c92c7202306a89d186d513dd26790f1d012ba24846db28409521101973779432", kill_on_drop: false }`
[INFO] running `Command { std: "docker" "exec" "-e" "SOURCE_DIR=/opt/rustwide/workdir" "-e" "CARGO_HOME=/opt/rustwide/cargo-home" "-e" "RUSTUP_HOME=/opt/rustwide/rustup-home" "-e" "CARGO_TARGET_DIR=/opt/rustwide/target" "-w" "/opt/rustwide/workdir" "--user" "0:0" "c92c7202306a89d186d513dd26790f1d012ba24846db28409521101973779432" "/opt/rustwide/cargo-home/bin/cargo" "+3154cc1a3e6424e44f438a95007d043ed5ceaaf6" "metadata" "--no-deps" "--format-version=1", kill_on_drop: false }`
[INFO] running `Command { std: "docker" "inspect" "c92c7202306a89d186d513dd26790f1d012ba24846db28409521101973779432", kill_on_drop: false }`
[INFO] running `Command { std: "docker" "exec" "-e" "SOURCE_DIR=/opt/rustwide/workdir" "-e" "CARGO_HOME=/opt/rustwide/cargo-home" "-e" "RUSTUP_HOME=/opt/rustwide/rustup-home" "-e" "CARGO_TARGET_DIR=/opt/rustwide/target" "-e" "CARGO_INCREMENTAL=0" "-e" "RUST_BACKTRACE=full" "-e" "RUSTFLAGS=--cap-lints=forbid -Znext-solver=coherence" "-e" "RUSTDOCFLAGS=--cap-lints=forbid" "-w" "/opt/rustwide/workdir" "--user" "0:0" "c92c7202306a89d186d513dd26790f1d012ba24846db28409521101973779432" "/opt/rustwide/cargo-home/bin/cargo" "+3154cc1a3e6424e44f438a95007d043ed5ceaaf6" "check" "--frozen" "--all" "--all-targets" "--message-format=json", kill_on_drop: false }`
[INFO] [stderr] warning: `package.homepage` is redundant with `package.repository`
[INFO] [stderr]  --> edgestore/Cargo.toml:8:1
[INFO] [stderr]   |
[INFO] [stderr] 7 | repository.workspace = true
[INFO] [stderr]   | ----------
[INFO] [stderr] 8 | homepage.workspace = true
[INFO] [stderr]   | ^^^^^^^^
[INFO] [stderr]   |
[INFO] [stderr]   = note: `cargo::redundant_homepage` is set to `warn` by default
[INFO] [stderr] help: consider removing `package.homepage`
[INFO] [stderr] warning: `edgestore` (manifest) generated 1 warning
[INFO] [stderr] warning: `package.homepage` is redundant with `package.repository`
[INFO] [stderr]  --> edgestore-tokio/Cargo.toml:8:1
[INFO] [stderr]   |
[INFO] [stderr] 7 | repository.workspace = true
[INFO] [stderr]   | ----------
[INFO] [stderr] 8 | homepage.workspace = true
[INFO] [stderr]   | ^^^^^^^^
[INFO] [stderr]   |
[INFO] [stderr]   = note: `cargo::redundant_homepage` is set to `warn` by default
[INFO] [stderr] help: consider removing `package.homepage`
[INFO] [stderr] warning: `edgestore-tokio` (manifest) generated 1 warning
[INFO] [stderr] warning: `package.homepage` is redundant with `package.repository`
[INFO] [stderr]  --> edgestore-text/Cargo.toml:8:1
[INFO] [stderr]   |
[INFO] [stderr] 7 | repository.workspace = true
[INFO] [stderr]   | ----------
[INFO] [stderr] 8 | homepage.workspace = true
[INFO] [stderr]   | ^^^^^^^^
[INFO] [stderr]   |
[INFO] [stderr]   = note: `cargo::redundant_homepage` is set to `warn` by default
[INFO] [stderr] help: consider removing `package.homepage`
[INFO] [stderr] warning: `edgestore-text` (manifest) generated 1 warning
[INFO] [stderr] warning: `package.homepage` is redundant with `package.repository`
[INFO] [stderr]  --> edgestore-repl/Cargo.toml:8:1
[INFO] [stderr]   |
[INFO] [stderr] 7 | repository.workspace = true
[INFO] [stderr]   | ----------
[INFO] [stderr] 8 | homepage.workspace = true
[INFO] [stderr]   | ^^^^^^^^
[INFO] [stderr]   |
[INFO] [stderr]   = note: `cargo::redundant_homepage` is set to `warn` by default
[INFO] [stderr] help: consider removing `package.homepage`
[INFO] [stderr] warning: `edgestore-repl` (manifest) generated 1 warning
[INFO] [stderr] warning: `package.homepage` is redundant with `package.repository`
[INFO] [stderr]  --> edgestore-tier/Cargo.toml:8:1
[INFO] [stderr]   |
[INFO] [stderr] 7 | repository.workspace = true
[INFO] [stderr]   | ----------
[INFO] [stderr] 8 | homepage.workspace = true
[INFO] [stderr]   | ^^^^^^^^
[INFO] [stderr]   |
[INFO] [stderr]   = note: `cargo::redundant_homepage` is set to `warn` by default
[INFO] [stderr] help: consider removing `package.homepage`
[INFO] [stderr] warning: `edgestore-tier` (manifest) generated 1 warning
[INFO] [stderr] warning: `package.homepage` is redundant with `package.repository`
[INFO] [stderr]  --> edgestore-cli/Cargo.toml:8:1
[INFO] [stderr]   |
[INFO] [stderr] 7 | repository.workspace = true
[INFO] [stderr]   | ----------
[INFO] [stderr] 8 | homepage.workspace = true
[INFO] [stderr]   | ^^^^^^^^
[INFO] [stderr]   |
[INFO] [stderr]   = note: `cargo::redundant_homepage` is set to `warn` by default
[INFO] [stderr] help: consider removing `package.homepage`
[INFO] [stderr] warning: `edgestore-cli` (manifest) generated 1 warning
[INFO] [stderr]    Compiling find-msvc-tools v0.1.14
[INFO] [stderr]    Compiling zerocopy v0.8.59
[INFO] [stderr]     Checking log v0.4.34
[INFO] [stderr]     Checking cpufeatures v0.3.1
[INFO] [stderr]    Compiling proc-macro2 v1.0.107
[INFO] [stderr]     Checking getrandom v0.2.17
[INFO] [stderr]    Compiling rustc_version v0.4.1
[INFO] [stderr]    Compiling serde v1.0.229
[INFO] [stderr]     Checking mio v1.2.3
[INFO] [stderr]     Checking typenum v1.20.1
[INFO] [stderr]     Checking serde_json v1.0.151
[INFO] [stderr]     Checking twox-hash v2.1.4
[INFO] [stderr]     Checking serde_bytes v0.11.19
[INFO] [stderr]     Checking safe_arch v0.7.4
[INFO] [stderr]     Checking constant_time_eq v0.4.2
[INFO] [stderr]     Checking fs2 v0.4.3
[INFO] [stderr]    Compiling rustix v1.1.5
[INFO] [stderr]     Checking futures-task v0.3.34
[INFO] [stderr]     Checking lz4_flex v0.13.1
[INFO] [stderr]     Checking http v0.2.12
[INFO] [stderr]     Checking futures-util v0.3.34
[INFO] [stderr]    Compiling generic-array v0.14.7
[INFO] [stderr]    Compiling cc v1.5.1
[INFO] [stderr]     Checking rand_core v0.6.4
[INFO] [stderr]     Checking bitflags v2.13.2
[INFO] [stderr]     Checking getrandom v0.4.3
[INFO] [stderr]     Checking getrandom v0.3.4
[INFO] [stderr]     Checking vsimd v0.8.0
[INFO] [stderr]     Checking wide v0.7.33
[INFO] [stderr]     Checking outref v0.5.2
[INFO] [stderr]     Checking time v0.3.55
[INFO] [stderr]     Checking http-body-util v0.1.5
[INFO] [stderr]     Checking rmp v0.8.15
[INFO] [stderr]    Compiling crc32c v0.6.8
[INFO] [stderr]     Checking bytes-utils v0.1.4
[INFO] [stderr]     Checking num-bigint v0.4.8
[INFO] [stderr]     Checking num-iter v0.1.46
[INFO] [stderr]    Compiling quote v1.0.47
[INFO] [stderr]     Checking num-complex v0.4.6
[INFO] [stderr]     Checking lexical-util v1.0.7
[INFO] [stderr]     Checking clap_lex v1.1.1
[INFO] [stderr]     Checking rand_core v0.9.5
[INFO] [stderr]     Checking clap_builder v4.6.7
[INFO] [stderr]    Compiling ahash v0.8.12
[INFO] [stderr]     Checking arrow-schema v53.4.1
[INFO] [stderr]     Checking base64-simd v0.8.0
[INFO] [stderr]    Compiling syn v3.0.6
[INFO] [stderr]    Compiling syn v2.0.119
[INFO] [stderr]     Checking smallvec v1.16.2
[INFO] [stderr]     Checking http-body v0.4.6
[INFO] [stderr]     Checking plotters-backend v0.3.7
[INFO] [stderr]     Checking ciborium-io v0.2.2
[INFO] [stderr]    Compiling aws-lc-rs v1.18.1
[INFO] [stderr]     Checking indexmap v2.14.2
[INFO] [stderr]     Checking lexical-write-integer v1.0.6
[INFO] [stderr]     Checking lexical-parse-integer v1.0.6
[INFO] [stderr]     Checking plotters-svg v0.3.7
[INFO] [stderr]     Checking chrono v0.4.39
[INFO] [stderr]     Checking hybrid-array v0.4.15
[INFO] [stderr]     Checking regex-automata v0.4.18
[INFO] [stderr]     Checking wait-timeout v0.2.1
[INFO] [stderr]     Checking itertools v0.10.5
[INFO] [stderr]     Checking bit-vec v0.8.0
[INFO] [stderr]     Checking quick-error v1.2.3
[INFO] [stderr]     Checking cast v0.3.0
[INFO] [stderr]     Checking hashbrown v0.15.5
[INFO] [stderr]     Checking bit-set v0.8.0
[INFO] [stderr]     Checking block-buffer v0.10.4
[INFO] [stderr]     Checking crypto-common v0.1.7
[INFO] [stderr]    Compiling cmake v0.1.58
[INFO] [stderr]     Checking num-rational v0.4.2
[INFO] [stderr]     Checking digest v0.10.7
[INFO] [stderr]     Checking lexical-write-float v1.0.6
[INFO] [stderr]     Checking plotters v0.3.7
[INFO] [stderr]     Checking lexical-parse-float v1.0.6
[INFO] [stderr]     Checking rand v0.9.5
[INFO] [stderr]     Checking num v0.4.3
[INFO] [stderr]     Checking rand_xorshift v0.4.0
[INFO] [stderr]    Compiling flatbuffers v24.12.23
[INFO] [stderr]     Checking is-terminal v0.4.17
[INFO] [stderr]     Checking cmov v0.5.4
[INFO] [stderr]     Checking anes v0.1.6
[INFO] [stderr]     Checking oorandom v11.1.5
[INFO] [stderr]     Checking unarray v0.1.4
[INFO] [stderr]     Checking alloc-stdlib v0.2.4
[INFO] [stderr]     Checking spki v0.7.3
[INFO] [stderr]     Checking lexical-core v1.0.6
[INFO] [stderr]     Checking crypto-common v0.2.2
[INFO] [stderr]     Checking block-buffer v0.12.1
[INFO] [stderr]     Checking atoi v2.0.0
[INFO] [stderr]    Compiling rustls v0.23.45
[INFO] [stderr]     Checking ctutils v0.4.2
[INFO] [stderr]     Checking const-oid v0.10.2
[INFO] [stderr]     Checking tempfile v3.27.0
[INFO] [stderr]    Compiling snap v1.1.2
[INFO] [stderr]     Checking pkcs8 v0.10.2
[INFO] [stderr]     Checking brotli-decompressor v4.0.3
[INFO] [stderr]     Checking ff v0.13.1
[INFO] [stderr]     Checking ordered-float v2.10.1
[INFO] [stderr]    Compiling rustls v0.21.12
[INFO] [stderr]     Checking criterion-plot v0.5.0
[INFO] [stderr]     Checking integer-encoding v3.0.4
[INFO] [stderr]    Compiling zstd-sys v2.0.13+zstd.1.5.6
[INFO] [stderr]    Compiling blake3 v1.8.7
[INFO] [stderr]    Compiling ring v0.17.14
[INFO] [stderr]    Compiling aws-lc-sys v0.45.0
[INFO] [stderr]     Checking rusty-fork v0.3.1
[INFO] [stderr]     Checking sec1 v0.7.3
[INFO] [stderr]     Checking group v0.13.0
[INFO] [stderr]     Checking twox-hash v1.6.3
[INFO] [stderr]     Checking crypto-bigint v0.5.5
[INFO] [stderr]     Checking lz4_flex v0.11.6
[INFO] [stderr]    Compiling seq-macro v0.3.6
[INFO] [stderr]     Checking thrift v0.17.0
[INFO] [stderr]     Checking regex v1.13.1
[INFO] [stderr]     Checking hmac v0.12.1
[INFO] [stderr]     Checking socket2 v0.5.10
[INFO] [stderr]     Checking ipnet v2.12.2
[INFO] [stderr]     Checking rfc6979 v0.4.0
[INFO] [stderr]     Checking signature v2.2.0
[INFO] [stderr]     Checking tower v0.5.3
[INFO] [stderr]     Checking sha2 v0.10.9
[INFO] [stderr]     Checking digest v0.11.3
[INFO] [stderr]    Compiling aws-types v1.6.0
[INFO] [stderr]     Checking uuid v1.26.1
[INFO] [stderr]     Checking xmlparser v0.13.6
[INFO] [stderr]     Checking regex-lite v0.1.9
[INFO] [stderr]     Checking spin v0.10.1
[INFO] [stderr]    Compiling serde_core v1.0.229
[INFO] [stderr]     Checking sha2 v0.11.0
[INFO] [stderr]     Checking hmac v0.13.0
[INFO] [stderr]     Checking md-5 v0.11.0
[INFO] [stderr]     Checking sha1 v0.11.0
[INFO] [stderr]     Checking webpki-roots v0.26.11
[INFO] [stderr]     Checking crc-fast v1.10.0
[INFO] [stderr]     Checking sha1 v0.10.7
[INFO] [stderr]     Checking lru v0.18.5
[INFO] [stderr]     Checking ascii v1.1.0
[INFO] [stderr]     Checking chunked_transfer v1.5.0
[INFO] [stderr]     Checking brotli v7.0.0
[INFO] [stderr]     Checking tiny_http v0.12.0
[INFO] [stderr]     Checking elliptic-curve v0.13.8
[INFO] [stderr]     Checking primeorder v0.13.6
[INFO] [stderr]     Checking ecdsa v0.16.9
[INFO] [stderr]     Checking p256 v0.13.2
[INFO] [stderr]    Compiling zerocopy-derive v0.8.59
[INFO] [stderr]    Compiling tracing-attributes v0.1.31
[INFO] [stderr]    Compiling aws-smithy-runtime-api-macros v1.1.0
[INFO] [stderr]    Compiling synstructure v0.14.0
[INFO] [stderr]     Checking sct v0.7.1
[INFO] [stderr]     Checking rustls-webpki v0.101.7
[INFO] [stderr]    Compiling serde_derive v1.0.229
[INFO] [stderr]    Compiling tokio-macros v2.7.2
[INFO] [stderr]    Compiling clap_derive v4.6.7
[INFO] [stderr]    Compiling zerofrom-derive v0.1.8
[INFO] [stderr]    Compiling yoke-derive v0.8.3
[INFO] [stderr]    Compiling zerovec-derive v0.11.6
[INFO] [stderr]    Compiling displaydoc v0.2.7
[INFO] [stderr]     Checking tracing v0.1.44
[INFO] [stderr]     Checking tokio v1.53.1
[INFO] [stderr]     Checking zerofrom v0.1.8
[INFO] [stderr]     Checking yoke v0.8.3
[INFO] [stderr]     Checking zerovec v0.11.8
[INFO] [stderr]     Checking zerotrie v0.2.5
[INFO] [stderr]    Compiling zstd-safe v7.2.1
[INFO] [stderr]     Checking clap v4.6.7
[INFO] [stderr]     Checking zstd v0.13.3
[INFO] [stderr]    Compiling stop-words v0.8.1
[INFO] [stderr]     Checking tinystr v0.8.4
[INFO] [stderr]     Checking potential_utf v0.1.6
[INFO] [stderr]     Checking icu_collections v2.3.0
[INFO] [stderr]     Checking icu_locale_core v2.3.0
[INFO] [stderr]     Checking icu_provider v2.3.1
[INFO] [stderr]     Checking icu_normalizer v2.3.0
[INFO] [stderr]     Checking icu_properties v2.3.0
[INFO] [stderr]     Checking rmp-serde v1.3.1
[INFO] [stderr]     Checking tinytemplate v1.2.1
[INFO] [stderr]     Checking rust-stemmers v1.2.0
[INFO] [stderr]     Checking idna_adapter v1.2.2
[INFO] [stderr]     Checking idna v1.1.0
[INFO] [stderr]     Checking url v2.5.8
[INFO] [stderr]     Checking ppv-lite86 v0.2.21
[INFO] [stderr]     Checking half v2.7.1
[INFO] [stderr]     Checking tokio-util v0.7.19
[INFO] [stderr]     Checking aws-smithy-async v1.3.0
[INFO] [stderr]     Checking tokio-rustls v0.24.1
[INFO] [stderr]     Checking arrow-buffer v53.4.1
[INFO] [stderr]     Checking ciborium-ll v0.2.2
[INFO] [stderr]     Checking rand_chacha v0.3.1
[INFO] [stderr]     Checking rand_chacha v0.9.0
[INFO] [stderr]     Checking proptest v1.11.0
[INFO] [stderr]     Checking ciborium v0.2.2
[INFO] [stderr]     Checking rand v0.8.8
[INFO] [stderr]     Checking aws-smithy-types v1.8.1
[INFO] [stderr]     Checking h2 v0.4.19
[INFO] [stderr]     Checking h2 v0.3.27
[INFO] [stderr]     Checking arrow-data v53.4.1
[INFO] [stderr]     Checking criterion v0.5.1
[INFO] [stderr]     Checking xorf v0.12.0
[INFO] [stderr]     Checking arrow-array v53.4.1
[INFO] [stderr]     Checking aws-smithy-runtime-api v1.18.0
[INFO] [stderr]     Checking aws-smithy-eventstream v0.61.4
[INFO] [stderr]     Checking edgestore v2.0.3 (/opt/rustwide/workdir/edgestore)
[INFO] [stderr]     Checking aws-smithy-schema v0.2.1
[INFO] [stderr]     Checking aws-smithy-http v0.64.1
[INFO] [stderr]     Checking aws-credential-types v1.3.0
[INFO] [stderr]     Checking aws-smithy-observability v0.3.0
[INFO] [stderr]     Checking aws-sigv4 v1.6.0
[INFO] [stderr]     Checking aws-smithy-checksums v0.65.0
[INFO] [stderr]     Checking aws-smithy-json v0.63.1
[INFO] [stderr]     Checking aws-smithy-xml v0.62.1
[INFO] [stderr]     Checking aws-smithy-query v0.62.1
[INFO] [stderr]     Checking edgestore-text v2.0.3 (/opt/rustwide/workdir/edgestore-text)
[INFO] [stderr]     Checking edgestore-tokio v2.0.3 (/opt/rustwide/workdir/edgestore-tokio)
[INFO] [stderr]     Checking hyper v1.11.1
[INFO] [stderr]     Checking edgestore-cli v2.0.3 (/opt/rustwide/workdir/edgestore-cli)
[INFO] [stderr]     Checking hyper v0.14.32
[INFO] [stderr]     Checking arrow-select v53.4.1
[INFO] [stderr]     Checking hyper-util v0.1.21
[INFO] [stderr]     Checking arrow-cast v53.4.1
[INFO] [stderr]     Checking arrow-ipc v53.4.1
[INFO] [stderr]     Checking hyper-rustls v0.24.2
[INFO] [stderr]     Checking parquet v53.4.1
[INFO] [stderr]     Checking rustls-webpki v0.103.15
[INFO] [stderr]     Checking tokio-rustls v0.26.5
[INFO] [stderr]     Checking ureq v2.12.1
[INFO] [stderr]     Checking hyper-rustls v0.27.10
[INFO] [stderr]     Checking aws-smithy-http-client v1.4.2
[INFO] [stdout] warning: unused import: `encode_vector_record`
[INFO] [stdout]  --> edgestore/tests/phase6_integration.rs:3:21
[INFO] [stdout]   |
[INFO] [stdout] 3 |     vector::types::{encode_vector_record, Dtype},
[INFO] [stdout]   |                     ^^^^^^^^^^^^^^^^^^^^
[INFO] [stdout]   |
[INFO] [stdout]   = note: `#[warn(unused_imports)]` (part of `#[warn(unused)]`) on by default
[INFO] [stdout] 
[INFO] [stdout] 
[INFO] [stdout] error[E0432]: unresolved import `edgestore::TextEngine`
[INFO] [stdout]  --> edgestore/benches/text_search.rs:2:42
[INFO] [stdout]   |
[INFO] [stdout] 2 | use edgestore::{EdgestoreConfig, Engine, TextEngine};
[INFO] [stdout]   |                                          ^^^^^^^^^^ no `TextEngine` in the root
[INFO] [stdout] 
[INFO] [stdout] 
[INFO] [stdout] warning: variable does not need to be mutable
[INFO] [stdout]   --> edgestore/tests/phase6_integration.rs:93:9
[INFO] [stdout]    |
[INFO] [stdout] 93 |     let mut engine = open_engine(&dir);
[INFO] [stdout]    |         ----^^^^^^
[INFO] [stdout]    |         |
[INFO] [stdout]    |         help: remove this `mut`
[INFO] [stdout]    |
[INFO] [stdout]    = note: `#[warn(unused_mut)]` (part of `#[warn(unused)]`) on by default
[INFO] [stdout] 
[INFO] [stdout] 
[INFO] [stdout] warning: variable does not need to be mutable
[INFO] [stdout]    --> edgestore/tests/phase6_integration.rs:145:9
[INFO] [stdout]     |
[INFO] [stdout] 145 |     let mut engine = open_engine(&dir);
[INFO] [stdout]     |         ----^^^^^^
[INFO] [stdout]     |         |
[INFO] [stdout]     |         help: remove this `mut`
[INFO] [stdout] 
[INFO] [stdout] 
[INFO] [stdout] error[E0599]: no method named `index_text` found for struct `Engine` in the current scope
[INFO] [stdout]   --> edgestore/benches/text_search.rs:41:18
[INFO] [stdout]    |
[INFO] [stdout] 40 |             engine
[INFO] [stdout] 41 |                 .index_text(
[INFO] [stdout]    |                  ^^^^^^^^^^ method not found in `Engine`
[INFO] [stdout] 
[INFO] [stdout] 
[INFO] [stdout] error[E0599]: no method named `search_text` found for struct `Engine` in the current scope
[INFO] [stdout]   --> edgestore/benches/text_search.rs:54:22
[INFO] [stdout]    |
[INFO] [stdout] 53 |                 let results = engine
[INFO] [stdout] 54 |                     .search_text(b"ns", black_box("quick brown fox"), 10)
[INFO] [stdout]    |                      ^^^^^^^^^^^ method not found in `Engine`
[INFO] [stdout] 
[INFO] [stdout] 
[INFO] [stdout] error[E0599]: no method named `index_text` found for struct `Engine` in the current scope
[INFO] [stdout]   --> edgestore/benches/text_search.rs:76:18
[INFO] [stdout]    |
[INFO] [stdout] 75 |             engine
[INFO] [stdout] 76 |                 .index_text(
[INFO] [stdout]    |                  ^^^^^^^^^^ method not found in `Engine`
[INFO] [stdout] 
[INFO] [stdout] 
[INFO] [stdout] error[E0599]: no method named `search_text` found for struct `Engine` in the current scope
[INFO] [stdout]   --> edgestore/benches/text_search.rs:88:22
[INFO] [stdout]    |
[INFO] [stdout] 87 |                 let results = engine
[INFO] [stdout] 88 |                     .search_text(b"ns", black_box("quick brown fox"), 10)
[INFO] [stdout]    |                      ^^^^^^^^^^^ method not found in `Engine`
[INFO] [stdout] 
[INFO] [stdout] 
[INFO] [stdout] error[E0599]: no method named `index_text` found for struct `Engine` in the current scope
[INFO] [stdout]    --> edgestore/benches/text_search.rs:110:26
[INFO] [stdout]     |
[INFO] [stdout] 109 |                     engine
[INFO] [stdout] 110 |                         .index_text(
[INFO] [stdout]     |                          ^^^^^^^^^^ method not found in `Engine`
[INFO] [stdout] 
[INFO] [stdout] 
[INFO] [stdout] error[E0599]: no method named `delete_text` found for struct `Engine` in the current scope
[INFO] [stdout]    --> edgestore/benches/text_search.rs:121:24
[INFO] [stdout]     |
[INFO] [stdout] 121 |                 engine.delete_text(b"ns", b"doc00005000").unwrap();
[INFO] [stdout]     |                        ^^^^^^^^^^^
[INFO] [stdout]     |
[INFO] [stdout] help: there is a method `delete` with a similar name
[INFO] [stdout]     |
[INFO] [stdout] 121 -                 engine.delete_text(b"ns", b"doc00005000").unwrap();
[INFO] [stdout] 121 +                 engine.delete(b"ns", b"doc00005000").unwrap();
[INFO] [stdout]     |
[INFO] [stdout] 
[INFO] [stdout] 
[INFO] [stdout] error[E0599]: no method named `search_text` found for struct `Engine` in the current scope
[INFO] [stdout]    --> edgestore/benches/text_search.rs:123:22
[INFO] [stdout]     |
[INFO] [stdout] 122 |                 let results = engine
[INFO] [stdout] 123 |                     .search_text(b"ns", black_box("quick brown fox"), 10)
[INFO] [stdout]     |                      ^^^^^^^^^^^ method not found in `Engine`
[INFO] [stdout] 
[INFO] [stdout] 
[INFO] [stdout] error[E0599]: no method named `index_text` found for struct `Engine` in the current scope
[INFO] [stdout]    --> edgestore/benches/text_search.rs:149:30
[INFO] [stdout]     |
[INFO] [stdout] 148 |                         engine
[INFO] [stdout] 149 |                             .index_text(
[INFO] [stdout]     |                              ^^^^^^^^^^ method not found in `Engine`
[INFO] [stdout] 
[INFO] [stdout] 
[INFO] [stdout] error[E0599]: no method named `index_text` found for struct `Engine` in the current scope
[INFO] [stdout]    --> edgestore/benches/text_search.rs:182:30
[INFO] [stdout]     |
[INFO] [stdout] 181 |                         engine
[INFO] [stdout] 182 |                             .index_text(
[INFO] [stdout]     |                              ^^^^^^^^^^ method not found in `Engine`
[INFO] [stdout] 
[INFO] [stdout] 
[INFO] [stdout] Some errors have detailed explanations: E0432, E0599.
[INFO] [stdout] 
[INFO] [stdout] For more information about an error, try `rustc --explain E0432`.
[INFO] [stdout] 
[INFO] [stderr] error: could not compile `edgestore` (bench "text_search") due to 10 previous errors
[INFO] [stderr] warning: build failed, waiting for other jobs to finish...
[INFO] running `Command { std: "docker" "inspect" "c92c7202306a89d186d513dd26790f1d012ba24846db28409521101973779432", kill_on_drop: false }`
[INFO] running `Command { std: "docker" "rm" "-f" "c92c7202306a89d186d513dd26790f1d012ba24846db28409521101973779432", kill_on_drop: false }`
[INFO] [stdout] c92c7202306a89d186d513dd26790f1d012ba24846db28409521101973779432
