[INFO] cloning repository https://github.com/gianlucamazza/harbor-kernel
[INFO] running `Command { std: "git" "-c" "credential.helper=" "-c" "credential.helper=/workspace/cargo-home/bin/git-credential-null" "clone" "--bare" "https://github.com/gianlucamazza/harbor-kernel" "/workspace/cache/git-repos/https%3A%2F%2Fgithub.com%2Fgianlucamazza%2Fharbor-kernel", kill_on_drop: false }`
[INFO] [stderr] Cloning into bare repository '/workspace/cache/git-repos/https%3A%2F%2Fgithub.com%2Fgianlucamazza%2Fharbor-kernel'...
[INFO] running `Command { std: "git" "rev-parse" "HEAD", kill_on_drop: false }`
[INFO] [stdout] 3131e611f724d004a8136653a6f0be0ee744e346
[INFO] checking gianlucamazza/harbor-kernel against 3154cc1a3e6424e44f438a95007d043ed5ceaaf6 for pr-133502-30
[INFO] running `Command { std: "git" "clone" "/workspace/cache/git-repos/https%3A%2F%2Fgithub.com%2Fgianlucamazza%2Fharbor-kernel" "/workspace/builds/worker-7-tc2/source", kill_on_drop: false }`
[INFO] [stderr] Cloning into '/workspace/builds/worker-7-tc2/source'...
[INFO] [stderr] done.
[INFO] removed /workspace/builds/worker-7-tc2/source/.cargo/config.toml
[INFO] removed /workspace/builds/worker-7-tc2/source/rust-toolchain.toml
[INFO] started tweaking git repo https://github.com/gianlucamazza/harbor-kernel
[INFO] finished tweaking git repo https://github.com/gianlucamazza/harbor-kernel
[INFO] tweaked toml for git repo https://github.com/gianlucamazza/harbor-kernel written to /workspace/builds/worker-7-tc2/source/Cargo.toml
[INFO] validating manifest of git repo https://github.com/gianlucamazza/harbor-kernel on toolchain 3154cc1a3e6424e44f438a95007d043ed5ceaaf6
[INFO] running `Command { std: CARGO_HOME="/workspace/cargo-home" RUSTUP_HOME="/workspace/rustup-home" "/workspace/cargo-home/bin/cargo" "+3154cc1a3e6424e44f438a95007d043ed5ceaaf6" "metadata" "--manifest-path" "Cargo.toml" "--no-deps", kill_on_drop: false }`
[INFO] crate git repo https://github.com/gianlucamazza/harbor-kernel already has a lockfile, it will not be regenerated
[INFO] running `Command { std: CARGO_HOME="/workspace/cargo-home" RUSTUP_HOME="/workspace/rustup-home" "/workspace/cargo-home/bin/cargo" "+3154cc1a3e6424e44f438a95007d043ed5ceaaf6" "fetch" "--manifest-path" "Cargo.toml", kill_on_drop: false }`
[INFO] running `Command { std: "docker" "create" "-v" "/var/lib/crater-agent-workspace/builds/worker-7-tc2/source:/opt/rustwide/workdir:ro,Z" "-v" "/var/lib/crater-agent-workspace/builds/worker-7-tc2/target:/opt/rustwide/target:rw,Z" "-v" "/var/lib/crater-agent-workspace/cargo-home:/opt/rustwide/cargo-home:ro,Z" "-v" "/var/lib/crater-agent-workspace/rustup-home:/opt/rustwide/rustup-home:ro,Z" "-m" "1610612736" "--network" "none" "ghcr.io/rust-lang/crates-build-env/linux@sha256:77db811e55d90add9212f6832c23229e3de5f1c1f9905e8cb07319ea15df73ac" "sleep" "infinity", kill_on_drop: false }`
[INFO] [stdout] 3b200b5d698277d708822daf43d401b8cc865098d019f8eac866bf4c03beae56
[INFO] running `Command { std: "docker" "start" "3b200b5d698277d708822daf43d401b8cc865098d019f8eac866bf4c03beae56", kill_on_drop: false }`
[INFO] running `Command { std: "docker" "inspect" "3b200b5d698277d708822daf43d401b8cc865098d019f8eac866bf4c03beae56", kill_on_drop: false }`
[INFO] running `Command { std: "docker" "exec" "-e" "SOURCE_DIR=/opt/rustwide/workdir" "-e" "CARGO_HOME=/opt/rustwide/cargo-home" "-e" "RUSTUP_HOME=/opt/rustwide/rustup-home" "-e" "CARGO_TARGET_DIR=/opt/rustwide/target" "-w" "/opt/rustwide/workdir" "--user" "0:0" "3b200b5d698277d708822daf43d401b8cc865098d019f8eac866bf4c03beae56" "/opt/rustwide/cargo-home/bin/cargo" "+3154cc1a3e6424e44f438a95007d043ed5ceaaf6" "metadata" "--no-deps" "--format-version=1", kill_on_drop: false }`
[INFO] running `Command { std: "docker" "inspect" "3b200b5d698277d708822daf43d401b8cc865098d019f8eac866bf4c03beae56", kill_on_drop: false }`
[INFO] running `Command { std: "docker" "exec" "-e" "SOURCE_DIR=/opt/rustwide/workdir" "-e" "CARGO_HOME=/opt/rustwide/cargo-home" "-e" "RUSTUP_HOME=/opt/rustwide/rustup-home" "-e" "CARGO_TARGET_DIR=/opt/rustwide/target" "-e" "CARGO_INCREMENTAL=0" "-e" "RUST_BACKTRACE=full" "-e" "RUSTFLAGS=--cap-lints=forbid" "-e" "RUSTDOCFLAGS=--cap-lints=forbid" "-w" "/opt/rustwide/workdir" "--user" "0:0" "3b200b5d698277d708822daf43d401b8cc865098d019f8eac866bf4c03beae56" "/opt/rustwide/cargo-home/bin/cargo" "+3154cc1a3e6424e44f438a95007d043ed5ceaaf6" "check" "--frozen" "--all" "--all-targets" "--message-format=json", kill_on_drop: false }`
[INFO] [stderr]     Checking kernel-core v0.1.0 (/opt/rustwide/workdir/crates/kernel-core)
[INFO] [stderr]    Compiling harbor-kernel v0.1.0 (/opt/rustwide/workdir)
[INFO] [stdout] error[E0432]: unresolved import `crate::drivers::pl011`
[INFO] [stdout]   --> src/bsp/rpi4/console.rs:7:21
[INFO] [stdout]    |
[INFO] [stdout]  7 | use crate::drivers::pl011::Pl011;
[INFO] [stdout]    |                     ^^^^^ could not find `pl011` in `drivers`
[INFO] [stdout]    |
[INFO] [stdout] note: found an item that was configured out
[INFO] [stdout]   --> src/drivers/mod.rs:32:9
[INFO] [stdout]    |
[INFO] [stdout] 31 | #[cfg(target_arch = "aarch64")]
[INFO] [stdout]    |       ----------------------- the item is gated behind the `aarch64` feature
[INFO] [stdout] 32 | pub mod pl011;
[INFO] [stdout]    |         ^^^^^
[INFO] [stdout] 
[INFO] [stdout] 
[INFO] [stdout] error[E0432]: unresolved import `crate::drivers::mailbox`
[INFO] [stdout]   --> src/bsp/rpi4/display.rs:7:21
[INFO] [stdout]    |
[INFO] [stdout]  7 | use crate::drivers::mailbox::{Error, PropertyMailbox};
[INFO] [stdout]    |                     ^^^^^^^ could not find `mailbox` in `drivers`
[INFO] [stdout]    |
[INFO] [stdout] note: found an item that was configured out
[INFO] [stdout]   --> src/drivers/mod.rs:28:9
[INFO] [stdout]    |
[INFO] [stdout] 27 | #[cfg(target_arch = "aarch64")]
[INFO] [stdout]    |       ----------------------- the item is gated behind the `aarch64` feature
[INFO] [stdout] 28 | pub mod mailbox;
[INFO] [stdout]    |         ^^^^^^^
[INFO] [stdout] 
[INFO] [stdout] 
[INFO] [stdout] error[E0432]: unresolved import `crate::console`
[INFO] [stdout]   --> src/bsp/rpi4/irq.rs:5:5
[INFO] [stdout]    |
[INFO] [stdout]  5 | use crate::console;
[INFO] [stdout]    |     ^^^^^^^-------
[INFO] [stdout]    |            |
[INFO] [stdout]    |            no `console` in the root
[INFO] [stdout]    |
[INFO] [stdout] note: found an item that was configured out
[INFO] [stdout]   --> src/main.rs:29:5
[INFO] [stdout]    |
[INFO] [stdout] 28 | #[cfg(target_arch = "aarch64")]
[INFO] [stdout]    |       ----------------------- the item is gated behind the `aarch64` feature
[INFO] [stdout] 29 | mod console;
[INFO] [stdout]    |     ^^^^^^^
[INFO] [stdout] help: consider importing this module through its public re-export instead
[INFO] [stdout]    |
[INFO] [stdout]  5 | use crate::bsp::board::console;
[INFO] [stdout]    |            ++++++++++++
[INFO] [stdout] 
[INFO] [stdout] 
[INFO] [stdout] error[E0432]: unresolved import `crate::drivers::gicv2`
[INFO] [stdout]   --> src/bsp/rpi4/irq.rs:6:21
[INFO] [stdout]    |
[INFO] [stdout]  6 | use crate::drivers::gicv2::GicV2;
[INFO] [stdout]    |                     ^^^^^ could not find `gicv2` in `drivers`
[INFO] [stdout]    |
[INFO] [stdout] note: found an item that was configured out
[INFO] [stdout]   --> src/drivers/mod.rs:24:9
[INFO] [stdout]    |
[INFO] [stdout] 23 | #[cfg(target_arch = "aarch64")]
[INFO] [stdout]    |       ----------------------- the item is gated behind the `aarch64` feature
[INFO] [stdout] 24 | pub mod gicv2;
[INFO] [stdout]    |         ^^^^^
[INFO] [stdout] 
[INFO] [stdout] 
[INFO] [stdout] error[E0432]: unresolved import `crate::irq`
[INFO] [stdout]   --> src/bsp/rpi4/irq.rs:7:5
[INFO] [stdout]    |
[INFO] [stdout]  7 | use crate::irq;
[INFO] [stdout]    |     ^^^^^^^---
[INFO] [stdout]    |            |
[INFO] [stdout]    |            no `irq` in the root
[INFO] [stdout]    |
[INFO] [stdout] note: found an item that was configured out
[INFO] [stdout]   --> src/main.rs:35:5
[INFO] [stdout]    |
[INFO] [stdout] 34 | #[cfg(target_arch = "aarch64")]
[INFO] [stdout]    |       ----------------------- the item is gated behind the `aarch64` feature
[INFO] [stdout] 35 | mod irq;
[INFO] [stdout]    |     ^^^
[INFO] [stdout] help: consider importing this module through its public re-export instead
[INFO] [stdout]    |
[INFO] [stdout]  7 | use crate::bsp::board::irq;
[INFO] [stdout]    |            ++++++++++++
[INFO] [stdout] 
[INFO] [stdout] 
[INFO] [stdout] error[E0432]: unresolved import `crate::time`
[INFO] [stdout]   --> src/bsp/rpi4/irq.rs:8:5
[INFO] [stdout]    |
[INFO] [stdout]  8 | use crate::time;
[INFO] [stdout]    |     ^^^^^^^----
[INFO] [stdout]    |            |
[INFO] [stdout]    |            no `time` in the root
[INFO] [stdout]    |
[INFO] [stdout] note: found an item that was configured out
[INFO] [stdout]   --> src/main.rs:53:5
[INFO] [stdout]    |
[INFO] [stdout] 52 | #[cfg(target_arch = "aarch64")]
[INFO] [stdout]    |       ----------------------- the item is gated behind the `aarch64` feature
[INFO] [stdout] 53 | mod time;
[INFO] [stdout]    |     ^^^^
[INFO] [stdout] help: consider importing this module instead
[INFO] [stdout]    |
[INFO] [stdout]  8 - use crate::time;
[INFO] [stdout]  8 + use core::time;
[INFO] [stdout]    |
[INFO] [stdout] 
[INFO] [stdout] 
[INFO] [stdout] error[E0432]: unresolved import `crate::bsp::net`
[INFO] [stdout]   --> src/bsp/rpi4/net.rs:23:17
[INFO] [stdout]    |
[INFO] [stdout] 23 | use crate::bsp::net::{Buffer, Completion, RxSlot, StartFacts, Transport};
[INFO] [stdout]    |                 ^^^ could not find `net` in `bsp`
[INFO] [stdout]    |
[INFO] [stdout] note: found an item that was configured out
[INFO] [stdout]   --> src/bsp/mod.rs:16:9
[INFO] [stdout]    |
[INFO] [stdout] 15 | #[cfg(target_arch = "aarch64")]
[INFO] [stdout]    |       ----------------------- the item is gated behind the `aarch64` feature
[INFO] [stdout] 16 | pub mod net;
[INFO] [stdout]    |         ^^^
[INFO] [stdout] 
[INFO] [stdout] 
[INFO] [stdout] error[E0432]: unresolved import `crate::drivers::genet`
[INFO] [stdout]   --> src/bsp/rpi4/net.rs:24:21
[INFO] [stdout]    |
[INFO] [stdout] 24 | use crate::drivers::genet::{Error, Genet};
[INFO] [stdout]    |                     ^^^^^ could not find `genet` in `drivers`
[INFO] [stdout]    |
[INFO] [stdout] note: found an item that was configured out
[INFO] [stdout]   --> src/drivers/mod.rs:22:9
[INFO] [stdout]    |
[INFO] [stdout]  7 | #[cfg(target_arch = "aarch64")]
[INFO] [stdout]    |       ----------------------- the item is gated behind the `aarch64` feature
[INFO] [stdout] ...
[INFO] [stdout] 22 | pub mod genet;
[INFO] [stdout]    |         ^^^^^
[INFO] [stdout] 
[INFO] [stdout] 
[INFO] [stdout] error[E0432]: unresolved import `crate::sync`
[INFO] [stdout]   --> src/bsp/rpi4/net.rs:25:12
[INFO] [stdout]    |
[INFO] [stdout] 25 | use crate::sync::Mutex;
[INFO] [stdout]    |            ^^^^ unresolved import
[INFO] [stdout]    |
[INFO] [stdout] note: found an item that was configured out
[INFO] [stdout]   --> src/main.rs:49:5
[INFO] [stdout]    |
[INFO] [stdout] 48 | #[cfg(target_arch = "aarch64")]
[INFO] [stdout]    |       ----------------------- the item is gated behind the `aarch64` feature
[INFO] [stdout] 49 | mod sync;
[INFO] [stdout]    |     ^^^^
[INFO] [stdout] help: a similar path exists
[INFO] [stdout]    |
[INFO] [stdout] 25 | use crate::core::sync::Mutex;
[INFO] [stdout]    |            ++++++
[INFO] [stdout] 
[INFO] [stdout] 
[INFO] [stdout] error[E0432]: unresolved import `crate::drivers::pm`
[INFO] [stdout]   --> src/bsp/rpi4/pm.rs:5:21
[INFO] [stdout]    |
[INFO] [stdout]  5 | use crate::drivers::pm::{ResetStatus, read_status};
[INFO] [stdout]    |                     ^^ could not find `pm` in `drivers`
[INFO] [stdout]    |
[INFO] [stdout] note: found an item that was configured out
[INFO] [stdout]   --> src/drivers/mod.rs:41:9
[INFO] [stdout]    |
[INFO] [stdout] 33 | #[cfg(target_arch = "aarch64")]
[INFO] [stdout]    |       ----------------------- the item is gated behind the `aarch64` feature
[INFO] [stdout] ...
[INFO] [stdout] 41 | pub mod pm;
[INFO] [stdout]    |         ^^
[INFO] [stdout] 
[INFO] [stdout] 
[INFO] [stdout] error[E0432]: unresolved import `crate::drivers::rng200`
[INFO] [stdout]   --> src/bsp/rpi4/rng.rs:5:21
[INFO] [stdout]    |
[INFO] [stdout]  5 | use crate::drivers::rng200::{Rng200, RngError};
[INFO] [stdout]    |                     ^^^^^^ could not find `rng200` in `drivers`
[INFO] [stdout]    |
[INFO] [stdout] note: found an item that was configured out
[INFO] [stdout]   --> src/drivers/mod.rs:50:9
[INFO] [stdout]    |
[INFO] [stdout] 42 | #[cfg(target_arch = "aarch64")]
[INFO] [stdout]    |       ----------------------- the item is gated behind the `aarch64` feature
[INFO] [stdout] ...
[INFO] [stdout] 50 | pub mod rng200;
[INFO] [stdout]    |         ^^^^^^
[INFO] [stdout] 
[INFO] [stdout] 
[INFO] [stdout] error[E0432]: unresolved import `crate::drivers::sdhci`
[INFO] [stdout]   --> src/bsp/rpi4/sdhci.rs:11:21
[INFO] [stdout]    |
[INFO] [stdout] 11 | use crate::drivers::sdhci::{SdError, Sdhci};
[INFO] [stdout]    |                     ^^^^^ could not find `sdhci` in `drivers`
[INFO] [stdout]    |
[INFO] [stdout] note: found an item that was configured out
[INFO] [stdout]   --> src/drivers/mod.rs:59:9
[INFO] [stdout]    |
[INFO] [stdout] 51 | #[cfg(target_arch = "aarch64")]
[INFO] [stdout]    |       ----------------------- the item is gated behind the `aarch64` feature
[INFO] [stdout] ...
[INFO] [stdout] 59 | pub mod sdhci;
[INFO] [stdout]    |         ^^^^^
[INFO] [stdout] 
[INFO] [stdout] 
[INFO] [stdout] error[E0433]: cannot find `kprintln` in the crate root
[INFO] [stdout]    --> src/bsp/rpi4/net.rs:223:16
[INFO] [stdout]     |
[INFO] [stdout] 223 |         crate::kprintln!("genet: link acquisition start window_us=5000000");
[INFO] [stdout]     |                ^^^^^^^^ could not find `kprintln` in the crate root
[INFO] [stdout] 
[INFO] [stdout] 
[INFO] [stdout] error[E0433]: cannot find `kprintln` in the crate root
[INFO] [stdout]    --> src/bsp/rpi4/net.rs:226:16
[INFO] [stdout]     |
[INFO] [stdout] 226 |         crate::kprintln!("genet: link acquisition up");
[INFO] [stdout]     |                ^^^^^^^^ could not find `kprintln` in the crate root
[INFO] [stdout] 
[INFO] [stdout] 
[INFO] [stdout] error[E0433]: cannot find `kprintln` in the crate root
[INFO] [stdout]    --> src/bsp/rpi4/net.rs:230:16
[INFO] [stdout]     |
[INFO] [stdout] 230 |         crate::kprintln!(
[INFO] [stdout]     |                ^^^^^^^^ could not find `kprintln` in the crate root
[INFO] [stdout] 
[INFO] [stdout] 
[INFO] [stdout] error[E0433]: cannot find `kprintln` in the crate root
[INFO] [stdout]    --> src/bsp/rpi4/net.rs:255:16
[INFO] [stdout]     |
[INFO] [stdout] 255 |         crate::kprintln!(
[INFO] [stdout]     |                ^^^^^^^^ could not find `kprintln` in the crate root
[INFO] [stdout] 
[INFO] [stdout] 
[INFO] [stdout] error[E0433]: cannot find `kprintln` in the crate root
[INFO] [stdout]    --> src/bsp/rpi4/net.rs:267:16
[INFO] [stdout]     |
[INFO] [stdout] 267 |         crate::kprintln!(
[INFO] [stdout]     |                ^^^^^^^^ could not find `kprintln` in the crate root
[INFO] [stdout] 
[INFO] [stdout] 
[INFO] [stdout] error[E0433]: cannot find `kprintln` in the crate root
[INFO] [stdout]    --> src/bsp/rpi4/net.rs:337:16
[INFO] [stdout]     |
[INFO] [stdout] 337 |         crate::kprintln!(
[INFO] [stdout]     |                ^^^^^^^^ could not find `kprintln` in the crate root
[INFO] [stdout] 
[INFO] [stdout] 
[INFO] [stdout] error[E0433]: cannot find `kprintln` in the crate root
[INFO] [stdout]    --> src/bsp/rpi4/net.rs:354:16
[INFO] [stdout]     |
[INFO] [stdout] 354 |         crate::kprintln!(
[INFO] [stdout]     |                ^^^^^^^^ could not find `kprintln` in the crate root
[INFO] [stdout] 
[INFO] [stdout] 
[INFO] [stdout] error[E0433]: cannot find `kprintln` in the crate root
[INFO] [stdout]    --> src/bsp/rpi4/net.rs:433:28
[INFO] [stdout]     |
[INFO] [stdout] 433 |                     crate::kprintln!(
[INFO] [stdout]     |                            ^^^^^^^^ could not find `kprintln` in the crate root
[INFO] [stdout] 
[INFO] [stdout] 
[INFO] [stdout] error[E0433]: cannot find `kprintln` in the crate root
[INFO] [stdout]    --> src/bsp/rpi4/net.rs:505:16
[INFO] [stdout]     |
[INFO] [stdout] 505 |         crate::kprintln!("genet: service start rx_slots={}", rx.len());
[INFO] [stdout]     |                ^^^^^^^^ could not find `kprintln` in the crate root
[INFO] [stdout] 
[INFO] [stdout] 
[INFO] [stdout] error[E0433]: cannot find `kprintln` in the crate root
[INFO] [stdout]    --> src/bsp/rpi4/net.rs:545:16
[INFO] [stdout]     |
[INFO] [stdout] 545 |         crate::kprintln!(
[INFO] [stdout]     |                ^^^^^^^^ could not find `kprintln` in the crate root
[INFO] [stdout] 
[INFO] [stdout] 
[INFO] [stdout] error[E0433]: cannot find `kprintln` in the crate root
[INFO] [stdout]    --> src/bsp/rpi4/net.rs:569:24
[INFO] [stdout]     |
[INFO] [stdout] 569 |                 crate::kprintln!("genet: tx descriptor complete used_len={}", completion.len);
[INFO] [stdout]     |                        ^^^^^^^^ could not find `kprintln` in the crate root
[INFO] [stdout] 
[INFO] [stdout] 
[INFO] [stdout] error[E0433]: cannot find `kprintln` in the crate root
[INFO] [stdout]    --> src/bsp/rpi4/net.rs:571:24
[INFO] [stdout]     |
[INFO] [stdout] 571 |                 crate::kprintln!(
[INFO] [stdout]     |                        ^^^^^^^^ could not find `kprintln` in the crate root
[INFO] [stdout] 
[INFO] [stdout] 
[INFO] [stdout] error[E0433]: cannot find `kprintln` in the crate root
[INFO] [stdout]    --> src/bsp/rpi4/net.rs:579:24
[INFO] [stdout]     |
[INFO] [stdout] 579 |                 crate::kprintln!(
[INFO] [stdout]     |                        ^^^^^^^^ could not find `kprintln` in the crate root
[INFO] [stdout] 
[INFO] [stdout] 
[INFO] [stdout] error[E0433]: cannot find `kprintln` in the crate root
[INFO] [stdout]    --> src/bsp/rpi4/net.rs:596:20
[INFO] [stdout]     |
[INFO] [stdout] 596 |             crate::kprintln!("genet: rx available len={}", completion.len);
[INFO] [stdout]     |                    ^^^^^^^^ could not find `kprintln` in the crate root
[INFO] [stdout] 
[INFO] [stdout] 
[INFO] [stdout] error[E0433]: cannot find `kprintln` in the crate root
[INFO] [stdout]    --> src/bsp/rpi4/net.rs:619:16
[INFO] [stdout]     |
[INFO] [stdout] 619 |         crate::kprintln!("genet: recovery complete");
[INFO] [stdout]     |                ^^^^^^^^ could not find `kprintln` in the crate root
[INFO] [stdout] 
[INFO] [stdout] 
[INFO] [stdout] error[E0433]: cannot find `net` in `bsp`
[INFO] [stdout]    --> src/bsp/rpi4/net.rs:501:18
[INFO] [stdout]     |
[INFO] [stdout] 501 | impl crate::bsp::net::Transport for GenetNet {
[INFO] [stdout]     |                  ^^^ could not find `net` in `bsp`
[INFO] [stdout]     |
[INFO] [stdout] note: found an item that was configured out
[INFO] [stdout]    --> src/bsp/mod.rs:16:9
[INFO] [stdout]     |
[INFO] [stdout]  15 | #[cfg(target_arch = "aarch64")]
[INFO] [stdout]     |       ----------------------- the item is gated behind the `aarch64` feature
[INFO] [stdout]  16 | pub mod net;
[INFO] [stdout]     |         ^^^
[INFO] [stdout] 
[INFO] [stdout] 
[INFO] [stdout] error[E0425]: cannot find function `busy_wait_us` in module `timer`
[INFO] [stdout]    --> src/bsp/rpi4/gpio.rs:225:12
[INFO] [stdout]     |
[INFO] [stdout] 225 |     timer::busy_wait_us(1);
[INFO] [stdout]     |            ^^^^^^^^^^^^ not found in `timer`
[INFO] [stdout] 
[INFO] [stdout] 
[INFO] [stdout] error[E0425]: cannot find type `TimerError` in module `timer`
[INFO] [stdout]   --> src/bsp/rpi4/irq.rs:53:18
[INFO] [stdout]    |
[INFO] [stdout] 53 |     Timer(timer::TimerError),
[INFO] [stdout]    |                  ^^^^^^^^^^ not found in `timer`
[INFO] [stdout] 
[INFO] [stdout] 
[INFO] [stdout] error[E0425]: cannot find type `TimerError` in module `timer`
[INFO] [stdout]   --> src/bsp/rpi4/irq.rs:53:18
[INFO] [stdout]    |
[INFO] [stdout] 42 | #[derive(Clone, Copy, Debug, PartialEq, Eq)]
[INFO] [stdout]    |          ----- in this derive macro
[INFO] [stdout] ...
[INFO] [stdout] 53 |     Timer(timer::TimerError),
[INFO] [stdout]    |                  ^^^^^^^^^^ not found in `timer`
[INFO] [stdout] 
[INFO] [stdout] 
[INFO] [stdout] error[E0425]: cannot find type `TimerError` in module `timer`
[INFO] [stdout]   --> src/bsp/rpi4/irq.rs:53:18
[INFO] [stdout]    |
[INFO] [stdout] 42 | #[derive(Clone, Copy, Debug, PartialEq, Eq)]
[INFO] [stdout]    |                                         -- in this derive macro
[INFO] [stdout] ...
[INFO] [stdout] 53 |     Timer(timer::TimerError),
[INFO] [stdout]    |                  ^^^^^^^^^^ not found in `timer`
[INFO] [stdout] 
[INFO] [stdout] 
[INFO] [stdout] error[E0425]: cannot find function `init` in module `timer`
[INFO] [stdout]   --> src/bsp/rpi4/irq.rs:78:16
[INFO] [stdout]    |
[INFO] [stdout] 78 |         timer::init(timer_hz).map_err(BindError::Timer)?;
[INFO] [stdout]    |                ^^^^ not found in `timer`
[INFO] [stdout]    |
[INFO] [stdout] help: consider importing one of these functions
[INFO] [stdout]    |
[INFO] [stdout]  3 + use crate::arch::exception::init;
[INFO] [stdout]    |
[INFO] [stdout]  3 + use crate::bsp::board::console::init;
[INFO] [stdout]    |
[INFO] [stdout]  3 + use crate::bsp::board::rng::init;
[INFO] [stdout]    |
[INFO] [stdout]  3 + use crate::bsp::board::sdhci::init;
[INFO] [stdout]    |
[INFO] [stdout] help: if you import `init`, refer to it directly
[INFO] [stdout]    |
[INFO] [stdout] 78 -         timer::init(timer_hz).map_err(BindError::Timer)?;
[INFO] [stdout] 78 +         init(timer_hz).map_err(BindError::Timer)?;
[INFO] [stdout]    |
[INFO] [stdout] 
[INFO] [stdout] 
[INFO] [stdout] error[E0425]: cannot find function `init_secondary` in module `timer`
[INFO] [stdout]    --> src/bsp/rpi4/irq.rs:139:20
[INFO] [stdout]     |
[INFO] [stdout] 139 |     let _ = timer::init_secondary();
[INFO] [stdout]     |                    ^^^^^^^^^^^^^^ not found in `timer`
[INFO] [stdout] 
[INFO] [stdout] 
[INFO] [stdout] error[E0425]: cannot find function `irq_enable` in module `cpu`
[INFO] [stdout]    --> src/bsp/rpi4/irq.rs:144:10
[INFO] [stdout]     |
[INFO] [stdout] 144 |     cpu::irq_enable();
[INFO] [stdout]     |          ^^^^^^^^^^ not found in `cpu`
[INFO] [stdout]     |
[INFO] [stdout] note: similarly named function `irq_disable` defined here
[INFO] [stdout]    --> src/arch/x86_64/cpu.rs:65:1
[INFO] [stdout]     |
[INFO] [stdout]  65 | pub fn irq_disable() {
[INFO] [stdout]     | ^^^^^^^^^^^^^^^^^^^^
[INFO] [stdout] help: a function with a similar name exists
[INFO] [stdout]     |
[INFO] [stdout] 144 -     cpu::irq_enable();
[INFO] [stdout] 144 +     cpu::irq_disable();
[INFO] [stdout]     |
[INFO] [stdout] 
[INFO] [stdout] 
[INFO] [stdout] error[E0425]: cannot find function `invalidate_dcache_poc` in module `cache`
[INFO] [stdout]    --> src/bsp/rpi4/net.rs:285:20
[INFO] [stdout]     |
[INFO] [stdout] 285 |             cache::invalidate_dcache_poc(slot.buffer.pa as usize, TSB + slot.buffer.len);
[INFO] [stdout]     |                    ^^^^^^^^^^^^^^^^^^^^^ not found in `cache`
[INFO] [stdout] 
[INFO] [stdout] 
[INFO] [stdout] error[E0425]: cannot find function `clean_dcache_poc` in module `cache`
[INFO] [stdout]    --> src/bsp/rpi4/net.rs:314:20
[INFO] [stdout]     |
[INFO] [stdout] 314 |             cache::clean_dcache_poc(buffer.pa as usize, TSB + buffer.len);
[INFO] [stdout]     |                    ^^^^^^^^^^^^^^^^ not found in `cache`
[INFO] [stdout] 
[INFO] [stdout] 
[INFO] [stdout] error[E0425]: cannot find function `invalidate_dcache_poc` in module `cache`
[INFO] [stdout]    --> src/bsp/rpi4/net.rs:416:32
[INFO] [stdout]     |
[INFO] [stdout] 416 |                         cache::invalidate_dcache_poc(pa as usize, wire);
[INFO] [stdout]     |                                ^^^^^^^^^^^^^^^^^^^^^ not found in `cache`
[INFO] [stdout] 
[INFO] [stdout] 
[INFO] [stdout] error[E0425]: cannot find function `bind` in module `board::console`
[INFO] [stdout]   --> src/lab/panic.rs:22:45
[INFO] [stdout]    |
[INFO] [stdout] 22 |     let mut uart = unsafe { board::console::bind() };
[INFO] [stdout]    |                                             ^^^^ not found in `board::console`
[INFO] [stdout]    |
[INFO] [stdout] help: consider importing this function
[INFO] [stdout]    |
[INFO] [stdout]  6 + use kernel_core::manifest::bind;
[INFO] [stdout]    |
[INFO] [stdout] help: if you import `bind`, refer to it directly
[INFO] [stdout]    |
[INFO] [stdout] 22 -     let mut uart = unsafe { board::console::bind() };
[INFO] [stdout] 22 +     let mut uart = unsafe { bind() };
[INFO] [stdout]    |
[INFO] [stdout] 
[INFO] [stdout] 
[INFO] [stdout] error[E0425]: cannot find function `bind` in module `board::console`
[INFO] [stdout]   --> src/lab/x86.rs:18:45
[INFO] [stdout]    |
[INFO] [stdout] 18 |     let mut uart = unsafe { board::console::bind() };
[INFO] [stdout]    |                                             ^^^^ not found in `board::console`
[INFO] [stdout]    |
[INFO] [stdout] help: consider importing this function
[INFO] [stdout]    |
[INFO] [stdout]  5 + use kernel_core::manifest::bind;
[INFO] [stdout]    |
[INFO] [stdout] help: if you import `bind`, refer to it directly
[INFO] [stdout]    |
[INFO] [stdout] 18 -     let mut uart = unsafe { board::console::bind() };
[INFO] [stdout] 18 +     let mut uart = unsafe { bind() };
[INFO] [stdout]    |
[INFO] [stdout] 
[INFO] [stdout] 
[INFO] [stdout] error[E0152]: found duplicate lang item `panic_impl`
[INFO] [stdout]   --> src/lab/panic.rs:16:1
[INFO] [stdout]    |
[INFO] [stdout] 16 | / fn panic(info: &PanicInfo) -> ! {
[INFO] [stdout] 17 | |     cpu::irq_disable();
[INFO] [stdout] 18 | |     if PANICKING.swap(true, Ordering::Relaxed) {
[INFO] [stdout] 19 | |         cpu::halt()
[INFO] [stdout] ...  |
[INFO] [stdout] 26 | |     cpu::halt()
[INFO] [stdout] 27 | | }
[INFO] [stdout]    | |_^
[INFO] [stdout]    |
[INFO] [stdout]    = note: the lang item is first defined in crate `std` (which `test` depends on)
[INFO] [stdout]    = note: first definition in `std` loaded from /opt/rustwide/rustup-home/toolchains/3154cc1a3e6424e44f438a95007d043ed5ceaaf6/lib/rustlib/x86_64-unknown-linux-gnu/lib/libstd-6ee2a0f0126c8a50.rmeta
[INFO] [stdout]    = note: second definition in the local crate (`harbor_kernel`)
[INFO] [stdout] 
[INFO] [stdout] 
[INFO] [stdout] Some errors have detailed explanations: E0152, E0425, E0432, E0433.
[INFO] [stdout] 
[INFO] [stdout] For more information about an error, try `rustc --explain E0152`.
[INFO] [stdout] 
[INFO] [stderr] error: could not compile `harbor-kernel` (bin "harbor-kernel" test) due to 41 previous errors
[INFO] [stderr] warning: build failed, waiting for other jobs to finish...
[INFO] running `Command { std: "docker" "inspect" "3b200b5d698277d708822daf43d401b8cc865098d019f8eac866bf4c03beae56", kill_on_drop: false }`
[INFO] running `Command { std: "docker" "rm" "-f" "3b200b5d698277d708822daf43d401b8cc865098d019f8eac866bf4c03beae56", kill_on_drop: false }`
[INFO] [stdout] 3b200b5d698277d708822daf43d401b8cc865098d019f8eac866bf4c03beae56
