[INFO] cloning repository https://github.com/ghaaj/satysfi-analyzer
[INFO] running `Command { std: "git" "-c" "credential.helper=" "-c" "credential.helper=/workspace/cargo-home/bin/git-credential-null" "clone" "--bare" "https://github.com/ghaaj/satysfi-analyzer" "/workspace/cache/git-repos/https%3A%2F%2Fgithub.com%2Fghaaj%2Fsatysfi-analyzer", kill_on_drop: false }`
[INFO] [stderr] Cloning into bare repository '/workspace/cache/git-repos/https%3A%2F%2Fgithub.com%2Fghaaj%2Fsatysfi-analyzer'...
[INFO] running `Command { std: "git" "rev-parse" "HEAD", kill_on_drop: false }`
[INFO] [stdout] c90652a617d624f7e610aaf4b2550e9b49d42b33
[INFO] checking ghaaj/satysfi-analyzer against 3154cc1a3e6424e44f438a95007d043ed5ceaaf6+rustflags=-Znext-solver=coherence for pr-133502-30
[INFO] running `Command { std: "git" "clone" "/workspace/cache/git-repos/https%3A%2F%2Fgithub.com%2Fghaaj%2Fsatysfi-analyzer" "/workspace/builds/worker-2-tc1/source", kill_on_drop: false }`
[INFO] [stderr] Cloning into '/workspace/builds/worker-2-tc1/source'...
[INFO] [stderr] done.
[INFO] removed /workspace/builds/worker-2-tc1/source/rust-toolchain.toml
[INFO] started tweaking git repo https://github.com/ghaaj/satysfi-analyzer
[INFO] finished tweaking git repo https://github.com/ghaaj/satysfi-analyzer
[INFO] tweaked toml for git repo https://github.com/ghaaj/satysfi-analyzer written to /workspace/builds/worker-2-tc1/source/Cargo.toml
[INFO] validating manifest of git repo https://github.com/ghaaj/satysfi-analyzer on toolchain 3154cc1a3e6424e44f438a95007d043ed5ceaaf6
[INFO] running `Command { std: CARGO_HOME="/workspace/cargo-home" RUSTUP_HOME="/workspace/rustup-home" "/workspace/cargo-home/bin/cargo" "+3154cc1a3e6424e44f438a95007d043ed5ceaaf6" "metadata" "--manifest-path" "Cargo.toml" "--no-deps", kill_on_drop: false }`
[INFO] crate git repo https://github.com/ghaaj/satysfi-analyzer already has a lockfile, it will not be regenerated
[INFO] running `Command { std: CARGO_HOME="/workspace/cargo-home" RUSTUP_HOME="/workspace/rustup-home" "/workspace/cargo-home/bin/cargo" "+3154cc1a3e6424e44f438a95007d043ed5ceaaf6" "fetch" "--manifest-path" "Cargo.toml", kill_on_drop: false }`
[INFO] [stderr]     Updating crates.io index
[INFO] [stderr]  Downloading crates ...
[INFO] [stderr]   Downloaded logos v0.16.1
[INFO] [stderr]   Downloaded logos-codegen v0.16.1
[INFO] [stderr]   Downloaded logos-derive v0.16.1
[INFO] running `Command { std: "docker" "create" "-v" "/var/lib/crater-agent-workspace/builds/worker-2-tc1/source:/opt/rustwide/workdir:ro,Z" "-v" "/var/lib/crater-agent-workspace/builds/worker-2-tc1/target:/opt/rustwide/target:rw,Z" "-v" "/var/lib/crater-agent-workspace/cargo-home:/opt/rustwide/cargo-home:ro,Z" "-v" "/var/lib/crater-agent-workspace/rustup-home:/opt/rustwide/rustup-home:ro,Z" "-m" "1610612736" "--network" "none" "ghcr.io/rust-lang/crates-build-env/linux@sha256:77db811e55d90add9212f6832c23229e3de5f1c1f9905e8cb07319ea15df73ac" "sleep" "infinity", kill_on_drop: false }`
[INFO] [stdout] 0efd8b451603230a66c2b17109c887f77e06c63046fa98cefcf71a0dd26d5ae5
[INFO] running `Command { std: "docker" "start" "0efd8b451603230a66c2b17109c887f77e06c63046fa98cefcf71a0dd26d5ae5", kill_on_drop: false }`
[INFO] running `Command { std: "docker" "inspect" "0efd8b451603230a66c2b17109c887f77e06c63046fa98cefcf71a0dd26d5ae5", kill_on_drop: false }`
[INFO] running `Command { std: "docker" "exec" "-e" "SOURCE_DIR=/opt/rustwide/workdir" "-e" "CARGO_HOME=/opt/rustwide/cargo-home" "-e" "RUSTUP_HOME=/opt/rustwide/rustup-home" "-e" "CARGO_TARGET_DIR=/opt/rustwide/target" "-w" "/opt/rustwide/workdir" "--user" "0:0" "0efd8b451603230a66c2b17109c887f77e06c63046fa98cefcf71a0dd26d5ae5" "/opt/rustwide/cargo-home/bin/cargo" "+3154cc1a3e6424e44f438a95007d043ed5ceaaf6" "metadata" "--no-deps" "--format-version=1", kill_on_drop: false }`
[INFO] running `Command { std: "docker" "inspect" "0efd8b451603230a66c2b17109c887f77e06c63046fa98cefcf71a0dd26d5ae5", kill_on_drop: false }`
[INFO] running `Command { std: "docker" "exec" "-e" "SOURCE_DIR=/opt/rustwide/workdir" "-e" "CARGO_HOME=/opt/rustwide/cargo-home" "-e" "RUSTUP_HOME=/opt/rustwide/rustup-home" "-e" "CARGO_TARGET_DIR=/opt/rustwide/target" "-e" "CARGO_INCREMENTAL=0" "-e" "RUST_BACKTRACE=full" "-e" "RUSTFLAGS=--cap-lints=forbid -Znext-solver=coherence" "-e" "RUSTDOCFLAGS=--cap-lints=forbid" "-w" "/opt/rustwide/workdir" "--user" "0:0" "0efd8b451603230a66c2b17109c887f77e06c63046fa98cefcf71a0dd26d5ae5" "/opt/rustwide/cargo-home/bin/cargo" "+3154cc1a3e6424e44f438a95007d043ed5ceaaf6" "check" "--frozen" "--all" "--all-targets" "--message-format=json", kill_on_drop: false }`
[INFO] [stderr]    Compiling quote v1.0.46
[INFO] [stderr]    Compiling memchr v2.8.2
[INFO] [stderr]    Compiling syn v2.0.118
[INFO] [stderr]    Compiling aho-corasick v1.1.4
[INFO] [stderr]     Checking regex-automata v0.4.14
[INFO] [stderr]     Checking regex v1.12.4
[INFO] [stderr]    Compiling logos-codegen v0.16.1
[INFO] [stderr]    Compiling lazy-regex-proc_macros v3.6.0
[INFO] [stderr]     Checking lazy-regex v3.6.0
[INFO] [stderr]    Compiling logos-derive v0.16.1
[INFO] [stderr]     Checking logos v0.16.1
[INFO] [stderr]     Checking satysfi-analyzer v0.1.0 (/opt/rustwide/workdir)
[INFO] [stdout] error[E0433]: cannot find module or crate `chumsky` in this scope
[INFO] [stdout]  --> src/syntax/mod.rs:7:5
[INFO] [stdout]   |
[INFO] [stdout] 7 | use chumsky::span::SimpleSpan;
[INFO] [stdout]   |     ^^^^^^^ use of unresolved module or unlinked crate `chumsky`
[INFO] [stdout]   |
[INFO] [stdout]   = help: if you wanted to use a crate named `chumsky`, use `cargo add chumsky` to add it to your `Cargo.toml`
[INFO] [stdout] 
[INFO] [stdout] 
[INFO] [stdout] error[E0433]: cannot find module or crate `chumsky` in this scope
[INFO] [stdout]  --> src/syntax/mod.rs:7:5
[INFO] [stdout]   |
[INFO] [stdout] 7 | use chumsky::span::SimpleSpan;
[INFO] [stdout]   |     ^^^^^^^ use of unresolved module or unlinked crate `chumsky`
[INFO] [stdout]   |
[INFO] [stdout]   = help: if you wanted to use a crate named `chumsky`, use `cargo add chumsky` to add it to your `Cargo.toml`
[INFO] [stdout] 
[INFO] [stdout] 
[INFO] [stdout] warning: unused import: `document::*`
[INFO] [stdout]  --> src/syntax/mod.rs:8:9
[INFO] [stdout]   |
[INFO] [stdout] 8 | pub use document::*;
[INFO] [stdout]   |         ^^^^^^^^^^^
[INFO] [stdout]   |
[INFO] [stdout]   = note: `#[warn(unused_imports)]` (part of `#[warn(unused)]`) on by default
[INFO] [stdout] 
[INFO] [stdout] 
[INFO] [stdout] warning: unused import: `expr::*`
[INFO] [stdout]  --> src/syntax/mod.rs:9:9
[INFO] [stdout]   |
[INFO] [stdout] 9 | pub use expr::*;
[INFO] [stdout]   |         ^^^^^^^
[INFO] [stdout] 
[INFO] [stdout] 
[INFO] [stdout] warning: unused import: `pattern::*`
[INFO] [stdout]   --> src/syntax/mod.rs:10:9
[INFO] [stdout]    |
[INFO] [stdout] 10 | pub use pattern::*;
[INFO] [stdout]    |         ^^^^^^^^^^
[INFO] [stdout] 
[INFO] [stdout] 
[INFO] [stdout] warning: unused import: `types::*`
[INFO] [stdout]   --> src/syntax/mod.rs:12:9
[INFO] [stdout]    |
[INFO] [stdout] 12 | pub use types::*;
[INFO] [stdout]    |         ^^^^^^^^
[INFO] [stdout] 
[INFO] [stdout] 
[INFO] [stdout] warning: unused import: `document::*`
[INFO] [stdout]  --> src/syntax/mod.rs:8:9
[INFO] [stdout]   |
[INFO] [stdout] 8 | pub use document::*;
[INFO] [stdout]   |         ^^^^^^^^^^^
[INFO] [stdout]   |
[INFO] [stdout]   = note: `#[warn(unused_imports)]` (part of `#[warn(unused)]`) on by default
[INFO] [stdout] 
[INFO] [stdout] 
[INFO] [stdout] warning: unused import: `expr::*`
[INFO] [stdout]  --> src/syntax/mod.rs:9:9
[INFO] [stdout]   |
[INFO] [stdout] 9 | pub use expr::*;
[INFO] [stdout]   |         ^^^^^^^
[INFO] [stdout] 
[INFO] [stdout] 
[INFO] [stdout] warning: unused import: `pattern::*`
[INFO] [stdout]   --> src/syntax/mod.rs:10:9
[INFO] [stdout]    |
[INFO] [stdout] 10 | pub use pattern::*;
[INFO] [stdout]    |         ^^^^^^^^^^
[INFO] [stdout] 
[INFO] [stdout] 
[INFO] [stdout] warning: unused import: `types::*`
[INFO] [stdout]   --> src/syntax/mod.rs:12:9
[INFO] [stdout]    |
[INFO] [stdout] 12 | pub use types::*;
[INFO] [stdout]    |         ^^^^^^^^
[INFO] [stdout] 
[INFO] [stdout] 
[INFO] [stdout] error[E0308]: mismatched types
[INFO] [stdout]     --> src/lexer.rs:1345:17
[INFO] [stdout]      |
[INFO] [stdout] 1345 |                 leading_trivia,
[INFO] [stdout]      |                 ^^^^^^^^^^^^^^ expected `&[Trivia]`, found `Vec<Trivia>`
[INFO] [stdout]      |
[INFO] [stdout]      = note: expected reference `&[Trivia]`
[INFO] [stdout]                    found struct `Vec<Trivia>`
[INFO] [stdout] help: consider borrowing here
[INFO] [stdout]      |
[INFO] [stdout] 1345 |                 leading_trivia: &leading_trivia,
[INFO] [stdout]      |                 +++++++++++++++++
[INFO] [stdout] 
[INFO] [stdout] 
[INFO] [stdout] error[E0308]: mismatched types
[INFO] [stdout]     --> src/lexer.rs:1346:17
[INFO] [stdout]      |
[INFO] [stdout] 1346 |                 trailing_trivia,
[INFO] [stdout]      |                 ^^^^^^^^^^^^^^^ expected `&[Trivia]`, found `Vec<Trivia>`
[INFO] [stdout]      |
[INFO] [stdout]      = note: expected reference `&[Trivia]`
[INFO] [stdout]                    found struct `Vec<Trivia>`
[INFO] [stdout] help: consider borrowing here
[INFO] [stdout]      |
[INFO] [stdout] 1346 |                 trailing_trivia: &trailing_trivia,
[INFO] [stdout]      |                 ++++++++++++++++++
[INFO] [stdout] 
[INFO] [stdout] 
[INFO] [stdout] error[E0308]: mismatched types
[INFO] [stdout]     --> src/lexer.rs:1345:17
[INFO] [stdout]      |
[INFO] [stdout] 1345 |                 leading_trivia,
[INFO] [stdout]      |                 ^^^^^^^^^^^^^^ expected `&[Trivia]`, found `Vec<Trivia>`
[INFO] [stdout]      |
[INFO] [stdout]      = note: expected reference `&[Trivia]`
[INFO] [stdout]                    found struct `Vec<Trivia>`
[INFO] [stdout] help: consider borrowing here
[INFO] [stdout]      |
[INFO] [stdout] 1345 |                 leading_trivia: &leading_trivia,
[INFO] [stdout]      |                 +++++++++++++++++
[INFO] [stdout] 
[INFO] [stdout] 
[INFO] [stdout] error[E0308]: mismatched types
[INFO] [stdout]     --> src/lexer.rs:1346:17
[INFO] [stdout]      |
[INFO] [stdout] 1346 |                 trailing_trivia,
[INFO] [stdout]      |                 ^^^^^^^^^^^^^^^ expected `&[Trivia]`, found `Vec<Trivia>`
[INFO] [stdout]      |
[INFO] [stdout]      = note: expected reference `&[Trivia]`
[INFO] [stdout]                    found struct `Vec<Trivia>`
[INFO] [stdout] help: consider borrowing here
[INFO] [stdout]      |
[INFO] [stdout] 1346 |                 trailing_trivia: &trailing_trivia,
[INFO] [stdout]      |                 ++++++++++++++++++
[INFO] [stdout] 
[INFO] [stdout] 
[INFO] [stdout] Some errors have detailed explanations: E0308, E0433.
[INFO] [stdout] 
[INFO] [stdout] For more information about an error, try `rustc --explain E0308`.
[INFO] [stdout] 
[INFO] [stderr] error: could not compile `satysfi-analyzer` (bin "satysfi-analyzer" test) due to 3 previous errors; 4 warnings emitted
[INFO] [stderr] warning: build failed, waiting for other jobs to finish...
[INFO] [stdout] Some errors have detailed explanations: E0308, E0433.
[INFO] [stdout] 
[INFO] [stdout] For more information about an error, try `rustc --explain E0308`.
[INFO] [stdout] 
[INFO] [stderr] error: could not compile `satysfi-analyzer` (bin "satysfi-analyzer") due to 3 previous errors; 4 warnings emitted
[INFO] running `Command { std: "docker" "inspect" "0efd8b451603230a66c2b17109c887f77e06c63046fa98cefcf71a0dd26d5ae5", kill_on_drop: false }`
[INFO] running `Command { std: "docker" "rm" "-f" "0efd8b451603230a66c2b17109c887f77e06c63046fa98cefcf71a0dd26d5ae5", kill_on_drop: false }`
[INFO] [stdout] 0efd8b451603230a66c2b17109c887f77e06c63046fa98cefcf71a0dd26d5ae5
