[INFO] cloning repository https://github.com/ggb0x/projeto_dio
[INFO] running `Command { std: "git" "-c" "credential.helper=" "-c" "credential.helper=/workspace/cargo-home/bin/git-credential-null" "clone" "--bare" "https://github.com/ggb0x/projeto_dio" "/workspace/cache/git-repos/https%3A%2F%2Fgithub.com%2Fggb0x%2Fprojeto_dio", kill_on_drop: false }`
[INFO] [stderr] Cloning into bare repository '/workspace/cache/git-repos/https%3A%2F%2Fgithub.com%2Fggb0x%2Fprojeto_dio'...
[INFO] running `Command { std: "git" "rev-parse" "HEAD", kill_on_drop: false }`
[INFO] [stdout] 6c8aaae859714fc1d2ff5fe1d598c5066156edd2
[INFO] checking ggb0x/projeto_dio against 3154cc1a3e6424e44f438a95007d043ed5ceaaf6+rustflags=-Znext-solver=coherence for pr-133502-30
[INFO] running `Command { std: "git" "clone" "/workspace/cache/git-repos/https%3A%2F%2Fgithub.com%2Fggb0x%2Fprojeto_dio" "/workspace/builds/worker-7-tc1/source", kill_on_drop: false }`
[INFO] [stderr] Cloning into '/workspace/builds/worker-7-tc1/source'...
[INFO] [stderr] done.
[INFO] started tweaking git repo https://github.com/ggb0x/projeto_dio
[INFO] finished tweaking git repo https://github.com/ggb0x/projeto_dio
[INFO] tweaked toml for git repo https://github.com/ggb0x/projeto_dio written to /workspace/builds/worker-7-tc1/source/Cargo.toml
[INFO] validating manifest of git repo https://github.com/ggb0x/projeto_dio on toolchain 3154cc1a3e6424e44f438a95007d043ed5ceaaf6
[INFO] running `Command { std: CARGO_HOME="/workspace/cargo-home" RUSTUP_HOME="/workspace/rustup-home" "/workspace/cargo-home/bin/cargo" "+3154cc1a3e6424e44f438a95007d043ed5ceaaf6" "metadata" "--manifest-path" "Cargo.toml" "--no-deps", kill_on_drop: false }`
[INFO] crate git repo https://github.com/ggb0x/projeto_dio already has a lockfile, it will not be regenerated
[INFO] running `Command { std: CARGO_HOME="/workspace/cargo-home" RUSTUP_HOME="/workspace/rustup-home" "/workspace/cargo-home/bin/cargo" "+3154cc1a3e6424e44f438a95007d043ed5ceaaf6" "fetch" "--manifest-path" "Cargo.toml", kill_on_drop: false }`
[INFO] [stderr]     Updating crates.io index
[INFO] [stderr]  Downloading crates ...
[INFO] [stderr]   Downloaded superboring v0.1.14
[INFO] [stderr]   Downloaded password-auth v1.0.0
[INFO] [stderr]   Downloaded ct-codecs v1.1.7
[INFO] [stderr]   Downloaded bigdecimal v0.4.10
[INFO] [stderr]   Downloaded ed25519-compact v2.3.1
[INFO] [stderr]   Downloaded jwt-simple v0.13.0
[INFO] [stderr]   Downloaded askama_macros v0.16.0
[INFO] [stderr]   Downloaded wasix v0.13.2
[INFO] [stderr]   Downloaded askama v0.16.0
[INFO] [stderr]   Downloaded askama_parser v0.16.0
[INFO] [stderr]   Downloaded askama_derive v0.16.0
[INFO] running `Command { std: "docker" "create" "-v" "/var/lib/crater-agent-workspace/builds/worker-7-tc1/source:/opt/rustwide/workdir:ro,Z" "-v" "/var/lib/crater-agent-workspace/builds/worker-7-tc1/target:/opt/rustwide/target:rw,Z" "-v" "/var/lib/crater-agent-workspace/cargo-home:/opt/rustwide/cargo-home:ro,Z" "-v" "/var/lib/crater-agent-workspace/rustup-home:/opt/rustwide/rustup-home:ro,Z" "-m" "1610612736" "--network" "none" "ghcr.io/rust-lang/crates-build-env/linux@sha256:77db811e55d90add9212f6832c23229e3de5f1c1f9905e8cb07319ea15df73ac" "sleep" "infinity", kill_on_drop: false }`
[INFO] [stdout] ac559e77784330c52da2353301b51ed7ace8c7c3358313fb9644ce57aaf54363
[INFO] running `Command { std: "docker" "start" "ac559e77784330c52da2353301b51ed7ace8c7c3358313fb9644ce57aaf54363", kill_on_drop: false }`
[INFO] running `Command { std: "docker" "inspect" "ac559e77784330c52da2353301b51ed7ace8c7c3358313fb9644ce57aaf54363", kill_on_drop: false }`
[INFO] running `Command { std: "docker" "exec" "-e" "SOURCE_DIR=/opt/rustwide/workdir" "-e" "CARGO_HOME=/opt/rustwide/cargo-home" "-e" "RUSTUP_HOME=/opt/rustwide/rustup-home" "-e" "CARGO_TARGET_DIR=/opt/rustwide/target" "-w" "/opt/rustwide/workdir" "--user" "0:0" "ac559e77784330c52da2353301b51ed7ace8c7c3358313fb9644ce57aaf54363" "/opt/rustwide/cargo-home/bin/cargo" "+3154cc1a3e6424e44f438a95007d043ed5ceaaf6" "metadata" "--no-deps" "--format-version=1", kill_on_drop: false }`
[INFO] running `Command { std: "docker" "inspect" "ac559e77784330c52da2353301b51ed7ace8c7c3358313fb9644ce57aaf54363", kill_on_drop: false }`
[INFO] running `Command { std: "docker" "exec" "-e" "SOURCE_DIR=/opt/rustwide/workdir" "-e" "CARGO_HOME=/opt/rustwide/cargo-home" "-e" "RUSTUP_HOME=/opt/rustwide/rustup-home" "-e" "CARGO_TARGET_DIR=/opt/rustwide/target" "-e" "CARGO_INCREMENTAL=0" "-e" "RUST_BACKTRACE=full" "-e" "RUSTFLAGS=--cap-lints=forbid -Znext-solver=coherence" "-e" "RUSTDOCFLAGS=--cap-lints=forbid" "-w" "/opt/rustwide/workdir" "--user" "0:0" "ac559e77784330c52da2353301b51ed7ace8c7c3358313fb9644ce57aaf54363" "/opt/rustwide/cargo-home/bin/cargo" "+3154cc1a3e6424e44f438a95007d043ed5ceaaf6" "check" "--frozen" "--all" "--all-targets" "--message-format=json", kill_on_drop: false }`
[INFO] [stderr]     Checking subtle v2.6.1
[INFO] [stderr]    Compiling syn v2.0.119
[INFO] [stderr]    Compiling num-traits v0.2.19
[INFO] [stderr]    Compiling generic-array v0.14.9
[INFO] [stderr]     Checking serde v1.0.229
[INFO] [stderr]     Checking der v0.8.1
[INFO] [stderr]    Compiling hybrid-array v0.4.13
[INFO] [stderr]     Checking ctutils v0.4.2
[INFO] [stderr]     Checking smallvec v1.15.2
[INFO] [stderr]     Checking getrandom v0.2.17
[INFO] [stderr]     Checking crypto-common v0.1.6
[INFO] [stderr]     Checking block-buffer v0.10.4
[INFO] [stderr]     Checking rand_core v0.6.4
[INFO] [stderr]     Checking digest v0.10.7
[INFO] [stderr]     Checking ff v0.14.0
[INFO] [stderr]    Compiling tokio-macros v2.7.2
[INFO] [stderr]     Checking futures-sink v0.3.33
[INFO] [stderr]     Checking num-integer v0.1.46
[INFO] [stderr]    Compiling block-buffer v0.12.1
[INFO] [stderr]    Compiling crypto-common v0.2.2
[INFO] [stderr]     Checking spki v0.8.0
[INFO] [stderr]     Checking group v0.14.0
[INFO] [stderr]    Compiling parking_lot_core v0.9.12
[INFO] [stderr]     Checking tokio v1.53.1
[INFO] [stderr]     Checking pkcs8 v0.11.0
[INFO] [stderr]     Checking crypto-bigint v0.7.5
[INFO] [stderr]     Checking inout v0.2.2
[INFO] [stderr]     Checking sec1 v0.8.1
[INFO] [stderr]    Compiling bigdecimal v0.4.10
[INFO] [stderr]     Checking digest v0.11.3
[INFO] [stderr]    Compiling thiserror v2.0.19
[INFO] [stderr]     Checking hmac v0.13.0
[INFO] [stderr]     Checking signature v3.0.0
[INFO] [stderr]     Checking hkdf v0.13.0
[INFO] [stderr]    Compiling cpufeatures v0.3.0
[INFO] [stderr]     Checking spin v0.9.9
[INFO] [stderr]    Compiling num-bigint v0.4.6
[INFO] [stderr]     Checking futures-util v0.3.33
[INFO] [stderr]     Checking lazy_static v1.5.0
[INFO] [stderr]    Compiling getrandom v0.4.3
[INFO] [stderr]     Checking sha2 v0.11.0
[INFO] [stderr]     Checking cipher v0.5.2
[INFO] [stderr]     Checking der v0.7.10
[INFO] [stderr]     Checking serde_json v1.0.151
[INFO] [stderr]    Compiling parking_lot v0.12.5
[INFO] [stderr]     Checking elliptic-curve v0.14.1
[INFO] [stderr]     Checking sha2 v0.10.9
[INFO] [stderr]     Checking futures-channel v0.3.33
[INFO] [stderr]    Compiling crossbeam-utils v0.8.22
[INFO] [stderr]    Compiling futures-io v0.3.33
[INFO] [stderr]    Compiling event-listener v5.4.2
[INFO] [stderr]    Compiling crossbeam-queue v0.3.13
[INFO] [stderr]     Checking rand_chacha v0.3.1
[INFO] [stderr]    Compiling synstructure v0.13.2
[INFO] [stderr]     Checking spki v0.7.3
[INFO] [stderr]    Compiling futures-intrusive v0.5.0
[INFO] [stderr]     Checking primefield v0.14.0
[INFO] [stderr]     Checking rfc6979 v0.6.0
[INFO] [stderr]    Compiling unicode-normalization v0.1.25
[INFO] [stderr]    Compiling hashlink v0.11.1
[INFO] [stderr]    Compiling chacha20 v0.10.1
[INFO] [stderr]     Checking universal-hash v0.6.1
[INFO] [stderr]     Checking wnaf v0.14.0
[INFO] [stderr]    Compiling either v1.17.0
[INFO] [stderr]    Compiling base64 v0.22.1
[INFO] [stderr]    Compiling stringprep v0.1.5
[INFO] [stderr]     Checking primeorder v0.14.0
[INFO] [stderr]     Checking polyval v0.7.3
[INFO] [stderr]    Compiling rand v0.10.2
[INFO] [stderr]     Checking ecdsa v0.17.0
[INFO] [stderr]     Checking pkcs8 v0.10.2
[INFO] [stderr]     Checking rand v0.8.7
[INFO] [stderr]     Checking aes v0.9.2
[INFO] [stderr]    Compiling zerofrom-derive v0.1.7
[INFO] [stderr]    Compiling yoke-derive v0.8.2
[INFO] [stderr]    Compiling zerovec-derive v0.11.3
[INFO] [stderr]    Compiling tracing-attributes v0.1.31
[INFO] [stderr]    Compiling tokio-stream v0.1.19
[INFO] [stderr]    Compiling md-5 v0.11.0
[INFO] [stderr]    Compiling atoi v2.0.0
[INFO] [stderr]     Checking num-iter v0.1.46
[INFO] [stderr]    Compiling winnow v1.0.4
[INFO] [stderr]    Compiling zerofrom v0.1.8
[INFO] [stderr]    Compiling yoke v0.8.3
[INFO] [stderr]     Checking keccak v0.2.1
[INFO] [stderr]    Compiling whoami v2.1.2
[INFO] [stderr]     Checking zerovec v0.11.6
[INFO] [stderr]     Checking zerotrie v0.2.4
[INFO] [stderr]     Checking tracing v0.1.44
[INFO] [stderr]     Checking sponge-cursor v0.1.0
[INFO] [stderr]     Checking hyper v1.11.0
[INFO] [stderr]     Checking shake v0.1.0
[INFO] [stderr]     Checking num-bigint-dig v0.8.6
[INFO] [stderr]     Checking pkcs1 v0.7.5
[INFO] [stderr]     Checking tinystr v0.8.3
[INFO] [stderr]     Checking icu_locale_core v2.2.0
[INFO] [stderr]     Checking potential_utf v0.1.5
[INFO] [stderr]     Checking icu_collections v2.2.0
[INFO] [stderr]     Checking ghash v0.6.0
[INFO] [stderr]    Compiling askama_parser v0.16.0
[INFO] [stderr]     Checking http-body-util v0.1.4
[INFO] [stderr]     Checking ctr v0.10.1
[INFO] [stderr]     Checking icu_provider v2.2.0
[INFO] [stderr]     Checking aead v0.6.1
[INFO] [stderr]     Checking module-lattice v0.2.3
[INFO] [stderr]     Checking signature v2.2.0
[INFO] [stderr]    Compiling basic-toml v0.1.10
[INFO] [stderr]     Checking icu_properties v2.2.0
[INFO] [stderr]     Checking icu_normalizer v2.2.0
[INFO] [stderr]    Compiling cookie v0.18.2
[INFO] [stderr]    Compiling rustix v1.1.4
[INFO] [stderr]     Checking serde_urlencoded v0.7.1
[INFO] [stderr]     Checking axum-core v0.5.6
[INFO] [stderr]     Checking ml-dsa v0.1.1
[INFO] [stderr]     Checking rsa v0.9.10
[INFO] [stderr]     Checking aes-gcm v0.11.0
[INFO] [stderr]     Checking hyper-util v0.1.20
[INFO] [stderr]     Checking tower v0.5.3
[INFO] [stderr]     Checking aes-keywrap v0.9.0
[INFO] [stderr]    Compiling axum-macros v0.5.1
[INFO] [stderr]     Checking hmac-sha512 v1.1.12
[INFO] [stderr]     Checking hmac-sha256 v1.1.14
[INFO] [stderr]     Checking blake2 v0.10.6
[INFO] [stderr]     Checking idna_adapter v1.2.2
[INFO] [stderr]     Checking idna v1.1.0
[INFO] [stderr]     Checking password-hash v0.5.0
[INFO] [stderr]     Checking serde_path_to_error v0.1.20
[INFO] [stderr]     Checking url v2.5.8
[INFO] [stderr]     Checking ct-codecs v1.1.7
[INFO] [stderr]     Checking blake2b_simd v1.0.4
[INFO] [stderr]     Checking ed25519-compact v2.3.1
[INFO] [stderr]     Checking superboring v0.1.14
[INFO] [stderr]     Checking sqlx-core v0.9.0
[INFO] [stderr]     Checking argon2 v0.5.3
[INFO] [stderr]     Checking p256 v0.14.0
[INFO] [stderr]     Checking k256 v0.14.0
[INFO] [stderr]     Checking axum v0.8.9
[INFO] [stderr]     Checking p384 v0.14.0
[INFO] [stderr]    Compiling askama_derive v0.16.0
[INFO] [stderr]     Checking sharded-slab v0.1.7
[INFO] [stderr]     Checking coarsetime v0.1.37
[INFO] [stderr]     Checking binstring v0.1.7
[INFO] [stderr]     Checking hmac-sha1-compact v1.1.7
[INFO] [stderr]     Checking tempfile v3.27.0
[INFO] [stderr]     Checking tracing-subscriber v0.3.23
[INFO] [stderr]     Checking password-auth v1.0.0
[INFO] [stderr]     Checking tower-http v0.7.0
[INFO] [stderr]     Checking console v0.16.4
[INFO] [stderr]     Checking similar v2.7.0
[INFO] [stderr]     Checking sqlx-postgres v0.9.0
[INFO] [stderr]     Checking insta v1.48.0
[INFO] [stderr]    Compiling askama_macros v0.16.0
[INFO] [stderr]     Checking askama v0.16.0
[INFO] [stderr]     Checking axum-extra v0.12.6
[INFO] [stderr]     Checking jwt-simple v0.13.0
[INFO] [stderr]    Compiling sqlx-macros-core v0.9.0
[INFO] [stderr]    Compiling sqlx-macros v0.9.0
[INFO] [stderr]     Checking sqlx v0.9.0
[INFO] [stderr]     Checking projeto_dio v0.1.0 (/opt/rustwide/workdir)
[INFO] [stdout] error: set `DATABASE_URL` to use query macros online, or run `cargo sqlx prepare` to update the query cache
[INFO] [stdout]    --> src/assets.rs:181:9
[INFO] [stdout]     |
[INFO] [stdout] 181 | /         sqlx::query!(
[INFO] [stdout] 182 | |             "INSERT INTO user_assets (asset_id, user_id, quantity, purchase_price, purchase_date)
[INFO] [stdout] 183 | |              VALUES ($1, $2, $3, $4, CURRENT_DATE)",
[INFO] [stdout] 184 | |             ouro.asset_id,
[INFO] [stdout] ...   |
[INFO] [stdout] 187 | |             BigDecimal::from(100),
[INFO] [stdout] 188 | |         )
[INFO] [stdout]     | |_________^
[INFO] [stdout]     |
[INFO] [stdout]     = note: this error originates in the macro `$crate::sqlx_macros::expand_query` which comes from the expansion of the macro `sqlx::query` (in Nightly builds, run with -Z macro-backtrace for more info)
[INFO] [stdout] 
[INFO] [stdout] 
[INFO] [stdout] error: set `DATABASE_URL` to use query macros online, or run `cargo sqlx prepare` to update the query cache
[INFO] [stdout]   --> src/repository.rs:18:21
[INFO] [stdout]    |
[INFO] [stdout] 18 |           let asset = sqlx::query_as!(
[INFO] [stdout]    |  _____________________^
[INFO] [stdout] 19 | |             Asset,
[INFO] [stdout] 20 | |             "INSERT INTO assets (name, value) VALUES ($1, $2) RETURNING asset_id, name, value",
[INFO] [stdout] 21 | |             payload.name,
[INFO] [stdout] 22 | |             payload.value
[INFO] [stdout] 23 | |         )
[INFO] [stdout]    | |_________^
[INFO] [stdout]    |
[INFO] [stdout]    = note: this error originates in the macro `$crate::sqlx_macros::expand_query` which comes from the expansion of the macro `sqlx::query_as` (in Nightly builds, run with -Z macro-backtrace for more info)
[INFO] [stdout] 
[INFO] [stdout] 
[INFO] [stdout] error: set `DATABASE_URL` to use query macros online, or run `cargo sqlx prepare` to update the query cache
[INFO] [stdout]   --> src/repository.rs:31:34
[INFO] [stdout]    |
[INFO] [stdout] 31 |         let assets: Vec<Asset> = sqlx::query_as!(Asset, "SELECT * FROM assets")
[INFO] [stdout]    |                                  ^^^^^^^^^^^^^^^^^^^^^^^^^^^^^^^^^^^^^^^^^^^^^^
[INFO] [stdout]    |
[INFO] [stdout]    = note: this error originates in the macro `$crate::sqlx_macros::expand_query` which comes from the expansion of the macro `sqlx::query_as` (in Nightly builds, run with -Z macro-backtrace for more info)
[INFO] [stdout] 
[INFO] [stdout] 
[INFO] [stdout] error: set `DATABASE_URL` to use query macros online, or run `cargo sqlx prepare` to update the query cache
[INFO] [stdout]   --> src/repository.rs:39:21
[INFO] [stdout]    |
[INFO] [stdout] 39 |         let asset = sqlx::query_as!(Asset, "SELECT * FROM assets WHERE asset_id = $1", id)
[INFO] [stdout]    |                     ^^^^^^^^^^^^^^^^^^^^^^^^^^^^^^^^^^^^^^^^^^^^^^^^^^^^^^^^^^^^^^^^^^^^^^
[INFO] [stdout]    |
[INFO] [stdout]    = note: this error originates in the macro `$crate::sqlx_macros::expand_query` which comes from the expansion of the macro `sqlx::query_as` (in Nightly builds, run with -Z macro-backtrace for more info)
[INFO] [stdout] 
[INFO] [stdout] 
[INFO] [stdout] error: set `DATABASE_URL` to use query macros online, or run `cargo sqlx prepare` to update the query cache
[INFO] [stdout]   --> src/repository.rs:51:21
[INFO] [stdout]    |
[INFO] [stdout] 51 |           let asset = sqlx::query_as!(
[INFO] [stdout]    |  _____________________^
[INFO] [stdout] 52 | |             Asset,
[INFO] [stdout] 53 | |             "UPDATE assets SET name = $1, value = $2 WHERE asset_id = $3 RETURNING asset_id, name, value",
[INFO] [stdout] 54 | |             payload.name,
[INFO] [stdout] 55 | |             payload.value,
[INFO] [stdout] 56 | |             id
[INFO] [stdout] 57 | |         )
[INFO] [stdout]    | |_________^
[INFO] [stdout]    |
[INFO] [stdout]    = note: this error originates in the macro `$crate::sqlx_macros::expand_query` which comes from the expansion of the macro `sqlx::query_as` (in Nightly builds, run with -Z macro-backtrace for more info)
[INFO] [stdout] 
[INFO] [stdout] 
[INFO] [stdout] error: set `DATABASE_URL` to use query macros online, or run `cargo sqlx prepare` to update the query cache
[INFO] [stdout]   --> src/repository.rs:65:22
[INFO] [stdout]    |
[INFO] [stdout] 65 |         let result = sqlx::query!("DELETE FROM assets WHERE asset_id = $1", id)
[INFO] [stdout]    |                      ^^^^^^^^^^^^^^^^^^^^^^^^^^^^^^^^^^^^^^^^^^^^^^^^^^^^^^^^^^
[INFO] [stdout]    |
[INFO] [stdout]    = note: this error originates in the macro `$crate::sqlx_macros::expand_query` which comes from the expansion of the macro `sqlx::query` (in Nightly builds, run with -Z macro-backtrace for more info)
[INFO] [stdout] 
[INFO] [stdout] 
[INFO] [stdout] error: set `DATABASE_URL` to use query macros online, or run `cargo sqlx prepare` to update the query cache
[INFO] [stdout]   --> src/repository.rs:79:20
[INFO] [stdout]    |
[INFO] [stdout] 79 |           let user = sqlx::query_as!(
[INFO] [stdout]    |  ____________________^
[INFO] [stdout] 80 | |             UserRecord,
[INFO] [stdout] 81 | |             "INSERT INTO users (username, password_hash) VALUES ($1, $2) RETURNING username, user_id, password_hash",
[INFO] [stdout] 82 | |             username,
[INFO] [stdout] 83 | |             password_hash
[INFO] [stdout] 84 | |         )
[INFO] [stdout]    | |_________^
[INFO] [stdout]    |
[INFO] [stdout]    = note: this error originates in the macro `$crate::sqlx_macros::expand_query` which comes from the expansion of the macro `sqlx::query_as` (in Nightly builds, run with -Z macro-backtrace for more info)
[INFO] [stdout] 
[INFO] [stdout] 
[INFO] [stdout] error: set `DATABASE_URL` to use query macros online, or run `cargo sqlx prepare` to update the query cache
[INFO] [stdout]   --> src/repository.rs:95:20
[INFO] [stdout]    |
[INFO] [stdout] 95 |           let user = sqlx::query_as!(
[INFO] [stdout]    |  ____________________^
[INFO] [stdout] 96 | |             UserRecord,
[INFO] [stdout] 97 | |             "SELECT * FROM users WHERE username = $1",
[INFO] [stdout] 98 | |             username
[INFO] [stdout] 99 | |         )
[INFO] [stdout]    | |_________^
[INFO] [stdout]    |
[INFO] [stdout]    = note: this error originates in the macro `$crate::sqlx_macros::expand_query` which comes from the expansion of the macro `sqlx::query_as` (in Nightly builds, run with -Z macro-backtrace for more info)
[INFO] [stdout] 
[INFO] [stdout] 
[INFO] [stdout] error: set `DATABASE_URL` to use query macros online, or run `cargo sqlx prepare` to update the query cache
[INFO] [stdout]    --> src/repository.rs:107:9
[INFO] [stdout]     |
[INFO] [stdout] 107 | /         sqlx::query_as!(
[INFO] [stdout] 108 | |             UserAsset,
[INFO] [stdout] 109 | |             r#"
[INFO] [stdout] 110 | |             SELECT ua.asset_id, a.name AS name, a.value AS value, ua.quantity AS quantity, ua.purchase_price AS purchase_price
[INFO] [stdout] ...   |
[INFO] [stdout] 116 | |             user_id
[INFO] [stdout] 117 | |         )
[INFO] [stdout]     | |_________^
[INFO] [stdout]     |
[INFO] [stdout]     = note: this error originates in the macro `$crate::sqlx_macros::expand_query` which comes from the expansion of the macro `sqlx::query_as` (in Nightly builds, run with -Z macro-backtrace for more info)
[INFO] [stdout] 
[INFO] [stdout] 
[INFO] [stdout] error: set `DATABASE_URL` to use query macros online, or run `cargo sqlx prepare` to update the query cache
[INFO] [stdout]    --> src/repository.rs:128:9
[INFO] [stdout]     |
[INFO] [stdout] 128 | /         sqlx::query!(
[INFO] [stdout] 129 | |             r#"
[INFO] [stdout] 130 | |             INSERT INTO user_assets (asset_id, user_id, quantity, purchase_price, purchase_date)
[INFO] [stdout] 131 | |             VALUES ($1, $2, $3, (SELECT value FROM assets WHERE asset_id = $1), CURRENT_DATE)
[INFO] [stdout] ...   |
[INFO] [stdout] 139 | |             quantity,
[INFO] [stdout] 140 | |         )
[INFO] [stdout]     | |_________^
[INFO] [stdout]     |
[INFO] [stdout]     = note: this error originates in the macro `$crate::sqlx_macros::expand_query` which comes from the expansion of the macro `sqlx::query` (in Nightly builds, run with -Z macro-backtrace for more info)
[INFO] [stdout] 
[INFO] [stdout] 
[INFO] [stdout] error: set `DATABASE_URL` to use query macros online, or run `cargo sqlx prepare` to update the query cache
[INFO] [stdout]    --> src/repository.rs:152:22
[INFO] [stdout]     |
[INFO] [stdout] 152 |           let result = sqlx::query!(
[INFO] [stdout]     |  ______________________^
[INFO] [stdout] 153 | |             "DELETE FROM user_assets WHERE user_id = $1 AND asset_id = $2",
[INFO] [stdout] 154 | |             user_id,
[INFO] [stdout] 155 | |             asset_id,
[INFO] [stdout] 156 | |         )
[INFO] [stdout]     | |_________^
[INFO] [stdout]     |
[INFO] [stdout]     = note: this error originates in the macro `$crate::sqlx_macros::expand_query` which comes from the expansion of the macro `sqlx::query` (in Nightly builds, run with -Z macro-backtrace for more info)
[INFO] [stdout] 
[INFO] [stdout] 
[INFO] [stdout] error: set `DATABASE_URL` to use query macros online, or run `cargo sqlx prepare` to update the query cache
[INFO] [stdout]    --> src/repository.rs:254:9
[INFO] [stdout]     |
[INFO] [stdout] 254 | /         sqlx::query!(
[INFO] [stdout] 255 | |             "INSERT INTO user_assets (asset_id, user_id, quantity, purchase_price, purchase_date)
[INFO] [stdout] 256 | |              VALUES ($1, $2, $3, $4, CURRENT_DATE)",
[INFO] [stdout] 257 | |             ouro.asset_id,
[INFO] [stdout] ...   |
[INFO] [stdout] 260 | |             BigDecimal::from(100),
[INFO] [stdout] 261 | |         )
[INFO] [stdout]     | |_________^
[INFO] [stdout]     |
[INFO] [stdout]     = note: this error originates in the macro `$crate::sqlx_macros::expand_query` which comes from the expansion of the macro `sqlx::query` (in Nightly builds, run with -Z macro-backtrace for more info)
[INFO] [stdout] 
[INFO] [stdout] 
[INFO] [stdout] warning: unused import: `IntoResponse`
[INFO] [stdout]  --> src/auth.rs:7:22
[INFO] [stdout]   |
[INFO] [stdout] 7 | use axum::response::{IntoResponse, Redirect};
[INFO] [stdout]   |                      ^^^^^^^^^^^^
[INFO] [stdout]   |
[INFO] [stdout]   = note: `#[warn(unused_imports)]` (part of `#[warn(unused)]`) on by default
[INFO] [stdout] 
[INFO] [stdout] 
[INFO] [stdout] warning: unused import: `OffsetDateTime`
[INFO] [stdout]   --> src/auth.rs:16:22
[INFO] [stdout]    |
[INFO] [stdout] 16 | use time::{Duration, OffsetDateTime};
[INFO] [stdout]    |                      ^^^^^^^^^^^^^^
[INFO] [stdout] 
[INFO] [stdout] 
[INFO] [stdout] error: set `DATABASE_URL` to use query macros online, or run `cargo sqlx prepare` to update the query cache
[INFO] [stdout]   --> src/repository.rs:18:21
[INFO] [stdout]    |
[INFO] [stdout] 18 |           let asset = sqlx::query_as!(
[INFO] [stdout]    |  _____________________^
[INFO] [stdout] 19 | |             Asset,
[INFO] [stdout] 20 | |             "INSERT INTO assets (name, value) VALUES ($1, $2) RETURNING asset_id, name, value",
[INFO] [stdout] 21 | |             payload.name,
[INFO] [stdout] 22 | |             payload.value
[INFO] [stdout] 23 | |         )
[INFO] [stdout]    | |_________^
[INFO] [stdout]    |
[INFO] [stdout]    = note: this error originates in the macro `$crate::sqlx_macros::expand_query` which comes from the expansion of the macro `sqlx::query_as` (in Nightly builds, run with -Z macro-backtrace for more info)
[INFO] [stdout] 
[INFO] [stdout] 
[INFO] [stdout] error: set `DATABASE_URL` to use query macros online, or run `cargo sqlx prepare` to update the query cache
[INFO] [stdout]   --> src/repository.rs:31:34
[INFO] [stdout]    |
[INFO] [stdout] 31 |         let assets: Vec<Asset> = sqlx::query_as!(Asset, "SELECT * FROM assets")
[INFO] [stdout]    |                                  ^^^^^^^^^^^^^^^^^^^^^^^^^^^^^^^^^^^^^^^^^^^^^^
[INFO] [stdout]    |
[INFO] [stdout]    = note: this error originates in the macro `$crate::sqlx_macros::expand_query` which comes from the expansion of the macro `sqlx::query_as` (in Nightly builds, run with -Z macro-backtrace for more info)
[INFO] [stdout] 
[INFO] [stdout] 
[INFO] [stdout] error: set `DATABASE_URL` to use query macros online, or run `cargo sqlx prepare` to update the query cache
[INFO] [stdout]   --> src/repository.rs:39:21
[INFO] [stdout]    |
[INFO] [stdout] 39 |         let asset = sqlx::query_as!(Asset, "SELECT * FROM assets WHERE asset_id = $1", id)
[INFO] [stdout]    |                     ^^^^^^^^^^^^^^^^^^^^^^^^^^^^^^^^^^^^^^^^^^^^^^^^^^^^^^^^^^^^^^^^^^^^^^
[INFO] [stdout]    |
[INFO] [stdout]    = note: this error originates in the macro `$crate::sqlx_macros::expand_query` which comes from the expansion of the macro `sqlx::query_as` (in Nightly builds, run with -Z macro-backtrace for more info)
[INFO] [stdout] 
[INFO] [stdout] 
[INFO] [stdout] error: set `DATABASE_URL` to use query macros online, or run `cargo sqlx prepare` to update the query cache
[INFO] [stdout]   --> src/repository.rs:51:21
[INFO] [stdout]    |
[INFO] [stdout] 51 |           let asset = sqlx::query_as!(
[INFO] [stdout]    |  _____________________^
[INFO] [stdout] 52 | |             Asset,
[INFO] [stdout] 53 | |             "UPDATE assets SET name = $1, value = $2 WHERE asset_id = $3 RETURNING asset_id, name, value",
[INFO] [stdout] 54 | |             payload.name,
[INFO] [stdout] 55 | |             payload.value,
[INFO] [stdout] 56 | |             id
[INFO] [stdout] 57 | |         )
[INFO] [stdout]    | |_________^
[INFO] [stdout]    |
[INFO] [stdout]    = note: this error originates in the macro `$crate::sqlx_macros::expand_query` which comes from the expansion of the macro `sqlx::query_as` (in Nightly builds, run with -Z macro-backtrace for more info)
[INFO] [stdout] 
[INFO] [stdout] 
[INFO] [stdout] error: set `DATABASE_URL` to use query macros online, or run `cargo sqlx prepare` to update the query cache
[INFO] [stdout]   --> src/repository.rs:65:22
[INFO] [stdout]    |
[INFO] [stdout] 65 |         let result = sqlx::query!("DELETE FROM assets WHERE asset_id = $1", id)
[INFO] [stdout]    |                      ^^^^^^^^^^^^^^^^^^^^^^^^^^^^^^^^^^^^^^^^^^^^^^^^^^^^^^^^^^
[INFO] [stdout]    |
[INFO] [stdout]    = note: this error originates in the macro `$crate::sqlx_macros::expand_query` which comes from the expansion of the macro `sqlx::query` (in Nightly builds, run with -Z macro-backtrace for more info)
[INFO] [stdout] 
[INFO] [stdout] 
[INFO] [stdout] error: set `DATABASE_URL` to use query macros online, or run `cargo sqlx prepare` to update the query cache
[INFO] [stdout]   --> src/repository.rs:79:20
[INFO] [stdout]    |
[INFO] [stdout] 79 |           let user = sqlx::query_as!(
[INFO] [stdout]    |  ____________________^
[INFO] [stdout] 80 | |             UserRecord,
[INFO] [stdout] 81 | |             "INSERT INTO users (username, password_hash) VALUES ($1, $2) RETURNING username, user_id, password_hash",
[INFO] [stdout] 82 | |             username,
[INFO] [stdout] 83 | |             password_hash
[INFO] [stdout] 84 | |         )
[INFO] [stdout]    | |_________^
[INFO] [stdout]    |
[INFO] [stdout]    = note: this error originates in the macro `$crate::sqlx_macros::expand_query` which comes from the expansion of the macro `sqlx::query_as` (in Nightly builds, run with -Z macro-backtrace for more info)
[INFO] [stdout] 
[INFO] [stdout] 
[INFO] [stdout] error: set `DATABASE_URL` to use query macros online, or run `cargo sqlx prepare` to update the query cache
[INFO] [stdout]   --> src/repository.rs:95:20
[INFO] [stdout]    |
[INFO] [stdout] 95 |           let user = sqlx::query_as!(
[INFO] [stdout]    |  ____________________^
[INFO] [stdout] 96 | |             UserRecord,
[INFO] [stdout] 97 | |             "SELECT * FROM users WHERE username = $1",
[INFO] [stdout] 98 | |             username
[INFO] [stdout] 99 | |         )
[INFO] [stdout]    | |_________^
[INFO] [stdout]    |
[INFO] [stdout]    = note: this error originates in the macro `$crate::sqlx_macros::expand_query` which comes from the expansion of the macro `sqlx::query_as` (in Nightly builds, run with -Z macro-backtrace for more info)
[INFO] [stdout] 
[INFO] [stdout] 
[INFO] [stdout] error: set `DATABASE_URL` to use query macros online, or run `cargo sqlx prepare` to update the query cache
[INFO] [stdout]    --> src/repository.rs:107:9
[INFO] [stdout]     |
[INFO] [stdout] 107 | /         sqlx::query_as!(
[INFO] [stdout] 108 | |             UserAsset,
[INFO] [stdout] 109 | |             r#"
[INFO] [stdout] 110 | |             SELECT ua.asset_id, a.name AS name, a.value AS value, ua.quantity AS quantity, ua.purchase_price AS purchase_price
[INFO] [stdout] ...   |
[INFO] [stdout] 116 | |             user_id
[INFO] [stdout] 117 | |         )
[INFO] [stdout]     | |_________^
[INFO] [stdout]     |
[INFO] [stdout]     = note: this error originates in the macro `$crate::sqlx_macros::expand_query` which comes from the expansion of the macro `sqlx::query_as` (in Nightly builds, run with -Z macro-backtrace for more info)
[INFO] [stdout] 
[INFO] [stdout] 
[INFO] [stdout] error: set `DATABASE_URL` to use query macros online, or run `cargo sqlx prepare` to update the query cache
[INFO] [stdout]    --> src/repository.rs:128:9
[INFO] [stdout]     |
[INFO] [stdout] 128 | /         sqlx::query!(
[INFO] [stdout] 129 | |             r#"
[INFO] [stdout] 130 | |             INSERT INTO user_assets (asset_id, user_id, quantity, purchase_price, purchase_date)
[INFO] [stdout] 131 | |             VALUES ($1, $2, $3, (SELECT value FROM assets WHERE asset_id = $1), CURRENT_DATE)
[INFO] [stdout] ...   |
[INFO] [stdout] 139 | |             quantity,
[INFO] [stdout] 140 | |         )
[INFO] [stdout]     | |_________^
[INFO] [stdout]     |
[INFO] [stdout]     = note: this error originates in the macro `$crate::sqlx_macros::expand_query` which comes from the expansion of the macro `sqlx::query` (in Nightly builds, run with -Z macro-backtrace for more info)
[INFO] [stdout] 
[INFO] [stdout] 
[INFO] [stdout] error: set `DATABASE_URL` to use query macros online, or run `cargo sqlx prepare` to update the query cache
[INFO] [stdout]    --> src/repository.rs:152:22
[INFO] [stdout]     |
[INFO] [stdout] 152 |           let result = sqlx::query!(
[INFO] [stdout]     |  ______________________^
[INFO] [stdout] 153 | |             "DELETE FROM user_assets WHERE user_id = $1 AND asset_id = $2",
[INFO] [stdout] 154 | |             user_id,
[INFO] [stdout] 155 | |             asset_id,
[INFO] [stdout] 156 | |         )
[INFO] [stdout]     | |_________^
[INFO] [stdout]     |
[INFO] [stdout]     = note: this error originates in the macro `$crate::sqlx_macros::expand_query` which comes from the expansion of the macro `sqlx::query` (in Nightly builds, run with -Z macro-backtrace for more info)
[INFO] [stdout] 
[INFO] [stdout] 
[INFO] [stdout] warning: unused import: `IntoResponse`
[INFO] [stdout]  --> src/auth.rs:7:22
[INFO] [stdout]   |
[INFO] [stdout] 7 | use axum::response::{IntoResponse, Redirect};
[INFO] [stdout]   |                      ^^^^^^^^^^^^
[INFO] [stdout]   |
[INFO] [stdout]   = note: `#[warn(unused_imports)]` (part of `#[warn(unused)]`) on by default
[INFO] [stdout] 
[INFO] [stdout] 
[INFO] [stdout] warning: unused import: `OffsetDateTime`
[INFO] [stdout]   --> src/auth.rs:16:22
[INFO] [stdout]    |
[INFO] [stdout] 16 | use time::{Duration, OffsetDateTime};
[INFO] [stdout]    |                      ^^^^^^^^^^^^^^
[INFO] [stdout] 
[INFO] [stdout] 
[INFO] [stdout] warning: unused import: `AssetPayload`
[INFO] [stdout]   --> src/frontend.rs:13:28
[INFO] [stdout]    |
[INFO] [stdout] 13 | use crate::models::{Asset, AssetPayload, UserAsset};
[INFO] [stdout]    |                            ^^^^^^^^^^^^
[INFO] [stdout] 
[INFO] [stdout] 
[INFO] [stdout] warning: method call on a diverging inference variable
[INFO] [stdout]   --> src/repository.rs:69:19
[INFO] [stdout]    |
[INFO] [stdout] 69 |         Ok(result.rows_affected() > 0)
[INFO] [stdout]    |                   ^^^^^^^^^^^^^
[INFO] [stdout]    |
[INFO] [stdout]    = help: consider providing a type annotation
[INFO] [stdout]    = warning: this was previously accepted by the compiler but is being phased out; it will become a hard error in a future release!
[INFO] [stdout]    = note: for more information, see issue #156047 <https://github.com/rust-lang/rust/issues/156047>
[INFO] [stdout]    = note: `#[warn(method_call_on_diverging_infer_var)]` (part of `#[warn(future_incompatible)]`) on by default
[INFO] [stdout] 
[INFO] [stdout] 
[INFO] [stdout] warning: method call on a diverging inference variable
[INFO] [stdout]   --> src/repository.rs:69:19
[INFO] [stdout]    |
[INFO] [stdout] 69 |         Ok(result.rows_affected() > 0)
[INFO] [stdout]    |                   ^^^^^^^^^^^^^
[INFO] [stdout]    |
[INFO] [stdout]    = help: consider providing a type annotation
[INFO] [stdout]    = warning: this was previously accepted by the compiler but is being phased out; it will become a hard error in a future release!
[INFO] [stdout]    = note: for more information, see issue #156047 <https://github.com/rust-lang/rust/issues/156047>
[INFO] [stdout]    = note: `#[warn(method_call_on_diverging_infer_var)]` (part of `#[warn(future_incompatible)]`) on by default
[INFO] [stdout] 
[INFO] [stdout] 
[INFO] [stdout] error[E0599]: no method named `rows_affected` found for type `!` in the current scope
[INFO] [stdout]   --> src/repository.rs:69:19
[INFO] [stdout]    |
[INFO] [stdout] 69 |         Ok(result.rows_affected() > 0)
[INFO] [stdout]    |                   ^^^^^^^^^^^^^ method not found in `!`
[INFO] [stdout] 
[INFO] [stdout] 
[INFO] [stdout] warning: method call on a diverging inference variable
[INFO] [stdout]    --> src/repository.rs:160:19
[INFO] [stdout]     |
[INFO] [stdout] 160 |         Ok(result.rows_affected() > 0)
[INFO] [stdout]     |                   ^^^^^^^^^^^^^
[INFO] [stdout]     |
[INFO] [stdout]     = help: consider providing a type annotation
[INFO] [stdout]     = warning: this was previously accepted by the compiler but is being phased out; it will become a hard error in a future release!
[INFO] [stdout]     = note: for more information, see issue #156047 <https://github.com/rust-lang/rust/issues/156047>
[INFO] [stdout] 
[INFO] [stdout] 
[INFO] [stdout] error[E0599]: no method named `rows_affected` found for type `!` in the current scope
[INFO] [stdout]   --> src/repository.rs:69:19
[INFO] [stdout]    |
[INFO] [stdout] 69 |         Ok(result.rows_affected() > 0)
[INFO] [stdout]    |                   ^^^^^^^^^^^^^ method not found in `!`
[INFO] [stdout] 
[INFO] [stdout] 
[INFO] [stdout] warning: method call on a diverging inference variable
[INFO] [stdout]    --> src/repository.rs:160:19
[INFO] [stdout]     |
[INFO] [stdout] 160 |         Ok(result.rows_affected() > 0)
[INFO] [stdout]     |                   ^^^^^^^^^^^^^
[INFO] [stdout]     |
[INFO] [stdout]     = help: consider providing a type annotation
[INFO] [stdout]     = warning: this was previously accepted by the compiler but is being phased out; it will become a hard error in a future release!
[INFO] [stdout]     = note: for more information, see issue #156047 <https://github.com/rust-lang/rust/issues/156047>
[INFO] [stdout] 
[INFO] [stdout] 
[INFO] [stdout] error[E0599]: no method named `rows_affected` found for type `!` in the current scope
[INFO] [stdout]    --> src/repository.rs:160:19
[INFO] [stdout]     |
[INFO] [stdout] 160 |         Ok(result.rows_affected() > 0)
[INFO] [stdout]     |                   ^^^^^^^^^^^^^ method not found in `!`
[INFO] [stdout] 
[INFO] [stdout] 
[INFO] [stdout] error[E0599]: no method named `rows_affected` found for type `!` in the current scope
[INFO] [stdout]    --> src/repository.rs:160:19
[INFO] [stdout]     |
[INFO] [stdout] 160 |         Ok(result.rows_affected() > 0)
[INFO] [stdout]     |                   ^^^^^^^^^^^^^ method not found in `!`
[INFO] [stdout] 
[INFO] [stdout] 
[INFO] [stdout] For more information about this error, try `rustc --explain E0599`.
[INFO] [stdout] 
[INFO] [stderr] error: could not compile `projeto_dio` (bin "projeto_dio") due to 12 previous errors; 7 warnings emitted
[INFO] [stderr] warning: build failed, waiting for other jobs to finish...
[INFO] [stdout] For more information about this error, try `rustc --explain E0599`.
[INFO] [stdout] 
[INFO] [stderr] error: could not compile `projeto_dio` (bin "projeto_dio" test) due to 14 previous errors; 6 warnings emitted
[INFO] [stderr] warning: unused dependency `tower-http`
[INFO] [stderr]  --> Cargo.toml:8:1
[INFO] [stderr]   |
[INFO] [stderr] 8 | tower-http = "0.7.0"
[INFO] [stderr]   | ^^^^^^^^^^^^^^^^^^^^
[INFO] [stderr]   |
[INFO] [stderr]   = note: `cargo::unused_dependencies` is set to `warn` by default
[INFO] [stderr] help: consider removing the dependency on `tower-http`
[INFO] [stderr] warning: `projeto_dio` (manifest) generated 1 warning
[INFO] running `Command { std: "docker" "inspect" "ac559e77784330c52da2353301b51ed7ace8c7c3358313fb9644ce57aaf54363", kill_on_drop: false }`
[INFO] running `Command { std: "docker" "rm" "-f" "ac559e77784330c52da2353301b51ed7ace8c7c3358313fb9644ce57aaf54363", kill_on_drop: false }`
[INFO] [stdout] ac559e77784330c52da2353301b51ed7ace8c7c3358313fb9644ce57aaf54363
