[INFO] cloning repository https://github.com/genudine/saerro
[INFO] running `Command { std: "git" "-c" "credential.helper=" "-c" "credential.helper=/workspace/cargo-home/bin/git-credential-null" "clone" "--bare" "https://github.com/genudine/saerro" "/workspace/cache/git-repos/https%3A%2F%2Fgithub.com%2Fgenudine%2Fsaerro", kill_on_drop: false }`
[INFO] [stderr] Cloning into bare repository '/workspace/cache/git-repos/https%3A%2F%2Fgithub.com%2Fgenudine%2Fsaerro'...
[INFO] running `Command { std: "git" "rev-parse" "HEAD", kill_on_drop: false }`
[INFO] [stdout] 3c0ab61695a4f63bc6ca1d6798066754f840ef32
[INFO] checking genudine/saerro against 3154cc1a3e6424e44f438a95007d043ed5ceaaf6+rustflags=-Znext-solver=coherence for pr-133502-30
[INFO] running `Command { std: "git" "clone" "/workspace/cache/git-repos/https%3A%2F%2Fgithub.com%2Fgenudine%2Fsaerro" "/workspace/builds/worker-2-tc1/source", kill_on_drop: false }`
[INFO] [stderr] Cloning into '/workspace/builds/worker-2-tc1/source'...
[INFO] [stderr] done.
[INFO] started tweaking git repo https://github.com/genudine/saerro
[INFO] finished tweaking git repo https://github.com/genudine/saerro
[INFO] tweaked toml for git repo https://github.com/genudine/saerro written to /workspace/builds/worker-2-tc1/source/Cargo.toml
[INFO] validating manifest of git repo https://github.com/genudine/saerro on toolchain 3154cc1a3e6424e44f438a95007d043ed5ceaaf6
[INFO] running `Command { std: CARGO_HOME="/workspace/cargo-home" RUSTUP_HOME="/workspace/rustup-home" "/workspace/cargo-home/bin/cargo" "+3154cc1a3e6424e44f438a95007d043ed5ceaaf6" "metadata" "--manifest-path" "Cargo.toml" "--no-deps", kill_on_drop: false }`
[INFO] crate git repo https://github.com/genudine/saerro already has a lockfile, it will not be regenerated
[INFO] running `Command { std: CARGO_HOME="/workspace/cargo-home" RUSTUP_HOME="/workspace/rustup-home" "/workspace/cargo-home/bin/cargo" "+3154cc1a3e6424e44f438a95007d043ed5ceaaf6" "fetch" "--manifest-path" "Cargo.toml", kill_on_drop: false }`
[INFO] [stderr] warning: services/api/Cargo.toml: `default_features` is deprecated in favor of `default-features` and will not work in the 2024 edition
[INFO] [stderr] (in the `sqlx` dependency)
[INFO] [stderr] warning: `api` (manifest) generated 1 warning
[INFO] [stderr] warning: services/tasks/Cargo.toml: `default_features` is deprecated in favor of `default-features` and will not work in the 2024 edition
[INFO] [stderr] (in the `sqlx` dependency)
[INFO] [stderr] warning: `tasks` (manifest) generated 1 warning
[INFO] [stderr] warning: services/websocket/Cargo.toml: `default_features` is deprecated in favor of `default-features` and will not work in the 2024 edition
[INFO] [stderr] (in the `sqlx` dependency)
[INFO] [stderr] warning: `websocket` (manifest) generated 1 warning
[INFO] [stderr]     Updating crates.io index
[INFO] [stderr]  Downloading crates ...
[INFO] [stderr]   Downloaded hermit-abi v0.3.6
[INFO] [stderr]   Downloaded sqlformat v0.2.3
[INFO] [stderr]   Downloaded sqlx-sqlite v0.7.3
[INFO] [stderr]   Downloaded sqlx v0.7.3
[INFO] [stderr]   Downloaded sqlx-core v0.7.3
[INFO] [stderr]   Downloaded whoami v1.4.1
[INFO] [stderr]   Downloaded sqlx-postgres v0.7.3
[INFO] [stderr]   Downloaded zeroize v1.7.0
[INFO] [stderr]   Downloaded chrono v0.4.34
[INFO] [stderr]   Downloaded rustls v0.21.10
[INFO] [stderr]   Downloaded sqlx-mysql v0.7.3
[INFO] [stderr]   Downloaded sqlx-macros-core v0.7.3
[INFO] [stderr]   Downloaded sqlx-macros v0.7.3
[INFO] [stderr]   Downloaded atomic-write-file v0.1.2
[INFO] [stderr]   Downloaded serde-aux v4.4.0
[INFO] [stderr]   Downloaded prometheus-static-metric v0.5.1
[INFO] [stderr]   Downloaded serde_path_to_error v0.1.15
[INFO] [stderr]   Downloaded async_once v0.2.6
[INFO] [stderr]   Downloaded tower-http v0.4.4
[INFO] [stderr]   Downloaded reqwest v0.11.24
[INFO] [stderr]   Downloaded openssl-sys v0.9.99
[INFO] [stderr]   Downloaded openssl v0.10.63
[INFO] [stderr]   Downloaded async-graphql v6.0.11
[INFO] [stderr]   Downloaded pest v2.7.7
[INFO] [stderr]   Downloaded pest_generator v2.7.7
[INFO] [stderr]   Downloaded pest_derive v2.7.7
[INFO] [stderr]   Downloaded pest_meta v2.7.7
[INFO] [stderr]   Downloaded ascii_utils v0.9.3
[INFO] [stderr]   Downloaded async-graphql-value v6.0.11
[INFO] [stderr]   Downloaded fast_chemail v0.9.6
[INFO] [stderr]   Downloaded async-graphql-derive v6.0.11
[INFO] [stderr]   Downloaded async-graphql-parser v6.0.11
[INFO] [stderr]   Downloaded darling_macro v0.20.6
[INFO] [stderr]   Downloaded darling_core v0.20.6
[INFO] [stderr]   Downloaded darling v0.20.6
[INFO] running `Command { std: "docker" "create" "-v" "/var/lib/crater-agent-workspace/builds/worker-2-tc1/source:/opt/rustwide/workdir:ro,Z" "-v" "/var/lib/crater-agent-workspace/builds/worker-2-tc1/target:/opt/rustwide/target:rw,Z" "-v" "/var/lib/crater-agent-workspace/cargo-home:/opt/rustwide/cargo-home:ro,Z" "-v" "/var/lib/crater-agent-workspace/rustup-home:/opt/rustwide/rustup-home:ro,Z" "-m" "1610612736" "--network" "none" "ghcr.io/rust-lang/crates-build-env/linux@sha256:77db811e55d90add9212f6832c23229e3de5f1c1f9905e8cb07319ea15df73ac" "sleep" "infinity", kill_on_drop: false }`
[INFO] [stdout] b582289d894fc87aff86996adca4d8b84125d2dc233d12f846dcfcbc2aafa045
[INFO] running `Command { std: "docker" "start" "b582289d894fc87aff86996adca4d8b84125d2dc233d12f846dcfcbc2aafa045", kill_on_drop: false }`
[INFO] running `Command { std: "docker" "inspect" "b582289d894fc87aff86996adca4d8b84125d2dc233d12f846dcfcbc2aafa045", kill_on_drop: false }`
[INFO] running `Command { std: "docker" "exec" "-e" "SOURCE_DIR=/opt/rustwide/workdir" "-e" "CARGO_HOME=/opt/rustwide/cargo-home" "-e" "RUSTUP_HOME=/opt/rustwide/rustup-home" "-e" "CARGO_TARGET_DIR=/opt/rustwide/target" "-w" "/opt/rustwide/workdir" "--user" "0:0" "b582289d894fc87aff86996adca4d8b84125d2dc233d12f846dcfcbc2aafa045" "/opt/rustwide/cargo-home/bin/cargo" "+3154cc1a3e6424e44f438a95007d043ed5ceaaf6" "metadata" "--no-deps" "--format-version=1", kill_on_drop: false }`
[INFO] running `Command { std: "docker" "inspect" "b582289d894fc87aff86996adca4d8b84125d2dc233d12f846dcfcbc2aafa045", kill_on_drop: false }`
[INFO] running `Command { std: "docker" "exec" "-e" "SOURCE_DIR=/opt/rustwide/workdir" "-e" "CARGO_HOME=/opt/rustwide/cargo-home" "-e" "RUSTUP_HOME=/opt/rustwide/rustup-home" "-e" "CARGO_TARGET_DIR=/opt/rustwide/target" "-e" "CARGO_INCREMENTAL=0" "-e" "RUST_BACKTRACE=full" "-e" "RUSTFLAGS=--cap-lints=forbid -Znext-solver=coherence" "-e" "RUSTDOCFLAGS=--cap-lints=forbid" "-w" "/opt/rustwide/workdir" "--user" "0:0" "b582289d894fc87aff86996adca4d8b84125d2dc233d12f846dcfcbc2aafa045" "/opt/rustwide/cargo-home/bin/cargo" "+3154cc1a3e6424e44f438a95007d043ed5ceaaf6" "check" "--frozen" "--all" "--all-targets" "--message-format=json", kill_on_drop: false }`
[INFO] [stderr] warning: services/websocket/Cargo.toml: `default_features` is deprecated in favor of `default-features` and will not work in the 2024 edition
[INFO] [stderr] (in the `sqlx` dependency)
[INFO] [stderr] warning: `websocket` (manifest) generated 1 warning
[INFO] [stderr] warning: services/tasks/Cargo.toml: `default_features` is deprecated in favor of `default-features` and will not work in the 2024 edition
[INFO] [stderr] (in the `sqlx` dependency)
[INFO] [stderr] warning: `tasks` (manifest) generated 1 warning
[INFO] [stderr] warning: services/api/Cargo.toml: `default_features` is deprecated in favor of `default-features` and will not work in the 2024 edition
[INFO] [stderr] (in the `sqlx` dependency)
[INFO] [stderr] warning: `api` (manifest) generated 1 warning
[INFO] [stderr]    Compiling libc v0.2.153
[INFO] [stderr]    Compiling serde v1.0.196
[INFO] [stderr]     Checking memchr v2.7.1
[INFO] [stderr]     Checking pin-project-lite v0.2.13
[INFO] [stderr]    Compiling thiserror v1.0.57
[INFO] [stderr]    Compiling slab v0.4.9
[INFO] [stderr]     Checking futures-io v0.3.30
[INFO] [stderr]    Compiling ahash v0.8.8
[INFO] [stderr]     Checking zerocopy v0.7.32
[INFO] [stderr]     Checking allocator-api2 v0.2.16
[INFO] [stderr]     Checking spin v0.9.8
[INFO] [stderr]    Compiling syn v2.0.49
[INFO] [stderr]     Checking crypto-common v0.1.6
[INFO] [stderr]    Compiling serde_json v1.0.113
[INFO] [stderr]     Checking bitflags v2.4.2
[INFO] [stderr]     Checking tinyvec v1.6.0
[INFO] [stderr]    Compiling rustversion v1.0.14
[INFO] [stderr]     Checking digest v0.10.7
[INFO] [stderr]    Compiling rustls v0.21.10
[INFO] [stderr]    Compiling num-traits v0.2.18
[INFO] [stderr]     Checking unicode-bidi v0.3.15
[INFO] [stderr]    Compiling httparse v1.8.0
[INFO] [stderr]    Compiling lock_api v0.4.11
[INFO] [stderr]    Compiling parking_lot_core v0.9.9
[INFO] [stderr]     Checking smallvec v1.13.1
[INFO] [stderr]    Compiling crossbeam-utils v0.8.19
[INFO] [stderr]    Compiling paste v1.0.14
[INFO] [stderr]     Checking sha1 v0.10.6
[INFO] [stderr]    Compiling ucd-trie v0.1.6
[INFO] [stderr]     Checking unicode_categories v0.1.1
[INFO] [stderr]     Checking crc v3.0.1
[INFO] [stderr]     Checking sha2 v0.10.8
[INFO] [stderr]     Checking hmac v0.12.1
[INFO] [stderr]    Compiling cc v1.0.83
[INFO] [stderr]     Checking finl_unicode v1.2.0
[INFO] [stderr]    Compiling hashbrown v0.14.3
[INFO] [stderr]     Checking nom v7.1.3
[INFO] [stderr]    Compiling async-trait v0.1.77
[INFO] [stderr]     Checking hkdf v0.12.4
[INFO] [stderr]     Checking md-5 v0.10.6
[INFO] [stderr]    Compiling openssl v0.10.63
[INFO] [stderr]     Checking unicode-normalization v0.1.22
[INFO] [stderr]     Checking whoami v1.4.1
[INFO] [stderr]     Checking getrandom v0.2.12
[INFO] [stderr]     Checking mio v0.8.10
[INFO] [stderr]     Checking num_cpus v1.16.0
[INFO] [stderr]     Checking socket2 v0.5.5
[INFO] [stderr]     Checking crossbeam-queue v0.3.11
[INFO] [stderr]    Compiling lazy_static v1.4.0
[INFO] [stderr]     Checking tower-layer v0.3.2
[INFO] [stderr]    Compiling axum-core v0.3.4
[INFO] [stderr]    Compiling aho-corasick v1.1.2
[INFO] [stderr]    Compiling native-tls v0.2.11
[INFO] [stderr]    Compiling protobuf v2.28.0
[INFO] [stderr]     Checking rand_core v0.6.4
[INFO] [stderr]    Compiling ryu v1.0.16
[INFO] [stderr]     Checking parking_lot v0.12.1
[INFO] [stderr]    Compiling regex-syntax v0.8.2
[INFO] [stderr]    Compiling itoa v1.0.10
[INFO] [stderr]     Checking futures-intrusive v0.5.0
[INFO] [stderr]    Compiling axum v0.6.20
[INFO] [stderr]    Compiling rustix v0.38.31
[INFO] [stderr]     Checking chrono v0.4.34
[INFO] [stderr]     Checking rand_chacha v0.3.1
[INFO] [stderr]     Checking atoi v2.0.0
[INFO] [stderr]    Compiling toml_datetime v0.6.5
[INFO] [stderr]    Compiling prometheus v0.13.3
[INFO] [stderr]    Compiling openssl-src v300.2.3+3.2.1
[INFO] [stderr]     Checking idna v0.5.0
[INFO] [stderr]     Checking rand v0.8.5
[INFO] [stderr]     Checking stringprep v0.1.4
[INFO] [stderr]    Compiling multer v2.1.0
[INFO] [stderr]     Checking encoding_rs v0.8.33
[INFO] [stderr]     Checking linux-raw-sys v0.4.13
[INFO] [stderr]     Checking async_once v0.2.6
[INFO] [stderr]     Checking ascii_utils v0.9.3
[INFO] [stderr]     Checking data-encoding v2.5.0
[INFO] [stderr]     Checking fastrand v2.0.1
[INFO] [stderr]     Checking fast_chemail v0.9.6
[INFO] [stderr]    Compiling syn v1.0.109
[INFO] [stderr]    Compiling ring v0.17.8
[INFO] [stderr]     Checking url v2.5.0
[INFO] [stderr]    Compiling openssl-sys v0.9.99
[INFO] [stderr]     Checking hashlink v0.8.4
[INFO] [stderr]     Checking regex-automata v0.4.5
[INFO] [stderr]    Compiling darling_core v0.20.6
[INFO] [stderr]     Checking tempfile v3.10.0
[INFO] [stderr]    Compiling serde_derive v1.0.196
[INFO] [stderr]    Compiling futures-macro v0.3.30
[INFO] [stderr]    Compiling thiserror-impl v1.0.57
[INFO] [stderr]    Compiling tokio-macros v2.2.0
[INFO] [stderr]    Compiling tracing-attributes v0.1.27
[INFO] [stderr]    Compiling openssl-macros v0.1.1
[INFO] [stderr]    Compiling pin-project-internal v1.1.4
[INFO] [stderr]    Compiling strum_macros v0.25.3
[INFO] [stderr]    Compiling async-stream-impl v0.3.5
[INFO] [stderr]     Checking async-stream v0.3.5
[INFO] [stderr]     Checking futures-util v0.3.30
[INFO] [stderr]     Checking tracing v0.1.40
[INFO] [stderr]    Compiling pest v2.7.7
[INFO] [stderr]     Checking pin-project v1.1.4
[INFO] [stderr]    Compiling strum v0.25.0
[INFO] [stderr]    Compiling darling_macro v0.20.6
[INFO] [stderr]    Compiling darling v0.20.6
[INFO] [stderr]     Checking regex v1.10.3
[INFO] [stderr]     Checking rustls-webpki v0.101.7
[INFO] [stderr]     Checking sct v0.7.1
[INFO] [stderr]    Compiling prometheus-static-metric v0.5.1
[INFO] [stderr]    Compiling pest_meta v2.7.7
[INFO] [stderr]    Compiling Inflector v0.11.4
[INFO] [stderr]    Compiling pest_generator v2.7.7
[INFO] [stderr]    Compiling pest_derive v2.7.7
[INFO] [stderr]     Checking futures-executor v0.3.30
[INFO] [stderr]     Checking futures v0.3.30
[INFO] [stderr]    Compiling indexmap v2.2.3
[INFO] [stderr]    Compiling bytes v1.5.0
[INFO] [stderr]    Compiling toml_edit v0.19.15
[INFO] [stderr]     Checking either v1.10.0
[INFO] [stderr]     Checking serde_urlencoded v0.7.1
[INFO] [stderr]     Checking serde_path_to_error v0.1.15
[INFO] [stderr]     Checking itertools v0.12.1
[INFO] [stderr]    Compiling async-graphql-value v6.0.11
[INFO] [stderr]     Checking tokio v1.36.0
[INFO] [stderr]     Checking http v0.2.11
[INFO] [stderr]    Compiling async-graphql-parser v6.0.11
[INFO] [stderr]     Checking handlebars v4.5.0
[INFO] [stderr]     Checking serde-aux v4.4.0
[INFO] [stderr]     Checking http-body v0.4.6
[INFO] [stderr]     Checking tungstenite v0.20.1
[INFO] [stderr]     Checking sqlformat v0.2.3
[INFO] [stderr]     Checking tower-http v0.4.4
[INFO] [stderr]    Compiling proc-macro-crate v1.3.1
[INFO] [stderr]    Compiling async-graphql-derive v6.0.11
[INFO] [stderr]     Checking tokio-util v0.7.10
[INFO] [stderr]     Checking tokio-stream v0.1.14
[INFO] [stderr]     Checking tokio-rustls v0.24.1
[INFO] [stderr]     Checking tower v0.4.13
[INFO] [stderr]     Checking tokio-tungstenite v0.20.1
[INFO] [stderr]     Checking h2 v0.3.24
[INFO] [stderr]     Checking sqlx-core v0.7.3
[INFO] [stderr]     Checking async-graphql v6.0.11
[INFO] [stderr]     Checking hyper v0.14.28
[INFO] [stderr]     Checking sqlx-postgres v0.7.3
[INFO] [stdout] error[E0277]: the trait bound `!: sqlx_core::io::Decode<'_>` is not satisfied
[INFO] [stdout]   --> /opt/rustwide/cargo-home/registry/src/index.crates.io-1949cf8c6b5b557f/sqlx-postgres-0.7.3/src/connection/executor.rs:68:10
[INFO] [stdout]    |
[INFO] [stdout] 68 |         .recv_expect(MessageFormat::ParseComplete)
[INFO] [stdout]    |          ^^^^^^^^^^^ the trait `sqlx_core::io::Decode<'_>` is not implemented for `!`
[INFO] [stdout]    |
[INFO] [stdout]    = help: the following other types implement trait `sqlx_core::io::Decode<'de, Context>`:
[INFO] [stdout]              ()
[INFO] [stdout]              Authentication
[INFO] [stdout]              AuthenticationSaslContinue
[INFO] [stdout]              AuthenticationSaslFinal
[INFO] [stdout]              BackendKeyData
[INFO] [stdout]              CommandComplete
[INFO] [stdout]              CopyData<sqlx_core::bytes::Bytes>
[INFO] [stdout]              CopyDone
[INFO] [stdout]            and 10 others
[INFO] [stdout]    = note: this error might have been caused by changes to Rust's type-inference algorithm (see issue #148922 <https://github.com/rust-lang/rust/issues/148922> for more information)
[INFO] [stdout]    = help: you might have intended to use the type `()` here instead
[INFO] [stdout] note: required by a bound in `PgStream::recv_expect`
[INFO] [stdout]   --> /opt/rustwide/cargo-home/registry/src/index.crates.io-1949cf8c6b5b557f/sqlx-postgres-0.7.3/src/connection/stream.rs:68:45
[INFO] [stdout]    |
[INFO] [stdout] 41 | impl PgStream {
[INFO] [stdout] ...
[INFO] [stdout] 68 |     pub(crate) async fn recv_expect<'de, T: Decode<'de>>(
[INFO] [stdout]    |                                             ^^^^^^^^^^^ required by this bound in `PgStream::recv_expect`
[INFO] [stdout] 
[INFO] [stdout] 
[INFO] [stdout] error[E0277]: the trait bound `!: sqlx_core::io::Decode<'_>` is not satisfied
[INFO] [stdout]   --> /opt/rustwide/cargo-home/registry/src/index.crates.io-1949cf8c6b5b557f/sqlx-postgres-0.7.3/src/connection/executor.rs:69:10
[INFO] [stdout]    |
[INFO] [stdout] 69 |         .await?;
[INFO] [stdout]    |          ^^^^^ the trait `sqlx_core::io::Decode<'_>` is not implemented for `!`
[INFO] [stdout]    |
[INFO] [stdout]    = help: the following other types implement trait `sqlx_core::io::Decode<'de, Context>`:
[INFO] [stdout]              ()
[INFO] [stdout]              Authentication
[INFO] [stdout]              AuthenticationSaslContinue
[INFO] [stdout]              AuthenticationSaslFinal
[INFO] [stdout]              BackendKeyData
[INFO] [stdout]              CommandComplete
[INFO] [stdout]              CopyData<sqlx_core::bytes::Bytes>
[INFO] [stdout]              CopyDone
[INFO] [stdout]            and 10 others
[INFO] [stdout]    = note: this error might have been caused by changes to Rust's type-inference algorithm (see issue #148922 <https://github.com/rust-lang/rust/issues/148922> for more information)
[INFO] [stdout]    = help: you might have intended to use the type `()` here instead
[INFO] [stdout] note: required by a bound in `PgStream::recv_expect`
[INFO] [stdout]   --> /opt/rustwide/cargo-home/registry/src/index.crates.io-1949cf8c6b5b557f/sqlx-postgres-0.7.3/src/connection/stream.rs:68:45
[INFO] [stdout]    |
[INFO] [stdout] 41 | impl PgStream {
[INFO] [stdout] ...
[INFO] [stdout] 68 |     pub(crate) async fn recv_expect<'de, T: Decode<'de>>(
[INFO] [stdout]    |                                             ^^^^^^^^^^^ required by this bound in `PgStream::recv_expect`
[INFO] [stdout] 
[INFO] [stdout] 
[INFO] [stdout] error[E0277]: the trait bound `!: sqlx_core::io::Decode<'_>` is not satisfied
[INFO] [stdout]    --> /opt/rustwide/cargo-home/registry/src/index.crates.io-1949cf8c6b5b557f/sqlx-postgres-0.7.3/src/copy.rs:284:30
[INFO] [stdout]     |
[INFO] [stdout] 284 | ...                   .recv_expect(MessageFormat::ReadyForQuery)
[INFO] [stdout]     |                        ^^^^^^^^^^^ the trait `sqlx_core::io::Decode<'_>` is not implemented for `!`
[INFO] [stdout]     |
[INFO] [stdout]     = help: the following other types implement trait `sqlx_core::io::Decode<'de, Context>`:
[INFO] [stdout]               ()
[INFO] [stdout]               Authentication
[INFO] [stdout]               AuthenticationSaslContinue
[INFO] [stdout]               AuthenticationSaslFinal
[INFO] [stdout]               BackendKeyData
[INFO] [stdout]               CommandComplete
[INFO] [stdout]               CopyData<sqlx_core::bytes::Bytes>
[INFO] [stdout]               CopyDone
[INFO] [stdout]             and 10 others
[INFO] [stdout]     = note: this error might have been caused by changes to Rust's type-inference algorithm (see issue #148922 <https://github.com/rust-lang/rust/issues/148922> for more information)
[INFO] [stdout]     = help: you might have intended to use the type `()` here instead
[INFO] [stdout] note: required by a bound in `PgStream::recv_expect`
[INFO] [stdout]    --> /opt/rustwide/cargo-home/registry/src/index.crates.io-1949cf8c6b5b557f/sqlx-postgres-0.7.3/src/connection/stream.rs:68:45
[INFO] [stdout]     |
[INFO] [stdout]  41 | impl PgStream {
[INFO] [stdout] ...
[INFO] [stdout]  68 |     pub(crate) async fn recv_expect<'de, T: Decode<'de>>(
[INFO] [stdout]     |                                             ^^^^^^^^^^^ required by this bound in `PgStream::recv_expect`
[INFO] [stdout] 
[INFO] [stdout] 
[INFO] [stdout] error[E0277]: the trait bound `!: sqlx_core::io::Decode<'_>` is not satisfied
[INFO] [stdout]    --> /opt/rustwide/cargo-home/registry/src/index.crates.io-1949cf8c6b5b557f/sqlx-postgres-0.7.3/src/copy.rs:285:30
[INFO] [stdout]     |
[INFO] [stdout] 285 | ...                   .await?;
[INFO] [stdout]     |                        ^^^^^ the trait `sqlx_core::io::Decode<'_>` is not implemented for `!`
[INFO] [stdout]     |
[INFO] [stdout]     = help: the following other types implement trait `sqlx_core::io::Decode<'de, Context>`:
[INFO] [stdout]               ()
[INFO] [stdout]               Authentication
[INFO] [stdout]               AuthenticationSaslContinue
[INFO] [stdout]               AuthenticationSaslFinal
[INFO] [stdout]               BackendKeyData
[INFO] [stdout]               CommandComplete
[INFO] [stdout]               CopyData<sqlx_core::bytes::Bytes>
[INFO] [stdout]               CopyDone
[INFO] [stdout]             and 10 others
[INFO] [stdout]     = note: this error might have been caused by changes to Rust's type-inference algorithm (see issue #148922 <https://github.com/rust-lang/rust/issues/148922> for more information)
[INFO] [stdout]     = help: you might have intended to use the type `()` here instead
[INFO] [stdout] note: required by a bound in `PgStream::recv_expect`
[INFO] [stdout]    --> /opt/rustwide/cargo-home/registry/src/index.crates.io-1949cf8c6b5b557f/sqlx-postgres-0.7.3/src/connection/stream.rs:68:45
[INFO] [stdout]     |
[INFO] [stdout]  41 | impl PgStream {
[INFO] [stdout] ...
[INFO] [stdout]  68 |     pub(crate) async fn recv_expect<'de, T: Decode<'de>>(
[INFO] [stdout]     |                                             ^^^^^^^^^^^ required by this bound in `PgStream::recv_expect`
[INFO] [stdout] 
[INFO] [stdout] 
[INFO] [stdout] error[E0277]: the trait bound `!: sqlx_core::io::Decode<'_>` is not satisfied
[INFO] [stdout]    --> /opt/rustwide/cargo-home/registry/src/index.crates.io-1949cf8c6b5b557f/sqlx-postgres-0.7.3/src/copy.rs:318:14
[INFO] [stdout]     |
[INFO] [stdout] 318 |             .recv_expect(MessageFormat::ReadyForQuery)
[INFO] [stdout]     |              ^^^^^^^^^^^ the trait `sqlx_core::io::Decode<'_>` is not implemented for `!`
[INFO] [stdout]     |
[INFO] [stdout]     = help: the following other types implement trait `sqlx_core::io::Decode<'de, Context>`:
[INFO] [stdout]               ()
[INFO] [stdout]               Authentication
[INFO] [stdout]               AuthenticationSaslContinue
[INFO] [stdout]               AuthenticationSaslFinal
[INFO] [stdout]               BackendKeyData
[INFO] [stdout]               CommandComplete
[INFO] [stdout]               CopyData<sqlx_core::bytes::Bytes>
[INFO] [stdout]               CopyDone
[INFO] [stdout]             and 10 others
[INFO] [stdout]     = note: this error might have been caused by changes to Rust's type-inference algorithm (see issue #148922 <https://github.com/rust-lang/rust/issues/148922> for more information)
[INFO] [stdout]     = help: you might have intended to use the type `()` here instead
[INFO] [stdout] note: required by a bound in `PgStream::recv_expect`
[INFO] [stdout]    --> /opt/rustwide/cargo-home/registry/src/index.crates.io-1949cf8c6b5b557f/sqlx-postgres-0.7.3/src/connection/stream.rs:68:45
[INFO] [stdout]     |
[INFO] [stdout]  41 | impl PgStream {
[INFO] [stdout] ...
[INFO] [stdout]  68 |     pub(crate) async fn recv_expect<'de, T: Decode<'de>>(
[INFO] [stdout]     |                                             ^^^^^^^^^^^ required by this bound in `PgStream::recv_expect`
[INFO] [stdout] 
[INFO] [stdout] 
[INFO] [stdout] error[E0277]: the trait bound `!: sqlx_core::io::Decode<'_>` is not satisfied
[INFO] [stdout]    --> /opt/rustwide/cargo-home/registry/src/index.crates.io-1949cf8c6b5b557f/sqlx-postgres-0.7.3/src/copy.rs:319:14
[INFO] [stdout]     |
[INFO] [stdout] 319 |             .await?;
[INFO] [stdout]     |              ^^^^^ the trait `sqlx_core::io::Decode<'_>` is not implemented for `!`
[INFO] [stdout]     |
[INFO] [stdout]     = help: the following other types implement trait `sqlx_core::io::Decode<'de, Context>`:
[INFO] [stdout]               ()
[INFO] [stdout]               Authentication
[INFO] [stdout]               AuthenticationSaslContinue
[INFO] [stdout]               AuthenticationSaslFinal
[INFO] [stdout]               BackendKeyData
[INFO] [stdout]               CommandComplete
[INFO] [stdout]               CopyData<sqlx_core::bytes::Bytes>
[INFO] [stdout]               CopyDone
[INFO] [stdout]             and 10 others
[INFO] [stdout]     = note: this error might have been caused by changes to Rust's type-inference algorithm (see issue #148922 <https://github.com/rust-lang/rust/issues/148922> for more information)
[INFO] [stdout]     = help: you might have intended to use the type `()` here instead
[INFO] [stdout] note: required by a bound in `PgStream::recv_expect`
[INFO] [stdout]    --> /opt/rustwide/cargo-home/registry/src/index.crates.io-1949cf8c6b5b557f/sqlx-postgres-0.7.3/src/connection/stream.rs:68:45
[INFO] [stdout]     |
[INFO] [stdout]  41 | impl PgStream {
[INFO] [stdout] ...
[INFO] [stdout]  68 |     pub(crate) async fn recv_expect<'de, T: Decode<'de>>(
[INFO] [stdout]     |                                             ^^^^^^^^^^^ required by this bound in `PgStream::recv_expect`
[INFO] [stdout] 
[INFO] [stdout] 
[INFO] [stdout] error[E0277]: the trait bound `!: sqlx_core::io::Decode<'_>` is not satisfied
[INFO] [stdout]    --> /opt/rustwide/cargo-home/registry/src/index.crates.io-1949cf8c6b5b557f/sqlx-postgres-0.7.3/src/copy.rs:354:33
[INFO] [stdout]     |
[INFO] [stdout] 354 |                     conn.stream.recv_expect(MessageFormat::CommandComplete).await?;
[INFO] [stdout]     |                                 ^^^^^^^^^^^ the trait `sqlx_core::io::Decode<'_>` is not implemented for `!`
[INFO] [stdout]     |
[INFO] [stdout]     = help: the following other types implement trait `sqlx_core::io::Decode<'de, Context>`:
[INFO] [stdout]               ()
[INFO] [stdout]               Authentication
[INFO] [stdout]               AuthenticationSaslContinue
[INFO] [stdout]               AuthenticationSaslFinal
[INFO] [stdout]               BackendKeyData
[INFO] [stdout]               CommandComplete
[INFO] [stdout]               CopyData<sqlx_core::bytes::Bytes>
[INFO] [stdout]               CopyDone
[INFO] [stdout]             and 10 others
[INFO] [stdout]     = note: this error might have been caused by changes to Rust's type-inference algorithm (see issue #148922 <https://github.com/rust-lang/rust/issues/148922> for more information)
[INFO] [stdout]     = help: you might have intended to use the type `()` here instead
[INFO] [stdout] note: required by a bound in `PgStream::recv_expect`
[INFO] [stdout]    --> /opt/rustwide/cargo-home/registry/src/index.crates.io-1949cf8c6b5b557f/sqlx-postgres-0.7.3/src/connection/stream.rs:68:45
[INFO] [stdout]     |
[INFO] [stdout]  41 | impl PgStream {
[INFO] [stdout] ...
[INFO] [stdout]  68 |     pub(crate) async fn recv_expect<'de, T: Decode<'de>>(
[INFO] [stdout]     |                                             ^^^^^^^^^^^ required by this bound in `PgStream::recv_expect`
[INFO] [stdout] 
[INFO] [stdout] 
[INFO] [stdout] error[E0277]: the trait bound `!: sqlx_core::io::Decode<'_>` is not satisfied
[INFO] [stdout]    --> /opt/rustwide/cargo-home/registry/src/index.crates.io-1949cf8c6b5b557f/sqlx-postgres-0.7.3/src/copy.rs:355:33
[INFO] [stdout]     |
[INFO] [stdout] 355 |                     conn.stream.recv_expect(MessageFormat::ReadyForQuery).await?;
[INFO] [stdout]     |                                 ^^^^^^^^^^^ the trait `sqlx_core::io::Decode<'_>` is not implemented for `!`
[INFO] [stdout]     |
[INFO] [stdout]     = help: the following other types implement trait `sqlx_core::io::Decode<'de, Context>`:
[INFO] [stdout]               ()
[INFO] [stdout]               Authentication
[INFO] [stdout]               AuthenticationSaslContinue
[INFO] [stdout]               AuthenticationSaslFinal
[INFO] [stdout]               BackendKeyData
[INFO] [stdout]               CommandComplete
[INFO] [stdout]               CopyData<sqlx_core::bytes::Bytes>
[INFO] [stdout]               CopyDone
[INFO] [stdout]             and 10 others
[INFO] [stdout]     = note: this error might have been caused by changes to Rust's type-inference algorithm (see issue #148922 <https://github.com/rust-lang/rust/issues/148922> for more information)
[INFO] [stdout]     = help: you might have intended to use the type `()` here instead
[INFO] [stdout] note: required by a bound in `PgStream::recv_expect`
[INFO] [stdout]    --> /opt/rustwide/cargo-home/registry/src/index.crates.io-1949cf8c6b5b557f/sqlx-postgres-0.7.3/src/connection/stream.rs:68:45
[INFO] [stdout]     |
[INFO] [stdout]  41 | impl PgStream {
[INFO] [stdout] ...
[INFO] [stdout]  68 |     pub(crate) async fn recv_expect<'de, T: Decode<'de>>(
[INFO] [stdout]     |                                             ^^^^^^^^^^^ required by this bound in `PgStream::recv_expect`
[INFO] [stdout] 
[INFO] [stdout] 
[INFO] [stdout] error[E0277]: the trait bound `!: sqlx_core::io::Decode<'_>` is not satisfied
[INFO] [stdout]    --> /opt/rustwide/cargo-home/registry/src/index.crates.io-1949cf8c6b5b557f/sqlx-postgres-0.7.3/src/copy.rs:354:77
[INFO] [stdout]     |
[INFO] [stdout] 354 |                     conn.stream.recv_expect(MessageFormat::CommandComplete).await?;
[INFO] [stdout]     |                                                                             ^^^^^ the trait `sqlx_core::io::Decode<'_>` is not implemented for `!`
[INFO] [stdout]     |
[INFO] [stdout]     = help: the following other types implement trait `sqlx_core::io::Decode<'de, Context>`:
[INFO] [stdout]               ()
[INFO] [stdout]               Authentication
[INFO] [stdout]               AuthenticationSaslContinue
[INFO] [stdout]               AuthenticationSaslFinal
[INFO] [stdout]               BackendKeyData
[INFO] [stdout]               CommandComplete
[INFO] [stdout]               CopyData<sqlx_core::bytes::Bytes>
[INFO] [stdout]               CopyDone
[INFO] [stdout]             and 10 others
[INFO] [stdout]     = note: this error might have been caused by changes to Rust's type-inference algorithm (see issue #148922 <https://github.com/rust-lang/rust/issues/148922> for more information)
[INFO] [stdout]     = help: you might have intended to use the type `()` here instead
[INFO] [stdout] note: required by a bound in `PgStream::recv_expect`
[INFO] [stdout]    --> /opt/rustwide/cargo-home/registry/src/index.crates.io-1949cf8c6b5b557f/sqlx-postgres-0.7.3/src/connection/stream.rs:68:45
[INFO] [stdout]     |
[INFO] [stdout]  41 | impl PgStream {
[INFO] [stdout] ...
[INFO] [stdout]  68 |     pub(crate) async fn recv_expect<'de, T: Decode<'de>>(
[INFO] [stdout]     |                                             ^^^^^^^^^^^ required by this bound in `PgStream::recv_expect`
[INFO] [stdout] 
[INFO] [stdout] 
[INFO] [stdout] error[E0277]: the trait bound `!: sqlx_core::io::Decode<'_>` is not satisfied
[INFO] [stdout]    --> /opt/rustwide/cargo-home/registry/src/index.crates.io-1949cf8c6b5b557f/sqlx-postgres-0.7.3/src/copy.rs:355:75
[INFO] [stdout]     |
[INFO] [stdout] 355 |                     conn.stream.recv_expect(MessageFormat::ReadyForQuery).await?;
[INFO] [stdout]     |                                                                           ^^^^^ the trait `sqlx_core::io::Decode<'_>` is not implemented for `!`
[INFO] [stdout]     |
[INFO] [stdout]     = help: the following other types implement trait `sqlx_core::io::Decode<'de, Context>`:
[INFO] [stdout]               ()
[INFO] [stdout]               Authentication
[INFO] [stdout]               AuthenticationSaslContinue
[INFO] [stdout]               AuthenticationSaslFinal
[INFO] [stdout]               BackendKeyData
[INFO] [stdout]               CommandComplete
[INFO] [stdout]               CopyData<sqlx_core::bytes::Bytes>
[INFO] [stdout]               CopyDone
[INFO] [stdout]             and 10 others
[INFO] [stdout]     = note: this error might have been caused by changes to Rust's type-inference algorithm (see issue #148922 <https://github.com/rust-lang/rust/issues/148922> for more information)
[INFO] [stdout]     = help: you might have intended to use the type `()` here instead
[INFO] [stdout] note: required by a bound in `PgStream::recv_expect`
[INFO] [stdout]    --> /opt/rustwide/cargo-home/registry/src/index.crates.io-1949cf8c6b5b557f/sqlx-postgres-0.7.3/src/connection/stream.rs:68:45
[INFO] [stdout]     |
[INFO] [stdout]  41 | impl PgStream {
[INFO] [stdout] ...
[INFO] [stdout]  68 |     pub(crate) async fn recv_expect<'de, T: Decode<'de>>(
[INFO] [stdout]     |                                             ^^^^^^^^^^^ required by this bound in `PgStream::recv_expect`
[INFO] [stdout] 
[INFO] [stdout] 
[INFO] [stdout] For more information about this error, try `rustc --explain E0277`.
[INFO] [stdout] 
[INFO] [stderr] error: could not compile `sqlx-postgres` (lib) due to 10 previous errors
[INFO] [stderr] warning: build failed, waiting for other jobs to finish...
[INFO] running `Command { std: "docker" "inspect" "b582289d894fc87aff86996adca4d8b84125d2dc233d12f846dcfcbc2aafa045", kill_on_drop: false }`
[INFO] running `Command { std: "docker" "rm" "-f" "b582289d894fc87aff86996adca4d8b84125d2dc233d12f846dcfcbc2aafa045", kill_on_drop: false }`
[INFO] [stdout] b582289d894fc87aff86996adca4d8b84125d2dc233d12f846dcfcbc2aafa045
