[INFO] cloning repository https://github.com/gennyble/rust-fdsend
[INFO] running `Command { std: "git" "-c" "credential.helper=" "-c" "credential.helper=/workspace/cargo-home/bin/git-credential-null" "clone" "--bare" "https://github.com/gennyble/rust-fdsend" "/workspace/cache/git-repos/https%3A%2F%2Fgithub.com%2Fgennyble%2Frust-fdsend", kill_on_drop: false }`
[INFO] [stderr] Cloning into bare repository '/workspace/cache/git-repos/https%3A%2F%2Fgithub.com%2Fgennyble%2Frust-fdsend'...
[INFO] running `Command { std: "git" "rev-parse" "HEAD", kill_on_drop: false }`
[INFO] [stdout] 576b4772986ef072171e0f832c9b58d4db73be5b
[INFO] checking gennyble/rust-fdsend against 3154cc1a3e6424e44f438a95007d043ed5ceaaf6+rustflags=-Znext-solver=coherence for pr-133502-30
[INFO] running `Command { std: "git" "clone" "/workspace/cache/git-repos/https%3A%2F%2Fgithub.com%2Fgennyble%2Frust-fdsend" "/workspace/builds/worker-6-tc1/source", kill_on_drop: false }`
[INFO] [stderr] Cloning into '/workspace/builds/worker-6-tc1/source'...
[INFO] [stderr] done.
[INFO] started tweaking git repo https://github.com/gennyble/rust-fdsend
[INFO] finished tweaking git repo https://github.com/gennyble/rust-fdsend
[INFO] tweaked toml for git repo https://github.com/gennyble/rust-fdsend written to /workspace/builds/worker-6-tc1/source/Cargo.toml
[INFO] validating manifest of git repo https://github.com/gennyble/rust-fdsend on toolchain 3154cc1a3e6424e44f438a95007d043ed5ceaaf6
[INFO] running `Command { std: CARGO_HOME="/workspace/cargo-home" RUSTUP_HOME="/workspace/rustup-home" "/workspace/cargo-home/bin/cargo" "+3154cc1a3e6424e44f438a95007d043ed5ceaaf6" "metadata" "--manifest-path" "Cargo.toml" "--no-deps", kill_on_drop: false }`
[INFO] crate git repo https://github.com/gennyble/rust-fdsend already has a lockfile, it will not be regenerated
[INFO] running `Command { std: CARGO_HOME="/workspace/cargo-home" RUSTUP_HOME="/workspace/rustup-home" "/workspace/cargo-home/bin/cargo" "+3154cc1a3e6424e44f438a95007d043ed5ceaaf6" "fetch" "--manifest-path" "Cargo.toml", kill_on_drop: false }`
[INFO] [stderr]     Blocking waiting for file lock on package cache
[INFO] [stderr]     Blocking waiting for file lock on package cache
[INFO] running `Command { std: "docker" "create" "-v" "/var/lib/crater-agent-workspace/builds/worker-6-tc1/source:/opt/rustwide/workdir:ro,Z" "-v" "/var/lib/crater-agent-workspace/builds/worker-6-tc1/target:/opt/rustwide/target:rw,Z" "-v" "/var/lib/crater-agent-workspace/cargo-home:/opt/rustwide/cargo-home:ro,Z" "-v" "/var/lib/crater-agent-workspace/rustup-home:/opt/rustwide/rustup-home:ro,Z" "-m" "1610612736" "--network" "none" "ghcr.io/rust-lang/crates-build-env/linux@sha256:77db811e55d90add9212f6832c23229e3de5f1c1f9905e8cb07319ea15df73ac" "sleep" "infinity", kill_on_drop: false }`
[INFO] [stdout] 8ab7e2be2178f6fa1159b20e4edc4fa879143d624c08323dd252c1a197ff743d
[INFO] running `Command { std: "docker" "start" "8ab7e2be2178f6fa1159b20e4edc4fa879143d624c08323dd252c1a197ff743d", kill_on_drop: false }`
[INFO] running `Command { std: "docker" "inspect" "8ab7e2be2178f6fa1159b20e4edc4fa879143d624c08323dd252c1a197ff743d", kill_on_drop: false }`
[INFO] running `Command { std: "docker" "exec" "-e" "SOURCE_DIR=/opt/rustwide/workdir" "-e" "CARGO_HOME=/opt/rustwide/cargo-home" "-e" "RUSTUP_HOME=/opt/rustwide/rustup-home" "-e" "CARGO_TARGET_DIR=/opt/rustwide/target" "-w" "/opt/rustwide/workdir" "--user" "0:0" "8ab7e2be2178f6fa1159b20e4edc4fa879143d624c08323dd252c1a197ff743d" "/opt/rustwide/cargo-home/bin/cargo" "+3154cc1a3e6424e44f438a95007d043ed5ceaaf6" "metadata" "--no-deps" "--format-version=1", kill_on_drop: false }`
[INFO] running `Command { std: "docker" "inspect" "8ab7e2be2178f6fa1159b20e4edc4fa879143d624c08323dd252c1a197ff743d", kill_on_drop: false }`
[INFO] running `Command { std: "docker" "exec" "-e" "SOURCE_DIR=/opt/rustwide/workdir" "-e" "CARGO_HOME=/opt/rustwide/cargo-home" "-e" "RUSTUP_HOME=/opt/rustwide/rustup-home" "-e" "CARGO_TARGET_DIR=/opt/rustwide/target" "-e" "CARGO_INCREMENTAL=0" "-e" "RUST_BACKTRACE=full" "-e" "RUSTFLAGS=--cap-lints=forbid -Znext-solver=coherence" "-e" "RUSTDOCFLAGS=--cap-lints=forbid" "-w" "/opt/rustwide/workdir" "--user" "0:0" "8ab7e2be2178f6fa1159b20e4edc4fa879143d624c08323dd252c1a197ff743d" "/opt/rustwide/cargo-home/bin/cargo" "+3154cc1a3e6424e44f438a95007d043ed5ceaaf6" "check" "--frozen" "--all" "--all-targets" "--message-format=json", kill_on_drop: false }`
[INFO] [stderr]     Checking january v0.1.0 (/opt/rustwide/workdir)
[INFO] [stdout] error[E0308]: mismatched types
[INFO] [stdout]   --> main.rs:69:25
[INFO] [stdout]    |
[INFO] [stdout] 69 |         msg_controllen: buffer.len() as u32,
[INFO] [stdout]    |                         ^^^^^^^^^^^^^^^^^^^ expected `usize`, found `u32`
[INFO] [stdout] 
[INFO] [stdout] 
[INFO] [stdout] error[E0308]: mismatched types
[INFO] [stdout]   --> main.rs:69:25
[INFO] [stdout]    |
[INFO] [stdout] 69 |         msg_controllen: buffer.len() as u32,
[INFO] [stdout]    |                         ^^^^^^^^^^^^^^^^^^^ expected `usize`, found `u32`
[INFO] [stdout] 
[INFO] [stdout] 
[INFO] [stdout] error[E0308]: mismatched types
[INFO] [stdout]   --> main.rs:81:28
[INFO] [stdout]    |
[INFO] [stdout] 81 |         (*cmsg).cmsg_len = libc::CMSG_LEN(file_fd_len);
[INFO] [stdout]    |         ----------------   ^^^^^^^^^^^^^^^^^^^^^^^^^^^ expected `usize`, found `u32`
[INFO] [stdout]    |         |
[INFO] [stdout]    |         expected due to the type of this binding
[INFO] [stdout] 
[INFO] [stdout] 
[INFO] [stdout] error[E0308]: mismatched types
[INFO] [stdout]   --> main.rs:81:28
[INFO] [stdout]    |
[INFO] [stdout] 81 |         (*cmsg).cmsg_len = libc::CMSG_LEN(file_fd_len);
[INFO] [stdout]    |         ----------------   ^^^^^^^^^^^^^^^^^^^^^^^^^^^ expected `usize`, found `u32`
[INFO] [stdout]    |         |
[INFO] [stdout]    |         expected due to the type of this binding
[INFO] [stdout] 
[INFO] [stdout] 
[INFO] [stdout] error[E0308]: mismatched types
[INFO] [stdout]    --> main.rs:126:25
[INFO] [stdout]     |
[INFO] [stdout] 126 |         msg_controllen: cmsg_buffer.len() as u32,
[INFO] [stdout]     |                         ^^^^^^^^^^^^^^^^^^^^^^^^ expected `usize`, found `u32`
[INFO] [stdout] 
[INFO] [stdout] 
[INFO] [stdout] error[E0308]: mismatched types
[INFO] [stdout]    --> main.rs:126:25
[INFO] [stdout]     |
[INFO] [stdout] 126 |         msg_controllen: cmsg_buffer.len() as u32,
[INFO] [stdout]     |                         ^^^^^^^^^^^^^^^^^^^^^^^^ expected `usize`, found `u32`
[INFO] [stdout] 
[INFO] [stdout] 
[INFO] [stdout] For more information about this error, try `rustc --explain E0308`.
[INFO] [stdout] 
[INFO] [stdout] For more information about this error, try `rustc --explain E0308`.
[INFO] [stdout] 
[INFO] [stderr] error: could not compile `january` (bin "january") due to 3 previous errors
[INFO] [stderr] warning: build failed, waiting for other jobs to finish...
[INFO] [stderr] error: could not compile `january` (bin "january" test) due to 3 previous errors
[INFO] running `Command { std: "docker" "inspect" "8ab7e2be2178f6fa1159b20e4edc4fa879143d624c08323dd252c1a197ff743d", kill_on_drop: false }`
[INFO] running `Command { std: "docker" "rm" "-f" "8ab7e2be2178f6fa1159b20e4edc4fa879143d624c08323dd252c1a197ff743d", kill_on_drop: false }`
[INFO] [stdout] 8ab7e2be2178f6fa1159b20e4edc4fa879143d624c08323dd252c1a197ff743d
