[INFO] cloning repository https://github.com/gabrielfalcao/ofvr
[INFO] running `Command { std: "git" "-c" "credential.helper=" "-c" "credential.helper=/workspace/cargo-home/bin/git-credential-null" "clone" "--bare" "https://github.com/gabrielfalcao/ofvr" "/workspace/cache/git-repos/https%3A%2F%2Fgithub.com%2Fgabrielfalcao%2Fofvr", kill_on_drop: false }`
[INFO] [stderr] Cloning into bare repository '/workspace/cache/git-repos/https%3A%2F%2Fgithub.com%2Fgabrielfalcao%2Fofvr'...
[INFO] running `Command { std: "git" "rev-parse" "HEAD", kill_on_drop: false }`
[INFO] [stdout] b791f5c266af7af13f3ac4c39ca9825b11b25c0f
[INFO] checking gabrielfalcao/ofvr against 3154cc1a3e6424e44f438a95007d043ed5ceaaf6 for pr-133502-30
[INFO] running `Command { std: "git" "clone" "/workspace/cache/git-repos/https%3A%2F%2Fgithub.com%2Fgabrielfalcao%2Fofvr" "/workspace/builds/worker-4-tc2/source", kill_on_drop: false }`
[INFO] [stderr] Cloning into '/workspace/builds/worker-4-tc2/source'...
[INFO] [stderr] done.
[INFO] started tweaking git repo https://github.com/gabrielfalcao/ofvr
[INFO] finished tweaking git repo https://github.com/gabrielfalcao/ofvr
[INFO] tweaked toml for git repo https://github.com/gabrielfalcao/ofvr written to /workspace/builds/worker-4-tc2/source/Cargo.toml
[INFO] validating manifest of git repo https://github.com/gabrielfalcao/ofvr on toolchain 3154cc1a3e6424e44f438a95007d043ed5ceaaf6
[INFO] running `Command { std: CARGO_HOME="/workspace/cargo-home" RUSTUP_HOME="/workspace/rustup-home" "/workspace/cargo-home/bin/cargo" "+3154cc1a3e6424e44f438a95007d043ed5ceaaf6" "metadata" "--manifest-path" "Cargo.toml" "--no-deps", kill_on_drop: false }`
[INFO] crate git repo https://github.com/gabrielfalcao/ofvr already has a lockfile, it will not be regenerated
[INFO] running `Command { std: CARGO_HOME="/workspace/cargo-home" RUSTUP_HOME="/workspace/rustup-home" "/workspace/cargo-home/bin/cargo" "+3154cc1a3e6424e44f438a95007d043ed5ceaaf6" "fetch" "--manifest-path" "Cargo.toml", kill_on_drop: false }`
[INFO] running `Command { std: "docker" "create" "-v" "/var/lib/crater-agent-workspace/builds/worker-4-tc2/source:/opt/rustwide/workdir:ro,Z" "-v" "/var/lib/crater-agent-workspace/builds/worker-4-tc2/target:/opt/rustwide/target:rw,Z" "-v" "/var/lib/crater-agent-workspace/cargo-home:/opt/rustwide/cargo-home:ro,Z" "-v" "/var/lib/crater-agent-workspace/rustup-home:/opt/rustwide/rustup-home:ro,Z" "-m" "1610612736" "--network" "none" "ghcr.io/rust-lang/crates-build-env/linux@sha256:77db811e55d90add9212f6832c23229e3de5f1c1f9905e8cb07319ea15df73ac" "sleep" "infinity", kill_on_drop: false }`
[INFO] [stdout] 164450844eb2042dc23630cbe4db030c7e0485f24f42d35adfc88fced18ccb3c
[INFO] running `Command { std: "docker" "start" "164450844eb2042dc23630cbe4db030c7e0485f24f42d35adfc88fced18ccb3c", kill_on_drop: false }`
[INFO] running `Command { std: "docker" "inspect" "164450844eb2042dc23630cbe4db030c7e0485f24f42d35adfc88fced18ccb3c", kill_on_drop: false }`
[INFO] running `Command { std: "docker" "exec" "-e" "SOURCE_DIR=/opt/rustwide/workdir" "-e" "CARGO_HOME=/opt/rustwide/cargo-home" "-e" "RUSTUP_HOME=/opt/rustwide/rustup-home" "-e" "CARGO_TARGET_DIR=/opt/rustwide/target" "-w" "/opt/rustwide/workdir" "--user" "0:0" "164450844eb2042dc23630cbe4db030c7e0485f24f42d35adfc88fced18ccb3c" "/opt/rustwide/cargo-home/bin/cargo" "+3154cc1a3e6424e44f438a95007d043ed5ceaaf6" "metadata" "--no-deps" "--format-version=1", kill_on_drop: false }`
[INFO] running `Command { std: "docker" "inspect" "164450844eb2042dc23630cbe4db030c7e0485f24f42d35adfc88fced18ccb3c", kill_on_drop: false }`
[INFO] running `Command { std: "docker" "exec" "-e" "SOURCE_DIR=/opt/rustwide/workdir" "-e" "CARGO_HOME=/opt/rustwide/cargo-home" "-e" "RUSTUP_HOME=/opt/rustwide/rustup-home" "-e" "CARGO_TARGET_DIR=/opt/rustwide/target" "-e" "CARGO_INCREMENTAL=0" "-e" "RUST_BACKTRACE=full" "-e" "RUSTFLAGS=--cap-lints=forbid" "-e" "RUSTDOCFLAGS=--cap-lints=forbid" "-w" "/opt/rustwide/workdir" "--user" "0:0" "164450844eb2042dc23630cbe4db030c7e0485f24f42d35adfc88fced18ccb3c" "/opt/rustwide/cargo-home/bin/cargo" "+3154cc1a3e6424e44f438a95007d043ed5ceaaf6" "check" "--frozen" "--all" "--all-targets" "--message-format=json", kill_on_drop: false }`
[INFO] [stderr]    Compiling proc-macro2 v1.0.107
[INFO] [stderr]    Compiling serde v1.0.229
[INFO] [stderr]     Checking aho-corasick v1.1.5
[INFO] [stderr]    Compiling rustix v1.1.4
[INFO] [stderr]    Compiling serde_core v1.0.229
[INFO] [stderr]     Checking simd-adler32 v0.3.10
[INFO] [stderr]    Compiling zerocopy v0.8.56
[INFO] [stderr]    Compiling cc v1.4.3
[INFO] [stderr]    Compiling aws-lc-rs v1.18.0
[INFO] [stderr]    Compiling owo-colors v4.3.0
[INFO] [stderr]    Compiling object v0.37.3
[INFO] [stderr]     Checking shlex v1.3.0
[INFO] [stderr]     Checking sanitation v1.0.3
[INFO] [stderr]     Checking thread-groups v0.1.2
[INFO] [stderr]    Compiling defmt-macros v1.1.1
[INFO] [stderr]     Checking trilobyte v0.1.2
[INFO] [stderr]     Checking unicode-width v0.2.2
[INFO] [stderr]    Compiling pest v2.9.0
[INFO] [stderr]     Checking miniz_oxide v0.8.9
[INFO] [stderr]     Checking tracing-subscriber v0.3.23
[INFO] [stderr]     Checking tracing v0.1.44
[INFO] [stderr]    Compiling heapless v0.7.17
[INFO] [stderr]    Compiling eyre v0.6.14
[INFO] [stderr]     Checking gimli v0.32.3
[INFO] [stderr]    Compiling defmt v1.1.1
[INFO] [stderr]    Compiling color-spantrace v0.3.0
[INFO] [stderr]     Checking time v0.3.55
[INFO] [stderr]     Checking hash32 v0.2.1
[INFO] [stderr]     Checking digest v0.11.3
[INFO] [stderr]     Checking spin v0.9.9
[INFO] [stderr]     Checking crypto-common v0.1.7
[INFO] [stderr]     Checking base64 v0.22.1
[INFO] [stderr]     Checking indenter v0.3.4
[INFO] [stderr]     Checking enum-to-string-traits v0.1.0
[INFO] [stderr]    Compiling rustls v0.23.43
[INFO] [stderr]     Checking rustc-demangle v0.1.28
[INFO] [stderr]     Checking flate2 v1.1.9
[INFO] [stderr]    Compiling cmake v0.1.58
[INFO] [stderr]     Checking pem v3.0.6
[INFO] [stderr]     Checking digest v0.10.7
[INFO] [stderr]     Checking toml_datetime v0.7.5+spec-1.1.0
[INFO] [stderr]    Compiling quote v1.0.47
[INFO] [stderr]     Checking serde_spanned v1.1.1
[INFO] [stderr]     Checking yasna v0.6.0
[INFO] [stderr]     Checking keccak v0.2.1
[INFO] [stderr]     Checking regex-automata v0.4.18
[INFO] [stderr]     Checking base64 v0.23.1
[INFO] [stderr]     Checking winnow v0.7.15
[INFO] [stderr]    Compiling syn v3.0.3
[INFO] [stderr]    Compiling syn v2.0.119
[INFO] [stderr]     Checking terminal_size v0.4.4
[INFO] [stderr]     Checking sponge-cursor v0.1.0
[INFO] [stderr]     Checking log v0.4.33
[INFO] [stderr]     Checking serde_json v1.0.151
[INFO] [stderr]     Checking clap_builder v4.6.6
[INFO] [stderr]     Checking sha3 v0.12.0
[INFO] [stderr]     Checking pem v4.0.0
[INFO] [stderr]     Checking tracing-error v0.2.1
[INFO] [stderr]     Checking sha2 v0.11.0
[INFO] [stderr]     Checking serde_bytes v0.11.19
[INFO] [stderr]    Compiling aws-lc-sys v0.44.0
[INFO] [stderr]    Compiling ring v0.17.14
[INFO] [stderr]    Compiling pest_meta v2.9.0
[INFO] [stderr]     Checking rustls-pemfile v2.2.0
[INFO] [stderr]     Checking md5 v0.8.1
[INFO] [stderr]     Checking regex v1.13.1
[INFO] [stderr]     Checking addr2line v0.25.1
[INFO] [stderr]     Checking toml v0.9.12+spec-1.1.0
[INFO] [stderr]     Checking rcgen v0.14.9
[INFO] [stderr]     Checking backtrace v0.3.76
[INFO] [stderr]    Compiling serde_derive v1.0.229
[INFO] [stderr]    Compiling thiserror-impl v2.0.20
[INFO] [stderr]    Compiling clap_derive v4.6.4
[INFO] [stderr]     Checking color-eyre v0.6.5
[INFO] [stderr]    Compiling pest_generator v2.9.0
[INFO] [stderr]     Checking ppv-lite86 v0.2.21
[INFO] [stderr]    Compiling enum-to-string-macros v0.1.0
[INFO] [stderr]    Compiling thiserror v2.0.20
[INFO] [stderr]    Compiling dumbeq v0.1.2
[INFO] [stderr]    Compiling postcard-derive v0.2.2
[INFO] [stderr]    Compiling pest_derive v2.9.0
[INFO] [stderr]     Checking cobs v0.3.0
[INFO] [stderr]    Compiling defmt-parser v1.0.0
[INFO] [stderr]     Checking og-enum-to-string v0.1.0
[INFO] [stderr]     Checking clap v4.6.6
[INFO] [stderr]     Checking chrono v0.4.45
[INFO] [stderr]     Checking rand_core v0.9.5
[INFO] [stderr]     Checking bincode v1.3.3
[INFO] [stderr]     Checking rand_chacha v0.9.0
[INFO] [stderr]     Checking rand v0.9.5
[INFO] [stderr]     Checking postcard v1.1.3
[INFO] [stderr]     Checking iocore v3.1.0
[INFO] [stderr]     Checking iocore v2.3.2
[INFO] [stderr]     Checking t16 v0.0.1
[INFO] [stderr]     Checking bt-diff v0.0.1
[INFO] [stderr]     Checking iocore-test v3.1.0
[INFO] [stderr]     Checking rustls-webpki v0.103.14
[INFO] [stderr]     Checking ofvr v0.1.0 (/opt/rustwide/workdir)
[INFO] [stdout] error[E0432]: unresolved import `ofvr::state`
[INFO] [stdout]  --> tests/test_models_commit.rs:8:11
[INFO] [stdout]   |
[INFO] [stdout] 8 | use ofvr::state::OFVRState;
[INFO] [stdout]   |           ^^^^^ could not find `state` in `ofvr`
[INFO] [stdout] 
[INFO] [stdout] 
[INFO] [stdout] error[E0432]: unresolved import `ofvr::state`
[INFO] [stdout]  --> tests/test_commit.rs:4:11
[INFO] [stdout]   |
[INFO] [stdout] 4 | use ofvr::state::OFVRState;
[INFO] [stdout]   |           ^^^^^ could not find `state` in `ofvr`
[INFO] [stdout] 
[INFO] [stdout] 
[INFO] [stdout] For more information about this error, try `rustc --explain E0432`.
[INFO] [stdout] 
[INFO] [stderr] error: could not compile `ofvr` (test "test_models_commit") due to 1 previous error
[INFO] [stderr] warning: build failed, waiting for other jobs to finish...
[INFO] [stdout] error[E0369]: binary operation `==` cannot be applied to type `ofvr::Error`
[INFO] [stdout]   --> tests/test_models_state.rs:31:5
[INFO] [stdout]    |
[INFO] [stdout] 31 | /     assert_eq!(
[INFO] [stdout] 32 | |         state.get_author(author_qa_id).err().expect("error"),
[INFO] [stdout] 33 | |         Error::StateError(format!("author {} NOT present in state", author_qa_id))
[INFO] [stdout] 34 | |     );
[INFO] [stdout]    | |     ^
[INFO] [stdout]    | |     |
[INFO] [stdout]    | |_____ofvr::Error
[INFO] [stdout]    |       ofvr::Error
[INFO] [stdout]    |
[INFO] [stdout] note: `ofvr::Error` does not implement `PartialEq`
[INFO] [stdout]   --> src/errors.rs:6:1
[INFO] [stdout]    |
[INFO] [stdout]  6 | pub enum Error {
[INFO] [stdout]    | ^^^^^^^^^^^^^^ `ofvr::Error` is defined in another crate
[INFO] [stdout] 
[INFO] [stdout] 
[INFO] [stdout] For more information about this error, try `rustc --explain E0432`.
[INFO] [stdout] 
[INFO] [stderr] error: could not compile `ofvr` (test "test_commit") due to 1 previous error
[INFO] [stdout] For more information about this error, try `rustc --explain E0369`.
[INFO] [stdout] 
[INFO] [stderr] error: could not compile `ofvr` (test "test_models_state") due to 1 previous error
[INFO] [stderr] warning: unused dependency `color-eyre`
[INFO] [stderr]  --> Cargo.toml:7:1
[INFO] [stderr]   |
[INFO] [stderr] 7 | color-eyre = "0.6.5"
[INFO] [stderr]   | ^^^^^^^^^^^^^^^^^^^^
[INFO] [stderr]   |
[INFO] [stderr]   = note: `cargo::unused_dependencies` is set to `warn` by default
[INFO] [stderr] help: consider removing the dependency on `color-eyre`
[INFO] [stderr] warning: unused dependency `md5`
[INFO] [stderr]   --> Cargo.toml:10:1
[INFO] [stderr]    |
[INFO] [stderr] 10 | md5 = "0.8.1"
[INFO] [stderr]    | ^^^^^^^^^^^^^
[INFO] [stderr]    |
[INFO] [stderr] help: consider removing the dependency on `md5`
[INFO] [stderr] warning: unused dependency `pem`
[INFO] [stderr]   --> Cargo.toml:11:1
[INFO] [stderr]    |
[INFO] [stderr] 11 | pem = "4.0.0"
[INFO] [stderr]    | ^^^^^^^^^^^^^
[INFO] [stderr]    |
[INFO] [stderr] help: consider removing the dependency on `pem`
[INFO] [stderr] warning: unused dependency `pest_derive`
[INFO] [stderr]   --> Cargo.toml:12:1
[INFO] [stderr]    |
[INFO] [stderr] 12 | pest_derive = "2.9.0"
[INFO] [stderr]    | ^^^^^^^^^^^^^^^^^^^^^
[INFO] [stderr]    |
[INFO] [stderr] help: consider removing the dependency on `pest_derive`
[INFO] [stderr] warning: unused dependency `rcgen`
[INFO] [stderr]   --> Cargo.toml:13:1
[INFO] [stderr]    |
[INFO] [stderr] 13 | rcgen = "0.14.9"
[INFO] [stderr]    | ^^^^^^^^^^^^^^^^
[INFO] [stderr]    |
[INFO] [stderr] help: consider removing the dependency on `rcgen`
[INFO] [stderr] warning: unused dependency `rustls`
[INFO] [stderr]   --> Cargo.toml:14:1
[INFO] [stderr]    |
[INFO] [stderr] 14 | rustls = "0.23.43"
[INFO] [stderr]    | ^^^^^^^^^^^^^^^^^^
[INFO] [stderr]    |
[INFO] [stderr] help: consider removing the dependency on `rustls`
[INFO] [stderr] warning: unused dependency `rustls-native-certs`
[INFO] [stderr]   --> Cargo.toml:15:1
[INFO] [stderr]    |
[INFO] [stderr] 15 | rustls-native-certs = "0.8.4"
[INFO] [stderr]    | ^^^^^^^^^^^^^^^^^^^^^^^^^^^^^
[INFO] [stderr]    |
[INFO] [stderr] help: consider removing the dependency on `rustls-native-certs`
[INFO] [stderr] warning: unused dependency `rustls-pemfile`
[INFO] [stderr]   --> Cargo.toml:16:1
[INFO] [stderr]    |
[INFO] [stderr] 16 | rustls-pemfile = "2.2.0"
[INFO] [stderr]    | ^^^^^^^^^^^^^^^^^^^^^^^^
[INFO] [stderr]    |
[INFO] [stderr] help: consider removing the dependency on `rustls-pemfile`
[INFO] [stderr] warning: unused dependency `serde_bytes`
[INFO] [stderr]   --> Cargo.toml:20:1
[INFO] [stderr]    |
[INFO] [stderr] 20 | serde_bytes = "0.11.19"
[INFO] [stderr]    | ^^^^^^^^^^^^^^^^^^^^^^^
[INFO] [stderr]    |
[INFO] [stderr] help: consider removing the dependency on `serde_bytes`
[INFO] [stderr] warning: unused dependency `serde_json`
[INFO] [stderr]   --> Cargo.toml:21:1
[INFO] [stderr]    |
[INFO] [stderr] 21 | serde_json = "1.0.151"
[INFO] [stderr]    | ^^^^^^^^^^^^^^^^^^^^^^
[INFO] [stderr]    |
[INFO] [stderr] help: consider removing the dependency on `serde_json`
[INFO] [stderr] warning: unused dependency `sha2`
[INFO] [stderr]   --> Cargo.toml:22:1
[INFO] [stderr]    |
[INFO] [stderr] 22 | sha2 = "0.11.0"
[INFO] [stderr]    | ^^^^^^^^^^^^^^^
[INFO] [stderr]    |
[INFO] [stderr] help: consider removing the dependency on `sha2`
[INFO] [stderr] warning: `ofvr` (manifest) generated 11 warnings
[INFO] running `Command { std: "docker" "inspect" "164450844eb2042dc23630cbe4db030c7e0485f24f42d35adfc88fced18ccb3c", kill_on_drop: false }`
[INFO] running `Command { std: "docker" "rm" "-f" "164450844eb2042dc23630cbe4db030c7e0485f24f42d35adfc88fced18ccb3c", kill_on_drop: false }`
[INFO] [stdout] 164450844eb2042dc23630cbe4db030c7e0485f24f42d35adfc88fced18ccb3c
