[INFO] cloning repository https://github.com/gHashTag/turbobaby-user-bot
[INFO] running `Command { std: "git" "-c" "credential.helper=" "-c" "credential.helper=/workspace/cargo-home/bin/git-credential-null" "clone" "--bare" "https://github.com/gHashTag/turbobaby-user-bot" "/workspace/cache/git-repos/https%3A%2F%2Fgithub.com%2FgHashTag%2Fturbobaby-user-bot", kill_on_drop: false }`
[INFO] [stderr] Cloning into bare repository '/workspace/cache/git-repos/https%3A%2F%2Fgithub.com%2FgHashTag%2Fturbobaby-user-bot'...
[INFO] running `Command { std: "git" "rev-parse" "HEAD", kill_on_drop: false }`
[INFO] [stdout] 876037b7a6b96ddd0d11118a4e0357862bc29ca5
[INFO] checking gHashTag/turbobaby-user-bot against 3154cc1a3e6424e44f438a95007d043ed5ceaaf6 for pr-133502-30
[INFO] running `Command { std: "git" "clone" "/workspace/cache/git-repos/https%3A%2F%2Fgithub.com%2FgHashTag%2Fturbobaby-user-bot" "/workspace/builds/worker-2-tc2/source", kill_on_drop: false }`
[INFO] [stderr] Cloning into '/workspace/builds/worker-2-tc2/source'...
[INFO] [stderr] done.
[INFO] removed /workspace/builds/worker-2-tc2/source/rust-toolchain.toml
[INFO] started tweaking git repo https://github.com/gHashTag/turbobaby-user-bot
[INFO] finished tweaking git repo https://github.com/gHashTag/turbobaby-user-bot
[INFO] tweaked toml for git repo https://github.com/gHashTag/turbobaby-user-bot written to /workspace/builds/worker-2-tc2/source/Cargo.toml
[INFO] validating manifest of git repo https://github.com/gHashTag/turbobaby-user-bot on toolchain 3154cc1a3e6424e44f438a95007d043ed5ceaaf6
[INFO] running `Command { std: CARGO_HOME="/workspace/cargo-home" RUSTUP_HOME="/workspace/rustup-home" "/workspace/cargo-home/bin/cargo" "+3154cc1a3e6424e44f438a95007d043ed5ceaaf6" "metadata" "--manifest-path" "Cargo.toml" "--no-deps", kill_on_drop: false }`
[INFO] crate git repo https://github.com/gHashTag/turbobaby-user-bot already has a lockfile, it will not be regenerated
[INFO] running `Command { std: CARGO_HOME="/workspace/cargo-home" RUSTUP_HOME="/workspace/rustup-home" "/workspace/cargo-home/bin/cargo" "+3154cc1a3e6424e44f438a95007d043ed5ceaaf6" "fetch" "--manifest-path" "Cargo.toml", kill_on_drop: false }`
[INFO] running `Command { std: "docker" "create" "-v" "/var/lib/crater-agent-workspace/builds/worker-2-tc2/source:/opt/rustwide/workdir:ro,Z" "-v" "/var/lib/crater-agent-workspace/builds/worker-2-tc2/target:/opt/rustwide/target:rw,Z" "-v" "/var/lib/crater-agent-workspace/cargo-home:/opt/rustwide/cargo-home:ro,Z" "-v" "/var/lib/crater-agent-workspace/rustup-home:/opt/rustwide/rustup-home:ro,Z" "-m" "1610612736" "--network" "none" "ghcr.io/rust-lang/crates-build-env/linux@sha256:77db811e55d90add9212f6832c23229e3de5f1c1f9905e8cb07319ea15df73ac" "sleep" "infinity", kill_on_drop: false }`
[INFO] [stdout] efa761f580a542272f3f1798e1ba6f01b0b805d56e4ac1e8c556d763c7f81083
[INFO] running `Command { std: "docker" "start" "efa761f580a542272f3f1798e1ba6f01b0b805d56e4ac1e8c556d763c7f81083", kill_on_drop: false }`
[INFO] running `Command { std: "docker" "inspect" "efa761f580a542272f3f1798e1ba6f01b0b805d56e4ac1e8c556d763c7f81083", kill_on_drop: false }`
[INFO] running `Command { std: "docker" "exec" "-e" "SOURCE_DIR=/opt/rustwide/workdir" "-e" "CARGO_HOME=/opt/rustwide/cargo-home" "-e" "RUSTUP_HOME=/opt/rustwide/rustup-home" "-e" "CARGO_TARGET_DIR=/opt/rustwide/target" "-w" "/opt/rustwide/workdir" "--user" "0:0" "efa761f580a542272f3f1798e1ba6f01b0b805d56e4ac1e8c556d763c7f81083" "/opt/rustwide/cargo-home/bin/cargo" "+3154cc1a3e6424e44f438a95007d043ed5ceaaf6" "metadata" "--no-deps" "--format-version=1", kill_on_drop: false }`
[INFO] running `Command { std: "docker" "inspect" "efa761f580a542272f3f1798e1ba6f01b0b805d56e4ac1e8c556d763c7f81083", kill_on_drop: false }`
[INFO] running `Command { std: "docker" "exec" "-e" "SOURCE_DIR=/opt/rustwide/workdir" "-e" "CARGO_HOME=/opt/rustwide/cargo-home" "-e" "RUSTUP_HOME=/opt/rustwide/rustup-home" "-e" "CARGO_TARGET_DIR=/opt/rustwide/target" "-e" "CARGO_INCREMENTAL=0" "-e" "RUST_BACKTRACE=full" "-e" "RUSTFLAGS=--cap-lints=forbid" "-e" "RUSTDOCFLAGS=--cap-lints=forbid" "-w" "/opt/rustwide/workdir" "--user" "0:0" "efa761f580a542272f3f1798e1ba6f01b0b805d56e4ac1e8c556d763c7f81083" "/opt/rustwide/cargo-home/bin/cargo" "+3154cc1a3e6424e44f438a95007d043ed5ceaaf6" "check" "--frozen" "--all" "--all-targets" "--message-format=json", kill_on_drop: false }`
[INFO] [stderr]    Compiling proc-macro2 v1.0.106
[INFO] [stderr]    Compiling quote v1.0.45
[INFO] [stderr]    Compiling wasm-bindgen-shared v0.2.122
[INFO] [stderr]    Compiling serde v1.0.228
[INFO] [stderr]    Compiling serde_core v1.0.228
[INFO] [stderr]    Compiling libc v0.2.186
[INFO] [stderr]    Compiling bumpalo v3.20.3
[INFO] [stderr]     Checking smallvec v1.15.1
[INFO] [stderr]     Checking log v0.4.30
[INFO] [stderr]     Checking dioxus-core-types v0.6.2
[INFO] [stderr]    Compiling slotmap v1.1.1
[INFO] [stderr]    Compiling unicode-xid v0.2.6
[INFO] [stderr]     Checking konst_macro_rules v0.2.19
[INFO] [stderr]    Compiling wasm-bindgen v0.2.122
[INFO] [stderr]     Checking rustc-hash v1.1.0
[INFO] [stderr]     Checking futures-channel v0.3.32
[INFO] [stderr]    Compiling proc-macro2-diagnostics v0.10.1
[INFO] [stderr]     Checking longest-increasing-subsequence v0.1.0
[INFO] [stderr]    Compiling lazy-js-bundle v0.6.2
[INFO] [stderr]     Checking typenum v1.20.0
[INFO] [stderr]    Compiling num-traits v0.2.19
[INFO] [stderr]    Compiling serde_json v1.0.150
[INFO] [stderr]     Checking litemap v0.8.2
[INFO] [stderr]     Checking writeable v0.6.3
[INFO] [stderr]     Checking konst v0.2.20
[INFO] [stderr]     Checking memchr v2.8.1
[INFO] [stderr]    Compiling zerocopy v0.8.49
[INFO] [stderr]    Compiling unicode-segmentation v1.13.2
[INFO] [stderr]    Compiling icu_normalizer_data v2.2.0
[INFO] [stderr]    Compiling icu_properties_data v2.2.0
[INFO] [stderr]     Checking subtle v2.6.1
[INFO] [stderr]     Checking bitflags v2.11.1
[INFO] [stderr]     Checking bytes v1.11.1
[INFO] [stderr]     Checking keyboard-types v0.7.0
[INFO] [stderr]    Compiling dioxus-document v0.6.3
[INFO] [stderr]    Compiling dioxus-interpreter-js v0.6.2
[INFO] [stderr]     Checking percent-encoding v2.3.2
[INFO] [stderr]     Checking syn v2.0.117
[INFO] [stderr]     Checking data-encoding v2.11.0
[INFO] [stderr]     Checking form_urlencoded v1.2.2
[INFO] [stderr]    Compiling dioxus-web v0.6.3
[INFO] [stderr]     Checking sledgehammer_utils v0.3.1
[INFO] [stderr]    Compiling getrandom v0.4.2
[INFO] [stderr]    Compiling convert_case v0.6.0
[INFO] [stderr]    Compiling slab v0.4.12
[INFO] [stderr]     Checking urlencoding v2.1.3
[INFO] [stderr]    Compiling anyhow v1.0.104
[INFO] [stderr]    Compiling turbobaby-bot v0.1.0 (/opt/rustwide/workdir)
[INFO] [stderr]     Checking constant_time_eq v0.3.1
[INFO] [stderr]     Checking parking_lot_core v0.9.12
[INFO] [stderr]     Checking getrandom v0.2.17
[INFO] [stderr]     Checking dotenvy v0.15.7
[INFO] [stderr]     Checking base64 v0.21.7
[INFO] [stderr]     Checking parking_lot v0.12.5
[INFO] [stderr]     Checking qrcode v0.14.1
[INFO] [stderr]     Checking rand_core v0.6.4
[INFO] [stderr]    Compiling const_format_proc_macros v0.2.34
[INFO] [stderr]    Compiling dioxus-config-macro v0.6.2
[INFO] [stderr]     Checking http v1.4.1
[INFO] [stderr]     Checking euclid v0.22.14
[INFO] [stderr]     Checking uuid v1.23.1
[INFO] [stderr]     Checking const_format v0.2.36
[INFO] [stderr]     Checking http-body v1.0.1
[INFO] [stderr]     Checking http-body-util v0.1.3
[INFO] [stderr]     Checking generic-array v0.14.7
[INFO] [stderr]     Checking crypto-common v0.1.7
[INFO] [stderr]     Checking block-buffer v0.10.4
[INFO] [stderr]     Checking digest v0.10.7
[INFO] [stderr]     Checking sha1 v0.10.6
[INFO] [stderr]     Checking sha2 v0.10.9
[INFO] [stderr]     Checking hmac v0.12.1
[INFO] [stderr]     Checking dioxus-rsx v0.6.2
[INFO] [stderr]     Checking ppv-lite86 v0.2.21
[INFO] [stderr]     Checking rand_chacha v0.3.1
[INFO] [stderr]     Checking rand v0.8.6
[INFO] [stderr]    Compiling synstructure v0.13.2
[INFO] [stderr]    Compiling wasm-bindgen-macro-support v0.2.122
[INFO] [stderr]    Compiling darling_core v0.21.3
[INFO] [stderr]    Compiling serde_derive v1.0.228
[INFO] [stderr]    Compiling futures-macro v0.3.32
[INFO] [stderr]    Compiling tracing-attributes v0.1.31
[INFO] [stderr]    Compiling pin-project-internal v1.1.13
[INFO] [stderr]    Compiling zerovec-derive v0.11.3
[INFO] [stderr]    Compiling warnings-macro v0.2.0
[INFO] [stderr]    Compiling displaydoc v0.2.6
[INFO] [stderr]    Compiling const-serialize-macro v0.6.2
[INFO] [stderr]    Compiling dioxus-html-internal-macro v0.6.2
[INFO] [stderr]    Compiling async-trait v0.1.89
[INFO] [stderr]    Compiling thiserror-impl v1.0.69
[INFO] [stderr]    Compiling sledgehammer_bindgen_macro v0.6.5
[INFO] [stderr]    Compiling zerofrom-derive v0.1.7
[INFO] [stderr]    Compiling yoke-derive v0.8.2
[INFO] [stderr]    Compiling dioxus-router-macro v0.6.3
[INFO] [stderr]     Checking futures-util v0.3.32
[INFO] [stderr]    Compiling dioxus-core-macro v0.6.3
[INFO] [stderr]     Checking tracing v0.1.44
[INFO] [stderr]     Checking zerofrom v0.1.8
[INFO] [stderr]     Checking thiserror v1.0.69
[INFO] [stderr]     Checking pin-project v1.1.13
[INFO] [stderr]     Checking generational-box v0.6.2
[INFO] [stderr]     Checking tungstenite v0.23.0
[INFO] [stderr]     Checking yoke v0.8.2
[INFO] [stderr]     Checking warnings v0.2.1
[INFO] [stderr]     Checking zerovec v0.11.6
[INFO] [stderr]     Checking zerotrie v0.2.4
[INFO] [stderr]    Compiling darling_macro v0.21.3
[INFO] [stderr]    Compiling darling v0.21.3
[INFO] [stderr]    Compiling enumset_derive v0.15.0
[INFO] [stderr]     Checking tinystr v0.8.3
[INFO] [stderr]     Checking potential_utf v0.1.5
[INFO] [stderr]     Checking icu_collections v2.2.0
[INFO] [stderr]     Checking icu_locale_core v2.2.0
[INFO] [stderr]     Checking tower v0.4.13
[INFO] [stderr]     Checking enumset v1.1.13
[INFO] [stderr]     Checking const-serialize v0.6.2
[INFO] [stderr]     Checking chrono v0.4.44
[INFO] [stderr]     Checking icu_provider v2.2.0
[INFO] [stderr]    Compiling manganis-core v0.6.2
[INFO] [stderr]    Compiling wasm-bindgen-macro v0.2.122
[INFO] [stderr]     Checking icu_properties v2.2.0
[INFO] [stderr]     Checking icu_normalizer v2.2.0
[INFO] [stderr]    Compiling manganis-macro v0.6.2
[INFO] [stderr]     Checking dioxus-core v0.6.3
[INFO] [stderr]     Checking idna_adapter v1.2.2
[INFO] [stderr]     Checking idna v1.1.0
[INFO] [stderr]     Checking url v2.5.8
[INFO] [stderr]     Checking js-sys v0.3.99
[INFO] [stderr]     Checking dioxus-cli-config v0.6.3
[INFO] [stderr]     Checking sledgehammer_bindgen v0.6.0
[INFO] [stderr]     Checking manganis v0.6.2
[INFO] [stderr]     Checking dioxus-signals v0.6.3
[INFO] [stderr]     Checking dioxus-history v0.6.2
[INFO] [stderr]     Checking dioxus-devtools-types v0.6.2
[INFO] [stderr]     Checking dioxus-hooks v0.6.2
[INFO] [stderr]     Checking dioxus-devtools v0.6.2
[INFO] [stderr]     Checking dioxus-html v0.6.3
[INFO] [stderr]     Checking dioxus-lib v0.6.2
[INFO] [stderr]     Checking dioxus-router v0.6.3
[INFO] [stderr]     Checking web-sys v0.3.99
[INFO] [stderr]     Checking wasm-bindgen-futures v0.4.72
[INFO] [stderr]     Checking serde-wasm-bindgen v0.5.0
[INFO] [stderr]     Checking gloo-timers v0.3.0
[INFO] [stderr]     Checking gloo-utils v0.2.0
[INFO] [stderr]     Checking gloo-events v0.3.0
[INFO] [stderr]     Checking gloo-storage v0.3.0
[INFO] [stderr]     Checking dioxus v0.6.3
[INFO] [stdout] error[E0433]: cannot find module or crate `axum` in this scope
[INFO] [stdout]   --> tests/api_miss_is_not_html.rs:27:5
[INFO] [stdout]    |
[INFO] [stdout] 27 | use axum::{
[INFO] [stdout]    |     ^^^^ use of unresolved module or unlinked crate `axum`
[INFO] [stdout]    |
[INFO] [stdout]    = help: if you wanted to use a crate named `axum`, use `cargo add axum` to add it to your `Cargo.toml`
[INFO] [stdout] 
[INFO] [stdout] 
[INFO] [stdout] error[E0432]: unresolved import `axum`
[INFO] [stdout]   --> tests/api_miss_is_not_html.rs:27:5
[INFO] [stdout]    |
[INFO] [stdout] 27 | use axum::{
[INFO] [stdout]    |     ^^^^ use of unresolved module or unlinked crate `axum`
[INFO] [stdout]    |
[INFO] [stdout]    = help: if you wanted to use a crate named `axum`, use `cargo add axum` to add it to your `Cargo.toml`
[INFO] [stdout] 
[INFO] [stdout] 
[INFO] [stdout] error[E0433]: cannot find module or crate `tokio` in this scope
[INFO] [stdout]   --> tests/api_miss_is_not_html.rs:88:3
[INFO] [stdout]    |
[INFO] [stdout] 88 | #[tokio::test]
[INFO] [stdout]    |   ^^^^^ use of unresolved module or unlinked crate `tokio`
[INFO] [stdout] 
[INFO] [stdout] 
[INFO] [stdout] error[E0433]: cannot find module or crate `tokio` in this scope
[INFO] [stdout]    --> tests/api_miss_is_not_html.rs:105:3
[INFO] [stdout]     |
[INFO] [stdout] 105 | #[tokio::test]
[INFO] [stdout]     |   ^^^^^ use of unresolved module or unlinked crate `tokio`
[INFO] [stdout] 
[INFO] [stdout] 
[INFO] [stdout] error[E0433]: cannot find module or crate `tokio` in this scope
[INFO] [stdout]    --> tests/api_miss_is_not_html.rs:118:3
[INFO] [stdout]     |
[INFO] [stdout] 118 | #[tokio::test]
[INFO] [stdout]     |   ^^^^^ use of unresolved module or unlinked crate `tokio`
[INFO] [stdout] 
[INFO] [stdout] 
[INFO] [stdout] error[E0433]: cannot find module or crate `tokio` in this scope
[INFO] [stdout]    --> tests/api_miss_is_not_html.rs:137:3
[INFO] [stdout]     |
[INFO] [stdout] 137 | #[tokio::test]
[INFO] [stdout]     |   ^^^^^ use of unresolved module or unlinked crate `tokio`
[INFO] [stdout] 
[INFO] [stdout] 
[INFO] [stdout] error[E0433]: cannot find module or crate `axum` in this scope
[INFO] [stdout]   --> tests/api_miss_is_not_html.rs:40:11
[INFO] [stdout]    |
[INFO] [stdout] 40 |         [(axum::http::header::CONTENT_TYPE, "text/html")],
[INFO] [stdout]    |           ^^^^ use of unresolved module or unlinked crate `axum`
[INFO] [stdout]    |
[INFO] [stdout]    = help: if you wanted to use a crate named `axum`, use `cargo add axum` to add it to your `Cargo.toml`
[INFO] [stdout] 
[INFO] [stdout] 
[INFO] [stdout] error[E0433]: cannot find module or crate `axum` in this scope
[INFO] [stdout]   --> tests/api_miss_is_not_html.rs:46:29
[INFO] [stdout]    |
[INFO] [stdout] 46 | async fn api_not_found(uri: axum::http::Uri) -> impl IntoResponse {
[INFO] [stdout]    |                             ^^^^ use of unresolved module or unlinked crate `axum`
[INFO] [stdout]    |
[INFO] [stdout]    = help: if you wanted to use a crate named `axum`, use `cargo add axum` to add it to your `Cargo.toml`
[INFO] [stdout] 
[INFO] [stdout] 
[INFO] [stdout] error[E0433]: cannot find module or crate `axum` in this scope
[INFO] [stdout]   --> tests/api_miss_is_not_html.rs:49:11
[INFO] [stdout]    |
[INFO] [stdout] 49 |         [(axum::http::header::CONTENT_TYPE, "application/json")],
[INFO] [stdout]    |           ^^^^ use of unresolved module or unlinked crate `axum`
[INFO] [stdout]    |
[INFO] [stdout]    = help: if you wanted to use a crate named `axum`, use `cargo add axum` to add it to your `Cargo.toml`
[INFO] [stdout] 
[INFO] [stdout] 
[INFO] [stdout] error[E0433]: cannot find module or crate `axum` in this scope
[INFO] [stdout]   --> tests/api_miss_is_not_html.rs:82:14
[INFO] [stdout]    |
[INFO] [stdout] 82 |         .get(axum::http::header::CONTENT_TYPE)
[INFO] [stdout]    |              ^^^^ use of unresolved module or unlinked crate `axum`
[INFO] [stdout]    |
[INFO] [stdout]    = help: if you wanted to use a crate named `axum`, use `cargo add axum` to add it to your `Cargo.toml`
[INFO] [stdout] 
[INFO] [stdout] 
[INFO] [stdout] Some errors have detailed explanations: E0432, E0433.
[INFO] [stdout] 
[INFO] [stdout] For more information about an error, try `rustc --explain E0432`.
[INFO] [stdout] 
[INFO] [stderr] error: could not compile `turbobaby-bot` (test "api_miss_is_not_html") due to 10 previous errors
[INFO] [stderr] warning: build failed, waiting for other jobs to finish...
[INFO] running `Command { std: "docker" "inspect" "efa761f580a542272f3f1798e1ba6f01b0b805d56e4ac1e8c556d763c7f81083", kill_on_drop: false }`
[INFO] running `Command { std: "docker" "rm" "-f" "efa761f580a542272f3f1798e1ba6f01b0b805d56e4ac1e8c556d763c7f81083", kill_on_drop: false }`
[INFO] [stdout] efa761f580a542272f3f1798e1ba6f01b0b805d56e4ac1e8c556d763c7f81083
