[INFO] cloning repository https://github.com/fukuyori/VirtualTouchpadEngine
[INFO] running `Command { std: "git" "-c" "credential.helper=" "-c" "credential.helper=/workspace/cargo-home/bin/git-credential-null" "clone" "--bare" "https://github.com/fukuyori/VirtualTouchpadEngine" "/workspace/cache/git-repos/https%3A%2F%2Fgithub.com%2Ffukuyori%2FVirtualTouchpadEngine", kill_on_drop: false }`
[INFO] [stderr] Cloning into bare repository '/workspace/cache/git-repos/https%3A%2F%2Fgithub.com%2Ffukuyori%2FVirtualTouchpadEngine'...
[INFO] running `Command { std: "git" "rev-parse" "HEAD", kill_on_drop: false }`
[INFO] [stdout] bb72dece291553096910364d927e79027dddc93b
[INFO] checking fukuyori/VirtualTouchpadEngine against 3154cc1a3e6424e44f438a95007d043ed5ceaaf6 for pr-133502-30
[INFO] running `Command { std: "git" "clone" "/workspace/cache/git-repos/https%3A%2F%2Fgithub.com%2Ffukuyori%2FVirtualTouchpadEngine" "/workspace/builds/worker-1-tc2/source", kill_on_drop: false }`
[INFO] [stderr] Cloning into '/workspace/builds/worker-1-tc2/source'...
[INFO] [stderr] done.
[INFO] started tweaking git repo https://github.com/fukuyori/VirtualTouchpadEngine
[INFO] finished tweaking git repo https://github.com/fukuyori/VirtualTouchpadEngine
[INFO] tweaked toml for git repo https://github.com/fukuyori/VirtualTouchpadEngine written to /workspace/builds/worker-1-tc2/source/Cargo.toml
[INFO] validating manifest of git repo https://github.com/fukuyori/VirtualTouchpadEngine on toolchain 3154cc1a3e6424e44f438a95007d043ed5ceaaf6
[INFO] running `Command { std: CARGO_HOME="/workspace/cargo-home" RUSTUP_HOME="/workspace/rustup-home" "/workspace/cargo-home/bin/cargo" "+3154cc1a3e6424e44f438a95007d043ed5ceaaf6" "metadata" "--manifest-path" "Cargo.toml" "--no-deps", kill_on_drop: false }`
[INFO] crate git repo https://github.com/fukuyori/VirtualTouchpadEngine already has a lockfile, it will not be regenerated
[INFO] running `Command { std: CARGO_HOME="/workspace/cargo-home" RUSTUP_HOME="/workspace/rustup-home" "/workspace/cargo-home/bin/cargo" "+3154cc1a3e6424e44f438a95007d043ed5ceaaf6" "fetch" "--manifest-path" "Cargo.toml", kill_on_drop: false }`
[INFO] running `Command { std: "docker" "create" "-v" "/var/lib/crater-agent-workspace/builds/worker-1-tc2/source:/opt/rustwide/workdir:ro,Z" "-v" "/var/lib/crater-agent-workspace/builds/worker-1-tc2/target:/opt/rustwide/target:rw,Z" "-v" "/var/lib/crater-agent-workspace/cargo-home:/opt/rustwide/cargo-home:ro,Z" "-v" "/var/lib/crater-agent-workspace/rustup-home:/opt/rustwide/rustup-home:ro,Z" "-m" "1610612736" "--network" "none" "ghcr.io/rust-lang/crates-build-env/linux@sha256:77db811e55d90add9212f6832c23229e3de5f1c1f9905e8cb07319ea15df73ac" "sleep" "infinity", kill_on_drop: false }`
[INFO] [stdout] d7818c5b53b2aa6de8a2eb51e332f71cfd69fc3659287013971e681a71d59a0d
[INFO] running `Command { std: "docker" "start" "d7818c5b53b2aa6de8a2eb51e332f71cfd69fc3659287013971e681a71d59a0d", kill_on_drop: false }`
[INFO] running `Command { std: "docker" "inspect" "d7818c5b53b2aa6de8a2eb51e332f71cfd69fc3659287013971e681a71d59a0d", kill_on_drop: false }`
[INFO] running `Command { std: "docker" "exec" "-e" "SOURCE_DIR=/opt/rustwide/workdir" "-e" "CARGO_HOME=/opt/rustwide/cargo-home" "-e" "RUSTUP_HOME=/opt/rustwide/rustup-home" "-e" "CARGO_TARGET_DIR=/opt/rustwide/target" "-w" "/opt/rustwide/workdir" "--user" "0:0" "d7818c5b53b2aa6de8a2eb51e332f71cfd69fc3659287013971e681a71d59a0d" "/opt/rustwide/cargo-home/bin/cargo" "+3154cc1a3e6424e44f438a95007d043ed5ceaaf6" "metadata" "--no-deps" "--format-version=1", kill_on_drop: false }`
[INFO] running `Command { std: "docker" "inspect" "d7818c5b53b2aa6de8a2eb51e332f71cfd69fc3659287013971e681a71d59a0d", kill_on_drop: false }`
[INFO] running `Command { std: "docker" "exec" "-e" "SOURCE_DIR=/opt/rustwide/workdir" "-e" "CARGO_HOME=/opt/rustwide/cargo-home" "-e" "RUSTUP_HOME=/opt/rustwide/rustup-home" "-e" "CARGO_TARGET_DIR=/opt/rustwide/target" "-e" "CARGO_INCREMENTAL=0" "-e" "RUST_BACKTRACE=full" "-e" "RUSTFLAGS=--cap-lints=forbid" "-e" "RUSTDOCFLAGS=--cap-lints=forbid" "-w" "/opt/rustwide/workdir" "--user" "0:0" "d7818c5b53b2aa6de8a2eb51e332f71cfd69fc3659287013971e681a71d59a0d" "/opt/rustwide/cargo-home/bin/cargo" "+3154cc1a3e6424e44f438a95007d043ed5ceaaf6" "check" "--frozen" "--all" "--all-targets" "--message-format=json", kill_on_drop: false }`
[INFO] [stderr]    Compiling serde_core v1.0.229
[INFO] [stderr]    Compiling winnow v1.0.4
[INFO] [stderr]    Compiling windows_x86_64_gnu v0.53.1
[INFO] [stderr]     Checking windows-targets v0.53.5
[INFO] [stderr]     Checking windows-sys v0.60.2
[INFO] [stderr]    Compiling toml_parser v1.1.3+spec-1.1.0
[INFO] [stderr]    Compiling serde_spanned v1.1.1
[INFO] [stderr]    Compiling toml_datetime v1.1.1+spec-1.1.0
[INFO] [stderr]    Compiling toml v1.1.4+spec-1.1.0
[INFO] [stderr]    Compiling winresource v0.1.31
[INFO] [stderr]    Compiling virtual-touchpad-engine v0.5.0 (/opt/rustwide/workdir)
[INFO] [stderr] warning: virtual-touchpad-engine@0.5.0: アイコンリソースの埋め込みに失敗: No such file or directory (os error 2)
[INFO] [stdout] error[E0433]: cannot find `windows` in `os`
[INFO] [stdout]   --> src/buttons.rs:19:14
[INFO] [stdout]    |
[INFO] [stdout] 19 | use std::os::windows::process::CommandExt;
[INFO] [stdout]    |              ^^^^^^^ could not find `windows` in `os`
[INFO] [stdout]    |
[INFO] [stdout] note: found an item that was configured out
[INFO] [stdout]   --> /rustc/3154cc1a3e6424e44f438a95007d043ed5ceaaf6/library/std/src/os/mod.rs:62:4
[INFO] [stdout]    |
[INFO] [stdout]    = note: the item is gated behind the `windows` feature
[INFO] [stdout] 
[INFO] [stdout] 
[INFO] [stdout] error[E0433]: cannot find `windows` in `os`
[INFO] [stdout]   --> src/startup.rs:67:18
[INFO] [stdout]    |
[INFO] [stdout] 67 |     use std::os::windows::process::CommandExt;
[INFO] [stdout]    |                  ^^^^^^^ could not find `windows` in `os`
[INFO] [stdout]    |
[INFO] [stdout] note: found an item that was configured out
[INFO] [stdout]   --> /rustc/3154cc1a3e6424e44f438a95007d043ed5ceaaf6/library/std/src/os/mod.rs:62:4
[INFO] [stdout]    |
[INFO] [stdout]    = note: the item is gated behind the `windows` feature
[INFO] [stdout] 
[INFO] [stdout] 
[INFO] [stdout] error[E0433]: cannot find `windows` in `os`
[INFO] [stdout]   --> src/buttons.rs:19:14
[INFO] [stdout]    |
[INFO] [stdout] 19 | use std::os::windows::process::CommandExt;
[INFO] [stdout]    |              ^^^^^^^ could not find `windows` in `os`
[INFO] [stdout]    |
[INFO] [stdout] note: found an item that was configured out
[INFO] [stdout]   --> /rustc/3154cc1a3e6424e44f438a95007d043ed5ceaaf6/library/std/src/os/mod.rs:62:4
[INFO] [stdout]    |
[INFO] [stdout]    = note: the item is gated behind the `windows` feature
[INFO] [stdout] 
[INFO] [stdout] 
[INFO] [stdout] error[E0433]: cannot find `windows` in `os`
[INFO] [stdout]   --> src/startup.rs:67:18
[INFO] [stdout]    |
[INFO] [stdout] 67 |     use std::os::windows::process::CommandExt;
[INFO] [stdout]    |                  ^^^^^^^ could not find `windows` in `os`
[INFO] [stdout]    |
[INFO] [stdout] note: found an item that was configured out
[INFO] [stdout]   --> /rustc/3154cc1a3e6424e44f438a95007d043ed5ceaaf6/library/std/src/os/mod.rs:62:4
[INFO] [stdout]    |
[INFO] [stdout]    = note: the item is gated behind the `windows` feature
[INFO] [stdout] 
[INFO] [stdout] 
[INFO] [stdout] error[E0599]: no method named `creation_flags` found for mutable reference `&mut Command` in the current scope
[INFO] [stdout]    --> src/buttons.rs:778:10
[INFO] [stdout]     |
[INFO] [stdout] 776 |     if let Err(e) = ProcessCommand::new("cmd.exe")
[INFO] [stdout] 777 |         .args(["/D", "/S", "/C", command])
[INFO] [stdout] 778 |         .creation_flags(CREATE_NO_WINDOW)
[INFO] [stdout]     |          ^^^^^^^^^^^^^^ method not found in `&mut Command`
[INFO] [stdout] 
[INFO] [stdout] 
[INFO] [stdout] error[E0599]: no method named `creation_flags` found for mutable reference `&mut Command` in the current scope
[INFO] [stdout]    --> src/buttons.rs:778:10
[INFO] [stdout]     |
[INFO] [stdout] 776 |     if let Err(e) = ProcessCommand::new("cmd.exe")
[INFO] [stdout] 777 |         .args(["/D", "/S", "/C", command])
[INFO] [stdout] 778 |         .creation_flags(CREATE_NO_WINDOW)
[INFO] [stdout]     |          ^^^^^^^^^^^^^^ method not found in `&mut Command`
[INFO] [stdout] 
[INFO] [stdout] 
[INFO] [stdout] error[E0599]: no method named `creation_flags` found for mutable reference `&mut Command` in the current scope
[INFO] [stdout]   --> src/startup.rs:71:10
[INFO] [stdout]    |
[INFO] [stdout] 69 |     std::process::Command::new("schtasks")
[INFO] [stdout] 70 |         .args(args)
[INFO] [stdout] 71 |         .creation_flags(CREATE_NO_WINDOW)
[INFO] [stdout]    |          ^^^^^^^^^^^^^^ method not found in `&mut Command`
[INFO] [stdout] 
[INFO] [stdout] 
[INFO] [stdout] error[E0599]: no method named `creation_flags` found for mutable reference `&mut Command` in the current scope
[INFO] [stdout]   --> src/startup.rs:71:10
[INFO] [stdout]    |
[INFO] [stdout] 69 |     std::process::Command::new("schtasks")
[INFO] [stdout] 70 |         .args(args)
[INFO] [stdout] 71 |         .creation_flags(CREATE_NO_WINDOW)
[INFO] [stdout]    |          ^^^^^^^^^^^^^^ method not found in `&mut Command`
[INFO] [stdout] 
[INFO] [stdout] 
[INFO] [stdout] Some errors have detailed explanations: E0433, E0599.
[INFO] [stdout] 
[INFO] [stdout] For more information about an error, try `rustc --explain E0433`.
[INFO] [stdout] 
[INFO] [stderr] warning: virtual-touchpad-engine@0.5.0: アイコンリソースの埋め込みに失敗: No such file or directory (os error 2)
[INFO] [stderr] error: could not compile `virtual-touchpad-engine` (bin "virtual-touchpad-engine") due to 4 previous errors
[INFO] [stderr] warning: build failed, waiting for other jobs to finish...
[INFO] [stdout] Some errors have detailed explanations: E0433, E0599.
[INFO] [stdout] 
[INFO] [stdout] For more information about an error, try `rustc --explain E0433`.
[INFO] [stdout] 
[INFO] [stderr] warning: virtual-touchpad-engine@0.5.0: アイコンリソースの埋め込みに失敗: No such file or directory (os error 2)
[INFO] [stderr] error: could not compile `virtual-touchpad-engine` (bin "virtual-touchpad-engine" test) due to 4 previous errors
[INFO] running `Command { std: "docker" "inspect" "d7818c5b53b2aa6de8a2eb51e332f71cfd69fc3659287013971e681a71d59a0d", kill_on_drop: false }`
[INFO] running `Command { std: "docker" "rm" "-f" "d7818c5b53b2aa6de8a2eb51e332f71cfd69fc3659287013971e681a71d59a0d", kill_on_drop: false }`
[INFO] [stdout] d7818c5b53b2aa6de8a2eb51e332f71cfd69fc3659287013971e681a71d59a0d
