[INFO] cloning repository https://github.com/ftezedor/sysagent
[INFO] running `Command { std: "git" "-c" "credential.helper=" "-c" "credential.helper=/workspace/cargo-home/bin/git-credential-null" "clone" "--bare" "https://github.com/ftezedor/sysagent" "/workspace/cache/git-repos/https%3A%2F%2Fgithub.com%2Fftezedor%2Fsysagent", kill_on_drop: false }`
[INFO] [stderr] Cloning into bare repository '/workspace/cache/git-repos/https%3A%2F%2Fgithub.com%2Fftezedor%2Fsysagent'...
[INFO] running `Command { std: "git" "rev-parse" "HEAD", kill_on_drop: false }`
[INFO] [stdout] 31f06be52ef2076b81ca71f02018fabec6f0410c
[INFO] checking ftezedor/sysagent against 3154cc1a3e6424e44f438a95007d043ed5ceaaf6 for pr-133502-30
[INFO] running `Command { std: "git" "clone" "/workspace/cache/git-repos/https%3A%2F%2Fgithub.com%2Fftezedor%2Fsysagent" "/workspace/builds/worker-1-tc2/source", kill_on_drop: false }`
[INFO] [stderr] Cloning into '/workspace/builds/worker-1-tc2/source'...
[INFO] [stderr] done.
[INFO] [stderr] Updating files:  27% (2022/7257)
Updating files:  28% (2032/7257)
Updating files:  28% (2071/7257)
Updating files:  28% (2078/7257)
Updating files:  29% (2105/7257)
Updating files:  30% (2178/7257)
Updating files:  30% (2230/7257)
Updating files:  31% (2250/7257)
Updating files:  32% (2323/7257)
Updating files:  32% (2349/7257)
Updating files:  33% (2395/7257)
Updating files:  34% (2468/7257)
Updating files:  34% (2486/7257)
Updating files:  35% (2540/7257)
Updating files:  35% (2577/7257)
Updating files:  36% (2613/7257)
Updating files:  37% (2686/7257)
Updating files:  37% (2692/7257)
Updating files:  38% (2758/7257)
Updating files:  39% (2831/7257)
Updating files:  40% (2903/7257)
Updating files:  41% (2976/7257)
Updating files:  42% (3048/7257)
Updating files:  43% (3121/7257)
Updating files:  44% (3194/7257)
Updating files:  45% (3266/7257)
Updating files:  46% (3339/7257)
Updating files:  46% (3397/7257)
Updating files:  47% (3411/7257)
Updating files:  48% (3484/7257)
Updating files:  49% (3556/7257)
Updating files:  50% (3629/7257)
Updating files:  51% (3702/7257)
Updating files:  52% (3774/7257)
Updating files:  53% (3847/7257)
Updating files:  54% (3919/7257)
Updating files:  55% (3992/7257)
Updating files:  56% (4064/7257)
Updating files:  57% (4137/7257)
Updating files:  58% (4210/7257)
Updating files:  59% (4282/7257)
Updating files:  60% (4355/7257)
Updating files:  61% (4427/7257)
Updating files:  61% (4470/7257)
Updating files:  62% (4500/7257)
Updating files:  63% (4572/7257)
Updating files:  64% (4645/7257)
Updating files:  65% (4718/7257)
Updating files:  66% (4790/7257)
Updating files:  67% (4863/7257)
Updating files:  68% (4935/7257)
Updating files:  69% (5008/7257)
Updating files:  70% (5080/7257)
Updating files:  71% (5153/7257)
Updating files:  72% (5226/7257)
Updating files:  72% (5240/7257)
Updating files:  73% (5298/7257)
Updating files:  73% (5319/7257)
Updating files:  74% (5371/7257)
Updating files:  75% (5443/7257)
Updating files:  76% (5516/7257)
Updating files:  77% (5588/7257)
Updating files:  78% (5661/7257)
Updating files:  79% (5734/7257)
Updating files:  80% (5806/7257)
Updating files:  81% (5879/7257)
Updating files:  82% (5951/7257)
Updating files:  83% (6024/7257)
Updating files:  84% (6096/7257)
Updating files:  85% (6169/7257)
Updating files:  86% (6242/7257)
Updating files:  87% (6314/7257)
Updating files:  88% (6387/7257)
Updating files:  89% (6459/7257)
Updating files:  90% (6532/7257)
Updating files:  90% (6587/7257)
Updating files:  91% (6604/7257)
Updating files:  92% (6677/7257)
Updating files:  93% (6750/7257)
Updating files:  94% (6822/7257)
Updating files:  95% (6895/7257)
Updating files:  96% (6967/7257)
Updating files:  96% (7026/7257)
Updating files:  97% (7040/7257)
Updating files:  98% (7112/7257)
Updating files:  99% (7185/7257)
Updating files:  99% (7199/7257)
Updating files: 100% (7257/7257)
Updating files: 100% (7257/7257), done.
[INFO] started tweaking git repo https://github.com/ftezedor/sysagent
[INFO] finished tweaking git repo https://github.com/ftezedor/sysagent
[INFO] tweaked toml for git repo https://github.com/ftezedor/sysagent written to /workspace/builds/worker-1-tc2/source/Cargo.toml
[INFO] validating manifest of git repo https://github.com/ftezedor/sysagent on toolchain 3154cc1a3e6424e44f438a95007d043ed5ceaaf6
[INFO] running `Command { std: CARGO_HOME="/workspace/cargo-home" RUSTUP_HOME="/workspace/rustup-home" "/workspace/cargo-home/bin/cargo" "+3154cc1a3e6424e44f438a95007d043ed5ceaaf6" "metadata" "--manifest-path" "Cargo.toml" "--no-deps", kill_on_drop: false }`
[INFO] crate git repo https://github.com/ftezedor/sysagent already has a lockfile, it will not be regenerated
[INFO] running `Command { std: CARGO_HOME="/workspace/cargo-home" RUSTUP_HOME="/workspace/rustup-home" "/workspace/cargo-home/bin/cargo" "+3154cc1a3e6424e44f438a95007d043ed5ceaaf6" "fetch" "--manifest-path" "Cargo.toml", kill_on_drop: false }`
[INFO] [stderr] warning: Cargo.toml: unused manifest key: package.alias
[INFO] [stderr] warning: `sysagent` (manifest) generated 1 warning
[INFO] running `Command { std: "docker" "create" "-v" "/var/lib/crater-agent-workspace/builds/worker-1-tc2/source:/opt/rustwide/workdir:ro,Z" "-v" "/var/lib/crater-agent-workspace/builds/worker-1-tc2/target:/opt/rustwide/target:rw,Z" "-v" "/var/lib/crater-agent-workspace/cargo-home:/opt/rustwide/cargo-home:ro,Z" "-v" "/var/lib/crater-agent-workspace/rustup-home:/opt/rustwide/rustup-home:ro,Z" "-m" "1610612736" "--network" "none" "ghcr.io/rust-lang/crates-build-env/linux@sha256:77db811e55d90add9212f6832c23229e3de5f1c1f9905e8cb07319ea15df73ac" "sleep" "infinity", kill_on_drop: false }`
[INFO] [stdout] 908934aca35b96c496a2f91474039a8e34126186a214be8d40bf529fe836c2c9
[INFO] running `Command { std: "docker" "start" "908934aca35b96c496a2f91474039a8e34126186a214be8d40bf529fe836c2c9", kill_on_drop: false }`
[INFO] running `Command { std: "docker" "inspect" "908934aca35b96c496a2f91474039a8e34126186a214be8d40bf529fe836c2c9", kill_on_drop: false }`
[INFO] running `Command { std: "docker" "exec" "-e" "SOURCE_DIR=/opt/rustwide/workdir" "-e" "CARGO_HOME=/opt/rustwide/cargo-home" "-e" "RUSTUP_HOME=/opt/rustwide/rustup-home" "-e" "CARGO_TARGET_DIR=/opt/rustwide/target" "-w" "/opt/rustwide/workdir" "--user" "0:0" "908934aca35b96c496a2f91474039a8e34126186a214be8d40bf529fe836c2c9" "/opt/rustwide/cargo-home/bin/cargo" "+3154cc1a3e6424e44f438a95007d043ed5ceaaf6" "metadata" "--no-deps" "--format-version=1", kill_on_drop: false }`
[INFO] running `Command { std: "docker" "inspect" "908934aca35b96c496a2f91474039a8e34126186a214be8d40bf529fe836c2c9", kill_on_drop: false }`
[INFO] running `Command { std: "docker" "exec" "-e" "SOURCE_DIR=/opt/rustwide/workdir" "-e" "CARGO_HOME=/opt/rustwide/cargo-home" "-e" "RUSTUP_HOME=/opt/rustwide/rustup-home" "-e" "CARGO_TARGET_DIR=/opt/rustwide/target" "-e" "CARGO_INCREMENTAL=0" "-e" "RUST_BACKTRACE=full" "-e" "RUSTFLAGS=--cap-lints=forbid" "-e" "RUSTDOCFLAGS=--cap-lints=forbid" "-w" "/opt/rustwide/workdir" "--user" "0:0" "908934aca35b96c496a2f91474039a8e34126186a214be8d40bf529fe836c2c9" "/opt/rustwide/cargo-home/bin/cargo" "+3154cc1a3e6424e44f438a95007d043ed5ceaaf6" "check" "--frozen" "--all" "--all-targets" "--message-format=json", kill_on_drop: false }`
[INFO] [stderr] warning: Cargo.toml: unused manifest key: package.alias
[INFO] [stderr] warning: `sysagent` (manifest) generated 1 warning
[INFO] [stderr]    Compiling libc v0.2.189
[INFO] [stderr]     Checking smallvec v1.15.2
[INFO] [stderr]    Compiling cc v1.3.0
[INFO] [stderr]    Compiling serde_core v1.0.229
[INFO] [stderr]    Compiling zerocopy v0.8.55
[INFO] [stderr]     Checking bitflags v2.13.1
[INFO] [stderr]    Compiling syn v2.0.119
[INFO] [stderr]    Compiling syn v3.0.3
[INFO] [stderr]     Checking http v0.2.12
[INFO] [stderr]     Checking memchr v2.8.3
[INFO] [stderr]    Compiling native-tls v0.2.18
[INFO] [stderr]     Checking futures-task v0.3.33
[INFO] [stderr]     Checking tracing v0.1.44
[INFO] [stderr]     Checking inout v0.1.4
[INFO] [stderr]    Compiling cfg_aliases v0.2.2
[INFO] [stderr]     Checking futures-channel v0.3.33
[INFO] [stderr]    Compiling nix v0.31.3
[INFO] [stderr]    Compiling memoffset v0.7.1
[INFO] [stderr]     Checking futures-util v0.3.33
[INFO] [stderr]     Checking winnow v0.7.15
[INFO] [stderr]     Checking toml_write v0.1.2
[INFO] [stderr]     Checking either v1.16.0
[INFO] [stderr]     Checking encoding_rs v0.8.35
[INFO] [stderr]     Checking fallible-iterator v0.2.0
[INFO] [stderr]     Checking aho-corasick v1.1.4
[INFO] [stderr]     Checking match_cfg v0.1.0
[INFO] [stderr]     Checking chrono v0.4.45
[INFO] [stderr]     Checking whoami v1.6.1
[INFO] [stderr]     Checking rayon v1.12.0
[INFO] [stderr]     Checking http-body v0.4.6
[INFO] [stderr]     Checking regex-automata v0.4.16
[INFO] [stderr]    Compiling openssl-sys v0.9.117
[INFO] [stderr]    Compiling libsqlite3-sys v0.26.0
[INFO] [stderr]    Compiling openssl v0.10.81
[INFO] [stderr]     Checking getrandom v0.2.17
[INFO] [stderr]     Checking parking_lot_core v0.9.12
[INFO] [stderr]     Checking errno v0.3.14
[INFO] [stderr]     Checking mio v1.2.2
[INFO] [stderr]     Checking socket2 v0.6.5
[INFO] [stderr]     Checking socket2 v0.5.10
[INFO] [stderr]     Checking rtoolbox v0.0.5
[INFO] [stderr]     Checking rpassword v7.5.4
[INFO] [stderr]     Checking signal-hook-registry v1.4.8
[INFO] [stderr]     Checking rand_core v0.6.4
[INFO] [stderr]     Checking hostname v0.3.1
[INFO] [stderr]     Checking nix v0.26.4
[INFO] [stderr]     Checking parking_lot v0.12.5
[INFO] [stderr]     Checking crypto-common v0.1.7
[INFO] [stderr]     Checking cipher v0.4.4
[INFO] [stderr]     Checking universal-hash v0.5.1
[INFO] [stderr]     Checking digest v0.10.7
[INFO] [stderr]     Checking polyval v0.6.2
[INFO] [stderr]     Checking aead v0.5.2
[INFO] [stderr]     Checking sha2 v0.10.9
[INFO] [stderr]     Checking ghash v0.5.1
[INFO] [stderr]     Checking ctr v0.9.2
[INFO] [stderr]     Checking aes v0.8.4
[INFO] [stderr]     Checking serde_json v1.0.151
[INFO] [stderr]     Checking sysinfo v0.29.11
[INFO] [stderr]     Checking aes-gcm v0.10.3
[INFO] [stderr]     Checking regex v1.13.1
[INFO] [stderr]    Compiling serde_derive v1.0.229
[INFO] [stderr]    Compiling async-trait v0.1.91
[INFO] [stderr]    Compiling synstructure v0.13.2
[INFO] [stderr]     Checking ahash v0.8.12
[INFO] [stderr]     Checking ppv-lite86 v0.2.21
[INFO] [stderr]     Checking hashbrown v0.14.5
[INFO] [stderr]    Compiling zerofrom-derive v0.1.7
[INFO] [stderr]    Compiling yoke-derive v0.8.2
[INFO] [stderr]    Compiling zerovec-derive v0.11.3
[INFO] [stderr]    Compiling displaydoc v0.2.6
[INFO] [stderr]    Compiling tokio-macros v2.7.1
[INFO] [stderr]    Compiling openssl-macros v0.1.1
[INFO] [stderr]     Checking rand_chacha v0.3.1
[INFO] [stderr]     Checking rand v0.8.7
[INFO] [stderr]     Checking hashlink v0.8.4
[INFO] [stderr]     Checking tokio v1.53.1
[INFO] [stderr]     Checking zerofrom v0.1.8
[INFO] [stderr]     Checking yoke v0.8.3
[INFO] [stderr]     Checking serde v1.0.229
[INFO] [stderr]     Checking zerovec v0.11.6
[INFO] [stderr]     Checking zerotrie v0.2.4
[INFO] [stderr]     Checking serde_spanned v0.6.9
[INFO] [stderr]     Checking toml_datetime v0.6.11
[INFO] [stderr]     Checking serde_urlencoded v0.7.1
[INFO] [stderr]     Checking os_info v3.15.0
[INFO] [stderr]     Checking toml_edit v0.22.27
[INFO] [stderr]     Checking tinystr v0.8.3
[INFO] [stderr]     Checking potential_utf v0.1.5
[INFO] [stderr]     Checking icu_locale_core v2.2.0
[INFO] [stderr]     Checking icu_collections v2.2.0
[INFO] [stderr]     Checking icu_provider v2.2.0
[INFO] [stderr]     Checking icu_properties v2.2.0
[INFO] [stderr]     Checking icu_normalizer v2.2.0
[INFO] [stderr]     Checking toml v0.8.23
[INFO] [stderr]     Checking idna_adapter v1.2.2
[INFO] [stderr]     Checking idna v1.1.0
[INFO] [stderr]     Checking rusqlite v0.29.0
[INFO] [stderr]     Checking url v2.5.8
[INFO] [stderr]     Checking tokio-util v0.7.19
[INFO] [stderr]     Checking tokio-native-tls v0.3.1
[INFO] [stderr]     Checking h2 v0.3.27
[INFO] [stderr]     Checking hyper v0.14.32
[INFO] [stderr]     Checking hyper-tls v0.5.0
[INFO] [stderr]     Checking reqwest v0.11.27
[INFO] [stderr]     Checking sysagent v0.1.0 (/opt/rustwide/workdir)
[INFO] [stdout] error[E0425]: cannot find value `config` in this scope
[INFO] [stdout]    --> src/console.rs:137:32
[INFO] [stdout]     |
[INFO] [stdout] 137 |     match UnixStream::connect(&config.socket_path).await {
[INFO] [stdout]     |                                ^^^^^^ not found in this scope
[INFO] [stdout] 
[INFO] [stdout] 
[INFO] [stdout] error[E0425]: cannot find value `config` in this scope
[INFO] [stdout]    --> src/console.rs:137:32
[INFO] [stdout]     |
[INFO] [stdout] 137 |     match UnixStream::connect(&config.socket_path).await {
[INFO] [stdout]     |                                ^^^^^^ not found in this scope
[INFO] [stdout] 
[INFO] [stdout] 
[INFO] [stdout] warning: unused imports: `execute_command` and `extract_command`
[INFO] [stdout]  --> src/daemon.rs:3:22
[INFO] [stdout]   |
[INFO] [stdout] 3 | use crate::command::{execute_command, extract_command};
[INFO] [stdout]   |                      ^^^^^^^^^^^^^^^  ^^^^^^^^^^^^^^^
[INFO] [stdout]   |
[INFO] [stdout]   = note: `#[warn(unused_imports)]` (part of `#[warn(unused)]`) on by default
[INFO] [stdout] 
[INFO] [stdout] 
[INFO] [stdout] warning: unused imports: `execute_command` and `extract_command`
[INFO] [stdout]  --> src/daemon.rs:3:22
[INFO] [stdout]   |
[INFO] [stdout] 3 | use crate::command::{execute_command, extract_command};
[INFO] [stdout]   |                      ^^^^^^^^^^^^^^^  ^^^^^^^^^^^^^^^
[INFO] [stdout]   |
[INFO] [stdout]   = note: `#[warn(unused_imports)]` (part of `#[warn(unused)]`) on by default
[INFO] [stdout] 
[INFO] [stdout] 
[INFO] [stdout] warning: unused imports: `AgentResponse` and `ClientResponse`
[INFO] [stdout]  --> src/daemon.rs:4:36
[INFO] [stdout]   |
[INFO] [stdout] 4 | use crate::common::{process_input, AgentResponse, ClientResponse, Input};
[INFO] [stdout]   |                                    ^^^^^^^^^^^^^  ^^^^^^^^^^^^^^
[INFO] [stdout] 
[INFO] [stdout] 
[INFO] [stdout] warning: unused imports: `AgentResponse` and `ClientResponse`
[INFO] [stdout]  --> src/daemon.rs:4:36
[INFO] [stdout]   |
[INFO] [stdout] 4 | use crate::common::{process_input, AgentResponse, ClientResponse, Input};
[INFO] [stdout]   |                                    ^^^^^^^^^^^^^  ^^^^^^^^^^^^^^
[INFO] [stdout] 
[INFO] [stdout] 
[INFO] [stdout] warning: unused imports: `InputSafety` and `InputType`
[INFO] [stdout]  --> src/console.rs:6:58
[INFO] [stdout]   |
[INFO] [stdout] 6 | use crate::common::{Input, process_input, AgentResponse, InputType, InputSafety};
[INFO] [stdout]   |                                                          ^^^^^^^^^  ^^^^^^^^^^^
[INFO] [stdout] 
[INFO] [stdout] 
[INFO] [stdout] warning: unused imports: `InputSafety` and `InputType`
[INFO] [stdout]  --> src/console.rs:6:58
[INFO] [stdout]   |
[INFO] [stdout] 6 | use crate::common::{Input, process_input, AgentResponse, InputType, InputSafety};
[INFO] [stdout]   |                                                          ^^^^^^^^^  ^^^^^^^^^^^
[INFO] [stdout] 
[INFO] [stdout] 
[INFO] [stdout] error[E0599]: no method named `write_all` found for struct `tokio::net::UnixStream` in the current scope
[INFO] [stdout]    --> src/console.rs:158:10
[INFO] [stdout]     |
[INFO] [stdout] 157 |     stream
[INFO] [stdout] 158 |         .write_all(command.as_bytes())
[INFO] [stdout]     |          ^^^^^^^^^
[INFO] [stdout]     |
[INFO] [stdout]    ::: /opt/rustwide/cargo-home/registry/src/index.crates.io-1949cf8c6b5b557f/tokio-1.53.1/src/io/util/async_write_ext.rs:387:12
[INFO] [stdout]     |
[INFO] [stdout] 387 |         fn write_all<'a>(&'a mut self, src: &'a [u8]) -> WriteAll<'a, Self>
[INFO] [stdout]     |            --------- the method is available for `tokio::net::UnixStream` here
[INFO] [stdout]     |
[INFO] [stdout]     = help: items from traits can only be used if the trait is in scope
[INFO] [stdout] help: trait `AsyncWriteExt` which provides `write_all` is implemented but not in scope; perhaps you want to import it
[INFO] [stdout]     |
[INFO] [stdout]   1 + use tokio::io::AsyncWriteExt;
[INFO] [stdout]     |
[INFO] [stdout] help: there is a method `write` with a similar name
[INFO] [stdout]     |
[INFO] [stdout] 158 -         .write_all(command.as_bytes())
[INFO] [stdout] 158 +         .write(command.as_bytes())
[INFO] [stdout]     |
[INFO] [stdout] 
[INFO] [stdout] 
[INFO] [stdout] error[E0599]: no method named `write_all` found for struct `tokio::net::UnixStream` in the current scope
[INFO] [stdout]    --> src/console.rs:158:10
[INFO] [stdout]     |
[INFO] [stdout] 157 |     stream
[INFO] [stdout] 158 |         .write_all(command.as_bytes())
[INFO] [stdout]     |          ^^^^^^^^^
[INFO] [stdout]     |
[INFO] [stdout]    ::: /opt/rustwide/cargo-home/registry/src/index.crates.io-1949cf8c6b5b557f/tokio-1.53.1/src/io/util/async_write_ext.rs:387:12
[INFO] [stdout]     |
[INFO] [stdout] 387 |         fn write_all<'a>(&'a mut self, src: &'a [u8]) -> WriteAll<'a, Self>
[INFO] [stdout]     |            --------- the method is available for `tokio::net::UnixStream` here
[INFO] [stdout]     |
[INFO] [stdout]     = help: items from traits can only be used if the trait is in scope
[INFO] [stdout] help: trait `AsyncWriteExt` which provides `write_all` is implemented but not in scope; perhaps you want to import it
[INFO] [stdout]     |
[INFO] [stdout]   1 + use tokio::io::AsyncWriteExt;
[INFO] [stdout]     |
[INFO] [stdout] help: there is a method `write` with a similar name
[INFO] [stdout]     |
[INFO] [stdout] 158 -         .write_all(command.as_bytes())
[INFO] [stdout] 158 +         .write(command.as_bytes())
[INFO] [stdout]     |
[INFO] [stdout] 
[INFO] [stdout] 
[INFO] [stdout] error[E0599]: no method named `read` found for struct `tokio::net::UnixStream` in the current scope
[INFO] [stdout]    --> src/console.rs:165:10
[INFO] [stdout]     |
[INFO] [stdout] 164 |     let size = stream
[INFO] [stdout] 165 |         .read(&mut buffer)
[INFO] [stdout]     |          ^^^^
[INFO] [stdout]     |
[INFO] [stdout]    ::: /opt/rustwide/cargo-home/registry/src/index.crates.io-1949cf8c6b5b557f/tokio-1.53.1/src/io/util/async_read_ext.rs:177:12
[INFO] [stdout]     |
[INFO] [stdout] 177 |         fn read<'a>(&'a mut self, buf: &'a mut [u8]) -> Read<'a, Self>
[INFO] [stdout]     |            ---- the method is available for `tokio::net::UnixStream` here
[INFO] [stdout]     |
[INFO] [stdout]     = help: items from traits can only be used if the trait is in scope
[INFO] [stdout] help: trait `AsyncReadExt` which provides `read` is implemented but not in scope; perhaps you want to import it
[INFO] [stdout]     |
[INFO] [stdout]   1 + use tokio::io::AsyncReadExt;
[INFO] [stdout]     |
[INFO] [stdout] help: there is a method `ready` with a similar name
[INFO] [stdout]     |
[INFO] [stdout] 165 |         .ready(&mut buffer)
[INFO] [stdout]     |              +
[INFO] [stdout] 
[INFO] [stdout] 
[INFO] [stdout] error[E0599]: no method named `read` found for struct `tokio::net::UnixStream` in the current scope
[INFO] [stdout]    --> src/console.rs:165:10
[INFO] [stdout]     |
[INFO] [stdout] 164 |     let size = stream
[INFO] [stdout] 165 |         .read(&mut buffer)
[INFO] [stdout]     |          ^^^^
[INFO] [stdout]     |
[INFO] [stdout]    ::: /opt/rustwide/cargo-home/registry/src/index.crates.io-1949cf8c6b5b557f/tokio-1.53.1/src/io/util/async_read_ext.rs:177:12
[INFO] [stdout]     |
[INFO] [stdout] 177 |         fn read<'a>(&'a mut self, buf: &'a mut [u8]) -> Read<'a, Self>
[INFO] [stdout]     |            ---- the method is available for `tokio::net::UnixStream` here
[INFO] [stdout]     |
[INFO] [stdout]     = help: items from traits can only be used if the trait is in scope
[INFO] [stdout] help: trait `AsyncReadExt` which provides `read` is implemented but not in scope; perhaps you want to import it
[INFO] [stdout]     |
[INFO] [stdout]   1 + use tokio::io::AsyncReadExt;
[INFO] [stdout]     |
[INFO] [stdout] help: there is a method `ready` with a similar name
[INFO] [stdout]     |
[INFO] [stdout] 165 |         .ready(&mut buffer)
[INFO] [stdout]     |              +
[INFO] [stdout] 
[INFO] [stdout] 
[INFO] [stdout] warning: unused variable: `config`
[INFO] [stdout]   --> src/daemon.rs:80:13
[INFO] [stdout]    |
[INFO] [stdout] 80 |         let config = config.clone();
[INFO] [stdout]    |             ^^^^^^ help: if this is intentional, prefix it with an underscore: `_config`
[INFO] [stdout]    |
[INFO] [stdout]    = note: `#[warn(unused_variables)]` (part of `#[warn(unused)]`) on by default
[INFO] [stdout] 
[INFO] [stdout] 
[INFO] [stdout] warning: unused variable: `config`
[INFO] [stdout]   --> src/daemon.rs:80:13
[INFO] [stdout]    |
[INFO] [stdout] 80 |         let config = config.clone();
[INFO] [stdout]    |             ^^^^^^ help: if this is intentional, prefix it with an underscore: `_config`
[INFO] [stdout]    |
[INFO] [stdout]    = note: `#[warn(unused_variables)]` (part of `#[warn(unused)]`) on by default
[INFO] [stdout] 
[INFO] [stdout] 
[INFO] [stdout] Some errors have detailed explanations: E0425, E0599.
[INFO] [stdout] 
[INFO] [stdout] For more information about an error, try `rustc --explain E0425`.
[INFO] [stdout] 
[INFO] [stderr] error: could not compile `sysagent` (bin "sysagent") due to 3 previous errors; 4 warnings emitted
[INFO] [stdout] Some errors have detailed explanations: E0425, E0599.
[INFO] [stdout] 
[INFO] [stderr] warning: build failed, waiting for other jobs to finish...
[INFO] [stdout] For more information about an error, try `rustc --explain E0425`.
[INFO] [stdout] 
[INFO] [stderr] error: could not compile `sysagent` (bin "sysagent" test) due to 3 previous errors; 4 warnings emitted
[INFO] [stderr] warning: unused dependency `sysinfo`
[INFO] [stderr]   --> Cargo.toml:16:1
[INFO] [stderr]    |
[INFO] [stderr] 16 | sysinfo = "0.29"
[INFO] [stderr]    | ^^^^^^^^^^^^^^^^
[INFO] [stderr]    |
[INFO] [stderr]    = note: `cargo::unused_dependencies` is set to `warn` by default
[INFO] [stderr] help: consider removing the dependency on `sysinfo`
[INFO] [stderr] warning: `sysagent` (manifest) generated 1 warning
[INFO] running `Command { std: "docker" "inspect" "908934aca35b96c496a2f91474039a8e34126186a214be8d40bf529fe836c2c9", kill_on_drop: false }`
[INFO] running `Command { std: "docker" "rm" "-f" "908934aca35b96c496a2f91474039a8e34126186a214be8d40bf529fe836c2c9", kill_on_drop: false }`
[INFO] [stdout] 908934aca35b96c496a2f91474039a8e34126186a214be8d40bf529fe836c2c9
