[INFO] cloning repository https://github.com/franzjeger/OneDriveHydration
[INFO] running `Command { std: "git" "-c" "credential.helper=" "-c" "credential.helper=/workspace/cargo-home/bin/git-credential-null" "clone" "--bare" "https://github.com/franzjeger/OneDriveHydration" "/workspace/cache/git-repos/https%3A%2F%2Fgithub.com%2Ffranzjeger%2FOneDriveHydration", kill_on_drop: false }`
[INFO] [stderr] Cloning into bare repository '/workspace/cache/git-repos/https%3A%2F%2Fgithub.com%2Ffranzjeger%2FOneDriveHydration'...
[INFO] running `Command { std: "git" "rev-parse" "HEAD", kill_on_drop: false }`
[INFO] [stdout] 67db462139d789351664741b11299c2206ace103
[INFO] checking franzjeger/OneDriveHydration against 3154cc1a3e6424e44f438a95007d043ed5ceaaf6+rustflags=-Znext-solver=coherence for pr-133502-30
[INFO] running `Command { std: "git" "clone" "/workspace/cache/git-repos/https%3A%2F%2Fgithub.com%2Ffranzjeger%2FOneDriveHydration" "/workspace/builds/worker-3-tc1/source", kill_on_drop: false }`
[INFO] [stderr] Cloning into '/workspace/builds/worker-3-tc1/source'...
[INFO] [stderr] done.
[INFO] started tweaking git repo https://github.com/franzjeger/OneDriveHydration
[INFO] finished tweaking git repo https://github.com/franzjeger/OneDriveHydration
[INFO] tweaked toml for git repo https://github.com/franzjeger/OneDriveHydration written to /workspace/builds/worker-3-tc1/source/Cargo.toml
[INFO] validating manifest of git repo https://github.com/franzjeger/OneDriveHydration on toolchain 3154cc1a3e6424e44f438a95007d043ed5ceaaf6
[INFO] running `Command { std: CARGO_HOME="/workspace/cargo-home" RUSTUP_HOME="/workspace/rustup-home" "/workspace/cargo-home/bin/cargo" "+3154cc1a3e6424e44f438a95007d043ed5ceaaf6" "metadata" "--manifest-path" "Cargo.toml" "--no-deps", kill_on_drop: false }`
[INFO] crate git repo https://github.com/franzjeger/OneDriveHydration already has a lockfile, it will not be regenerated
[INFO] running `Command { std: CARGO_HOME="/workspace/cargo-home" RUSTUP_HOME="/workspace/rustup-home" "/workspace/cargo-home/bin/cargo" "+3154cc1a3e6424e44f438a95007d043ed5ceaaf6" "fetch" "--manifest-path" "Cargo.toml", kill_on_drop: false }`
[INFO] [stderr]     Updating git repository `https://github.com/franzjeger/HydrationAPI`
[INFO] [stderr]  Downloading crates ...
[INFO] [stderr]   Downloaded zbus v5.13.2
[INFO] running `Command { std: "docker" "create" "-v" "/var/lib/crater-agent-workspace/builds/worker-3-tc1/source:/opt/rustwide/workdir:ro,Z" "-v" "/var/lib/crater-agent-workspace/builds/worker-3-tc1/target:/opt/rustwide/target:rw,Z" "-v" "/var/lib/crater-agent-workspace/cargo-home:/opt/rustwide/cargo-home:ro,Z" "-v" "/var/lib/crater-agent-workspace/rustup-home:/opt/rustwide/rustup-home:ro,Z" "-m" "1610612736" "--network" "none" "ghcr.io/rust-lang/crates-build-env/linux@sha256:77db811e55d90add9212f6832c23229e3de5f1c1f9905e8cb07319ea15df73ac" "sleep" "infinity", kill_on_drop: false }`
[INFO] [stdout] 49cd5809bfdf0fce4108bed8207253a72139365d97e631050c5a0f0b9d75200b
[INFO] running `Command { std: "docker" "start" "49cd5809bfdf0fce4108bed8207253a72139365d97e631050c5a0f0b9d75200b", kill_on_drop: false }`
[INFO] running `Command { std: "docker" "inspect" "49cd5809bfdf0fce4108bed8207253a72139365d97e631050c5a0f0b9d75200b", kill_on_drop: false }`
[INFO] running `Command { std: "docker" "exec" "-e" "SOURCE_DIR=/opt/rustwide/workdir" "-e" "CARGO_HOME=/opt/rustwide/cargo-home" "-e" "RUSTUP_HOME=/opt/rustwide/rustup-home" "-e" "CARGO_TARGET_DIR=/opt/rustwide/target" "-w" "/opt/rustwide/workdir" "--user" "0:0" "49cd5809bfdf0fce4108bed8207253a72139365d97e631050c5a0f0b9d75200b" "/opt/rustwide/cargo-home/bin/cargo" "+3154cc1a3e6424e44f438a95007d043ed5ceaaf6" "metadata" "--no-deps" "--format-version=1", kill_on_drop: false }`
[INFO] running `Command { std: "docker" "inspect" "49cd5809bfdf0fce4108bed8207253a72139365d97e631050c5a0f0b9d75200b", kill_on_drop: false }`
[INFO] running `Command { std: "docker" "exec" "-e" "SOURCE_DIR=/opt/rustwide/workdir" "-e" "CARGO_HOME=/opt/rustwide/cargo-home" "-e" "RUSTUP_HOME=/opt/rustwide/rustup-home" "-e" "CARGO_TARGET_DIR=/opt/rustwide/target" "-e" "CARGO_INCREMENTAL=0" "-e" "RUST_BACKTRACE=full" "-e" "RUSTFLAGS=--cap-lints=forbid -Znext-solver=coherence" "-e" "RUSTDOCFLAGS=--cap-lints=forbid" "-w" "/opt/rustwide/workdir" "--user" "0:0" "49cd5809bfdf0fce4108bed8207253a72139365d97e631050c5a0f0b9d75200b" "/opt/rustwide/cargo-home/bin/cargo" "+3154cc1a3e6424e44f438a95007d043ed5ceaaf6" "check" "--frozen" "--all" "--all-targets" "--message-format=json", kill_on_drop: false }`
[INFO] [stderr]    Compiling proc-macro2 v1.0.107
[INFO] [stderr]    Compiling rustix v1.1.5
[INFO] [stderr]    Compiling serde_core v1.0.229
[INFO] [stderr]    Compiling crossbeam-utils v0.8.23
[INFO] [stderr]    Compiling find-msvc-tools v0.1.13
[INFO] [stderr]     Checking getrandom v0.4.3
[INFO] [stderr]    Compiling toml_edit v0.25.15+spec-1.1.0
[INFO] [stderr]     Checking num-integer v0.1.47
[INFO] [stderr]    Compiling cc v1.4.7
[INFO] [stderr]     Checking block-padding v0.3.3
[INFO] [stderr]     Checking quote v1.0.47
[INFO] [stderr]    Compiling syn v3.0.6
[INFO] [stderr]    Compiling syn v2.0.119
[INFO] [stderr]     Checking concurrent-queue v2.5.0
[INFO] [stderr]     Checking inout v0.1.4
[INFO] [stderr]    Compiling proc-macro-crate v3.5.0
[INFO] [stderr]     Checking digest v0.10.7
[INFO] [stderr]     Checking getrandom v0.2.17
[INFO] [stderr]    Compiling httparse v1.10.1
[INFO] [stderr]     Checking cipher v0.4.4
[INFO] [stderr]     Checking num-bigint v0.4.8
[INFO] [stderr]    Compiling rustls v0.23.45
[INFO] [stderr]     Checking http v1.5.0
[INFO] [stderr]    Compiling ring v0.17.14
[INFO] [stderr]     Checking serde_json v1.0.151
[INFO] [stderr]     Checking num-rational v0.4.2
[INFO] [stderr]     Checking hmac v0.12.1
[INFO] [stderr]     Checking async-channel v2.5.0
[INFO] [stderr]     Checking num-iter v0.1.46
[INFO] [stderr]     Checking ureq-proto v0.6.4
[INFO] [stderr]     Checking num v0.4.3
[INFO] [stderr]     Checking hkdf v0.12.4
[INFO] [stderr]     Checking aes v0.8.4
[INFO] [stderr]     Checking sha2 v0.10.9
[INFO] [stderr]     Checking cbc v0.1.2
[INFO] [stderr]     Checking utf8-zero v0.8.1
[INFO] [stderr]     Checking blocking v1.7.0
[INFO] [stderr]     Checking async-executor v1.14.0
[INFO] [stderr]     Checking uuid v1.26.1
[INFO] [stderr]     Checking onedrive-hydration-install v0.1.0 (/opt/rustwide/workdir/crates/installer)
[INFO] [stderr]     Checking polling v3.11.0
[INFO] [stderr]     Checking tempfile v3.27.0
[INFO] [stderr]     Checking async-io v2.6.0
[INFO] [stderr]     Checking async-signal v0.2.14
[INFO] [stderr]     Checking async-process v2.5.0
[INFO] [stderr]    Compiling serde_derive v1.0.229
[INFO] [stderr]    Compiling async-trait v0.1.92
[INFO] [stderr]    Compiling serde_repr v0.1.21
[INFO] [stderr]    Compiling zeroize_derive v1.5.0
[INFO] [stderr]    Compiling enumflags2_derive v0.7.12
[INFO] [stderr]    Compiling tracing-attributes v0.1.31
[INFO] [stderr]     Checking zeroize v1.9.0
[INFO] [stderr]     Checking rustls-pki-types v1.15.1
[INFO] [stderr]     Checking dbus-secret-service v4.1.0
[INFO] [stderr]     Checking keyring v3.6.3
[INFO] [stderr]     Checking rustls-webpki v0.103.15
[INFO] [stderr]     Checking webpki-roots v1.0.9
[INFO] [stderr]     Checking tracing v0.1.44
[INFO] [stderr]    Compiling serde v1.0.229
[INFO] [stderr]    Compiling zvariant_utils v4.2.0
[INFO] [stderr]    Compiling enumflags2 v0.7.12
[INFO] [stderr]    Compiling zcheapstr v1.1.0
[INFO] [stderr]     Checking hydration-protocol v0.1.0 (https://github.com/franzjeger/HydrationAPI?rev=9a02371#9a02371b)
[INFO] [stderr]     Checking hydration-client v0.1.0 (https://github.com/franzjeger/HydrationAPI?rev=9a02371#9a02371b)
[INFO] [stderr]    Compiling zvariant_derive v5.15.0
[INFO] [stderr]     Checking ureq v3.4.2
[INFO] [stderr]    Compiling zvariant v5.15.0
[INFO] [stderr]     Checking hydration-graph v0.1.0 (https://github.com/franzjeger/HydrationAPI?rev=9a02371#9a02371b)
[INFO] [stderr]     Checking zbus_names v4.3.4
[INFO] [stderr]    Compiling zbus_macros v5.19.0
[INFO] [stderr]     Checking zbus v5.13.2
[INFO] [stdout] error[E0433]: cannot find `DispatchResult2` in `object_server`
[INFO] [stdout]   --> /opt/rustwide/cargo-home/registry/src/index.crates.io-1949cf8c6b5b557f/zbus-5.13.2/src/fdo/introspectable.rs:14:1
[INFO] [stdout]    |
[INFO] [stdout] 14 | / #[interface(
[INFO] [stdout] 15 | |     name = "org.freedesktop.DBus.Introspectable",
[INFO] [stdout] 16 | |     introspection_docs = false,
[INFO] [stdout] 17 | |     proxy(default_path = "/", visibility = "pub")
[INFO] [stdout] 18 | | )]
[INFO] [stdout]    | |__^ could not find `DispatchResult2` in `object_server`
[INFO] [stdout]    |
[INFO] [stdout]    = note: this error originates in the attribute macro `interface` (in Nightly builds, run with -Z macro-backtrace for more info)
[INFO] [stdout] help: an enum with a similar name exists
[INFO] [stdout]    |
[INFO] [stdout] 14 - #[interface(
[INFO] [stdout] 15 -     name = "org.freedesktop.DBus.Introspectable",
[INFO] [stdout] 16 -     introspection_docs = false,
[INFO] [stdout] 17 -     proxy(default_path = "/", visibility = "pub")
[INFO] [stdout] 18 - )]
[INFO] [stdout] 14 + DispatchResult
[INFO] [stdout]    |
[INFO] [stdout] 
[INFO] [stdout] 
[INFO] [stdout] error[E0433]: cannot find `DispatchResult2` in `object_server`
[INFO] [stdout]   --> /opt/rustwide/cargo-home/registry/src/index.crates.io-1949cf8c6b5b557f/zbus-5.13.2/src/fdo/object_manager.rs:34:1
[INFO] [stdout]    |
[INFO] [stdout] 34 | / #[interface(
[INFO] [stdout] 35 | |     name = "org.freedesktop.DBus.ObjectManager",
[INFO] [stdout] 36 | |     introspection_docs = false,
[INFO] [stdout] 37 | |     proxy(visibility = "pub")
[INFO] [stdout] 38 | | )]
[INFO] [stdout]    | |__^ could not find `DispatchResult2` in `object_server`
[INFO] [stdout]    |
[INFO] [stdout]    = note: this error originates in the attribute macro `interface` (in Nightly builds, run with -Z macro-backtrace for more info)
[INFO] [stdout] help: an enum with a similar name exists
[INFO] [stdout]    |
[INFO] [stdout] 34 - #[interface(
[INFO] [stdout] 35 -     name = "org.freedesktop.DBus.ObjectManager",
[INFO] [stdout] 36 -     introspection_docs = false,
[INFO] [stdout] 37 -     proxy(visibility = "pub")
[INFO] [stdout] 38 - )]
[INFO] [stdout] 34 + DispatchResult
[INFO] [stdout]    |
[INFO] [stdout] 
[INFO] [stdout] 
[INFO] [stdout] error[E0433]: cannot find `DispatchResult2` in `object_server`
[INFO] [stdout]   --> /opt/rustwide/cargo-home/registry/src/index.crates.io-1949cf8c6b5b557f/zbus-5.13.2/src/fdo/peer.rs:13:1
[INFO] [stdout]    |
[INFO] [stdout] 13 | / #[crate::interface(
[INFO] [stdout] 14 | |     name = "org.freedesktop.DBus.Peer",
[INFO] [stdout] 15 | |     introspection_docs = false,
[INFO] [stdout] 16 | |     proxy(visibility = "pub")
[INFO] [stdout] 17 | | )]
[INFO] [stdout]    | |__^ could not find `DispatchResult2` in `object_server`
[INFO] [stdout]    |
[INFO] [stdout]    = note: this error originates in the attribute macro `crate::interface` (in Nightly builds, run with -Z macro-backtrace for more info)
[INFO] [stdout] help: an enum with a similar name exists
[INFO] [stdout]    |
[INFO] [stdout] 13 - #[crate::interface(
[INFO] [stdout] 14 -     name = "org.freedesktop.DBus.Peer",
[INFO] [stdout] 15 -     introspection_docs = false,
[INFO] [stdout] 16 -     proxy(visibility = "pub")
[INFO] [stdout] 17 - )]
[INFO] [stdout] 13 + DispatchResult
[INFO] [stdout]    |
[INFO] [stdout] 
[INFO] [stdout] 
[INFO] [stdout] error[E0433]: cannot find `DispatchResult2` in `object_server`
[INFO] [stdout]   --> /opt/rustwide/cargo-home/registry/src/index.crates.io-1949cf8c6b5b557f/zbus-5.13.2/src/fdo/properties.rs:18:1
[INFO] [stdout]    |
[INFO] [stdout] 18 | / #[interface(
[INFO] [stdout] 19 | |     name = "org.freedesktop.DBus.Properties",
[INFO] [stdout] 20 | |     introspection_docs = false,
[INFO] [stdout] 21 | |     proxy(visibility = "pub")
[INFO] [stdout] 22 | | )]
[INFO] [stdout]    | |__^ could not find `DispatchResult2` in `object_server`
[INFO] [stdout]    |
[INFO] [stdout]    = note: this error originates in the attribute macro `interface` (in Nightly builds, run with -Z macro-backtrace for more info)
[INFO] [stdout] help: an enum with a similar name exists
[INFO] [stdout]    |
[INFO] [stdout] 18 - #[interface(
[INFO] [stdout] 19 -     name = "org.freedesktop.DBus.Properties",
[INFO] [stdout] 20 -     introspection_docs = false,
[INFO] [stdout] 21 -     proxy(visibility = "pub")
[INFO] [stdout] 22 - )]
[INFO] [stdout] 18 + DispatchResult
[INFO] [stdout]    |
[INFO] [stdout] 
[INFO] [stdout] 
[INFO] [stdout] error[E0425]: cannot find type `DispatchResult2` in module `::zbus::object_server`
[INFO] [stdout]   --> /opt/rustwide/cargo-home/registry/src/index.crates.io-1949cf8c6b5b557f/zbus-5.13.2/src/fdo/introspectable.rs:14:1
[INFO] [stdout]    |
[INFO] [stdout] 14 | / #[interface(
[INFO] [stdout] 15 | |     name = "org.freedesktop.DBus.Introspectable",
[INFO] [stdout] 16 | |     introspection_docs = false,
[INFO] [stdout] 17 | |     proxy(default_path = "/", visibility = "pub")
[INFO] [stdout] 18 | | )]
[INFO] [stdout]    | |__^ not found in `::zbus::object_server`
[INFO] [stdout]    |
[INFO] [stdout] note: similarly named enum `DispatchResult` defined here
[INFO] [stdout]   --> /opt/rustwide/cargo-home/registry/src/index.crates.io-1949cf8c6b5b557f/zbus-5.13.2/src/object_server/interface/dispatch_result.rs:10:1
[INFO] [stdout]    |
[INFO] [stdout] 10 | pub enum DispatchResult<'a> {
[INFO] [stdout]    | ^^^^^^^^^^^^^^^^^^^^^^^^^^^
[INFO] [stdout]    = note: this error originates in the attribute macro `interface` (in Nightly builds, run with -Z macro-backtrace for more info)
[INFO] [stdout] help: an enum with a similar name exists
[INFO] [stdout]    |
[INFO] [stdout] 14 - #[interface(
[INFO] [stdout] 15 -     name = "org.freedesktop.DBus.Introspectable",
[INFO] [stdout] 16 -     introspection_docs = false,
[INFO] [stdout] 17 -     proxy(default_path = "/", visibility = "pub")
[INFO] [stdout] 18 - )]
[INFO] [stdout] 14 + DispatchResult
[INFO] [stdout]    |
[INFO] [stdout] 
[INFO] [stdout] 
[INFO] [stdout] error[E0425]: cannot find type `DispatchResult2` in module `::zbus::object_server`
[INFO] [stdout]   --> /opt/rustwide/cargo-home/registry/src/index.crates.io-1949cf8c6b5b557f/zbus-5.13.2/src/fdo/object_manager.rs:34:1
[INFO] [stdout]    |
[INFO] [stdout] 34 | / #[interface(
[INFO] [stdout] 35 | |     name = "org.freedesktop.DBus.ObjectManager",
[INFO] [stdout] 36 | |     introspection_docs = false,
[INFO] [stdout] 37 | |     proxy(visibility = "pub")
[INFO] [stdout] 38 | | )]
[INFO] [stdout]    | |__^ not found in `::zbus::object_server`
[INFO] [stdout]    |
[INFO] [stdout] note: similarly named enum `DispatchResult` defined here
[INFO] [stdout]   --> /opt/rustwide/cargo-home/registry/src/index.crates.io-1949cf8c6b5b557f/zbus-5.13.2/src/object_server/interface/dispatch_result.rs:10:1
[INFO] [stdout]    |
[INFO] [stdout] 10 | pub enum DispatchResult<'a> {
[INFO] [stdout]    | ^^^^^^^^^^^^^^^^^^^^^^^^^^^
[INFO] [stdout]    = note: this error originates in the attribute macro `interface` (in Nightly builds, run with -Z macro-backtrace for more info)
[INFO] [stdout] help: an enum with a similar name exists
[INFO] [stdout]    |
[INFO] [stdout] 34 - #[interface(
[INFO] [stdout] 35 -     name = "org.freedesktop.DBus.ObjectManager",
[INFO] [stdout] 36 -     introspection_docs = false,
[INFO] [stdout] 37 -     proxy(visibility = "pub")
[INFO] [stdout] 38 - )]
[INFO] [stdout] 34 + DispatchResult
[INFO] [stdout]    |
[INFO] [stdout] 
[INFO] [stdout] 
[INFO] [stdout] error[E0425]: cannot find type `DispatchResult2` in module `::zbus::object_server`
[INFO] [stdout]   --> /opt/rustwide/cargo-home/registry/src/index.crates.io-1949cf8c6b5b557f/zbus-5.13.2/src/fdo/peer.rs:13:1
[INFO] [stdout]    |
[INFO] [stdout] 13 | / #[crate::interface(
[INFO] [stdout] 14 | |     name = "org.freedesktop.DBus.Peer",
[INFO] [stdout] 15 | |     introspection_docs = false,
[INFO] [stdout] 16 | |     proxy(visibility = "pub")
[INFO] [stdout] 17 | | )]
[INFO] [stdout]    | |__^ not found in `::zbus::object_server`
[INFO] [stdout]    |
[INFO] [stdout] note: similarly named enum `DispatchResult` defined here
[INFO] [stdout]   --> /opt/rustwide/cargo-home/registry/src/index.crates.io-1949cf8c6b5b557f/zbus-5.13.2/src/object_server/interface/dispatch_result.rs:10:1
[INFO] [stdout]    |
[INFO] [stdout] 10 | pub enum DispatchResult<'a> {
[INFO] [stdout]    | ^^^^^^^^^^^^^^^^^^^^^^^^^^^
[INFO] [stdout]    = note: this error originates in the attribute macro `crate::interface` (in Nightly builds, run with -Z macro-backtrace for more info)
[INFO] [stdout] help: an enum with a similar name exists
[INFO] [stdout]    |
[INFO] [stdout] 13 - #[crate::interface(
[INFO] [stdout] 14 -     name = "org.freedesktop.DBus.Peer",
[INFO] [stdout] 15 -     introspection_docs = false,
[INFO] [stdout] 16 -     proxy(visibility = "pub")
[INFO] [stdout] 17 - )]
[INFO] [stdout] 13 + DispatchResult
[INFO] [stdout]    |
[INFO] [stdout] 
[INFO] [stdout] 
[INFO] [stdout] error[E0425]: cannot find type `DispatchResult2` in module `::zbus::object_server`
[INFO] [stdout]   --> /opt/rustwide/cargo-home/registry/src/index.crates.io-1949cf8c6b5b557f/zbus-5.13.2/src/fdo/properties.rs:18:1
[INFO] [stdout]    |
[INFO] [stdout] 18 | / #[interface(
[INFO] [stdout] 19 | |     name = "org.freedesktop.DBus.Properties",
[INFO] [stdout] 20 | |     introspection_docs = false,
[INFO] [stdout] 21 | |     proxy(visibility = "pub")
[INFO] [stdout] 22 | | )]
[INFO] [stdout]    | |__^ not found in `::zbus::object_server`
[INFO] [stdout]    |
[INFO] [stdout] note: similarly named enum `DispatchResult` defined here
[INFO] [stdout]   --> /opt/rustwide/cargo-home/registry/src/index.crates.io-1949cf8c6b5b557f/zbus-5.13.2/src/object_server/interface/dispatch_result.rs:10:1
[INFO] [stdout]    |
[INFO] [stdout] 10 | pub enum DispatchResult<'a> {
[INFO] [stdout]    | ^^^^^^^^^^^^^^^^^^^^^^^^^^^
[INFO] [stdout]    = note: this error originates in the attribute macro `interface` (in Nightly builds, run with -Z macro-backtrace for more info)
[INFO] [stdout] help: an enum with a similar name exists
[INFO] [stdout]    |
[INFO] [stdout] 18 - #[interface(
[INFO] [stdout] 19 -     name = "org.freedesktop.DBus.Properties",
[INFO] [stdout] 20 -     introspection_docs = false,
[INFO] [stdout] 21 -     proxy(visibility = "pub")
[INFO] [stdout] 22 - )]
[INFO] [stdout] 18 + DispatchResult
[INFO] [stdout]    |
[INFO] [stdout] 
[INFO] [stdout] 
[INFO] [stdout] Some errors have detailed explanations: E0425, E0433.
[INFO] [stdout] 
[INFO] [stdout] For more information about an error, try `rustc --explain E0425`.
[INFO] [stdout] 
[INFO] [stderr] error: could not compile `zbus` (lib) due to 8 previous errors
[INFO] running `Command { std: "docker" "inspect" "49cd5809bfdf0fce4108bed8207253a72139365d97e631050c5a0f0b9d75200b", kill_on_drop: false }`
[INFO] running `Command { std: "docker" "rm" "-f" "49cd5809bfdf0fce4108bed8207253a72139365d97e631050c5a0f0b9d75200b", kill_on_drop: false }`
[INFO] [stdout] 49cd5809bfdf0fce4108bed8207253a72139365d97e631050c5a0f0b9d75200b
