[INFO] cloning repository https://github.com/frankischilling/26chan
[INFO] running `Command { std: "git" "-c" "credential.helper=" "-c" "credential.helper=/workspace/cargo-home/bin/git-credential-null" "clone" "--bare" "https://github.com/frankischilling/26chan" "/workspace/cache/git-repos/https%3A%2F%2Fgithub.com%2Ffrankischilling%2F26chan", kill_on_drop: false }`
[INFO] [stderr] Cloning into bare repository '/workspace/cache/git-repos/https%3A%2F%2Fgithub.com%2Ffrankischilling%2F26chan'...
[INFO] running `Command { std: "git" "rev-parse" "HEAD", kill_on_drop: false }`
[INFO] [stdout] e567d3df42cabffa277a4614284cf1ba6d3c61a7
[INFO] checking frankischilling/26chan against 3154cc1a3e6424e44f438a95007d043ed5ceaaf6 for pr-133502-30
[INFO] running `Command { std: "git" "clone" "/workspace/cache/git-repos/https%3A%2F%2Fgithub.com%2Ffrankischilling%2F26chan" "/workspace/builds/worker-0-tc2/source", kill_on_drop: false }`
[INFO] [stderr] Cloning into '/workspace/builds/worker-0-tc2/source'...
[INFO] [stderr] done.
[INFO] removed /workspace/builds/worker-0-tc2/source/.cargo/config.toml
[INFO] removed /workspace/builds/worker-0-tc2/source/rust-toolchain.toml
[INFO] started tweaking git repo https://github.com/frankischilling/26chan
[INFO] finished tweaking git repo https://github.com/frankischilling/26chan
[INFO] tweaked toml for git repo https://github.com/frankischilling/26chan written to /workspace/builds/worker-0-tc2/source/Cargo.toml
[INFO] validating manifest of git repo https://github.com/frankischilling/26chan on toolchain 3154cc1a3e6424e44f438a95007d043ed5ceaaf6
[INFO] running `Command { std: CARGO_HOME="/workspace/cargo-home" RUSTUP_HOME="/workspace/rustup-home" "/workspace/cargo-home/bin/cargo" "+3154cc1a3e6424e44f438a95007d043ed5ceaaf6" "metadata" "--manifest-path" "Cargo.toml" "--no-deps", kill_on_drop: false }`
[INFO] crate git repo https://github.com/frankischilling/26chan already has a lockfile, it will not be regenerated
[INFO] running `Command { std: CARGO_HOME="/workspace/cargo-home" RUSTUP_HOME="/workspace/rustup-home" "/workspace/cargo-home/bin/cargo" "+3154cc1a3e6424e44f438a95007d043ed5ceaaf6" "fetch" "--manifest-path" "Cargo.toml", kill_on_drop: false }`
[INFO] running `Command { std: "docker" "create" "-v" "/var/lib/crater-agent-workspace/builds/worker-0-tc2/source:/opt/rustwide/workdir:ro,Z" "-v" "/var/lib/crater-agent-workspace/builds/worker-0-tc2/target:/opt/rustwide/target:rw,Z" "-v" "/var/lib/crater-agent-workspace/cargo-home:/opt/rustwide/cargo-home:ro,Z" "-v" "/var/lib/crater-agent-workspace/rustup-home:/opt/rustwide/rustup-home:ro,Z" "-m" "1610612736" "--network" "none" "ghcr.io/rust-lang/crates-build-env/linux@sha256:77db811e55d90add9212f6832c23229e3de5f1c1f9905e8cb07319ea15df73ac" "sleep" "infinity", kill_on_drop: false }`
[INFO] [stdout] 216331a9ac77e8fceac58faa71ceec23673b6ef6fb42da926aa47699cd5f1f9c
[INFO] running `Command { std: "docker" "start" "216331a9ac77e8fceac58faa71ceec23673b6ef6fb42da926aa47699cd5f1f9c", kill_on_drop: false }`
[INFO] running `Command { std: "docker" "inspect" "216331a9ac77e8fceac58faa71ceec23673b6ef6fb42da926aa47699cd5f1f9c", kill_on_drop: false }`
[INFO] running `Command { std: "docker" "exec" "-e" "SOURCE_DIR=/opt/rustwide/workdir" "-e" "CARGO_HOME=/opt/rustwide/cargo-home" "-e" "RUSTUP_HOME=/opt/rustwide/rustup-home" "-e" "CARGO_TARGET_DIR=/opt/rustwide/target" "-w" "/opt/rustwide/workdir" "--user" "0:0" "216331a9ac77e8fceac58faa71ceec23673b6ef6fb42da926aa47699cd5f1f9c" "/opt/rustwide/cargo-home/bin/cargo" "+3154cc1a3e6424e44f438a95007d043ed5ceaaf6" "metadata" "--no-deps" "--format-version=1", kill_on_drop: false }`
[INFO] running `Command { std: "docker" "inspect" "216331a9ac77e8fceac58faa71ceec23673b6ef6fb42da926aa47699cd5f1f9c", kill_on_drop: false }`
[INFO] running `Command { std: "docker" "exec" "-e" "SOURCE_DIR=/opt/rustwide/workdir" "-e" "CARGO_HOME=/opt/rustwide/cargo-home" "-e" "RUSTUP_HOME=/opt/rustwide/rustup-home" "-e" "CARGO_TARGET_DIR=/opt/rustwide/target" "-e" "CARGO_INCREMENTAL=0" "-e" "RUST_BACKTRACE=full" "-e" "RUSTFLAGS=--cap-lints=forbid" "-e" "RUSTDOCFLAGS=--cap-lints=forbid" "-w" "/opt/rustwide/workdir" "--user" "0:0" "216331a9ac77e8fceac58faa71ceec23673b6ef6fb42da926aa47699cd5f1f9c" "/opt/rustwide/cargo-home/bin/cargo" "+3154cc1a3e6424e44f438a95007d043ed5ceaaf6" "check" "--frozen" "--all" "--all-targets" "--message-format=json", kill_on_drop: false }`
[INFO] [stderr]    Compiling getrandom v0.4.3
[INFO] [stderr]    Compiling num-traits v0.2.19
[INFO] [stderr]    Compiling syn v3.0.5
[INFO] [stderr]    Compiling jobserver v0.1.35
[INFO] [stderr]     Checking getrandom v0.2.17
[INFO] [stderr]    Compiling serde_json v1.0.151
[INFO] [stderr]    Compiling synstructure v0.13.2
[INFO] [stderr]    Compiling thiserror-impl v1.0.69
[INFO] [stderr]     Checking ipnetwork v0.21.1
[INFO] [stderr]    Compiling rust_icu_release v5.8.0
[INFO] [stderr]    Compiling tracing-attributes v0.1.31
[INFO] [stderr]     Checking crypto-common v0.2.2
[INFO] [stderr]     Checking crypto-common v0.1.7
[INFO] [stderr]     Checking block-buffer v0.12.1
[INFO] [stderr]    Compiling serde_core v1.0.229
[INFO] [stderr]     Checking slab v0.4.12
[INFO] [stderr]    Compiling rustls v0.23.45
[INFO] [stderr]    Compiling rustix v1.1.4
[INFO] [stderr]     Checking digest v0.10.7
[INFO] [stderr]     Checking linux-raw-sys v0.12.1
[INFO] [stderr]    Compiling cmov v0.5.4
[INFO] [stderr]    Compiling rust_icu_sys v5.8.0
[INFO] [stderr]    Compiling cc v1.4.5
[INFO] [stderr]     Checking sha2 v0.10.9
[INFO] [stdout] error: environment variable `RUST_ICU_MAJOR_VERSION_NUMBER` not defined at compile time
[INFO] [stdout]   --> /opt/rustwide/cargo-home/registry/src/index.crates.io-1949cf8c6b5b557f/rust_icu_sys-5.8.0/src/lib.rs:62:5
[INFO] [stdout]    |
[INFO] [stdout] 62 |     env!("RUST_ICU_MAJOR_VERSION_NUMBER"),
[INFO] [stdout]    |     ^^^^^^^^^^^^^^^^^^^^^^^^^^^^^^^^^^^^^
[INFO] [stdout]    |
[INFO] [stdout]    = help: use `std::env::var("RUST_ICU_MAJOR_VERSION_NUMBER")` to read the variable at run time
[INFO] [stdout] 
[INFO] [stdout] 
[INFO] [stderr]    Compiling ctutils v0.4.2
[INFO] [stderr]    Compiling generic-array v0.14.7
[INFO] [stderr]    Compiling futures-core v0.3.34
[INFO] [stderr]    Compiling zeroize v1.9.0
[INFO] [stderr]    Compiling rustls-pki-types v1.15.1
[INFO] [stderr]    Compiling untrusted v0.9.0
[INFO] [stdout] error[E0425]: cannot find type `UErrorCode` in this scope
[INFO] [stdout]   --> /opt/rustwide/cargo-home/registry/src/index.crates.io-1949cf8c6b5b557f/rust_icu_sys-5.8.0/src/lib.rs:68:28
[INFO] [stdout]    |
[INFO] [stdout] 68 | impl std::fmt::Display for UErrorCode {
[INFO] [stdout]    |                            ^^^^^^^^^^ not found in this scope
[INFO] [stdout] 
[INFO] [stdout] 
[INFO] [stdout] error[E0425]: cannot find type `UCharCategory` in this scope
[INFO] [stdout]   --> /opt/rustwide/cargo-home/registry/src/index.crates.io-1949cf8c6b5b557f/rust_icu_sys-5.8.0/src/lib.rs:76:19
[INFO] [stdout]    |
[INFO] [stdout] 76 | impl From<i8> for UCharCategory {
[INFO] [stdout]    |                   ^^^^^^^^^^^^^ not found in this scope
[INFO] [stdout] 
[INFO] [stdout] 
[INFO] [stdout] error[E0433]: cannot find type `UCharCategory` in this scope
[INFO] [stdout]   --> /opt/rustwide/cargo-home/registry/src/index.crates.io-1949cf8c6b5b557f/rust_icu_sys-5.8.0/src/lib.rs:79:18
[INFO] [stdout]    |
[INFO] [stdout] 79 |             0 => UCharCategory::U_UNASSIGNED,
[INFO] [stdout]    |                  ^^^^^^^^^^^^^ use of undeclared type `UCharCategory`
[INFO] [stdout] 
[INFO] [stdout] 
[INFO] [stdout] error[E0433]: cannot find type `UCharCategory` in this scope
[INFO] [stdout]   --> /opt/rustwide/cargo-home/registry/src/index.crates.io-1949cf8c6b5b557f/rust_icu_sys-5.8.0/src/lib.rs:80:18
[INFO] [stdout]    |
[INFO] [stdout] 80 |             1 => UCharCategory::U_UPPERCASE_LETTER,
[INFO] [stdout]    |                  ^^^^^^^^^^^^^ use of undeclared type `UCharCategory`
[INFO] [stdout] 
[INFO] [stdout] 
[INFO] [stdout] error[E0433]: cannot find type `UCharCategory` in this scope
[INFO] [stdout]   --> /opt/rustwide/cargo-home/registry/src/index.crates.io-1949cf8c6b5b557f/rust_icu_sys-5.8.0/src/lib.rs:81:18
[INFO] [stdout]    |
[INFO] [stdout] 81 |             2 => UCharCategory::U_LOWERCASE_LETTER,
[INFO] [stdout]    |                  ^^^^^^^^^^^^^ use of undeclared type `UCharCategory`
[INFO] [stdout] 
[INFO] [stdout] 
[INFO] [stdout] error[E0433]: cannot find type `UCharCategory` in this scope
[INFO] [stdout]   --> /opt/rustwide/cargo-home/registry/src/index.crates.io-1949cf8c6b5b557f/rust_icu_sys-5.8.0/src/lib.rs:82:18
[INFO] [stdout]    |
[INFO] [stdout] 82 |             3 => UCharCategory::U_TITLECASE_LETTER,
[INFO] [stdout]    |                  ^^^^^^^^^^^^^ use of undeclared type `UCharCategory`
[INFO] [stdout] 
[INFO] [stdout] 
[INFO] [stdout] error[E0433]: cannot find type `UCharCategory` in this scope
[INFO] [stdout]   --> /opt/rustwide/cargo-home/registry/src/index.crates.io-1949cf8c6b5b557f/rust_icu_sys-5.8.0/src/lib.rs:83:18
[INFO] [stdout]    |
[INFO] [stdout] 83 |             4 => UCharCategory::U_MODIFIER_LETTER,
[INFO] [stdout]    |                  ^^^^^^^^^^^^^ use of undeclared type `UCharCategory`
[INFO] [stdout] 
[INFO] [stdout] 
[INFO] [stdout] error[E0433]: cannot find type `UCharCategory` in this scope
[INFO] [stdout]   --> /opt/rustwide/cargo-home/registry/src/index.crates.io-1949cf8c6b5b557f/rust_icu_sys-5.8.0/src/lib.rs:84:18
[INFO] [stdout]    |
[INFO] [stdout] 84 |             5 => UCharCategory::U_OTHER_LETTER,
[INFO] [stdout]    |                  ^^^^^^^^^^^^^ use of undeclared type `UCharCategory`
[INFO] [stdout] 
[INFO] [stdout] 
[INFO] [stdout] error[E0433]: cannot find type `UCharCategory` in this scope
[INFO] [stdout]   --> /opt/rustwide/cargo-home/registry/src/index.crates.io-1949cf8c6b5b557f/rust_icu_sys-5.8.0/src/lib.rs:85:18
[INFO] [stdout]    |
[INFO] [stdout] 85 |             6 => UCharCategory::U_NON_SPACING_MARK,
[INFO] [stdout]    |                  ^^^^^^^^^^^^^ use of undeclared type `UCharCategory`
[INFO] [stdout] 
[INFO] [stdout] 
[INFO] [stdout] error[E0433]: cannot find type `UCharCategory` in this scope
[INFO] [stdout]   --> /opt/rustwide/cargo-home/registry/src/index.crates.io-1949cf8c6b5b557f/rust_icu_sys-5.8.0/src/lib.rs:86:18
[INFO] [stdout]    |
[INFO] [stdout] 86 |             7 => UCharCategory::U_ENCLOSING_MARK,
[INFO] [stdout]    |                  ^^^^^^^^^^^^^ use of undeclared type `UCharCategory`
[INFO] [stdout] 
[INFO] [stdout] 
[INFO] [stdout] error[E0433]: cannot find type `UCharCategory` in this scope
[INFO] [stdout]   --> /opt/rustwide/cargo-home/registry/src/index.crates.io-1949cf8c6b5b557f/rust_icu_sys-5.8.0/src/lib.rs:87:18
[INFO] [stdout]    |
[INFO] [stdout] 87 |             8 => UCharCategory::U_COMBINING_SPACING_MARK,
[INFO] [stdout]    |                  ^^^^^^^^^^^^^ use of undeclared type `UCharCategory`
[INFO] [stdout] 
[INFO] [stdout] 
[INFO] [stdout] error[E0433]: cannot find type `UCharCategory` in this scope
[INFO] [stdout]   --> /opt/rustwide/cargo-home/registry/src/index.crates.io-1949cf8c6b5b557f/rust_icu_sys-5.8.0/src/lib.rs:88:18
[INFO] [stdout]    |
[INFO] [stdout] 88 |             9 => UCharCategory::U_DECIMAL_DIGIT_NUMBER,
[INFO] [stdout]    |                  ^^^^^^^^^^^^^ use of undeclared type `UCharCategory`
[INFO] [stdout] 
[INFO] [stdout] 
[INFO] [stdout] error[E0433]: cannot find type `UCharCategory` in this scope
[INFO] [stdout]   --> /opt/rustwide/cargo-home/registry/src/index.crates.io-1949cf8c6b5b557f/rust_icu_sys-5.8.0/src/lib.rs:89:19
[INFO] [stdout]    |
[INFO] [stdout] 89 |             10 => UCharCategory::U_LETTER_NUMBER,
[INFO] [stdout]    |                   ^^^^^^^^^^^^^ use of undeclared type `UCharCategory`
[INFO] [stdout] 
[INFO] [stdout] 
[INFO] [stdout] error[E0433]: cannot find type `UCharCategory` in this scope
[INFO] [stdout]   --> /opt/rustwide/cargo-home/registry/src/index.crates.io-1949cf8c6b5b557f/rust_icu_sys-5.8.0/src/lib.rs:90:19
[INFO] [stdout]    |
[INFO] [stdout] 90 |             11 => UCharCategory::U_OTHER_NUMBER,
[INFO] [stdout]    |                   ^^^^^^^^^^^^^ use of undeclared type `UCharCategory`
[INFO] [stdout] 
[INFO] [stdout] 
[INFO] [stdout] error[E0433]: cannot find type `UCharCategory` in this scope
[INFO] [stdout]   --> /opt/rustwide/cargo-home/registry/src/index.crates.io-1949cf8c6b5b557f/rust_icu_sys-5.8.0/src/lib.rs:91:19
[INFO] [stdout]    |
[INFO] [stdout] 91 |             12 => UCharCategory::U_SPACE_SEPARATOR,
[INFO] [stdout]    |                   ^^^^^^^^^^^^^ use of undeclared type `UCharCategory`
[INFO] [stdout] 
[INFO] [stdout] 
[INFO] [stdout] error[E0433]: cannot find type `UCharCategory` in this scope
[INFO] [stdout]   --> /opt/rustwide/cargo-home/registry/src/index.crates.io-1949cf8c6b5b557f/rust_icu_sys-5.8.0/src/lib.rs:92:19
[INFO] [stdout]    |
[INFO] [stdout] 92 |             13 => UCharCategory::U_LINE_SEPARATOR,
[INFO] [stdout]    |                   ^^^^^^^^^^^^^ use of undeclared type `UCharCategory`
[INFO] [stdout] 
[INFO] [stdout] 
[INFO] [stdout] error[E0433]: cannot find type `UCharCategory` in this scope
[INFO] [stdout]   --> /opt/rustwide/cargo-home/registry/src/index.crates.io-1949cf8c6b5b557f/rust_icu_sys-5.8.0/src/lib.rs:93:19
[INFO] [stdout]    |
[INFO] [stdout] 93 |             14 => UCharCategory::U_PARAGRAPH_SEPARATOR,
[INFO] [stdout]    |                   ^^^^^^^^^^^^^ use of undeclared type `UCharCategory`
[INFO] [stdout] 
[INFO] [stdout] 
[INFO] [stdout] error[E0433]: cannot find type `UCharCategory` in this scope
[INFO] [stdout]   --> /opt/rustwide/cargo-home/registry/src/index.crates.io-1949cf8c6b5b557f/rust_icu_sys-5.8.0/src/lib.rs:94:19
[INFO] [stdout]    |
[INFO] [stdout] 94 |             15 => UCharCategory::U_CONTROL_CHAR,
[INFO] [stdout]    |                   ^^^^^^^^^^^^^ use of undeclared type `UCharCategory`
[INFO] [stdout] 
[INFO] [stdout] 
[INFO] [stdout] error[E0433]: cannot find type `UCharCategory` in this scope
[INFO] [stdout]   --> /opt/rustwide/cargo-home/registry/src/index.crates.io-1949cf8c6b5b557f/rust_icu_sys-5.8.0/src/lib.rs:95:19
[INFO] [stdout]    |
[INFO] [stdout] 95 |             16 => UCharCategory::U_FORMAT_CHAR,
[INFO] [stdout]    |                   ^^^^^^^^^^^^^ use of undeclared type `UCharCategory`
[INFO] [stdout] 
[INFO] [stdout] 
[INFO] [stdout] error[E0433]: cannot find type `UCharCategory` in this scope
[INFO] [stdout]   --> /opt/rustwide/cargo-home/registry/src/index.crates.io-1949cf8c6b5b557f/rust_icu_sys-5.8.0/src/lib.rs:96:19
[INFO] [stdout]    |
[INFO] [stdout] 96 |             17 => UCharCategory::U_PRIVATE_USE_CHAR,
[INFO] [stdout]    |                   ^^^^^^^^^^^^^ use of undeclared type `UCharCategory`
[INFO] [stdout] 
[INFO] [stdout] 
[INFO] [stdout] error[E0433]: cannot find type `UCharCategory` in this scope
[INFO] [stdout]   --> /opt/rustwide/cargo-home/registry/src/index.crates.io-1949cf8c6b5b557f/rust_icu_sys-5.8.0/src/lib.rs:97:19
[INFO] [stdout]    |
[INFO] [stdout] 97 |             18 => UCharCategory::U_SURROGATE,
[INFO] [stdout]    |                   ^^^^^^^^^^^^^ use of undeclared type `UCharCategory`
[INFO] [stdout] 
[INFO] [stdout] 
[INFO] [stdout] error[E0433]: cannot find type `UCharCategory` in this scope
[INFO] [stdout]   --> /opt/rustwide/cargo-home/registry/src/index.crates.io-1949cf8c6b5b557f/rust_icu_sys-5.8.0/src/lib.rs:98:19
[INFO] [stdout]    |
[INFO] [stdout] 98 |             19 => UCharCategory::U_DASH_PUNCTUATION,
[INFO] [stdout]    |                   ^^^^^^^^^^^^^ use of undeclared type `UCharCategory`
[INFO] [stdout] 
[INFO] [stdout] 
[INFO] [stdout] error[E0433]: cannot find type `UCharCategory` in this scope
[INFO] [stdout]   --> /opt/rustwide/cargo-home/registry/src/index.crates.io-1949cf8c6b5b557f/rust_icu_sys-5.8.0/src/lib.rs:99:19
[INFO] [stdout]    |
[INFO] [stdout] 99 |             20 => UCharCategory::U_START_PUNCTUATION,
[INFO] [stdout]    |                   ^^^^^^^^^^^^^ use of undeclared type `UCharCategory`
[INFO] [stdout] 
[INFO] [stdout] 
[INFO] [stdout] error[E0433]: cannot find type `UCharCategory` in this scope
[INFO] [stdout]    --> /opt/rustwide/cargo-home/registry/src/index.crates.io-1949cf8c6b5b557f/rust_icu_sys-5.8.0/src/lib.rs:100:19
[INFO] [stdout]     |
[INFO] [stdout] 100 |             21 => UCharCategory::U_END_PUNCTUATION,
[INFO] [stdout]     |                   ^^^^^^^^^^^^^ use of undeclared type `UCharCategory`
[INFO] [stdout] 
[INFO] [stdout] 
[INFO] [stdout] error[E0433]: cannot find type `UCharCategory` in this scope
[INFO] [stdout]    --> /opt/rustwide/cargo-home/registry/src/index.crates.io-1949cf8c6b5b557f/rust_icu_sys-5.8.0/src/lib.rs:101:19
[INFO] [stdout]     |
[INFO] [stdout] 101 |             22 => UCharCategory::U_CONNECTOR_PUNCTUATION,
[INFO] [stdout]     |                   ^^^^^^^^^^^^^ use of undeclared type `UCharCategory`
[INFO] [stdout] 
[INFO] [stdout] 
[INFO] [stdout] error[E0433]: cannot find type `UCharCategory` in this scope
[INFO] [stdout]    --> /opt/rustwide/cargo-home/registry/src/index.crates.io-1949cf8c6b5b557f/rust_icu_sys-5.8.0/src/lib.rs:102:19
[INFO] [stdout]     |
[INFO] [stdout] 102 |             23 => UCharCategory::U_OTHER_PUNCTUATION,
[INFO] [stdout]     |                   ^^^^^^^^^^^^^ use of undeclared type `UCharCategory`
[INFO] [stdout] 
[INFO] [stdout] 
[INFO] [stdout] error[E0433]: cannot find type `UCharCategory` in this scope
[INFO] [stdout]    --> /opt/rustwide/cargo-home/registry/src/index.crates.io-1949cf8c6b5b557f/rust_icu_sys-5.8.0/src/lib.rs:103:19
[INFO] [stdout]     |
[INFO] [stdout] 103 |             24 => UCharCategory::U_MATH_SYMBOL,
[INFO] [stdout]     |                   ^^^^^^^^^^^^^ use of undeclared type `UCharCategory`
[INFO] [stdout] 
[INFO] [stdout] 
[INFO] [stdout] error[E0433]: cannot find type `UCharCategory` in this scope
[INFO] [stdout]    --> /opt/rustwide/cargo-home/registry/src/index.crates.io-1949cf8c6b5b557f/rust_icu_sys-5.8.0/src/lib.rs:104:19
[INFO] [stdout]     |
[INFO] [stdout] 104 |             25 => UCharCategory::U_CURRENCY_SYMBOL,
[INFO] [stdout]     |                   ^^^^^^^^^^^^^ use of undeclared type `UCharCategory`
[INFO] [stdout] 
[INFO] [stdout] 
[INFO] [stdout] error[E0433]: cannot find type `UCharCategory` in this scope
[INFO] [stdout]    --> /opt/rustwide/cargo-home/registry/src/index.crates.io-1949cf8c6b5b557f/rust_icu_sys-5.8.0/src/lib.rs:105:19
[INFO] [stdout]     |
[INFO] [stdout] 105 |             26 => UCharCategory::U_MODIFIER_SYMBOL,
[INFO] [stdout]     |                   ^^^^^^^^^^^^^ use of undeclared type `UCharCategory`
[INFO] [stdout] 
[INFO] [stdout] 
[INFO] [stdout] error[E0433]: cannot find type `UCharCategory` in this scope
[INFO] [stdout]    --> /opt/rustwide/cargo-home/registry/src/index.crates.io-1949cf8c6b5b557f/rust_icu_sys-5.8.0/src/lib.rs:106:19
[INFO] [stdout]     |
[INFO] [stdout] 106 |             27 => UCharCategory::U_OTHER_SYMBOL,
[INFO] [stdout]     |                   ^^^^^^^^^^^^^ use of undeclared type `UCharCategory`
[INFO] [stdout] 
[INFO] [stdout] 
[INFO] [stdout] error[E0433]: cannot find type `UCharCategory` in this scope
[INFO] [stdout]    --> /opt/rustwide/cargo-home/registry/src/index.crates.io-1949cf8c6b5b557f/rust_icu_sys-5.8.0/src/lib.rs:107:19
[INFO] [stdout]     |
[INFO] [stdout] 107 |             28 => UCharCategory::U_INITIAL_PUNCTUATION,
[INFO] [stdout]     |                   ^^^^^^^^^^^^^ use of undeclared type `UCharCategory`
[INFO] [stdout] 
[INFO] [stdout] 
[INFO] [stdout] error[E0433]: cannot find type `UCharCategory` in this scope
[INFO] [stdout]    --> /opt/rustwide/cargo-home/registry/src/index.crates.io-1949cf8c6b5b557f/rust_icu_sys-5.8.0/src/lib.rs:108:19
[INFO] [stdout]     |
[INFO] [stdout] 108 |             29 => UCharCategory::U_FINAL_PUNCTUATION,
[INFO] [stdout]     |                   ^^^^^^^^^^^^^ use of undeclared type `UCharCategory`
[INFO] [stdout] 
[INFO] [stdout] 
[INFO] [stdout] error[E0433]: cannot find type `UCharCategory` in this scope
[INFO] [stdout]    --> /opt/rustwide/cargo-home/registry/src/index.crates.io-1949cf8c6b5b557f/rust_icu_sys-5.8.0/src/lib.rs:109:19
[INFO] [stdout]     |
[INFO] [stdout] 109 |             30 => UCharCategory::U_CHAR_CATEGORY_COUNT,
[INFO] [stdout]     |                   ^^^^^^^^^^^^^ use of undeclared type `UCharCategory`
[INFO] [stdout] 
[INFO] [stdout] 
[INFO] [stdout] Some errors have detailed explanations: E0425, E0433.
[INFO] [stdout] 
[INFO] [stdout] For more information about an error, try `rustc --explain E0425`.
[INFO] [stdout] 
[INFO] [stderr]    Compiling block-buffer v0.10.4
[INFO] [stderr] error: could not compile `rust_icu_sys` (lib) due to 34 previous errors
[INFO] [stderr] warning: build failed, waiting for other jobs to finish...
[INFO] running `Command { std: "docker" "inspect" "216331a9ac77e8fceac58faa71ceec23673b6ef6fb42da926aa47699cd5f1f9c", kill_on_drop: false }`
[INFO] running `Command { std: "docker" "rm" "-f" "216331a9ac77e8fceac58faa71ceec23673b6ef6fb42da926aa47699cd5f1f9c", kill_on_drop: false }`
[INFO] [stdout] 216331a9ac77e8fceac58faa71ceec23673b6ef6fb42da926aa47699cd5f1f9c
