[INFO] cloning repository https://github.com/floriankraemer/ide
[INFO] running `Command { std: "git" "-c" "credential.helper=" "-c" "credential.helper=/workspace/cargo-home/bin/git-credential-null" "clone" "--bare" "https://github.com/floriankraemer/ide" "/workspace/cache/git-repos/https%3A%2F%2Fgithub.com%2Ffloriankraemer%2Fide", kill_on_drop: false }`
[INFO] [stderr] Cloning into bare repository '/workspace/cache/git-repos/https%3A%2F%2Fgithub.com%2Ffloriankraemer%2Fide'...
[INFO] running `Command { std: "git" "rev-parse" "HEAD", kill_on_drop: false }`
[INFO] [stdout] bef8ab0de0ee1a22ffa7aee2ffdbe8325d7124b8
[INFO] checking floriankraemer/ide against 3154cc1a3e6424e44f438a95007d043ed5ceaaf6+rustflags=-Znext-solver=coherence for pr-133502-30
[INFO] running `Command { std: "git" "clone" "/workspace/cache/git-repos/https%3A%2F%2Fgithub.com%2Ffloriankraemer%2Fide" "/workspace/builds/worker-2-tc1/source", kill_on_drop: false }`
[INFO] [stderr] Cloning into '/workspace/builds/worker-2-tc1/source'...
[INFO] [stderr] done.
[INFO] removed /workspace/builds/worker-2-tc1/source/.cargo/config.toml
[INFO] started tweaking git repo https://github.com/floriankraemer/ide
[INFO] finished tweaking git repo https://github.com/floriankraemer/ide
[INFO] tweaked toml for git repo https://github.com/floriankraemer/ide written to /workspace/builds/worker-2-tc1/source/Cargo.toml
[INFO] validating manifest of git repo https://github.com/floriankraemer/ide on toolchain 3154cc1a3e6424e44f438a95007d043ed5ceaaf6
[INFO] running `Command { std: CARGO_HOME="/workspace/cargo-home" RUSTUP_HOME="/workspace/rustup-home" "/workspace/cargo-home/bin/cargo" "+3154cc1a3e6424e44f438a95007d043ed5ceaaf6" "metadata" "--manifest-path" "Cargo.toml" "--no-deps", kill_on_drop: false }`
[INFO] crate git repo https://github.com/floriankraemer/ide already has a lockfile, it will not be regenerated
[INFO] running `Command { std: CARGO_HOME="/workspace/cargo-home" RUSTUP_HOME="/workspace/rustup-home" "/workspace/cargo-home/bin/cargo" "+3154cc1a3e6424e44f438a95007d043ed5ceaaf6" "fetch" "--manifest-path" "Cargo.toml", kill_on_drop: false }`
[INFO] [stderr]     Updating crates.io index
[INFO] [stderr]  Downloading crates ...
[INFO] [stderr]   Downloaded gix-error v0.3.1
[INFO] [stderr]   Downloaded gix-command v0.10.0
[INFO] [stderr]   Downloaded gix-path v0.12.5
[INFO] [stderr]   Downloaded gix-status v0.34.1
[INFO] [stderr]   Downloaded gix-dir v0.29.1
[INFO] [stderr]   Downloaded tree-sitter-language v0.1.7
[INFO] [stderr]   Downloaded gix-transport v0.59.1
[INFO] [stderr]   Downloaded wat v1.257.1
[INFO] [stderr]   Downloaded wasmtime-internal-component-util v38.0.4
[INFO] [stderr]   Downloaded wasmtime-internal-jit-debug v38.0.4
[INFO] [stderr]   Downloaded wasmtime-internal-winch v38.0.4
[INFO] [stderr]   Downloaded cranelift-srcgen v0.125.4
[INFO] [stderr]   Downloaded tree-sitter-json v0.24.8
[INFO] [stderr]   Downloaded wasmtime-internal-versioned-export-macros v38.0.4
[INFO] [stderr]   Downloaded cranelift-control v0.125.4
[INFO] [stderr]   Downloaded wasmtime-internal-math v38.0.4
[INFO] [stderr]   Downloaded cranelift-native v0.125.4
[INFO] [stderr]   Downloaded vte v0.15.0
[INFO] [stderr]   Downloaded rustix-openpty v0.2.0
[INFO] [stderr]   Downloaded pulley-macros v38.0.4
[INFO] [stderr]   Downloaded cranelift-bitset v0.125.4
[INFO] [stderr]   Downloaded cranelift-codegen-shared v0.125.4
[INFO] [stderr]   Downloaded wasmtime-internal-slab v38.0.4
[INFO] [stderr]   Downloaded wasmtime-internal-jit-icache-coherence v38.0.4
[INFO] [stderr]   Downloaded wasmtime-internal-unwinder v38.0.4
[INFO] [stderr]   Downloaded cranelift-entity v0.125.4
[INFO] [stderr]   Downloaded cranelift-bforest v0.125.4
[INFO] [stderr]   Downloaded cranelift-assembler-x64 v0.125.4
[INFO] [stderr]   Downloaded wasmprinter v0.239.0
[INFO] [stderr]   Downloaded cranelift-assembler-x64-meta v0.125.4
[INFO] [stderr]   Downloaded wasmtime-internal-fiber v38.0.4
[INFO] [stderr]   Downloaded cranelift-frontend v0.125.4
[INFO] [stderr]   Downloaded wasmtime-internal-wit-bindgen v38.0.4
[INFO] [stderr]   Downloaded tree-sitter-make v1.1.1
[INFO] [stderr]   Downloaded tree-sitter-containerfile v0.9.2
[INFO] [stderr]   Downloaded tree-sitter-xml v0.7.0
[INFO] [stderr]   Downloaded wasm-encoder v0.257.1
[INFO] [stderr]   Downloaded pulley-interpreter v38.0.4
[INFO] [stderr]   Downloaded cranelift-isle v0.125.4
[INFO] [stderr]   Downloaded nucleo-matcher v0.3.1
[INFO] [stderr]   Downloaded cranelift-codegen-meta v0.125.4
[INFO] [stderr]   Downloaded wasm-encoder v0.239.0
[INFO] [stderr]   Downloaded fancy-regex v0.13.0
[INFO] [stderr]   Downloaded imara-diff v0.2.0
[INFO] [stderr]   Downloaded regalloc2 v0.13.5
[INFO] [stderr]   Downloaded wast v257.0.1
[INFO] [stderr]   Downloaded winch-codegen v38.0.4
[INFO] [stderr]   Downloaded wit-parser v0.239.0
[INFO] [stderr]   Downloaded tree-sitter v0.26.12
[INFO] [stderr]   Downloaded wasmtime-internal-cranelift v38.0.4
[INFO] [stderr]   Downloaded wasmtime-environ v38.0.4
[INFO] [stderr]   Downloaded wasmparser v0.257.1
[INFO] [stderr]   Downloaded wasmtime-internal-component-macro v38.0.4
[INFO] [stderr]   Downloaded tree-sitter-groovy v0.1.2
[INFO] [stderr]   Downloaded alacritty_terminal v0.26.0
[INFO] [stderr]   Downloaded tree-sitter-carve v0.1.5
[INFO] [stderr]   Downloaded tree-sitter-sequel v0.3.11
[INFO] [stderr]   Downloaded tree-sitter-mermaid v0.1.0
[INFO] [stderr]   Downloaded wasmtime v38.0.4
[INFO] [stderr]   Downloaded tree-sitter-kotlin-ng v1.1.0
[INFO] [stderr]   Downloaded cranelift-codegen v0.125.4
[INFO] [stderr]   Downloaded tree-sitter-scala v0.26.2
[INFO] [stderr]   Downloaded tree-sitter-fsharp v0.3.11
[INFO] [stderr]   Downloaded tiktoken-rs v0.6.0
[INFO] [stderr]   Downloaded tantivy-stacker v0.3.0
[INFO] [stderr]   Downloaded tantivy-common v0.7.0
[INFO] [stderr]   Downloaded ownedbytes v0.7.0
[INFO] [stderr]   Downloaded tantivy-tokenizer-api v0.3.0
[INFO] [stderr]   Downloaded tantivy-bitpacker v0.6.0
[INFO] [stderr]   Downloaded tantivy v0.22.1
[INFO] [stderr]   Downloaded tantivy-query-grammar v0.22.0
[INFO] [stderr]   Downloaded tantivy-columnar v0.3.0
[INFO] [stderr]   Downloaded tantivy-sstable v0.3.0
[INFO] [stderr]   Downloaded measure_time v0.8.3
[INFO] [stderr]   Downloaded fs4 v0.8.4
[INFO] [stderr]   Downloaded grep-searcher v0.1.17
[INFO] [stderr]   Downloaded grep-matcher v0.1.9
[INFO] [stderr]   Downloaded encoding_rs_io v0.1.8
[INFO] [stderr]   Downloaded roughr-merman v0.12.3
[INFO] [stderr]   Downloaded pulldown-cmark v0.12.2
[INFO] [stderr]   Downloaded merman-render v0.7.0-alpha.1
[INFO] [stderr]   Downloaded svgtypes v0.11.0
[INFO] [stderr]   Downloaded lol_html v2.9.0
[INFO] [stderr]   Downloaded selectors v0.37.0
[INFO] [stderr]   Downloaded merman-core v0.7.0-alpha.1
[INFO] [stderr]   Downloaded htmlize v1.1.0
[INFO] [stderr]   Downloaded manatee v0.7.0-alpha.1
[INFO] [stderr]   Downloaded dugong v0.7.0-alpha.1
[INFO] [stderr]   Downloaded dugong-graphlib v0.7.0-alpha.1
[INFO] [stderr]   Downloaded merman v0.7.0-alpha.1
[INFO] [stderr]   Downloaded comrak v0.54.0
[INFO] [stderr]   Downloaded fmt2io v1.0.0
[INFO] [stderr]   Downloaded emojis v0.8.2
[INFO] [stderr]   Downloaded entities v1.0.1
[INFO] [stderr]   Downloaded caseless v0.2.2
[INFO] [stderr]   Downloaded bon-macros v3.10.0
[INFO] [stderr]   Downloaded xml5ever v0.39.0
[INFO] [stderr]   Downloaded bon v3.10.0
[INFO] [stderr]   Downloaded markup5ever_rcdom v0.39.0+unofficial
[INFO] [stderr]   Downloaded carve-lang v0.1.5
[INFO] [stderr]   Downloaded sqlformat v0.5.0
[INFO] [stderr]   Downloaded sqlparser v0.63.0
[INFO] [stderr]   Downloaded tokio-postgres-rustls v0.13.0
[INFO] [stderr]   Downloaded scylla-cql v2.0.0
[INFO] [stderr]   Downloaded scylla-cql-core v1.9.0
[INFO] [stderr]   Downloaded rand_pcg v0.9.0
[INFO] [stderr]   Downloaded scylla-macros v1.9.0
[INFO] [stderr]   Downloaded scylla v1.9.0
[INFO] [stderr]   Downloaded russh v0.63.3
[INFO] [stderr]   Downloaded ssh-key v0.7.0-rc.11
[INFO] [stderr]   Downloaded ssh-encoding v0.3.0
[INFO] [stderr]   Downloaded ssh-cipher v0.3.0
[INFO] [stderr]   Downloaded bcrypt-pbkdf v0.11.0
[INFO] [stderr]   Downloaded blowfish v0.10.0
[INFO] [stderr]   Downloaded russh-util v0.52.0
[INFO] [stderr]   Downloaded pageant v0.2.3
[INFO] [stderr]   Downloaded russh-cryptovec v0.62.0
[INFO] [stderr]   Downloaded delegate v0.13.5
[INFO] [stderr]   Downloaded md5 v0.8.1
[INFO] [stderr]   Downloaded hex-literal v1.1.0
[INFO] [stderr]   Downloaded generic-array v1.4.5
[INFO] [stderr]   Downloaded mysql_async v0.37.1
[INFO] [stderr]   Downloaded typed-builder-macro v0.22.0
[INFO] [stderr]   Downloaded lru v0.18.4
[INFO] [stderr]   Downloaded typed-builder v0.22.0
[INFO] [stderr]   Downloaded mysql_common v0.37.3
[INFO] [stderr]   Downloaded mongocrypt v0.4.0
[INFO] [stderr]   Downloaded mongodb-internal-macros v3.9.1
[INFO] [stderr]   Downloaded mongodb v3.9.1
[INFO] [stderr]   Downloaded hickory-resolver v0.26.3
[INFO] [stderr]   Downloaded mongocrypt-sys v0.1.6+1.18.2
[INFO] [stderr]   Downloaded bson v3.1.0
[INFO] [stderr]   Downloaded hickory-net v0.26.3
[INFO] [stderr]   Downloaded atoi v3.1.0
[INFO] [stderr]   Downloaded atoi_simd v0.18.1
[INFO] [stderr]   Downloaded odbc-sys v0.31.0
[INFO] [stderr]   Downloaded calamine v0.36.1
[INFO] [stderr]   Downloaded hickory-proto v0.26.3
[INFO] [stderr]   Downloaded codepage v0.1.3
[INFO] [stderr]   Downloaded adbc_ffi v0.24.0
[INFO] [stderr]   Downloaded adbc_core v0.24.0
[INFO] [stderr]   Downloaded adbc_driver_manager v0.24.0
[INFO] [stderr]   Downloaded which v8.0.5
[INFO] [stderr]   Downloaded cxx-qt-gen v0.9.1
[INFO] [stderr]   Downloaded cxxbridge-flags v1.0.199
[INFO] [stderr]   Downloaded cxx-gen v0.7.199
[INFO] [stderr]   Downloaded odbc-api v29.1.0
[INFO] [stderr]   Downloaded qt-build-utils v0.9.1
[INFO] [stderr]   Downloaded cxx-qt v0.9.1
[INFO] [stderr]   Downloaded cxx-qt-macro v0.9.1
[INFO] [stderr]   Downloaded clang-format v0.3.0
[INFO] [stderr]   Downloaded cxx-build v1.0.199
[INFO] [stderr]   Downloaded cxx-qt-lib v0.9.1
[INFO] [stderr]   Downloaded cxx-qt-build v0.9.1
[INFO] [stderr]   Downloaded cxxbridge-macro v1.0.199
[INFO] [stderr]   Downloaded cxxbridge-cmd v1.0.199
[INFO] [stderr]   Downloaded cxx v1.0.199
[INFO] running `Command { std: "docker" "create" "-v" "/var/lib/crater-agent-workspace/builds/worker-2-tc1/source:/opt/rustwide/workdir:ro,Z" "-v" "/var/lib/crater-agent-workspace/builds/worker-2-tc1/target:/opt/rustwide/target:rw,Z" "-v" "/var/lib/crater-agent-workspace/cargo-home:/opt/rustwide/cargo-home:ro,Z" "-v" "/var/lib/crater-agent-workspace/rustup-home:/opt/rustwide/rustup-home:ro,Z" "-m" "1610612736" "--network" "none" "ghcr.io/rust-lang/crates-build-env/linux@sha256:77db811e55d90add9212f6832c23229e3de5f1c1f9905e8cb07319ea15df73ac" "sleep" "infinity", kill_on_drop: false }`
[INFO] [stdout] dac24a975bd5dec0044917ab88c4c5786b2fa3f8ae5f3428e86ab24a7d952bfe
[INFO] running `Command { std: "docker" "start" "dac24a975bd5dec0044917ab88c4c5786b2fa3f8ae5f3428e86ab24a7d952bfe", kill_on_drop: false }`
[INFO] running `Command { std: "docker" "inspect" "dac24a975bd5dec0044917ab88c4c5786b2fa3f8ae5f3428e86ab24a7d952bfe", kill_on_drop: false }`
[INFO] running `Command { std: "docker" "exec" "-e" "SOURCE_DIR=/opt/rustwide/workdir" "-e" "CARGO_HOME=/opt/rustwide/cargo-home" "-e" "RUSTUP_HOME=/opt/rustwide/rustup-home" "-e" "CARGO_TARGET_DIR=/opt/rustwide/target" "-w" "/opt/rustwide/workdir" "--user" "0:0" "dac24a975bd5dec0044917ab88c4c5786b2fa3f8ae5f3428e86ab24a7d952bfe" "/opt/rustwide/cargo-home/bin/cargo" "+3154cc1a3e6424e44f438a95007d043ed5ceaaf6" "metadata" "--no-deps" "--format-version=1", kill_on_drop: false }`
[INFO] running `Command { std: "docker" "inspect" "dac24a975bd5dec0044917ab88c4c5786b2fa3f8ae5f3428e86ab24a7d952bfe", kill_on_drop: false }`
[INFO] running `Command { std: "docker" "exec" "-e" "SOURCE_DIR=/opt/rustwide/workdir" "-e" "CARGO_HOME=/opt/rustwide/cargo-home" "-e" "RUSTUP_HOME=/opt/rustwide/rustup-home" "-e" "CARGO_TARGET_DIR=/opt/rustwide/target" "-e" "CARGO_INCREMENTAL=0" "-e" "RUST_BACKTRACE=full" "-e" "RUSTFLAGS=--cap-lints=forbid -Znext-solver=coherence" "-e" "RUSTDOCFLAGS=--cap-lints=forbid" "-w" "/opt/rustwide/workdir" "--user" "0:0" "dac24a975bd5dec0044917ab88c4c5786b2fa3f8ae5f3428e86ab24a7d952bfe" "/opt/rustwide/cargo-home/bin/cargo" "+3154cc1a3e6424e44f438a95007d043ed5ceaaf6" "check" "--frozen" "--all" "--all-targets" "--message-format=json", kill_on_drop: false }`
[INFO] [stderr]    Compiling proc-macro2 v1.0.107
[INFO] [stderr]    Compiling unicode-ident v1.0.24
[INFO] [stderr]    Compiling quote v1.0.47
[INFO] [stderr]     Checking cfg-if v1.0.4
[INFO] [stderr]    Compiling libc v0.2.189
[INFO] [stderr]    Compiling serde_core v1.0.229
[INFO] [stderr]    Compiling find-msvc-tools v0.1.11
[INFO] [stderr]    Compiling shlex v2.0.1
[INFO] [stderr]    Compiling serde v1.0.229
[INFO] [stderr]     Checking memchr v2.8.3
[INFO] [stderr]     Checking rand_core v0.10.1
[INFO] [stderr]    Compiling getrandom v0.4.3
[INFO] [stderr]     Checking allocator-api2 v0.2.21
[INFO] [stderr]     Checking equivalent v1.0.2
[INFO] [stderr]     Checking foldhash v0.2.0
[INFO] [stderr]     Checking regex-syntax v0.8.11
[INFO] [stderr]     Checking log v0.4.33
[INFO] [stderr]     Checking hashbrown v0.17.1
[INFO] [stderr]    Compiling portable-atomic v1.15.0
[INFO] [stderr]    Compiling syn v3.0.3
[INFO] [stderr]    Compiling syn v2.0.119
[INFO] [stderr]     Checking aho-corasick v1.1.5
[INFO] [stderr]    Compiling jobserver v0.1.35
[INFO] [stderr]    Compiling cc v1.2.67
[INFO] [stderr]     Checking critical-section v1.2.0
[INFO] [stderr]     Checking once_cell v1.21.4
[INFO] [stderr]     Checking itoa v1.0.18
[INFO] [stderr]     Checking typenum v1.20.1
[INFO] [stderr]    Compiling autocfg v1.5.1
[INFO] [stderr]     Checking regex-automata v0.4.18
[INFO] [stderr]    Compiling tree-sitter-language v0.1.7
[INFO] [stderr]    Compiling zmij v1.0.23
[INFO] [stderr]    Compiling libm v0.2.16
[INFO] [stderr]     Checking bitflags v2.13.1
[INFO] [stderr]     Checking indexmap v2.14.0
[INFO] [stderr]     Checking zeroize v1.9.0
[INFO] [stderr]    Compiling rustix v1.1.4
[INFO] [stderr]     Checking subtle v2.6.1
[INFO] [stderr]     Checking linux-raw-sys v0.12.1
[INFO] [stderr]    Compiling parking_lot_core v0.9.12
[INFO] [stderr]    Compiling num-traits v0.2.19
[INFO] [stderr]     Checking fastrand v2.5.0
[INFO] [stderr]     Checking stable_deref_trait v1.2.1
[INFO] [stderr]    Compiling thiserror v2.0.20
[INFO] [stderr]    Compiling serde_json v1.0.151
[INFO] [stderr]    Compiling crc32fast v1.5.0
[INFO] [stderr]     Checking winnow v0.7.15
[INFO] [stderr]     Checking cmov v0.5.4
[INFO] [stderr]     Checking bstr v1.13.1
[INFO] [stderr]     Checking toml_write v0.1.2
[INFO] [stderr]     Checking ctutils v0.4.2
[INFO] [stderr]     Checking scopeguard v1.2.0
[INFO] [stderr]     Checking lock_api v0.4.14
[INFO] [stderr]     Checking hybrid-array v0.4.15
[INFO] [stderr]    Compiling version_check v0.9.5
[INFO] [stderr]    Compiling crossbeam-utils v0.8.22
[INFO] [stderr]     Checking regex v1.13.1
[INFO] [stderr]     Checking tinyvec_macros v0.1.1
[INFO] [stderr]    Compiling zerocopy v0.8.56
[INFO] [stderr]     Checking tinyvec v1.12.0
[INFO] [stderr]     Checking crypto-common v0.2.2
[INFO] [stderr]     Checking crossbeam-channel v0.5.16
[INFO] [stderr]     Checking same-file v1.0.6
[INFO] [stderr]     Checking block-buffer v0.12.1
[INFO] [stderr]     Checking walkdir v2.5.0
[INFO] [stderr]     Checking byteorder v1.5.0
[INFO] [stderr]     Checking bytes v1.12.1
[INFO] [stderr]     Checking process-exec v0.1.0 (/opt/rustwide/workdir/crates/process-exec)
[INFO] [stderr]     Checking bitflags v1.3.2
[INFO] [stderr]     Checking base64 v0.22.1
[INFO] [stderr]     Checking unicode-normalization v0.1.25
[INFO] [stderr]    Compiling zerocopy-derive v0.8.56
[INFO] [stderr]    Compiling serde_derive v1.0.229
[INFO] [stderr]    Compiling thiserror-impl v2.0.20
[INFO] [stderr]     Checking encoding_rs v0.8.35
[INFO] [stderr]    Compiling anyhow v1.0.104
[INFO] [stderr]     Checking errno v0.3.14
[INFO] [stderr]     Checking signal-hook-registry v1.4.8
[INFO] [stderr]     Checking pin-project-lite v0.2.17
[INFO] [stderr]     Checking shell-words v1.1.1
[INFO] [stderr]    Compiling tree-sitter-yaml v0.7.2
[INFO] [stderr]    Compiling tree-sitter-toml-ng v0.7.0
[INFO] [stderr]    Compiling tree-sitter-css v0.25.0
[INFO] [stderr]    Compiling tree-sitter-bash v0.25.1
[INFO] [stderr]    Compiling tree-sitter-scala v0.26.2
[INFO] [stderr]    Compiling tree-sitter-python v0.25.0
[INFO] [stderr]     Checking tempfile v3.27.0
[INFO] [stderr]    Compiling tree-sitter-md v0.5.3
[INFO] [stderr]    Compiling tree-sitter-groovy v0.1.2
[INFO] [stderr]    Compiling tree-sitter-lua v0.5.0
[INFO] [stderr]    Compiling tree-sitter-java v0.23.5
[INFO] [stderr]    Compiling tree-sitter-carve v0.1.5
[INFO] [stderr]    Compiling tree-sitter-containerfile v0.9.2
[INFO] [stderr]    Compiling tree-sitter-xml v0.7.0
[INFO] [stderr]    Compiling tree-sitter-swift v0.7.3
[INFO] [stderr]    Compiling tree-sitter-rust v0.24.2
[INFO] [stderr]    Compiling tree-sitter-fsharp v0.3.11
[INFO] [stderr]    Compiling tree-sitter-php v0.24.2
[INFO] [stderr]    Compiling tree-sitter-make v1.1.1
[INFO] [stderr]    Compiling tree-sitter-haskell v0.23.1
[INFO] [stderr]    Compiling tree-sitter-c v0.24.2
[INFO] [stderr]    Compiling tree-sitter-kotlin-ng v1.1.0
[INFO] [stderr]    Compiling tree-sitter-javascript v0.25.0
[INFO] [stderr]    Compiling tree-sitter-zig v1.1.2
[INFO] [stderr]    Compiling tree-sitter-cpp v0.23.4
[INFO] [stderr]    Compiling tree-sitter-typescript v0.23.2
[INFO] [stderr]    Compiling tree-sitter-sequel v0.3.11
[INFO] [stderr]    Compiling tree-sitter-ruby v0.23.1
[INFO] [stderr]    Compiling tree-sitter-go v0.25.0
[INFO] [stderr]    Compiling tree-sitter-mermaid v0.1.0
[INFO] [stderr]    Compiling tree-sitter-html v0.23.2
[INFO] [stderr]    Compiling tree-sitter-json v0.24.8
[INFO] [stderr]    Compiling tree-sitter v0.26.12
[INFO] [stderr]    Compiling tree-sitter-c-sharp v0.23.5
[INFO] [stderr]    Compiling pkg-config v0.3.34
[INFO] [stderr]     Checking streaming-iterator v0.1.9
[INFO] [stderr]     Checking smallvec v1.15.2
[INFO] [stderr]     Checking toml_datetime v0.6.11
[INFO] [stderr]     Checking serde_spanned v0.6.9
[INFO] [stderr]     Checking toml_edit v0.22.27
[INFO] [stderr]     Checking parking_lot v0.12.5
[INFO] [stderr]     Checking toml v0.8.23
[INFO] [stderr] warning: tree-sitter-mermaid@0.1.0: cc: fatal error: Killed signal terminated program cc1
[INFO] [stderr] warning: tree-sitter-mermaid@0.1.0: compilation terminated.
[INFO] [stderr] warning: tree-sitter-mermaid@0.1.0: ToolExecError: command did not execute successfully (status code exit status: 1): LC_ALL="C" "cc" "-O0" "-ffunction-sections" "-fdata-sections" "-fPIC" "-m64" "-std=c11" "-I" "src" "-Wall" "-Wextra" "-Wno-unused-value" "-o" "/opt/rustwide/target/debug/build/tree-sitter-mermaid/018f5fb89e0a3ff8/out/ea708c7824d36062-parser.o" "-c" "src/parser.c"
[INFO] [stderr] error: failed to run custom build command for `tree-sitter-mermaid v0.1.0`
[INFO] [stderr] note: To improve backtraces for build dependencies, set the CARGO_PROFILE_DEV_BUILD_OVERRIDE_DEBUG=true environment variable to enable debug information generation.
[INFO] [stderr] 
[INFO] [stderr] Caused by:
[INFO] [stderr]   process didn't exit successfully: `/opt/rustwide/target/debug/build/tree-sitter-mermaid/53ec9bcb3ce5335d/out/build_script_build` (exit status: 1)
[INFO] [stderr]   --- stdout
[INFO] [stderr]   cargo:rerun-if-changed=src/parser.c
[INFO] [stderr]   cargo:rerun-if-changed=src/scanner.c
[INFO] [stderr]   cargo:rerun-if-env-changed=CC_FORCE_DISABLE
[INFO] [stderr]   CC_FORCE_DISABLE = None
[INFO] [stderr]   cargo:rerun-if-env-changed=CC_x86_64-unknown-linux-gnu
[INFO] [stderr]   CC_x86_64-unknown-linux-gnu = None
[INFO] [stderr]   cargo:rerun-if-env-changed=CC_x86_64_unknown_linux_gnu
[INFO] [stderr]   CC_x86_64_unknown_linux_gnu = None
[INFO] [stderr]   cargo:rerun-if-env-changed=HOST_CC
[INFO] [stderr]   HOST_CC = None
[INFO] [stderr]   cargo:rerun-if-env-changed=CC
[INFO] [stderr]   CC = None
[INFO] [stderr]   cargo:rerun-if-env-changed=CC_ENABLE_DEBUG_OUTPUT
[INFO] [stderr]   cargo:rerun-if-env-changed=CRATE_CC_NO_DEFAULTS
[INFO] [stderr]   CRATE_CC_NO_DEFAULTS = None
[INFO] [stderr]   cargo:rerun-if-env-changed=CFLAGS
[INFO] [stderr]   CFLAGS = None
[INFO] [stderr]   cargo:rerun-if-env-changed=HOST_CFLAGS
[INFO] [stderr]   HOST_CFLAGS = None
[INFO] [stderr]   cargo:rerun-if-env-changed=CFLAGS_x86_64_unknown_linux_gnu
[INFO] [stderr]   CFLAGS_x86_64_unknown_linux_gnu = None
[INFO] [stderr]   cargo:rerun-if-env-changed=CFLAGS_x86_64-unknown-linux-gnu
[INFO] [stderr]   CFLAGS_x86_64-unknown-linux-gnu = None
[INFO] [stderr]   cargo:rerun-if-env-changed=CC_ENABLE_DEBUG_OUTPUT
[INFO] [stderr]   cargo:rerun-if-env-changed=CRATE_CC_NO_DEFAULTS
[INFO] [stderr]   CRATE_CC_NO_DEFAULTS = None
[INFO] [stderr]   cargo:rerun-if-env-changed=CFLAGS
[INFO] [stderr]   CFLAGS = None
[INFO] [stderr]   cargo:rerun-if-env-changed=HOST_CFLAGS
[INFO] [stderr]   HOST_CFLAGS = None
[INFO] [stderr]   cargo:rerun-if-env-changed=CFLAGS_x86_64_unknown_linux_gnu
[INFO] [stderr]   CFLAGS_x86_64_unknown_linux_gnu = None
[INFO] [stderr]   cargo:rerun-if-env-changed=CFLAGS_x86_64-unknown-linux-gnu
[INFO] [stderr]   CFLAGS_x86_64-unknown-linux-gnu = None
[INFO] [stderr]   cargo:rerun-if-env-changed=CC_x86_64-unknown-linux-gnu
[INFO] [stderr]   CC_x86_64-unknown-linux-gnu = None
[INFO] [stderr]   cargo:rerun-if-env-changed=CC_x86_64_unknown_linux_gnu
[INFO] [stderr]   CC_x86_64_unknown_linux_gnu = None
[INFO] [stderr]   cargo:rerun-if-env-changed=HOST_CC
[INFO] [stderr]   HOST_CC = None
[INFO] [stderr]   cargo:rerun-if-env-changed=CC
[INFO] [stderr]   CC = None
[INFO] [stderr]   cargo:rerun-if-env-changed=CRATE_CC_NO_DEFAULTS
[INFO] [stderr]   CRATE_CC_NO_DEFAULTS = None
[INFO] [stderr]   cargo:rerun-if-env-changed=CFLAGS
[INFO] [stderr]   CFLAGS = None
[INFO] [stderr]   cargo:rerun-if-env-changed=HOST_CFLAGS
[INFO] [stderr]   HOST_CFLAGS = None
[INFO] [stderr]   cargo:rerun-if-env-changed=CFLAGS_x86_64_unknown_linux_gnu
[INFO] [stderr]   CFLAGS_x86_64_unknown_linux_gnu = None
[INFO] [stderr]   cargo:rerun-if-env-changed=CFLAGS_x86_64-unknown-linux-gnu
[INFO] [stderr]   CFLAGS_x86_64-unknown-linux-gnu = None
[INFO] [stderr]   cargo:warning=cc: fatal error: Killed signal terminated program cc1
[INFO] [stderr]   cargo:warning=compilation terminated.
[INFO] [stderr]   exit status: 1
[INFO] [stderr]   cargo:warning=ToolExecError: command did not execute successfully (status code exit status: 1): LC_ALL="C" "cc" "-O0" "-ffunction-sections" "-fdata-sections" "-fPIC" "-m64" "-std=c11" "-I" "src" "-Wall" "-Wextra" "-Wno-unused-value" "-o" "/opt/rustwide/target/debug/build/tree-sitter-mermaid/018f5fb89e0a3ff8/out/ea708c7824d36062-parser.o" "-c" "src/parser.c"
[INFO] [stderr]   exit status: 0
[INFO] [stderr] 
[INFO] [stderr]   --- stderr
[INFO] [stderr] 
[INFO] [stderr] 
[INFO] [stderr]   error occurred in cc-rs: command did not execute successfully (status code exit status: 1): LC_ALL="C" "cc" "-O0" "-ffunction-sections" "-fdata-sections" "-fPIC" "-m64" "-std=c11" "-I" "src" "-Wall" "-Wextra" "-Wno-unused-value" "-o" "/opt/rustwide/target/debug/build/tree-sitter-mermaid/018f5fb89e0a3ff8/out/ea708c7824d36062-parser.o" "-c" "src/parser.c"
[INFO] [stderr] 
[INFO] [stderr] 
[INFO] [stderr] warning: build failed, waiting for other jobs to finish...
[INFO] [stderr] warning: tree-sitter-fsharp@0.3.11: cc: fatal error: Killed signal terminated program cc1
[INFO] [stderr] warning: tree-sitter-fsharp@0.3.11: compilation terminated.
[INFO] [stderr] warning: tree-sitter-fsharp@0.3.11: ToolExecError: command did not execute successfully (status code exit status: 1): LC_ALL="C" "cc" "-O0" "-ffunction-sections" "-fdata-sections" "-fPIC" "-m64" "-std=c11" "-I" "./fsharp/src" "-Wall" "-Wextra" "-o" "/opt/rustwide/target/debug/build/tree-sitter-fsharp/caa1df33c138f0ea/out/577cc755a205cb7f-parser.o" "-c" "./fsharp/src/parser.c"cargo:rerun-if-env-changed=CC_x86_64-unknown-linux-gnu
[INFO] [stderr] warning: tree-sitter-fsharp@0.3.11: In file included from ./fsharp/src/../../common/scanner.h:5,
[INFO] [stderr] warning: tree-sitter-fsharp@0.3.11:                  from ./fsharp/src/scanner.c:1:
[INFO] [stderr] warning: tree-sitter-fsharp@0.3.11: ./fsharp/src/../../common/scanner.h: In function 'pop_indent':
[INFO] [stderr] warning: tree-sitter-fsharp@0.3.11: ./fsharp/src/tree_sitter/array.h:133:42: warning: value computed is not used [-Wunused-value]
[INFO] [stderr] warning: tree-sitter-fsharp@0.3.11:   133 | #define array_pop(self) ((self)->contents[--(self)->size])
[INFO] [stderr] warning: tree-sitter-fsharp@0.3.11:       |                         ~~~~~~~~~~~~~~~~~^~~~~~~~~~~~~~~~~
[INFO] [stderr] warning: tree-sitter-fsharp@0.3.11: ./fsharp/src/../../common/scanner.h:136:5: note: in expansion of macro 'array_pop'
[INFO] [stderr] warning: tree-sitter-fsharp@0.3.11:   136 |     array_pop(&scanner->indents);
[INFO] [stderr] warning: tree-sitter-fsharp@0.3.11:       |     ^~~~~~~~~
[INFO] [stderr] warning: tree-sitter-fsharp@0.3.11: ./fsharp/src/tree_sitter/array.h:133:42: warning: value computed is not used [-Wunused-value]
[INFO] [stderr] warning: tree-sitter-fsharp@0.3.11:   133 | #define array_pop(self) ((self)->contents[--(self)->size])
[INFO] [stderr] warning: tree-sitter-fsharp@0.3.11:       |                         ~~~~~~~~~~~~~~~~~^~~~~~~~~~~~~~~~~
[INFO] [stderr] warning: tree-sitter-fsharp@0.3.11: ./fsharp/src/../../common/scanner.h:139:5: note: in expansion of macro 'array_pop'
[INFO] [stderr] warning: tree-sitter-fsharp@0.3.11:   139 |     array_pop(&scanner->indent_kinds);
[INFO] [stderr] warning: tree-sitter-fsharp@0.3.11:       |     ^~~~~~~~~
[INFO] [stderr] warning: tree-sitter-fsharp@0.3.11: ./fsharp/src/../../common/scanner.h: In function 'pop_preproc_kind':
[INFO] [stderr] warning: tree-sitter-fsharp@0.3.11: ./fsharp/src/tree_sitter/array.h:133:42: warning: value computed is not used [-Wunused-value]
[INFO] [stderr] warning: tree-sitter-fsharp@0.3.11:   133 | #define array_pop(self) ((self)->contents[--(self)->size])
[INFO] [stderr] warning: tree-sitter-fsharp@0.3.11:       |                         ~~~~~~~~~~~~~~~~~^~~~~~~~~~~~~~~~~
[INFO] [stderr] warning: tree-sitter-fsharp@0.3.11: ./fsharp/src/../../common/scanner.h:153:5: note: in expansion of macro 'array_pop'
[INFO] [stderr] warning: tree-sitter-fsharp@0.3.11:   153 |     array_pop(&scanner->preproc_kinds);
[INFO] [stderr] warning: tree-sitter-fsharp@0.3.11:       |     ^~~~~~~~~
[INFO] [stderr] warning: tree-sitter-fsharp@0.3.11: ./fsharp/src/../../common/scanner.h: In function 'scan':
[INFO] [stderr] warning: tree-sitter-fsharp@0.3.11: ./fsharp/src/tree_sitter/array.h:133:42: warning: value computed is not used [-Wunused-value]
[INFO] [stderr] warning: tree-sitter-fsharp@0.3.11:   133 | #define array_pop(self) ((self)->contents[--(self)->size])
[INFO] [stderr] warning: tree-sitter-fsharp@0.3.11:       |                         ~~~~~~~~~~~~~~~~~^~~~~~~~~~~~~~~~~
[INFO] [stderr] warning: tree-sitter-fsharp@0.3.11: ./fsharp/src/../../common/scanner.h:979:21: note: in expansion of macro 'array_pop'
[INFO] [stderr] warning: tree-sitter-fsharp@0.3.11:   979 |                     array_pop(&scanner->preprocessor_indents);
[INFO] [stderr] warning: tree-sitter-fsharp@0.3.11:       |                     ^~~~~~~~~
[INFO] [stderr] warning: tree-sitter-fsharp@0.3.11: In file included from ./fsharp_signature/src/../../common/scanner.h:5,
[INFO] [stderr] warning: tree-sitter-fsharp@0.3.11:                  from ./fsharp_signature/src/scanner.c:1:
[INFO] [stderr] warning: tree-sitter-fsharp@0.3.11: ./fsharp_signature/src/../../common/scanner.h: In function 'pop_indent':
[INFO] [stderr] warning: tree-sitter-fsharp@0.3.11: ./fsharp/src/tree_sitter/array.h:133:42: warning: value computed is not used [-Wunused-value]
[INFO] [stderr] warning: tree-sitter-fsharp@0.3.11:   133 | #define array_pop(self) ((self)->contents[--(self)->size])
[INFO] [stderr] warning: tree-sitter-fsharp@0.3.11:       |                         ~~~~~~~~~~~~~~~~~^~~~~~~~~~~~~~~~~
[INFO] [stderr] warning: tree-sitter-fsharp@0.3.11: ./fsharp_signature/src/../../common/scanner.h:136:5: note: in expansion of macro 'array_pop'
[INFO] [stderr] warning: tree-sitter-fsharp@0.3.11:   136 |     array_pop(&scanner->indents);
[INFO] [stderr] warning: tree-sitter-fsharp@0.3.11:       |     ^~~~~~~~~
[INFO] [stderr] warning: tree-sitter-fsharp@0.3.11: ./fsharp/src/tree_sitter/array.h:133:42: warning: value computed is not used [-Wunused-value]
[INFO] [stderr] warning: tree-sitter-fsharp@0.3.11:   133 | #define array_pop(self) ((self)->contents[--(self)->size])
[INFO] [stderr] warning: tree-sitter-fsharp@0.3.11:       |                         ~~~~~~~~~~~~~~~~~^~~~~~~~~~~~~~~~~
[INFO] [stderr] warning: tree-sitter-fsharp@0.3.11: ./fsharp_signature/src/../../common/scanner.h:139:5: note: in expansion of macro 'array_pop'
[INFO] [stderr] warning: tree-sitter-fsharp@0.3.11:   139 |     array_pop(&scanner->indent_kinds);
[INFO] [stderr] warning: tree-sitter-fsharp@0.3.11:       |     ^~~~~~~~~
[INFO] [stderr] warning: tree-sitter-fsharp@0.3.11: ./fsharp_signature/src/../../common/scanner.h: In function 'pop_preproc_kind':
[INFO] [stderr] warning: tree-sitter-fsharp@0.3.11: ./fsharp/src/tree_sitter/array.h:133:42: warning: value computed is not used [-Wunused-value]
[INFO] [stderr] warning: tree-sitter-fsharp@0.3.11:   133 | #define array_pop(self) ((self)->contents[--(self)->size])
[INFO] [stderr] warning: tree-sitter-fsharp@0.3.11:       |                         ~~~~~~~~~~~~~~~~~^~~~~~~~~~~~~~~~~
[INFO] [stderr] warning: tree-sitter-fsharp@0.3.11: ./fsharp_signature/src/../../common/scanner.h:153:5: note: in expansion of macro 'array_pop'
[INFO] [stderr] warning: tree-sitter-fsharp@0.3.11:   153 |     array_pop(&scanner->preproc_kinds);
[INFO] [stderr] warning: tree-sitter-fsharp@0.3.11:       |     ^~~~~~~~~
[INFO] [stderr] warning: tree-sitter-fsharp@0.3.11: ./fsharp_signature/src/../../common/scanner.h: In function 'scan':
[INFO] [stderr] warning: tree-sitter-fsharp@0.3.11: ./fsharp/src/tree_sitter/array.h:133:42: warning: value computed is not used [-Wunused-value]
[INFO] [stderr] warning: tree-sitter-fsharp@0.3.11:   133 | #define array_pop(self) ((self)->contents[--(self)->size])
[INFO] [stderr] warning: tree-sitter-fsharp@0.3.11:       |                         ~~~~~~~~~~~~~~~~~^~~~~~~~~~~~~~~~~
[INFO] [stderr] warning: tree-sitter-fsharp@0.3.11: ./fsharp_signature/src/../../common/scanner.h:979:21: note: in expansion of macro 'array_pop'
[INFO] [stderr] warning: tree-sitter-fsharp@0.3.11:   979 |                     array_pop(&scanner->preprocessor_indents);
[INFO] [stderr] warning: tree-sitter-fsharp@0.3.11:       |                     ^~~~~~~~~
[INFO] [stderr] error: failed to run custom build command for `tree-sitter-fsharp v0.3.11`
[INFO] [stderr] note: To improve backtraces for build dependencies, set the CARGO_PROFILE_DEV_BUILD_OVERRIDE_DEBUG=true environment variable to enable debug information generation.
[INFO] [stderr] 
[INFO] [stderr] Caused by:
[INFO] [stderr]   process didn't exit successfully: `/opt/rustwide/target/debug/build/tree-sitter-fsharp/832825071e893d74/out/build_script_build` (exit status: 1)
[INFO] [stderr]   --- stdout
[INFO] [stderr]   cargo:rerun-if-changed=./common
[INFO] [stderr]   cargo:rerun-if-changed=./fsharp/src/parser.c
[INFO] [stderr]   cargo:rerun-if-changed=./fsharp/src/scanner.c
[INFO] [stderr]   cargo:rerun-if-changed=./fsharp_signature/src/parser.c
[INFO] [stderr]   cargo:rerun-if-changed=./fsharp_signature/src/scanner.c
[INFO] [stderr]   cargo:rerun-if-env-changed=CC_FORCE_DISABLE
[INFO] [stderr]   CC_FORCE_DISABLE = None
[INFO] [stderr]   cargo:rerun-if-env-changed=CC_x86_64-unknown-linux-gnu
[INFO] [stderr]   CC_x86_64-unknown-linux-gnu = None
[INFO] [stderr]   cargo:rerun-if-env-changed=CC_x86_64_unknown_linux_gnu
[INFO] [stderr]   CC_x86_64_unknown_linux_gnu = None
[INFO] [stderr]   cargo:rerun-if-env-changed=HOST_CC
[INFO] [stderr]   HOST_CC = None
[INFO] [stderr]   cargo:rerun-if-env-changed=CC
[INFO] [stderr]   CC = None
[INFO] [stderr]   cargo:rerun-if-env-changed=CC_ENABLE_DEBUG_OUTPUT
[INFO] [stderr]   cargo:rerun-if-env-changed=CRATE_CC_NO_DEFAULTS
[INFO] [stderr]   CRATE_CC_NO_DEFAULTS = None
[INFO] [stderr]   cargo:rerun-if-env-changed=CFLAGS
[INFO] [stderr]   CFLAGS = None
[INFO] [stderr]   cargo:rerun-if-env-changed=HOST_CFLAGS
[INFO] [stderr]   HOST_CFLAGS = None
[INFO] [stderr]   cargo:rerun-if-env-changed=CFLAGS_x86_64_unknown_linux_gnu
[INFO] [stderr]   CFLAGS_x86_64_unknown_linux_gnu = None
[INFO] [stderr]   cargo:rerun-if-env-changed=CFLAGS_x86_64-unknown-linux-gnu
[INFO] [stderr]   CFLAGS_x86_64-unknown-linux-gnu = None
[INFO] [stderr]   cargo:rerun-if-env-changed=CC_x86_64-unknown-linux-gnu
[INFO] [stderr]   CC_x86_64-unknown-linux-gnu = None
[INFO] [stderr]   cargo:rerun-if-env-changed=CC_x86_64_unknown_linux_gnu
[INFO] [stderr]   CC_x86_64_unknown_linux_gnu = None
[INFO] [stderr]   cargo:rerun-if-env-changed=HOST_CC
[INFO] [stderr]   HOST_CC = None
[INFO] [stderr]   cargo:rerun-if-env-changed=CC
[INFO] [stderr]   CC = None
[INFO] [stderr]   cargo:rerun-if-env-changed=CRATE_CC_NO_DEFAULTS
[INFO] [stderr]   CRATE_CC_NO_DEFAULTS = None
[INFO] [stderr]   cargo:rerun-if-env-changed=CFLAGS
[INFO] [stderr]   CFLAGS = None
[INFO] [stderr]   cargo:rerun-if-env-changed=HOST_CFLAGS
[INFO] [stderr]   HOST_CFLAGS = None
[INFO] [stderr]   cargo:rerun-if-env-changed=CFLAGS_x86_64_unknown_linux_gnu
[INFO] [stderr]   CFLAGS_x86_64_unknown_linux_gnu = None
[INFO] [stderr]   cargo:rerun-if-env-changed=CFLAGS_x86_64-unknown-linux-gnu
[INFO] [stderr]   CFLAGS_x86_64-unknown-linux-gnu = None
[INFO] [stderr]   cargo:warning=cc: fatal error: Killed signal terminated program cc1
[INFO] [stderr]   cargo:warning=compilation terminated.
[INFO] [stderr]   exit status: 1
[INFO] [stderr]   cargo:warning=ToolExecError: command did not execute successfully (status code exit status: 1): LC_ALL="C" "cc" "-O0" "-ffunction-sections" "-fdata-sections" "-fPIC" "-m64" "-std=c11" "-I" "./fsharp/src" "-Wall" "-Wextra" "-o" "/opt/rustwide/target/debug/build/tree-sitter-fsharp/caa1df33c138f0ea/out/577cc755a205cb7f-parser.o" "-c" "./fsharp/src/parser.c"cargo:rerun-if-env-changed=CC_x86_64-unknown-linux-gnu
[INFO] [stderr]   CC_x86_64-unknown-linux-gnu = None
[INFO] [stderr]   cargo:rerun-if-env-changed=CC_x86_64_unknown_linux_gnu
[INFO] [stderr]   CC_x86_64_unknown_linux_gnu = None
[INFO] [stderr]   cargo:rerun-if-env-changed=HOST_CC
[INFO] [stderr]   HOST_CC = None
[INFO] [stderr]   cargo:rerun-if-env-changed=CC
[INFO] [stderr]   CC = None
[INFO] [stderr]   cargo:rerun-if-env-changed=CRATE_CC_NO_DEFAULTS
[INFO] [stderr]   CRATE_CC_NO_DEFAULTS = None
[INFO] [stderr]   cargo:rerun-if-env-changed=CFLAGS
[INFO] [stderr]   CFLAGS = None
[INFO] [stderr]   cargo:rerun-if-env-changed=HOST_CFLAGS
[INFO] [stderr]   HOST_CFLAGS = None
[INFO] [stderr]   cargo:rerun-if-env-changed=CFLAGS_x86_64_unknown_linux_gnu
[INFO] [stderr]   CFLAGS_x86_64_unknown_linux_gnu = None
[INFO] [stderr]   cargo:rerun-if-env-changed=CFLAGS_x86_64-unknown-linux-gnu
[INFO] [stderr]   CFLAGS_x86_64-unknown-linux-gnu = None
[INFO] [stderr]   cargo:warning=In file included from ./fsharp/src/../../common/scanner.h:5,
[INFO] [stderr]   cargo:warning=                 from ./fsharp/src/scanner.c:1:
[INFO] [stderr]   cargo:warning=./fsharp/src/../../common/scanner.h: In function 'pop_indent':
[INFO] [stderr]   cargo:warning=./fsharp/src/tree_sitter/array.h:133:42: warning: value computed is not used [-Wunused-value]
[INFO] [stderr]   cargo:warning=  133 | #define array_pop(self) ((self)->contents[--(self)->size])
[INFO] [stderr]   cargo:warning=      |                         ~~~~~~~~~~~~~~~~~^~~~~~~~~~~~~~~~~
[INFO] [stderr]   cargo:warning=./fsharp/src/../../common/scanner.h:136:5: note: in expansion of macro 'array_pop'
[INFO] [stderr]   cargo:warning=  136 |     array_pop(&scanner->indents);
[INFO] [stderr]   cargo:warning=      |     ^~~~~~~~~
[INFO] [stderr]   cargo:warning=./fsharp/src/tree_sitter/array.h:133:42: warning: value computed is not used [-Wunused-value]
[INFO] [stderr]   cargo:warning=  133 | #define array_pop(self) ((self)->contents[--(self)->size])
[INFO] [stderr]   cargo:warning=      |                         ~~~~~~~~~~~~~~~~~^~~~~~~~~~~~~~~~~
[INFO] [stderr]   cargo:warning=./fsharp/src/../../common/scanner.h:139:5: note: in expansion of macro 'array_pop'
[INFO] [stderr]   cargo:warning=  139 |     array_pop(&scanner->indent_kinds);
[INFO] [stderr]   cargo:warning=      |     ^~~~~~~~~
[INFO] [stderr]   cargo:warning=./fsharp/src/../../common/scanner.h: In function 'pop_preproc_kind':
[INFO] [stderr]   cargo:warning=./fsharp/src/tree_sitter/array.h:133:42: warning: value computed is not used [-Wunused-value]
[INFO] [stderr]   cargo:warning=  133 | #define array_pop(self) ((self)->contents[--(self)->size])
[INFO] [stderr]   cargo:warning=      |                         ~~~~~~~~~~~~~~~~~^~~~~~~~~~~~~~~~~
[INFO] [stderr]   cargo:warning=./fsharp/src/../../common/scanner.h:153:5: note: in expansion of macro 'array_pop'
[INFO] [stderr]   cargo:warning=  153 |     array_pop(&scanner->preproc_kinds);
[INFO] [stderr]   cargo:warning=      |     ^~~~~~~~~
[INFO] [stderr]   cargo:warning=./fsharp/src/../../common/scanner.h: In function 'scan':
[INFO] [stderr]   cargo:warning=./fsharp/src/tree_sitter/array.h:133:42: warning: value computed is not used [-Wunused-value]
[INFO] [stderr]   cargo:warning=  133 | #define array_pop(self) ((self)->contents[--(self)->size])
[INFO] [stderr]   cargo:warning=      |                         ~~~~~~~~~~~~~~~~~^~~~~~~~~~~~~~~~~
[INFO] [stderr]   cargo:warning=./fsharp/src/../../common/scanner.h:979:21: note: in expansion of macro 'array_pop'
[INFO] [stderr]   cargo:warning=  979 |                     array_pop(&scanner->preprocessor_indents);
[INFO] [stderr]   cargo:warning=      |                     ^~~~~~~~~
[INFO] [stderr]   cargo:rerun-if-env-changed=CC_x86_64-unknown-linux-gnu
[INFO] [stderr]   CC_x86_64-unknown-linux-gnu = None
[INFO] [stderr]   cargo:rerun-if-env-changed=CC_x86_64_unknown_linux_gnu
[INFO] [stderr]   CC_x86_64_unknown_linux_gnu = None
[INFO] [stderr]   cargo:rerun-if-env-changed=HOST_CC
[INFO] [stderr]   HOST_CC = None
[INFO] [stderr]   cargo:rerun-if-env-changed=CC
[INFO] [stderr]   CC = None
[INFO] [stderr]   cargo:rerun-if-env-changed=CRATE_CC_NO_DEFAULTS
[INFO] [stderr]   CRATE_CC_NO_DEFAULTS = None
[INFO] [stderr]   cargo:rerun-if-env-changed=CFLAGS
[INFO] [stderr]   CFLAGS = None
[INFO] [stderr]   cargo:rerun-if-env-changed=HOST_CFLAGS
[INFO] [stderr]   HOST_CFLAGS = None
[INFO] [stderr]   cargo:rerun-if-env-changed=CFLAGS_x86_64_unknown_linux_gnu
[INFO] [stderr]   CFLAGS_x86_64_unknown_linux_gnu = None
[INFO] [stderr]   cargo:rerun-if-env-changed=CFLAGS_x86_64-unknown-linux-gnu
[INFO] [stderr]   CFLAGS_x86_64-unknown-linux-gnu = None
[INFO] [stderr]   cargo:warning=In file included from ./fsharp_signature/src/../../common/scanner.h:5,
[INFO] [stderr]   cargo:warning=                 from ./fsharp_signature/src/scanner.c:1:
[INFO] [stderr]   cargo:warning=./fsharp_signature/src/../../common/scanner.h: In function 'pop_indent':
[INFO] [stderr]   cargo:warning=./fsharp/src/tree_sitter/array.h:133:42: warning: value computed is not used [-Wunused-value]
[INFO] [stderr]   cargo:warning=  133 | #define array_pop(self) ((self)->contents[--(self)->size])
[INFO] [stderr]   cargo:warning=      |                         ~~~~~~~~~~~~~~~~~^~~~~~~~~~~~~~~~~
[INFO] [stderr]   cargo:warning=./fsharp_signature/src/../../common/scanner.h:136:5: note: in expansion of macro 'array_pop'
[INFO] [stderr]   cargo:warning=  136 |     array_pop(&scanner->indents);
[INFO] [stderr]   cargo:warning=      |     ^~~~~~~~~
[INFO] [stderr]   cargo:warning=./fsharp/src/tree_sitter/array.h:133:42: warning: value computed is not used [-Wunused-value]
[INFO] [stderr]   cargo:warning=  133 | #define array_pop(self) ((self)->contents[--(self)->size])
[INFO] [stderr]   cargo:warning=      |                         ~~~~~~~~~~~~~~~~~^~~~~~~~~~~~~~~~~
[INFO] [stderr]   cargo:warning=./fsharp_signature/src/../../common/scanner.h:139:5: note: in expansion of macro 'array_pop'
[INFO] [stderr]   cargo:warning=  139 |     array_pop(&scanner->indent_kinds);
[INFO] [stderr]   cargo:warning=      |     ^~~~~~~~~
[INFO] [stderr]   cargo:warning=./fsharp_signature/src/../../common/scanner.h: In function 'pop_preproc_kind':
[INFO] [stderr]   cargo:warning=./fsharp/src/tree_sitter/array.h:133:42: warning: value computed is not used [-Wunused-value]
[INFO] [stderr]   cargo:warning=  133 | #define array_pop(self) ((self)->contents[--(self)->size])
[INFO] [stderr]   cargo:warning=      |                         ~~~~~~~~~~~~~~~~~^~~~~~~~~~~~~~~~~
[INFO] [stderr]   cargo:warning=./fsharp_signature/src/../../common/scanner.h:153:5: note: in expansion of macro 'array_pop'
[INFO] [stderr]   cargo:warning=  153 |     array_pop(&scanner->preproc_kinds);
[INFO] [stderr]   cargo:warning=      |     ^~~~~~~~~
[INFO] [stderr]   cargo:warning=./fsharp_signature/src/../../common/scanner.h: In function 'scan':
[INFO] [stderr]   cargo:warning=./fsharp/src/tree_sitter/array.h:133:42: warning: value computed is not used [-Wunused-value]
[INFO] [stderr]   cargo:warning=  133 | #define array_pop(self) ((self)->contents[--(self)->size])
[INFO] [stderr]   cargo:warning=      |                         ~~~~~~~~~~~~~~~~~^~~~~~~~~~~~~~~~~
[INFO] [stderr]   cargo:warning=./fsharp_signature/src/../../common/scanner.h:979:21: note: in expansion of macro 'array_pop'
[INFO] [stderr]   cargo:warning=  979 |                     array_pop(&scanner->preprocessor_indents);
[INFO] [stderr]   cargo:warning=      |                     ^~~~~~~~~
[INFO] [stderr] 
[INFO] [stderr]   exit status: 0
[INFO] [stderr]   exit status: 0
[INFO] [stderr]   exit status: 0
[INFO] [stderr] 
[INFO] [stderr]   --- stderr
[INFO] [stderr] 
[INFO] [stderr] 
[INFO] [stderr]   error occurred in cc-rs: command did not execute successfully (status code exit status: 1): LC_ALL="C" "cc" "-O0" "-ffunction-sections" "-fdata-sections" "-fPIC" "-m64" "-std=c11" "-I" "./fsharp/src" "-Wall" "-Wextra" "-o" "/opt/rustwide/target/debug/build/tree-sitter-fsharp/caa1df33c138f0ea/out/577cc755a205cb7f-parser.o" "-c" "./fsharp/src/parser.c"
[INFO] [stderr] 
[INFO] [stderr] 
[INFO] running `Command { std: "docker" "inspect" "dac24a975bd5dec0044917ab88c4c5786b2fa3f8ae5f3428e86ab24a7d952bfe", kill_on_drop: false }`
[INFO] running `Command { std: "docker" "rm" "-f" "dac24a975bd5dec0044917ab88c4c5786b2fa3f8ae5f3428e86ab24a7d952bfe", kill_on_drop: false }`
[INFO] [stdout] dac24a975bd5dec0044917ab88c4c5786b2fa3f8ae5f3428e86ab24a7d952bfe
