[INFO] cloning repository https://github.com/fledgeling-co/warden-mcp
[INFO] running `Command { std: "git" "-c" "credential.helper=" "-c" "credential.helper=/workspace/cargo-home/bin/git-credential-null" "clone" "--bare" "https://github.com/fledgeling-co/warden-mcp" "/workspace/cache/git-repos/https%3A%2F%2Fgithub.com%2Ffledgeling-co%2Fwarden-mcp", kill_on_drop: false }`
[INFO] [stderr] Cloning into bare repository '/workspace/cache/git-repos/https%3A%2F%2Fgithub.com%2Ffledgeling-co%2Fwarden-mcp'...
[INFO] running `Command { std: "git" "rev-parse" "HEAD", kill_on_drop: false }`
[INFO] [stdout] 7eee0cd104bb365e1a5d7a25900ad5d1561e6a13
[INFO] checking fledgeling-co/warden-mcp against 3154cc1a3e6424e44f438a95007d043ed5ceaaf6 for pr-133502-30
[INFO] running `Command { std: "git" "clone" "/workspace/cache/git-repos/https%3A%2F%2Fgithub.com%2Ffledgeling-co%2Fwarden-mcp" "/workspace/builds/worker-1-tc2/source", kill_on_drop: false }`
[INFO] [stderr] Cloning into '/workspace/builds/worker-1-tc2/source'...
[INFO] [stderr] done.
[INFO] started tweaking git repo https://github.com/fledgeling-co/warden-mcp
[INFO] finished tweaking git repo https://github.com/fledgeling-co/warden-mcp
[INFO] tweaked toml for git repo https://github.com/fledgeling-co/warden-mcp written to /workspace/builds/worker-1-tc2/source/Cargo.toml
[INFO] validating manifest of git repo https://github.com/fledgeling-co/warden-mcp on toolchain 3154cc1a3e6424e44f438a95007d043ed5ceaaf6
[INFO] running `Command { std: CARGO_HOME="/workspace/cargo-home" RUSTUP_HOME="/workspace/rustup-home" "/workspace/cargo-home/bin/cargo" "+3154cc1a3e6424e44f438a95007d043ed5ceaaf6" "metadata" "--manifest-path" "Cargo.toml" "--no-deps", kill_on_drop: false }`
[INFO] crate git repo https://github.com/fledgeling-co/warden-mcp already has a lockfile, it will not be regenerated
[INFO] running `Command { std: CARGO_HOME="/workspace/cargo-home" RUSTUP_HOME="/workspace/rustup-home" "/workspace/cargo-home/bin/cargo" "+3154cc1a3e6424e44f438a95007d043ed5ceaaf6" "fetch" "--manifest-path" "Cargo.toml", kill_on_drop: false }`
[INFO] running `Command { std: "docker" "create" "-v" "/var/lib/crater-agent-workspace/builds/worker-1-tc2/source:/opt/rustwide/workdir:ro,Z" "-v" "/var/lib/crater-agent-workspace/builds/worker-1-tc2/target:/opt/rustwide/target:rw,Z" "-v" "/var/lib/crater-agent-workspace/cargo-home:/opt/rustwide/cargo-home:ro,Z" "-v" "/var/lib/crater-agent-workspace/rustup-home:/opt/rustwide/rustup-home:ro,Z" "-m" "1610612736" "--network" "none" "ghcr.io/rust-lang/crates-build-env/linux@sha256:77db811e55d90add9212f6832c23229e3de5f1c1f9905e8cb07319ea15df73ac" "sleep" "infinity", kill_on_drop: false }`
[INFO] [stdout] 604ab66b9dd9dc7f5a19de29a2b04aefe3ab1689064b3c6b3e6f3ef9e2dd6fd3
[INFO] running `Command { std: "docker" "start" "604ab66b9dd9dc7f5a19de29a2b04aefe3ab1689064b3c6b3e6f3ef9e2dd6fd3", kill_on_drop: false }`
[INFO] running `Command { std: "docker" "inspect" "604ab66b9dd9dc7f5a19de29a2b04aefe3ab1689064b3c6b3e6f3ef9e2dd6fd3", kill_on_drop: false }`
[INFO] running `Command { std: "docker" "exec" "-e" "SOURCE_DIR=/opt/rustwide/workdir" "-e" "CARGO_HOME=/opt/rustwide/cargo-home" "-e" "RUSTUP_HOME=/opt/rustwide/rustup-home" "-e" "CARGO_TARGET_DIR=/opt/rustwide/target" "-w" "/opt/rustwide/workdir" "--user" "0:0" "604ab66b9dd9dc7f5a19de29a2b04aefe3ab1689064b3c6b3e6f3ef9e2dd6fd3" "/opt/rustwide/cargo-home/bin/cargo" "+3154cc1a3e6424e44f438a95007d043ed5ceaaf6" "metadata" "--no-deps" "--format-version=1", kill_on_drop: false }`
[INFO] running `Command { std: "docker" "inspect" "604ab66b9dd9dc7f5a19de29a2b04aefe3ab1689064b3c6b3e6f3ef9e2dd6fd3", kill_on_drop: false }`
[INFO] running `Command { std: "docker" "exec" "-e" "SOURCE_DIR=/opt/rustwide/workdir" "-e" "CARGO_HOME=/opt/rustwide/cargo-home" "-e" "RUSTUP_HOME=/opt/rustwide/rustup-home" "-e" "CARGO_TARGET_DIR=/opt/rustwide/target" "-e" "CARGO_INCREMENTAL=0" "-e" "RUST_BACKTRACE=full" "-e" "RUSTFLAGS=--cap-lints=forbid" "-e" "RUSTDOCFLAGS=--cap-lints=forbid" "-w" "/opt/rustwide/workdir" "--user" "0:0" "604ab66b9dd9dc7f5a19de29a2b04aefe3ab1689064b3c6b3e6f3ef9e2dd6fd3" "/opt/rustwide/cargo-home/bin/cargo" "+3154cc1a3e6424e44f438a95007d043ed5ceaaf6" "check" "--frozen" "--all" "--all-targets" "--message-format=json", kill_on_drop: false }`
[INFO] [stderr]    Compiling proc-macro2 v1.0.107
[INFO] [stderr]    Compiling quote v1.0.47
[INFO] [stderr]    Compiling syn v3.0.3
[INFO] [stderr]    Compiling serde_derive v1.0.229
[INFO] [stderr]     Checking serde v1.0.229
[INFO] [stderr]     Checking warden-core v0.1.0 (/opt/rustwide/workdir/crates/core)
[INFO] [stdout] error[E0455]: link kind `framework` is only supported on Apple targets
[INFO] [stdout]    --> crates/core/src/peer.rs:650:40
[INFO] [stdout]     |
[INFO] [stdout] 650 | #[link(name = "CoreFoundation", kind = "framework")]
[INFO] [stdout]     |                                        ^^^^^^^^^^^
[INFO] [stdout] 
[INFO] [stdout] 
[INFO] [stdout] error[E0455]: link kind `framework` is only supported on Apple targets
[INFO] [stdout]    --> crates/core/src/peer.rs:685:34
[INFO] [stdout]     |
[INFO] [stdout] 685 | #[link(name = "Security", kind = "framework")]
[INFO] [stdout]     |                                  ^^^^^^^^^^^
[INFO] [stdout] 
[INFO] [stdout] 
[INFO] [stdout] error[E0455]: link kind `framework` is only supported on Apple targets
[INFO] [stdout]    --> crates/core/src/peer.rs:650:40
[INFO] [stdout]     |
[INFO] [stdout] 650 | #[link(name = "CoreFoundation", kind = "framework")]
[INFO] [stdout]     |                                        ^^^^^^^^^^^
[INFO] [stdout] 
[INFO] [stdout] 
[INFO] [stdout] error[E0455]: link kind `framework` is only supported on Apple targets
[INFO] [stdout]    --> crates/core/src/peer.rs:685:34
[INFO] [stdout]     |
[INFO] [stdout] 685 | #[link(name = "Security", kind = "framework")]
[INFO] [stdout]     |                                  ^^^^^^^^^^^
[INFO] [stdout] 
[INFO] [stdout] 
[INFO] [stdout] For more information about this error, try `rustc --explain E0455`.
[INFO] [stdout] 
[INFO] [stderr] error: could not compile `warden-core` (lib) due to 2 previous errors
[INFO] [stderr] warning: build failed, waiting for other jobs to finish...
[INFO] [stdout] For more information about this error, try `rustc --explain E0455`.
[INFO] [stdout] 
[INFO] [stderr] error: could not compile `warden-core` (lib test) due to 2 previous errors
[INFO] running `Command { std: "docker" "inspect" "604ab66b9dd9dc7f5a19de29a2b04aefe3ab1689064b3c6b3e6f3ef9e2dd6fd3", kill_on_drop: false }`
[INFO] running `Command { std: "docker" "rm" "-f" "604ab66b9dd9dc7f5a19de29a2b04aefe3ab1689064b3c6b3e6f3ef9e2dd6fd3", kill_on_drop: false }`
[INFO] [stdout] 604ab66b9dd9dc7f5a19de29a2b04aefe3ab1689064b3c6b3e6f3ef9e2dd6fd3
