[INFO] cloning repository https://github.com/flammafex/freebird
[INFO] running `Command { std: "git" "-c" "credential.helper=" "-c" "credential.helper=/workspace/cargo-home/bin/git-credential-null" "clone" "--bare" "https://github.com/flammafex/freebird" "/workspace/cache/git-repos/https%3A%2F%2Fgithub.com%2Fflammafex%2Ffreebird", kill_on_drop: false }`
[INFO] [stderr] Cloning into bare repository '/workspace/cache/git-repos/https%3A%2F%2Fgithub.com%2Fflammafex%2Ffreebird'...
[INFO] running `Command { std: "git" "rev-parse" "HEAD", kill_on_drop: false }`
[INFO] [stdout] e467b5d97879f4349b5b2e225a6d1f430800241d
[INFO] checking flammafex/freebird against 3154cc1a3e6424e44f438a95007d043ed5ceaaf6+rustflags=-Znext-solver=coherence for pr-133502-30
[INFO] running `Command { std: "git" "clone" "/workspace/cache/git-repos/https%3A%2F%2Fgithub.com%2Fflammafex%2Ffreebird" "/workspace/builds/worker-1-tc1/source", kill_on_drop: false }`
[INFO] [stderr] Cloning into '/workspace/builds/worker-1-tc1/source'...
[INFO] [stderr] done.
[INFO] started tweaking git repo https://github.com/flammafex/freebird
[INFO] finished tweaking git repo https://github.com/flammafex/freebird
[INFO] tweaked toml for git repo https://github.com/flammafex/freebird written to /workspace/builds/worker-1-tc1/source/Cargo.toml
[INFO] validating manifest of git repo https://github.com/flammafex/freebird on toolchain 3154cc1a3e6424e44f438a95007d043ed5ceaaf6
[INFO] running `Command { std: CARGO_HOME="/workspace/cargo-home" RUSTUP_HOME="/workspace/rustup-home" "/workspace/cargo-home/bin/cargo" "+3154cc1a3e6424e44f438a95007d043ed5ceaaf6" "metadata" "--manifest-path" "Cargo.toml" "--no-deps", kill_on_drop: false }`
[INFO] crate git repo https://github.com/flammafex/freebird already has a lockfile, it will not be regenerated
[INFO] running `Command { std: CARGO_HOME="/workspace/cargo-home" RUSTUP_HOME="/workspace/rustup-home" "/workspace/cargo-home/bin/cargo" "+3154cc1a3e6424e44f438a95007d043ed5ceaaf6" "fetch" "--manifest-path" "Cargo.toml", kill_on_drop: false }`
[INFO] [stderr] warning: `package.homepage` is redundant with `package.repository`
[INFO] [stderr]  --> issuer/Cargo.toml:8:12
[INFO] [stderr]   |
[INFO] [stderr] 7 | repository = "https://github.com/flammafex/freebird"
[INFO] [stderr]   |              ---------------------------------------
[INFO] [stderr] 8 | homepage = "https://github.com/flammafex/freebird"
[INFO] [stderr]   |            ^^^^^^^^^^^^^^^^^^^^^^^^^^^^^^^^^^^^^^^
[INFO] [stderr]   |
[INFO] [stderr]   = note: `cargo::redundant_homepage` is set to `warn` by default
[INFO] [stderr] help: consider removing `package.homepage`
[INFO] [stderr] warning: `freebird-issuer` (manifest) generated 1 warning
[INFO] [stderr] warning: `package.homepage` is redundant with `package.repository`
[INFO] [stderr]  --> common/Cargo.toml:8:12
[INFO] [stderr]   |
[INFO] [stderr] 7 | repository = "https://github.com/flammafex/freebird"
[INFO] [stderr]   |              ---------------------------------------
[INFO] [stderr] 8 | homepage = "https://github.com/flammafex/freebird"
[INFO] [stderr]   |            ^^^^^^^^^^^^^^^^^^^^^^^^^^^^^^^^^^^^^^^
[INFO] [stderr]   |
[INFO] [stderr]   = note: `cargo::redundant_homepage` is set to `warn` by default
[INFO] [stderr] help: consider removing `package.homepage`
[INFO] [stderr] warning: `freebird-common` (manifest) generated 1 warning
[INFO] [stderr] warning: `package.homepage` is redundant with `package.repository`
[INFO] [stderr]  --> interface/Cargo.toml:8:12
[INFO] [stderr]   |
[INFO] [stderr] 7 | repository = "https://github.com/flammafex/freebird"
[INFO] [stderr]   |              ---------------------------------------
[INFO] [stderr] 8 | homepage = "https://github.com/flammafex/freebird"
[INFO] [stderr]   |            ^^^^^^^^^^^^^^^^^^^^^^^^^^^^^^^^^^^^^^^
[INFO] [stderr]   |
[INFO] [stderr]   = note: `cargo::redundant_homepage` is set to `warn` by default
[INFO] [stderr] help: consider removing `package.homepage`
[INFO] [stderr] warning: `freebird-interface` (manifest) generated 1 warning
[INFO] [stderr] warning: `package.homepage` is redundant with `package.repository`
[INFO] [stderr]  --> crypto/Cargo.toml:8:12
[INFO] [stderr]   |
[INFO] [stderr] 7 | repository = "https://github.com/flammafex/freebird"
[INFO] [stderr]   |              ---------------------------------------
[INFO] [stderr] 8 | homepage = "https://github.com/flammafex/freebird"
[INFO] [stderr]   |            ^^^^^^^^^^^^^^^^^^^^^^^^^^^^^^^^^^^^^^^
[INFO] [stderr]   |
[INFO] [stderr]   = note: `cargo::redundant_homepage` is set to `warn` by default
[INFO] [stderr] help: consider removing `package.homepage`
[INFO] [stderr] warning: `freebird-crypto` (manifest) generated 1 warning
[INFO] [stderr] warning: `package.homepage` is redundant with `package.repository`
[INFO] [stderr]  --> verifier/Cargo.toml:8:12
[INFO] [stderr]   |
[INFO] [stderr] 7 | repository = "https://github.com/flammafex/freebird"
[INFO] [stderr]   |              ---------------------------------------
[INFO] [stderr] 8 | homepage = "https://github.com/flammafex/freebird"
[INFO] [stderr]   |            ^^^^^^^^^^^^^^^^^^^^^^^^^^^^^^^^^^^^^^^
[INFO] [stderr]   |
[INFO] [stderr]   = note: `cargo::redundant_homepage` is set to `warn` by default
[INFO] [stderr] help: consider removing `package.homepage`
[INFO] [stderr] warning: `freebird-verifier` (manifest) generated 1 warning
[INFO] [stderr]     Updating crates.io index
[INFO] [stderr]  Downloading crates ...
[INFO] [stderr]   Downloaded wasm-bindgen-macro v0.2.105
[INFO] [stderr]   Downloaded uuid v1.18.1
[INFO] [stderr]   Downloaded wasm-bindgen v0.2.105
[INFO] [stderr]   Downloaded wasm-bindgen-shared v0.2.105
[INFO] [stderr]   Downloaded no-std-compat v0.4.1
[INFO] [stderr]   Downloaded wasm-bindgen-macro-support v0.2.105
[INFO] [stderr]   Downloaded nonzero_ext v0.3.0
[INFO] [stderr]   Downloaded forwarded-header-value v0.1.1
[INFO] [stderr]   Downloaded nonempty v0.7.0
[INFO] [stderr]   Downloaded tower_governor v0.5.0
[INFO] [stderr]   Downloaded wasm-bindgen-futures v0.4.55
[INFO] [stderr]   Downloaded secrecy v0.8.0
[INFO] [stderr]   Downloaded generic-array v0.14.9
[INFO] [stderr]   Downloaded base64ct v1.8.0
[INFO] [stderr]   Downloaded crypto-common v0.2.1
[INFO] [stderr]   Downloaded quanta v0.12.6
[INFO] [stderr]   Downloaded signature v3.0.0-rc.10
[INFO] [stderr]   Downloaded block-buffer v0.12.0
[INFO] [stderr]   Downloaded serdect v0.4.2
[INFO] [stderr]   Downloaded cpubits v0.1.0
[INFO] [stderr]   Downloaded ct-codecs v1.1.6
[INFO] [stderr]   Downloaded digest v0.11.2
[INFO] [stderr]   Downloaded hmac-sha256 v1.1.14
[INFO] [stderr]   Downloaded serial_test v3.5.0
[INFO] [stderr]   Downloaded deadpool-redis v0.15.1
[INFO] [stderr]   Downloaded deadpool-runtime v0.1.4
[INFO] [stderr]   Downloaded js-sys v0.3.82
[INFO] [stderr]   Downloaded log v0.4.28
[INFO] [stderr]   Downloaded tempfile v3.23.0
[INFO] [stderr]   Downloaded spinning_top v0.3.0
[INFO] [stderr]   Downloaded hybrid-array v0.4.11
[INFO] [stderr]   Downloaded pkcs8 v0.11.0-rc.11
[INFO] [stderr]   Downloaded cmov v0.5.3
[INFO] [stderr]   Downloaded hmac-sha512 v1.1.12
[INFO] [stderr]   Downloaded serial_test_derive v3.5.0
[INFO] [stderr]   Downloaded pkcs1 v0.8.0-rc.4
[INFO] [stderr]   Downloaded webauthn-rs v0.5.3
[INFO] [stderr]   Downloaded base64urlsafedata v0.5.3
[INFO] [stderr]   Downloaded rustls-pki-types v1.13.0
[INFO] [stderr]   Downloaded icu_properties v2.1.1
[INFO] [stderr]   Downloaded derive-new v0.7.0
[INFO] [stderr]   Downloaded cc v1.2.47
[INFO] [stderr]   Downloaded zerocopy-derive v0.8.28
[INFO] [stderr]   Downloaded blind-rsa-signatures v0.17.1
[INFO] [stderr]   Downloaded webauthn-rs-proto v0.5.3
[INFO] [stderr]   Downloaded webauthn-attestation-ca v0.5.3
[INFO] [stderr]   Downloaded constant_time_eq v0.3.1
[INFO] [stderr]   Downloaded openssl-sys v0.9.111
[INFO] [stderr]   Downloaded hyper-util v0.1.18
[INFO] [stderr]   Downloaded deadpool v0.12.3
[INFO] [stderr]   Downloaded serde_cbor_2 v0.13.0
[INFO] [stderr]   Downloaded colored v2.2.0
[INFO] [stderr]   Downloaded tower-http v0.5.2
[INFO] [stderr]   Downloaded cryptoki v0.10.1
[INFO] [stderr]   Downloaded rsa v0.10.0-rc.16
[INFO] [stderr]   Downloaded der v0.8.0
[INFO] [stderr]   Downloaded rand v0.10.1
[INFO] [stderr]   Downloaded mio v1.1.0
[INFO] [stderr]   Downloaded icu_properties_data v2.1.1
[INFO] [stderr]   Downloaded iri-string v0.7.9
[INFO] [stderr]   Downloaded governor v0.8.1
[INFO] [stderr]   Downloaded reqwest v0.12.24
[INFO] [stderr]   Downloaded h2 v0.4.16
[INFO] [stderr]   Downloaded webauthn-rs-core v0.5.3
[INFO] [stderr]   Downloaded redis v0.24.0
[INFO] [stderr]   Downloaded crypto-primes v0.7.0-pre.9
[INFO] [stderr]   Downloaded webpki-roots v1.0.4
[INFO] [stderr]   Downloaded proptest v1.9.0
[INFO] [stderr]   Downloaded redis v0.25.4
[INFO] [stderr]   Downloaded quinn-proto v0.11.15
[INFO] [stderr]   Downloaded zerocopy v0.8.28
[INFO] [stderr]   Downloaded blake3 v1.8.2
[INFO] [stderr]   Downloaded syn v2.0.110
[INFO] [stderr]   Downloaded openssl v0.10.75
[INFO] [stderr]   Downloaded crypto-bigint v0.7.3
[INFO] [stderr]   Downloaded cryptoki-sys v0.4.0
[INFO] [stderr]   Downloaded rustix v1.1.2
[INFO] [stderr]   Downloaded web-sys v0.3.82
[INFO] running `Command { std: "docker" "create" "-v" "/var/lib/crater-agent-workspace/builds/worker-1-tc1/source:/opt/rustwide/workdir:ro,Z" "-v" "/var/lib/crater-agent-workspace/builds/worker-1-tc1/target:/opt/rustwide/target:rw,Z" "-v" "/var/lib/crater-agent-workspace/cargo-home:/opt/rustwide/cargo-home:ro,Z" "-v" "/var/lib/crater-agent-workspace/rustup-home:/opt/rustwide/rustup-home:ro,Z" "-m" "1610612736" "--network" "none" "ghcr.io/rust-lang/crates-build-env/linux@sha256:77db811e55d90add9212f6832c23229e3de5f1c1f9905e8cb07319ea15df73ac" "sleep" "infinity", kill_on_drop: false }`
[INFO] [stdout] 7f7e8a234cd31da7acbce2e3c564c9af7a1966b5fe4ec4fb398c1dbc6437efb8
[INFO] running `Command { std: "docker" "start" "7f7e8a234cd31da7acbce2e3c564c9af7a1966b5fe4ec4fb398c1dbc6437efb8", kill_on_drop: false }`
[INFO] running `Command { std: "docker" "inspect" "7f7e8a234cd31da7acbce2e3c564c9af7a1966b5fe4ec4fb398c1dbc6437efb8", kill_on_drop: false }`
[INFO] running `Command { std: "docker" "exec" "-e" "SOURCE_DIR=/opt/rustwide/workdir" "-e" "CARGO_HOME=/opt/rustwide/cargo-home" "-e" "RUSTUP_HOME=/opt/rustwide/rustup-home" "-e" "CARGO_TARGET_DIR=/opt/rustwide/target" "-w" "/opt/rustwide/workdir" "--user" "0:0" "7f7e8a234cd31da7acbce2e3c564c9af7a1966b5fe4ec4fb398c1dbc6437efb8" "/opt/rustwide/cargo-home/bin/cargo" "+3154cc1a3e6424e44f438a95007d043ed5ceaaf6" "metadata" "--no-deps" "--format-version=1", kill_on_drop: false }`
[INFO] running `Command { std: "docker" "inspect" "7f7e8a234cd31da7acbce2e3c564c9af7a1966b5fe4ec4fb398c1dbc6437efb8", kill_on_drop: false }`
[INFO] running `Command { std: "docker" "exec" "-e" "SOURCE_DIR=/opt/rustwide/workdir" "-e" "CARGO_HOME=/opt/rustwide/cargo-home" "-e" "RUSTUP_HOME=/opt/rustwide/rustup-home" "-e" "CARGO_TARGET_DIR=/opt/rustwide/target" "-e" "CARGO_INCREMENTAL=0" "-e" "RUST_BACKTRACE=full" "-e" "RUSTFLAGS=--cap-lints=forbid -Znext-solver=coherence" "-e" "RUSTDOCFLAGS=--cap-lints=forbid" "-w" "/opt/rustwide/workdir" "--user" "0:0" "7f7e8a234cd31da7acbce2e3c564c9af7a1966b5fe4ec4fb398c1dbc6437efb8" "/opt/rustwide/cargo-home/bin/cargo" "+3154cc1a3e6424e44f438a95007d043ed5ceaaf6" "check" "--frozen" "--all" "--all-targets" "--message-format=json", kill_on_drop: false }`
[INFO] [stderr] warning: `package.homepage` is redundant with `package.repository`
[INFO] [stderr]  --> common/Cargo.toml:8:12
[INFO] [stderr]   |
[INFO] [stderr] 7 | repository = "https://github.com/flammafex/freebird"
[INFO] [stderr]   |              ---------------------------------------
[INFO] [stderr] 8 | homepage = "https://github.com/flammafex/freebird"
[INFO] [stderr]   |            ^^^^^^^^^^^^^^^^^^^^^^^^^^^^^^^^^^^^^^^
[INFO] [stderr]   |
[INFO] [stderr]   = note: `cargo::redundant_homepage` is set to `warn` by default
[INFO] [stderr] help: consider removing `package.homepage`
[INFO] [stderr] warning: `freebird-common` (manifest) generated 1 warning
[INFO] [stderr] warning: `package.homepage` is redundant with `package.repository`
[INFO] [stderr]  --> interface/Cargo.toml:8:12
[INFO] [stderr]   |
[INFO] [stderr] 7 | repository = "https://github.com/flammafex/freebird"
[INFO] [stderr]   |              ---------------------------------------
[INFO] [stderr] 8 | homepage = "https://github.com/flammafex/freebird"
[INFO] [stderr]   |            ^^^^^^^^^^^^^^^^^^^^^^^^^^^^^^^^^^^^^^^
[INFO] [stderr]   |
[INFO] [stderr]   = note: `cargo::redundant_homepage` is set to `warn` by default
[INFO] [stderr] help: consider removing `package.homepage`
[INFO] [stderr] warning: `freebird-interface` (manifest) generated 1 warning
[INFO] [stderr] warning: `package.homepage` is redundant with `package.repository`
[INFO] [stderr]  --> crypto/Cargo.toml:8:12
[INFO] [stderr]   |
[INFO] [stderr] 7 | repository = "https://github.com/flammafex/freebird"
[INFO] [stderr]   |              ---------------------------------------
[INFO] [stderr] 8 | homepage = "https://github.com/flammafex/freebird"
[INFO] [stderr]   |            ^^^^^^^^^^^^^^^^^^^^^^^^^^^^^^^^^^^^^^^
[INFO] [stderr]   |
[INFO] [stderr]   = note: `cargo::redundant_homepage` is set to `warn` by default
[INFO] [stderr] help: consider removing `package.homepage`
[INFO] [stderr] warning: `freebird-crypto` (manifest) generated 1 warning
[INFO] [stderr] warning: `package.homepage` is redundant with `package.repository`
[INFO] [stderr]  --> verifier/Cargo.toml:8:12
[INFO] [stderr]   |
[INFO] [stderr] 7 | repository = "https://github.com/flammafex/freebird"
[INFO] [stderr]   |              ---------------------------------------
[INFO] [stderr] 8 | homepage = "https://github.com/flammafex/freebird"
[INFO] [stderr]   |            ^^^^^^^^^^^^^^^^^^^^^^^^^^^^^^^^^^^^^^^
[INFO] [stderr]   |
[INFO] [stderr]   = note: `cargo::redundant_homepage` is set to `warn` by default
[INFO] [stderr] help: consider removing `package.homepage`
[INFO] [stderr] warning: `freebird-verifier` (manifest) generated 1 warning
[INFO] [stderr] warning: `package.homepage` is redundant with `package.repository`
[INFO] [stderr]  --> issuer/Cargo.toml:8:12
[INFO] [stderr]   |
[INFO] [stderr] 7 | repository = "https://github.com/flammafex/freebird"
[INFO] [stderr]   |              ---------------------------------------
[INFO] [stderr] 8 | homepage = "https://github.com/flammafex/freebird"
[INFO] [stderr]   |            ^^^^^^^^^^^^^^^^^^^^^^^^^^^^^^^^^^^^^^^
[INFO] [stderr]   |
[INFO] [stderr]   = note: `cargo::redundant_homepage` is set to `warn` by default
[INFO] [stderr] help: consider removing `package.homepage`
[INFO] [stderr] warning: `freebird-issuer` (manifest) generated 1 warning
[INFO] [stderr]    Compiling proc-macro2 v1.0.103
[INFO] [stderr]    Compiling quote v1.0.42
[INFO] [stderr]    Compiling unicode-ident v1.0.22
[INFO] [stderr]    Compiling libc v0.2.177
[INFO] [stderr]     Checking smallvec v1.15.1
[INFO] [stderr]     Checking memchr v2.7.6
[INFO] [stderr]    Compiling serde_core v1.0.228
[INFO] [stderr]    Compiling serde v1.0.228
[INFO] [stderr]     Checking typenum v1.20.0
[INFO] [stderr]     Checking subtle v2.6.1
[INFO] [stderr]     Checking futures-sink v0.3.31
[INFO] [stderr]     Checking log v0.4.28
[INFO] [stderr]    Compiling generic-array v0.14.9
[INFO] [stderr]     Checking const-oid v0.9.6
[INFO] [stderr]    Compiling zerocopy v0.8.28
[INFO] [stderr]     Checking tracing-core v0.1.34
[INFO] [stderr]     Checking futures-channel v0.3.31
[INFO] [stderr]     Checking base64ct v1.8.0
[INFO] [stderr]    Compiling find-msvc-tools v0.1.5
[INFO] [stderr]     Checking bitflags v2.10.0
[INFO] [stderr]    Compiling num-traits v0.2.19
[INFO] [stderr]    Compiling getrandom v0.3.4
[INFO] [stderr]    Compiling serde_json v1.0.145
[INFO] [stderr]     Checking http v1.3.1
[INFO] [stderr]    Compiling cc v1.2.47
[INFO] [stderr]     Checking form_urlencoded v1.2.2
[INFO] [stderr]     Checking stable_deref_trait v1.2.1
[INFO] [stderr]     Checking regex-syntax v0.8.8
[INFO] [stderr]     Checking hashbrown v0.16.1
[INFO] [stderr]    Compiling time-core v0.1.8
[INFO] [stderr]     Checking powerfmt v0.2.0
[INFO] [stderr]    Compiling num-conv v0.2.0
[INFO] [stderr]     Checking cpufeatures v0.2.17
[INFO] [stderr]     Checking deranged v0.5.5
[INFO] [stderr]     Checking const-oid v0.10.2
[INFO] [stderr]    Compiling time-macros v0.2.27
[INFO] [stderr]     Checking sync_wrapper v1.0.2
[INFO] [stderr]     Checking ipnet v2.11.0
[INFO] [stderr]    Compiling anyhow v1.0.103
[INFO] [stderr]     Checking pem-rfc7468 v0.7.0
[INFO] [stderr]     Checking rand_core v0.10.1
[INFO] [stderr]     Checking writeable v0.6.2
[INFO] [stderr]     Checking litemap v0.8.1
[INFO] [stderr]     Checking pem-rfc7468 v1.0.0
[INFO] [stderr]    Compiling icu_properties_data v2.1.1
[INFO] [stderr]    Compiling icu_normalizer_data v2.1.1
[INFO] [stderr]     Checking matchit v0.7.3
[INFO] [stderr]     Checking cmov v0.5.3
[INFO] [stderr]    Compiling crossbeam-utils v0.8.21
[INFO] [stderr]     Checking http-body v1.0.1
[INFO] [stderr]    Compiling syn v2.0.110
[INFO] [stderr]     Checking http-body-util v0.1.3
[INFO] [stderr]     Checking base16ct v0.2.0
[INFO] [stderr]    Compiling libm v0.2.16
[INFO] [stderr]     Checking base16ct v1.0.0
[INFO] [stderr]     Checking ctutils v0.4.2
[INFO] [stderr]     Checking indexmap v2.12.1
[INFO] [stderr]     Checking tracing-log v0.2.0
[INFO] [stderr]     Checking hybrid-array v0.4.11
[INFO] [stderr]     Checking sharded-slab v0.1.7
[INFO] [stderr]     Checking thread_local v1.1.9
[INFO] [stderr]     Checking nu-ansi-term v0.50.3
[INFO] [stderr]    Compiling unicode-segmentation v1.13.2
[INFO] [stderr]     Checking cpubits v0.1.0
[INFO] [stderr]    Compiling getrandom v0.4.2
[INFO] [stderr]     Checking cpufeatures v0.3.0
[INFO] [stderr]    Compiling openssl v0.10.75
[INFO] [stderr]     Checking chacha20 v0.10.0
[INFO] [stderr]     Checking ct-codecs v1.1.6
[INFO] [stderr]     Checking parking_lot_core v0.9.12
[INFO] [stderr]     Checking getrandom v0.2.16
[INFO] [stderr]     Checking socket2 v0.6.1
[INFO] [stderr]     Checking mio v1.1.0
[INFO] [stderr]     Checking signal-hook-registry v1.4.6
[INFO] [stderr]     Checking rand_core v0.6.4
[INFO] [stderr]     Checking parking_lot v0.12.5
[INFO] [stderr]     Checking ff v0.13.1
[INFO] [stderr]     Checking group v0.13.0
[INFO] [stderr]    Compiling convert_case v0.10.0
[INFO] [stderr]     Checking rand_core v0.9.3
[INFO] [stderr]    Compiling thiserror v2.0.17
[INFO] [stderr]    Compiling semver v1.0.28
[INFO] [stderr]     Checking rand v0.10.1
[INFO] [stderr]     Checking untrusted v0.9.0
[INFO] [stderr]    Compiling protobuf v3.7.2
[INFO] [stderr]    Compiling prometheus v0.14.0
[INFO] [stderr]    Compiling rustls v0.23.45
[INFO] [stderr]     Checking crypto-common v0.2.1
[INFO] [stderr]    Compiling openssl-sys v0.9.111
[INFO] [stderr]     Checking block-buffer v0.12.0
[INFO] [stderr]    Compiling ring v0.17.14
[INFO] [stderr]    Compiling rustix v1.1.2
[INFO] [stderr]     Checking time v0.3.47
[INFO] [stderr]    Compiling rustc_version v0.4.1
[INFO] [stderr]     Checking linux-raw-sys v0.11.0
[INFO] [stderr]    Compiling crossbeam-epoch v0.9.20
[INFO] [stderr]    Compiling portable-atomic v1.11.1
[INFO] [stderr]     Checking utf8parse v0.2.2
[INFO] [stderr]     Checking iri-string v0.7.9
[INFO] [stderr]     Checking regex-automata v0.4.13
[INFO] [stderr]     Checking minimal-lexical v0.2.1
[INFO] [stderr]     Checking anstyle-parse v0.2.7
[INFO] [stderr]    Compiling curve25519-dalek v4.1.3
[INFO] [stderr]     Checking raw-cpuid v11.6.0
[INFO] [stderr]     Checking encoding_rs v0.8.35
[INFO] [stderr]     Checking nom v7.1.3
[INFO] [stderr]     Checking hashbrown v0.14.5
[INFO] [stderr]    Compiling native-tls v0.2.14
[INFO] [stderr]     Checking is_terminal_polyfill v1.70.2
[INFO] [stderr]     Checking anstyle v1.0.13
[INFO] [stderr]     Checking anstyle-query v1.1.5
[INFO] [stderr]     Checking colorchoice v1.0.4
[INFO] [stderr]     Checking sha1_smol v1.0.1
[INFO] [stderr]     Checking either v1.15.0
[INFO] [stderr]     Checking anstream v0.6.21
[INFO] [stderr]     Checking crossbeam-deque v0.8.6
[INFO] [stderr]     Checking digest v0.11.2
[INFO] [stderr]    Compiling rayon-core v1.13.0
[INFO] [stderr]     Checking spinning_top v0.3.0
[INFO] [stderr]     Checking nonzero_ext v0.3.0
[INFO] [stderr]     Checking signature v3.0.0-rc.10
[INFO] [stderr]     Checking hmac-sha256 v1.1.14
[INFO] [stderr]     Checking hmac-sha512 v1.1.12
[INFO] [stderr]     Checking foldhash v0.2.0
[INFO] [stderr]     Checking no-std-compat v0.4.1
[INFO] [stderr]     Checking nonempty v0.7.0
[INFO] [stderr]     Checking dashmap v6.1.0
[INFO] [stderr]     Checking futures-timer v3.0.3
[INFO] [stderr]     Checking clap_lex v0.7.6
[INFO] [stderr]     Checking strsim v0.11.1
[INFO] [stderr]     Checking web-time v1.1.0
[INFO] [stderr]     Checking hashbrown v0.17.1
[INFO] [stderr]     Checking clap_builder v4.5.53
[INFO] [stderr]     Checking serde_path_to_error v0.1.20
[INFO] [stderr]     Checking num-integer v0.1.46
[INFO] [stderr]    Compiling pastey v0.1.1
[INFO] [stderr]     Checking base64 v0.21.7
[INFO] [stderr]    Compiling oid-registry v0.7.1
[INFO] [stderr]     Checking num-bigint v0.4.6
[INFO] [stderr]     Checking rayon v1.11.0
[INFO] [stderr]    Compiling webauthn-attestation-ca v0.5.3
[INFO] [stderr]    Compiling webauthn-rs-core v0.5.3
[INFO] [stderr]     Checking data-encoding v2.9.0
[INFO] [stderr]     Checking lru v0.18.2
[INFO] [stderr]    Compiling blake3 v1.8.2
[INFO] [stderr]     Checking socket2 v0.4.10
[INFO] [stderr]     Checking arrayvec v0.7.6
[INFO] [stderr]     Checking constant_time_eq v0.3.1
[INFO] [stderr]     Checking iana-time-zone v0.1.64
[INFO] [stderr]     Checking rusticata-macros v4.1.0
[INFO] [stderr]    Compiling freebird-issuer v0.10.5 (/opt/rustwide/workdir/issuer)
[INFO] [stderr]     Checking colored v2.2.0
[INFO] [stderr]     Checking num_cpus v1.17.0
[INFO] [stderr]     Checking quanta v0.12.6
[INFO] [stderr]     Checking chrono v0.4.42
[INFO] [stderr]     Checking socket2 v0.5.10
[INFO] [stderr]    Compiling freebird-verifier v0.10.5 (/opt/rustwide/workdir/verifier)
[INFO] [stderr]     Checking tempfile v3.23.0
[INFO] [stderr] warning: freebird-verifier@0.10.5: Failed to copy admin UI: Read-only file system (os error 30)
[INFO] [stderr]     Checking ciborium-io v0.2.2
[INFO] [stderr] warning: freebird-issuer@0.10.5: Failed to copy admin UI: Read-only file system (os error 30)
[INFO] [stderr]     Checking plotters-backend v0.3.7
[INFO] [stderr]     Checking itertools v0.10.5
[INFO] [stderr]     Checking wait-timeout v0.2.1
[INFO] [stderr]     Checking cast v0.3.0
[INFO] [stderr]     Checking rand_xorshift v0.4.0
[INFO] [stderr]     Checking is-terminal v0.4.17
[INFO] [stderr]     Checking anes v0.1.6
[INFO] [stderr]     Checking oorandom v11.1.5
[INFO] [stderr]     Checking rusty-fork v0.3.1
[INFO] [stderr]     Checking plotters-svg v0.3.7
[INFO] [stderr]     Checking matchers v0.2.0
[INFO] [stderr]     Checking regex v1.12.2
[INFO] [stderr]     Checking plotters v0.3.7
[INFO] [stderr]     Checking criterion-plot v0.5.0
[INFO] [stderr]    Compiling synstructure v0.13.2
[INFO] [stderr]    Compiling zeroize_derive v1.4.2
[INFO] [stderr]    Compiling serde_derive v1.0.228
[INFO] [stderr]    Compiling tokio-macros v2.6.0
[INFO] [stderr]    Compiling zerocopy-derive v0.8.28
[INFO] [stderr]    Compiling futures-macro v0.3.31
[INFO] [stderr]    Compiling tracing-attributes v0.1.30
[INFO] [stderr]    Compiling displaydoc v0.2.5
[INFO] [stderr]    Compiling zerofrom-derive v0.1.6
[INFO] [stderr]    Compiling yoke-derive v0.8.1
[INFO] [stderr]    Compiling async-trait v0.1.89
[INFO] [stderr]    Compiling zerovec-derive v0.11.2
[INFO] [stderr]    Compiling thiserror-impl v1.0.69
[INFO] [stderr]    Compiling openssl-macros v0.1.1
[INFO] [stderr]    Compiling derive_more-impl v2.1.1
[INFO] [stderr]    Compiling derive-new v0.7.0
[INFO] [stderr]    Compiling pin-project-internal v1.1.10
[INFO] [stderr]     Checking zeroize v1.8.2
[INFO] [stderr]    Compiling thiserror-impl v2.0.17
[INFO] [stderr]     Checking tokio v1.48.0
[INFO] [stderr]     Checking der v0.7.10
[INFO] [stderr]     Checking futures-util v0.3.31
[INFO] [stderr]     Checking der v0.8.0
[INFO] [stderr]     Checking pin-project v1.1.10
[INFO] [stderr]     Checking thiserror v1.0.69
[INFO] [stderr]     Checking rustls-pki-types v1.13.0
[INFO] [stderr]     Checking protobuf-support v3.7.2
[INFO] [stderr]    Compiling curve25519-dalek-derive v0.1.1
[INFO] [stderr]     Checking block-buffer v0.10.4
[INFO] [stderr]     Checking tracing v0.1.41
[INFO] [stderr]     Checking crypto-common v0.1.6
[INFO] [stderr]     Checking crypto-bigint v0.5.5
[INFO] [stderr]     Checking digest v0.10.7
[INFO] [stderr]    Compiling asn1-rs-impl v0.2.0
[INFO] [stderr]     Checking rustls-webpki v0.103.15
[INFO] [stderr]     Checking signature v2.2.0
[INFO] [stderr]     Checking sha2 v0.10.9
[INFO] [stderr]     Checking zerofrom v0.1.6
[INFO] [stderr]     Checking spki v0.7.3
[INFO] [stderr]     Checking hmac v0.12.1
[INFO] [stderr]     Checking yoke v0.8.1
[INFO] [stderr]     Checking pkcs8 v0.10.2
[INFO] [stderr]     Checking rfc6979 v0.4.0
[INFO] [stderr]     Checking hkdf v0.12.4
[INFO] [stderr]     Checking ed25519 v2.2.3
[INFO] [stderr]     Checking sec1 v0.7.3
[INFO] [stderr]     Checking webpki-roots v1.0.4
[INFO] [stderr]    Compiling asn1-rs-derive v0.5.1
[INFO] [stderr]     Checking zerovec v0.11.5
[INFO] [stderr]     Checking zerotrie v0.2.3
[INFO] [stderr]     Checking forwarded-header-value v0.1.1
[INFO] [stderr]    Compiling clap_derive v4.5.49
[INFO] [stderr]    Compiling serial_test_derive v3.5.0
[INFO] [stderr]     Checking spki v0.8.0
[INFO] [stderr]     Checking pkcs8 v0.11.0-rc.11
[INFO] [stderr]     Checking pkcs1 v0.8.0-rc.4
[INFO] [stderr]     Checking asn1-rs v0.6.2
[INFO] [stderr]     Checking tinystr v0.8.2
[INFO] [stderr]     Checking potential_utf v0.1.4
[INFO] [stderr]     Checking icu_collections v2.1.1
[INFO] [stderr]     Checking icu_locale_core v2.1.1
[INFO] [stderr]     Checking elliptic-curve v0.13.8
[INFO] [stderr]     Checking ed25519-dalek v2.2.0
[INFO] [stderr]     Checking ecdsa v0.16.9
[INFO] [stderr]     Checking primeorder v0.13.6
[INFO] [stderr]     Checking icu_provider v2.1.1
[INFO] [stderr]     Checking ppv-lite86 v0.2.21
[INFO] [stderr]     Checking half v2.7.1
[INFO] [stderr]     Checking icu_properties v2.1.1
[INFO] [stderr]     Checking icu_normalizer v2.1.1
[INFO] [stderr]     Checking p256 v0.13.2
[INFO] [stderr]     Checking ciborium-ll v0.2.2
[INFO] [stderr]     Checking serde_urlencoded v0.7.1
[INFO] [stderr]     Checking serdect v0.4.2
[INFO] [stderr]     Checking tracing-serde v0.2.0
[INFO] [stderr]     Checking uuid v1.18.1
[INFO] [stderr]     Checking rand_chacha v0.3.1
[INFO] [stderr]     Checking crypto-bigint v0.7.3
[INFO] [stderr]     Checking rand_chacha v0.9.0
[INFO] [stderr]     Checking tracing-subscriber v0.3.20
[INFO] [stderr]     Checking clap v4.5.53
[INFO] [stderr]     Checking base64urlsafedata v0.5.3
[INFO] [stderr]     Checking axum-core v0.4.5
[INFO] [stderr]     Checking tower v0.4.13
[INFO] [stderr]     Checking futures-executor v0.3.31
[INFO] [stderr]     Checking rand v0.8.7
[INFO] [stderr]     Checking rand v0.9.5
[INFO] [stderr]     Checking der-parser v9.0.0
[INFO] [stderr]     Checking serde_cbor_2 v0.13.0
[INFO] [stderr]     Checking futures v0.3.31
[INFO] [stderr]     Checking serial_test v3.5.0
[INFO] [stderr]     Checking ciborium v0.2.2
[INFO] [stderr]     Checking tinytemplate v1.2.1
[INFO] [stderr]     Checking x509-parser v0.16.0
[INFO] [stderr]     Checking governor v0.8.1
[INFO] [stderr]     Checking proptest v1.9.0
[INFO] [stderr]     Checking idna_adapter v1.2.1
[INFO] [stderr]     Checking derive_more v2.1.1
[INFO] [stderr]     Checking idna v1.1.0
[INFO] [stderr]     Checking criterion v0.5.1
[INFO] [stderr]     Checking url v2.5.7
[INFO] [stderr]     Checking webauthn-rs-proto v0.5.3
[INFO] [stderr]     Checking tokio-util v0.7.17
[INFO] [stderr]     Checking tower v0.5.2
[INFO] [stderr]     Checking tokio-native-tls v0.3.1
[INFO] [stderr]     Checking tokio-rustls v0.26.4
[INFO] [stderr]     Checking tower-http v0.5.2
[INFO] [stderr]     Checking deadpool-runtime v0.1.4
[INFO] [stderr]     Checking deadpool v0.12.3
[INFO] [stderr]     Checking h2 v0.4.16
[INFO] [stderr]     Checking combine v4.6.7
[INFO] [stderr]     Checking tower-http v0.6.6
[INFO] [stderr]     Checking crypto-primes v0.7.0-pre.9
[INFO] [stderr]     Checking rsa v0.10.0-rc.16
[INFO] [stderr]     Checking webauthn-rs v0.5.3
[INFO] [stderr]     Checking blind-rsa-signatures v0.17.1
[INFO] [stderr]     Checking freebird-crypto v0.10.5 (/opt/rustwide/workdir/crypto)
[INFO] [stderr]     Checking hyper v1.8.1
[INFO] [stderr]     Checking redis v0.24.0
[INFO] [stderr]     Checking redis v0.25.4
[INFO] [stderr]     Checking hyper-util v0.1.18
[INFO] [stdout] error[E0277]: the trait bound `!: FromRedisValue` is not satisfied
[INFO] [stdout]    --> /opt/rustwide/cargo-home/registry/src/index.crates.io-1949cf8c6b5b557f/redis-0.24.0/src/script.rs:176:37
[INFO] [stdout]     |
[INFO] [stdout] 176 |                     self.load_cmd().query_async(con).await?;
[INFO] [stdout]     |                                     ^^^^^^^^^^^ the trait `FromRedisValue` is not implemented for `!`
[INFO] [stdout]     |
[INFO] [stdout]     = help: the following other types implement trait `FromRedisValue`:
[INFO] [stdout]               ()
[INFO] [stdout]               (T12,)
[INFO] [stdout]               (T11, T12)
[INFO] [stdout]               (T10, T11, T12)
[INFO] [stdout]               (T9, T10, T11, T12)
[INFO] [stdout]               (T8, T9, T10, T11, T12)
[INFO] [stdout]               (T7, T8, T9, T10, T11, T12)
[INFO] [stdout]               (T6, T7, T8, T9, T10, T11, T12)
[INFO] [stdout]             and 44 others
[INFO] [stdout]     = note: this error might have been caused by changes to Rust's type-inference algorithm (see issue #148922 <https://github.com/rust-lang/rust/issues/148922> for more information)
[INFO] [stdout]     = help: you might have intended to use the type `()` here instead
[INFO] [stdout] note: required by a bound in `Cmd::query_async`
[INFO] [stdout]    --> /opt/rustwide/cargo-home/registry/src/index.crates.io-1949cf8c6b5b557f/redis-0.24.0/src/cmd.rs:429:36
[INFO] [stdout]     |
[INFO] [stdout] 320 | impl Cmd {
[INFO] [stdout] ...
[INFO] [stdout] 429 |     pub async fn query_async<C, T: FromRedisValue>(&self, con: &mut C) -> RedisResult<T>
[INFO] [stdout]     |                                    ^^^^^^^^^^^^^^ required by this bound in `Cmd::query_async`
[INFO] [stdout] 
[INFO] [stdout] 
[INFO] [stdout] error[E0277]: the trait bound `!: FromRedisValue` is not satisfied
[INFO] [stdout]    --> /opt/rustwide/cargo-home/registry/src/index.crates.io-1949cf8c6b5b557f/redis-0.25.4/src/script.rs:176:37
[INFO] [stdout]     |
[INFO] [stdout] 176 |                     self.load_cmd().query_async(con).await?;
[INFO] [stdout]     |                                     ^^^^^^^^^^^ the trait `FromRedisValue` is not implemented for `!`
[INFO] [stdout]     |
[INFO] [stdout]     = help: the following other types implement trait `FromRedisValue`:
[INFO] [stdout]               ()
[INFO] [stdout]               (T12,)
[INFO] [stdout]               (T11, T12)
[INFO] [stdout]               (T10, T11, T12)
[INFO] [stdout]               (T9, T10, T11, T12)
[INFO] [stdout]               (T8, T9, T10, T11, T12)
[INFO] [stdout]               (T7, T8, T9, T10, T11, T12)
[INFO] [stdout]               (T6, T7, T8, T9, T10, T11, T12)
[INFO] [stdout]             and 45 others
[INFO] [stdout]     = note: this error might have been caused by changes to Rust's type-inference algorithm (see issue #148922 <https://github.com/rust-lang/rust/issues/148922> for more information)
[INFO] [stdout]     = help: you might have intended to use the type `()` here instead
[INFO] [stdout] note: required by a bound in `Cmd::query_async`
[INFO] [stdout]    --> /opt/rustwide/cargo-home/registry/src/index.crates.io-1949cf8c6b5b557f/redis-0.25.4/src/cmd.rs:430:36
[INFO] [stdout]     |
[INFO] [stdout] 314 | impl Cmd {
[INFO] [stdout] ...
[INFO] [stdout] 430 |     pub async fn query_async<C, T: FromRedisValue>(&self, con: &mut C) -> RedisResult<T>
[INFO] [stdout]     |                                    ^^^^^^^^^^^^^^ required by this bound in `Cmd::query_async`
[INFO] [stdout] 
[INFO] [stdout] 
[INFO] [stdout] error[E0277]: the trait bound `!: FromRedisValue` is not satisfied
[INFO] [stdout]    --> /opt/rustwide/cargo-home/registry/src/index.crates.io-1949cf8c6b5b557f/redis-0.24.0/src/script.rs:150:37
[INFO] [stdout]     |
[INFO] [stdout] 150 |                     self.load_cmd().query(con)?;
[INFO] [stdout]     |                                     ^^^^^ the trait `FromRedisValue` is not implemented for `!`
[INFO] [stdout]     |
[INFO] [stdout]     = help: the following other types implement trait `FromRedisValue`:
[INFO] [stdout]               ()
[INFO] [stdout]               (T12,)
[INFO] [stdout]               (T11, T12)
[INFO] [stdout]               (T10, T11, T12)
[INFO] [stdout]               (T9, T10, T11, T12)
[INFO] [stdout]               (T8, T9, T10, T11, T12)
[INFO] [stdout]               (T7, T8, T9, T10, T11, T12)
[INFO] [stdout]               (T6, T7, T8, T9, T10, T11, T12)
[INFO] [stdout]             and 44 others
[INFO] [stdout]     = note: this error might have been caused by changes to Rust's type-inference algorithm (see issue #148922 <https://github.com/rust-lang/rust/issues/148922> for more information)
[INFO] [stdout]     = help: you might have intended to use the type `()` here instead
[INFO] [stdout] note: required by a bound in `Cmd::query`
[INFO] [stdout]    --> /opt/rustwide/cargo-home/registry/src/index.crates.io-1949cf8c6b5b557f/redis-0.24.0/src/cmd.rs:419:21
[INFO] [stdout]     |
[INFO] [stdout] 320 | impl Cmd {
[INFO] [stdout] ...
[INFO] [stdout] 419 |     pub fn query<T: FromRedisValue>(&self, con: &mut dyn ConnectionLike) -> RedisResult<T> {
[INFO] [stdout]     |                     ^^^^^^^^^^^^^^ required by this bound in `Cmd::query`
[INFO] [stdout] 
[INFO] [stdout] 
[INFO] [stdout] error[E0277]: the trait bound `!: FromRedisValue` is not satisfied
[INFO] [stdout]    --> /opt/rustwide/cargo-home/registry/src/index.crates.io-1949cf8c6b5b557f/redis-0.25.4/src/script.rs:150:37
[INFO] [stdout]     |
[INFO] [stdout] 150 |                     self.load_cmd().query(con)?;
[INFO] [stdout]     |                                     ^^^^^ the trait `FromRedisValue` is not implemented for `!`
[INFO] [stdout]     |
[INFO] [stdout]     = help: the following other types implement trait `FromRedisValue`:
[INFO] [stdout]               ()
[INFO] [stdout]               (T12,)
[INFO] [stdout]               (T11, T12)
[INFO] [stdout]               (T10, T11, T12)
[INFO] [stdout]               (T9, T10, T11, T12)
[INFO] [stdout]               (T8, T9, T10, T11, T12)
[INFO] [stdout]               (T7, T8, T9, T10, T11, T12)
[INFO] [stdout]               (T6, T7, T8, T9, T10, T11, T12)
[INFO] [stdout]             and 45 others
[INFO] [stdout]     = note: this error might have been caused by changes to Rust's type-inference algorithm (see issue #148922 <https://github.com/rust-lang/rust/issues/148922> for more information)
[INFO] [stdout]     = help: you might have intended to use the type `()` here instead
[INFO] [stdout] note: required by a bound in `Cmd::query`
[INFO] [stdout]    --> /opt/rustwide/cargo-home/registry/src/index.crates.io-1949cf8c6b5b557f/redis-0.25.4/src/cmd.rs:420:21
[INFO] [stdout]     |
[INFO] [stdout] 314 | impl Cmd {
[INFO] [stdout] ...
[INFO] [stdout] 420 |     pub fn query<T: FromRedisValue>(&self, con: &mut dyn ConnectionLike) -> RedisResult<T> {
[INFO] [stdout]     |                     ^^^^^^^^^^^^^^ required by this bound in `Cmd::query`
[INFO] [stdout] 
[INFO] [stdout] 
[INFO] [stdout] For more information about this error, try `rustc --explain E0277`.
[INFO] [stdout] 
[INFO] [stderr] error: could not compile `redis` (lib) due to 2 previous errors
[INFO] [stderr] warning: build failed, waiting for other jobs to finish...
[INFO] [stdout] For more information about this error, try `rustc --explain E0277`.
[INFO] [stdout] 
[INFO] [stderr] error: could not compile `redis` (lib) due to 2 previous errors
[INFO] [stderr] warning: unused dependency `hkdf`
[INFO] [stderr]   --> crypto/Cargo.toml:30:1
[INFO] [stderr]    |
[INFO] [stderr] 30 | hkdf           = "0.12"
[INFO] [stderr]    | ^^^^^^^^^^^^^^^^^^^^^^^
[INFO] [stderr]    |
[INFO] [stderr]    = note: `cargo::unused_dependencies` is set to `warn` by default
[INFO] [stderr] help: consider removing the dependency on `hkdf`
[INFO] [stderr] warning: `freebird-crypto` (manifest) generated 1 warning
[INFO] running `Command { std: "docker" "inspect" "7f7e8a234cd31da7acbce2e3c564c9af7a1966b5fe4ec4fb398c1dbc6437efb8", kill_on_drop: false }`
[INFO] running `Command { std: "docker" "rm" "-f" "7f7e8a234cd31da7acbce2e3c564c9af7a1966b5fe4ec4fb398c1dbc6437efb8", kill_on_drop: false }`
[INFO] [stdout] 7f7e8a234cd31da7acbce2e3c564c9af7a1966b5fe4ec4fb398c1dbc6437efb8
