[INFO] cloning repository https://github.com/fibref/miniray
[INFO] running `Command { std: "git" "-c" "credential.helper=" "-c" "credential.helper=/workspace/cargo-home/bin/git-credential-null" "clone" "--bare" "https://github.com/fibref/miniray" "/workspace/cache/git-repos/https%3A%2F%2Fgithub.com%2Ffibref%2Fminiray", kill_on_drop: false }`
[INFO] [stderr] Cloning into bare repository '/workspace/cache/git-repos/https%3A%2F%2Fgithub.com%2Ffibref%2Fminiray'...
[INFO] running `Command { std: "git" "rev-parse" "HEAD", kill_on_drop: false }`
[INFO] [stdout] 89d04b44f0449a47de952eedd3a07b3250312d8c
[INFO] checking fibref/miniray against 3154cc1a3e6424e44f438a95007d043ed5ceaaf6 for pr-133502-30
[INFO] running `Command { std: "git" "clone" "/workspace/cache/git-repos/https%3A%2F%2Fgithub.com%2Ffibref%2Fminiray" "/workspace/builds/worker-4-tc2/source", kill_on_drop: false }`
[INFO] [stderr] Cloning into '/workspace/builds/worker-4-tc2/source'...
[INFO] [stderr] done.
[INFO] started tweaking git repo https://github.com/fibref/miniray
[INFO] finished tweaking git repo https://github.com/fibref/miniray
[INFO] tweaked toml for git repo https://github.com/fibref/miniray written to /workspace/builds/worker-4-tc2/source/Cargo.toml
[INFO] validating manifest of git repo https://github.com/fibref/miniray on toolchain 3154cc1a3e6424e44f438a95007d043ed5ceaaf6
[INFO] running `Command { std: CARGO_HOME="/workspace/cargo-home" RUSTUP_HOME="/workspace/rustup-home" "/workspace/cargo-home/bin/cargo" "+3154cc1a3e6424e44f438a95007d043ed5ceaaf6" "metadata" "--manifest-path" "Cargo.toml" "--no-deps", kill_on_drop: false }`
[INFO] crate git repo https://github.com/fibref/miniray already has a lockfile, it will not be regenerated
[INFO] running `Command { std: CARGO_HOME="/workspace/cargo-home" RUSTUP_HOME="/workspace/rustup-home" "/workspace/cargo-home/bin/cargo" "+3154cc1a3e6424e44f438a95007d043ed5ceaaf6" "fetch" "--manifest-path" "Cargo.toml", kill_on_drop: false }`
[INFO] running `Command { std: "docker" "create" "-v" "/var/lib/crater-agent-workspace/builds/worker-4-tc2/source:/opt/rustwide/workdir:ro,Z" "-v" "/var/lib/crater-agent-workspace/builds/worker-4-tc2/target:/opt/rustwide/target:rw,Z" "-v" "/var/lib/crater-agent-workspace/cargo-home:/opt/rustwide/cargo-home:ro,Z" "-v" "/var/lib/crater-agent-workspace/rustup-home:/opt/rustwide/rustup-home:ro,Z" "-m" "1610612736" "--network" "none" "ghcr.io/rust-lang/crates-build-env/linux@sha256:77db811e55d90add9212f6832c23229e3de5f1c1f9905e8cb07319ea15df73ac" "sleep" "infinity", kill_on_drop: false }`
[INFO] [stdout] 48e290c6bc059f8730422c81bf0d9c1cd5ee6a908efe21bc4fc8f1fd415f6138
[INFO] running `Command { std: "docker" "start" "48e290c6bc059f8730422c81bf0d9c1cd5ee6a908efe21bc4fc8f1fd415f6138", kill_on_drop: false }`
[INFO] running `Command { std: "docker" "inspect" "48e290c6bc059f8730422c81bf0d9c1cd5ee6a908efe21bc4fc8f1fd415f6138", kill_on_drop: false }`
[INFO] running `Command { std: "docker" "exec" "-e" "SOURCE_DIR=/opt/rustwide/workdir" "-e" "CARGO_HOME=/opt/rustwide/cargo-home" "-e" "RUSTUP_HOME=/opt/rustwide/rustup-home" "-e" "CARGO_TARGET_DIR=/opt/rustwide/target" "-w" "/opt/rustwide/workdir" "--user" "0:0" "48e290c6bc059f8730422c81bf0d9c1cd5ee6a908efe21bc4fc8f1fd415f6138" "/opt/rustwide/cargo-home/bin/cargo" "+3154cc1a3e6424e44f438a95007d043ed5ceaaf6" "metadata" "--no-deps" "--format-version=1", kill_on_drop: false }`
[INFO] running `Command { std: "docker" "inspect" "48e290c6bc059f8730422c81bf0d9c1cd5ee6a908efe21bc4fc8f1fd415f6138", kill_on_drop: false }`
[INFO] running `Command { std: "docker" "exec" "-e" "SOURCE_DIR=/opt/rustwide/workdir" "-e" "CARGO_HOME=/opt/rustwide/cargo-home" "-e" "RUSTUP_HOME=/opt/rustwide/rustup-home" "-e" "CARGO_TARGET_DIR=/opt/rustwide/target" "-e" "CARGO_INCREMENTAL=0" "-e" "RUST_BACKTRACE=full" "-e" "RUSTFLAGS=--cap-lints=forbid" "-e" "RUSTDOCFLAGS=--cap-lints=forbid" "-w" "/opt/rustwide/workdir" "--user" "0:0" "48e290c6bc059f8730422c81bf0d9c1cd5ee6a908efe21bc4fc8f1fd415f6138" "/opt/rustwide/cargo-home/bin/cargo" "+3154cc1a3e6424e44f438a95007d043ed5ceaaf6" "check" "--frozen" "--all" "--all-targets" "--message-format=json", kill_on_drop: false }`
[INFO] [stderr]    Compiling proc-macro2 v1.0.101
[INFO] [stderr]    Compiling unicode-ident v1.0.19
[INFO] [stderr]     Checking cfg-if v1.0.3
[INFO] [stderr]     Checking simd-adler32 v0.3.7
[INFO] [stderr]    Compiling anyhow v1.0.99
[INFO] [stderr]     Checking memchr v2.7.5
[INFO] [stderr]    Compiling libc v0.2.175
[INFO] [stderr]     Checking log v0.4.28
[INFO] [stderr]    Compiling built v0.8.0
[INFO] [stderr]    Compiling cmake v0.1.58
[INFO] [stderr]     Checking num-integer v0.1.46
[INFO] [stderr]     Checking itertools v0.14.0
[INFO] [stderr]     Checking weezl v0.1.10
[INFO] [stderr]     Checking zune-jpeg v0.5.12
[INFO] [stderr]     Checking pxfm v0.1.23
[INFO] [stderr]     Checking avif-serialize v0.8.6
[INFO] [stderr]     Checking crc32fast v1.5.0
[INFO] [stderr]     Checking miniz_oxide v0.8.9
[INFO] [stderr]     Checking maybe-rayon v0.1.1
[INFO] [stderr]     Checking half v2.6.0
[INFO] [stderr]     Checking fdeflate v0.3.7
[INFO] [stderr]     Checking zune-inflate v0.2.54
[INFO] [stderr]     Checking bytemuck v1.23.2
[INFO] [stderr]     Checking smallvec v1.15.1
[INFO] [stderr]     Checking rgb v0.8.52
[INFO] [stderr]     Checking gif v0.14.1
[INFO] [stderr]     Checking crossbeam-channel v0.5.15
[INFO] [stderr]    Compiling asset-importer-sys v0.8.0
[INFO] [stderr]     Checking glam v0.32.1
[INFO] [stderr]     Checking num-bigint v0.4.6
[INFO] [stderr]     Checking nom v7.1.3
[INFO] [stderr]     Checking core2 v0.4.0
[INFO] [stderr]     Checking bitstream-io v4.9.0
[INFO] [stderr]     Checking flate2 v1.1.2
[INFO] [stderr]     Checking qoi v0.4.1
[INFO] [stderr]     Checking exr v1.74.0
[INFO] [stderr]    Compiling rav1e v0.8.1
[INFO] [stderr]     Checking dyn-clone v1.0.20
[INFO] [stderr]    Compiling quote v1.0.40
[INFO] [stderr]     Checking png v0.18.0
[INFO] [stderr]     Checking pbr v1.1.1
[INFO] [stderr]    Compiling syn v2.0.106
[INFO] [stderr]    Compiling simd_helpers v0.1.0
[INFO] [stderr]     Checking num-rational v0.4.2
[INFO] [stderr]     Checking moxcms v0.8.1
[INFO] [stderr] error: could not compile `syn` (lib)
[INFO] [stderr] 
[INFO] [stderr] Caused by:
[INFO] [stderr]   process didn't exit successfully: `/opt/rustwide/rustup-home/toolchains/3154cc1a3e6424e44f438a95007d043ed5ceaaf6/bin/rustc --crate-name syn --edition=2021 /opt/rustwide/cargo-home/registry/src/index.crates.io-1949cf8c6b5b557f/syn-2.0.106/src/lib.rs --error-format=json --json=diagnostic-rendered-ansi,artifacts,future-incompat,unused-externs-silent --crate-type lib --emit=dep-info,metadata,link -Z embed-metadata=no -C embed-bitcode=no --cfg 'feature="clone-impls"' --cfg 'feature="default"' --cfg 'feature="derive"' --cfg 'feature="extra-traits"' --cfg 'feature="full"' --cfg 'feature="parsing"' --cfg 'feature="printing"' --cfg 'feature="proc-macro"' --check-cfg 'cfg(docsrs,test)' --check-cfg 'cfg(feature, values("clone-impls", "default", "derive", "extra-traits", "fold", "full", "parsing", "printing", "proc-macro", "test", "visit", "visit-mut"))' -C metadata=be04548d7f620a57 -C extra-filename=-75aef014858050c4 --out-dir /opt/rustwide/target/debug/build/syn/75aef014858050c4/out -L dependency=/opt/rustwide/target/debug/build/proc-macro2/369d8852c9a54258/out -L dependency=/opt/rustwide/target/debug/build/unicode-ident/b4c15d9166d0a657/out --extern proc_macro2=/opt/rustwide/target/debug/build/proc-macro2/369d8852c9a54258/out/libproc_macro2-369d8852c9a54258.rmeta --extern quote=/opt/rustwide/target/debug/build/quote/6fc91d8310bf4fee/out/libquote-6fc91d8310bf4fee.rmeta --extern unicode_ident=/opt/rustwide/target/debug/build/unicode-ident/b4c15d9166d0a657/out/libunicode_ident-b4c15d9166d0a657.rmeta --cap-lints allow --cap-lints=forbid --force-warn=unused_crate_dependencies` (signal: 9, SIGKILL: kill)
[INFO] [stderr] warning: build failed, waiting for other jobs to finish...
[INFO] [stderr] error: could not compile `exr` (lib)
[INFO] [stderr] 
[INFO] [stderr] Caused by:
[INFO] [stderr]   process didn't exit successfully: `/opt/rustwide/rustup-home/toolchains/3154cc1a3e6424e44f438a95007d043ed5ceaaf6/bin/rustc --crate-name exr --edition=2018 /opt/rustwide/cargo-home/registry/src/index.crates.io-1949cf8c6b5b557f/exr-1.74.0/src/lib.rs --error-format=json --json=diagnostic-rendered-ansi,artifacts,future-incompat,unused-externs-silent --crate-type lib --emit=dep-info,metadata -C embed-bitcode=no -C debuginfo=2 --cfg 'feature="rayon"' --check-cfg 'cfg(docsrs,test)' --check-cfg 'cfg(feature, values("default", "rayon"))' -C metadata=5f2109f7cfcd33a3 -C extra-filename=-770a370b03759f45 --out-dir /opt/rustwide/target/debug/build/exr/770a370b03759f45/out -L dependency=/opt/rustwide/target/debug/build/adler2/ee8704cd74c29624/out -L dependency=/opt/rustwide/target/debug/build/cfg-if/bc4975430b4eb7b9/out -L dependency=/opt/rustwide/target/debug/build/crossbeam-deque/fdad849b02bfa1ea/out -L dependency=/opt/rustwide/target/debug/build/crossbeam-epoch/b76a30c82221d246/out -L dependency=/opt/rustwide/target/debug/build/crossbeam-utils/1c9006e854b046b8/out -L dependency=/opt/rustwide/target/debug/build/simd-adler32/34f4c456317ab9df/out --extern bit_field=/opt/rustwide/target/debug/build/bit_field/a9d5d3be616a45ce/out/libbit_field-a9d5d3be616a45ce.rmeta --extern half=/opt/rustwide/target/debug/build/half/e33159dc7ecc4460/out/libhalf-e33159dc7ecc4460.rmeta --extern lebe=/opt/rustwide/target/debug/build/lebe/37e466e3722d5730/out/liblebe-37e466e3722d5730.rmeta --extern miniz_oxide=/opt/rustwide/target/debug/build/miniz_oxide/e1cf80e1342176cd/out/libminiz_oxide-e1cf80e1342176cd.rmeta --extern rayon_core=/opt/rustwide/target/debug/build/rayon-core/7a884365b0b2f48a/out/librayon_core-7a884365b0b2f48a.rmeta --extern smallvec=/opt/rustwide/target/debug/build/smallvec/0ed15a39e79b0386/out/libsmallvec-0ed15a39e79b0386.rmeta --extern zune_inflate=/opt/rustwide/target/debug/build/zune-inflate/0c9911c4f146a9a9/out/libzune_inflate-0c9911c4f146a9a9.rmeta --cap-lints allow --cap-lints=forbid --force-warn=unused_crate_dependencies` (signal: 9, SIGKILL: kill)
[INFO] [stderr] error: could not compile `glam` (lib)
[INFO] [stderr] 
[INFO] [stderr] Caused by:
[INFO] [stderr]   process didn't exit successfully: `/opt/rustwide/rustup-home/toolchains/3154cc1a3e6424e44f438a95007d043ed5ceaaf6/bin/rustc --crate-name glam --edition=2021 /opt/rustwide/cargo-home/registry/src/index.crates.io-1949cf8c6b5b557f/glam-0.32.1/src/lib.rs --error-format=json --json=diagnostic-rendered-ansi,artifacts,future-incompat,unused-externs-silent --crate-type lib --emit=dep-info,metadata -C embed-bitcode=no -C debuginfo=2 --cfg 'feature="default"' --cfg 'feature="std"' --check-cfg 'cfg(docsrs,test)' --check-cfg 'cfg(feature, values("approx", "arbitrary", "bytecheck", "bytemuck", "core-simd", "cuda", "debug-glam-assert", "default", "encase", "fast-math", "glam-assert", "libm", "mint", "nostd-libm", "rand", "rkyv", "scalar-math", "serde", "speedy", "std", "zerocopy"))' -C metadata=ec120d75db228b9c -C extra-filename=-e3234ac85bdecd08 --out-dir /opt/rustwide/target/debug/build/glam/e3234ac85bdecd08/out --cap-lints allow --cap-lints=forbid --force-warn=unused_crate_dependencies` (signal: 9, SIGKILL: kill)
[INFO] [stderr] error: failed to run custom build command for `asset-importer-sys v0.8.0`
[INFO] [stderr] note: To improve backtraces for build dependencies, set the CARGO_PROFILE_DEV_BUILD_OVERRIDE_DEBUG=true environment variable to enable debug information generation.
[INFO] [stderr] 
[INFO] [stderr] Caused by:
[INFO] [stderr]   process didn't exit successfully: `/opt/rustwide/target/debug/build/asset-importer-sys/8f9b217c4d13f97e/out/build_script_build` (exit status: 101)
[INFO] [stderr]   --- stdout
[INFO] [stderr]   cargo:rerun-if-changed=build.rs
[INFO] [stderr]   cargo:rerun-if-changed=assimp-version.txt
[INFO] [stderr]   cargo:rerun-if-changed=wrapper.h
[INFO] [stderr]   cargo:rerun-if-changed=wrapper.cpp
[INFO] [stderr]   cargo:rerun-if-changed=/opt/rustwide/cargo-home/registry/src/index.crates.io-1949cf8c6b5b557f/asset-importer-sys-0.8.0/assimp/CMakeLists.txt
[INFO] [stderr]   cargo:rerun-if-changed=/opt/rustwide/cargo-home/registry/src/index.crates.io-1949cf8c6b5b557f/asset-importer-sys-0.8.0/assimp/include/assimp/version.h
[INFO] [stderr]   cargo:rerun-if-changed=/opt/rustwide/cargo-home/registry/src/index.crates.io-1949cf8c6b5b557f/asset-importer-sys-0.8.0/assimp/include/assimp/anim.h
[INFO] [stderr]   cargo:rerun-if-env-changed=ASSIMP_DIR
[INFO] [stderr]   cargo:rerun-if-env-changed=ASSET_IMPORTER_PACKAGE_DIR
[INFO] [stderr]   cargo:rerun-if-env-changed=ASSET_IMPORTER_CACHE_DIR
[INFO] [stderr]   cargo:rerun-if-env-changed=ASSET_IMPORTER_OFFLINE
[INFO] [stderr]   cargo:rerun-if-env-changed=ASSET_IMPORTER_FORCE_BUILD
[INFO] [stderr]   cargo:rerun-if-env-changed=ASSET_IMPORTER_FORCE_GENERATE_BINDINGS
[INFO] [stderr]   cargo:rerun-if-env-changed=ASSET_IMPORTER_VERBOSE
[INFO] [stderr]   cargo:rerun-if-env-changed=CARGO_TARGET_DIR
[INFO] [stderr]   cargo:rerun-if-env-changed=CARGO_NET_OFFLINE
[INFO] [stderr]   cargo:rerun-if-env-changed=PKG_CONFIG
[INFO] [stderr]   cargo:rerun-if-env-changed=PKG_CONFIG_PATH
[INFO] [stderr]   cargo:rerun-if-env-changed=PKG_CONFIG_LIBDIR
[INFO] [stderr]   cargo:rerun-if-env-changed=PKG_CONFIG_SYSROOT_DIR
[INFO] [stderr]   cargo:rerun-if-env-changed=VCPKG_ROOT
[INFO] [stderr]   cargo:rerun-if-env-changed=VCPKG_INSTALLATION_ROOT
[INFO] [stderr]   cargo:rerun-if-env-changed=VCPKG_INSTALLED_DIR
[INFO] [stderr]   cargo:rerun-if-env-changed=VCPKGRS_TRIPLET
[INFO] [stderr]   cargo:rerun-if-env-changed=VCPKGRS_DYNAMIC
[INFO] [stderr]   cargo:rerun-if-env-changed=MACOSX_DEPLOYMENT_TARGET
[INFO] [stderr]   CMAKE_TOOLCHAIN_FILE_x86_64-unknown-linux-gnu = None
[INFO] [stderr]   CMAKE_TOOLCHAIN_FILE_x86_64_unknown_linux_gnu = None
[INFO] [stderr]   HOST_CMAKE_TOOLCHAIN_FILE = None
[INFO] [stderr]   CMAKE_TOOLCHAIN_FILE = None
[INFO] [stderr]   CMAKE_GENERATOR_x86_64-unknown-linux-gnu = None
[INFO] [stderr]   CMAKE_GENERATOR_x86_64_unknown_linux_gnu = None
[INFO] [stderr]   HOST_CMAKE_GENERATOR = None
[INFO] [stderr]   CMAKE_GENERATOR = None
[INFO] [stderr]   CMAKE_PREFIX_PATH_x86_64-unknown-linux-gnu = None
[INFO] [stderr]   CMAKE_PREFIX_PATH_x86_64_unknown_linux_gnu = None
[INFO] [stderr]   HOST_CMAKE_PREFIX_PATH = None
[INFO] [stderr]   CMAKE_PREFIX_PATH = None
[INFO] [stderr]   CMAKE_x86_64-unknown-linux-gnu = None
[INFO] [stderr]   CMAKE_x86_64_unknown_linux_gnu = None
[INFO] [stderr]   HOST_CMAKE = None
[INFO] [stderr]   CMAKE = None
[INFO] [stderr]   -- The C compiler identification is GNU 15.2.0
[INFO] [stderr]   -- The CXX compiler identification is GNU 15.2.0
[INFO] [stderr]   -- Detecting C compiler ABI info
[INFO] [stderr]   -- Detecting C compiler ABI info - done
[INFO] [stderr]   -- Check for working C compiler: /usr/bin/cc - skipped
[INFO] [stderr]   -- Detecting C compile features
[INFO] [stderr]   -- Detecting C compile features - done
[INFO] [stderr]   -- Detecting CXX compiler ABI info
[INFO] [stderr]   -- Detecting CXX compiler ABI info - done
[INFO] [stderr]   -- Check for working CXX compiler: /usr/bin/c++ - skipped
[INFO] [stderr]   -- Detecting CXX compile features
[INFO] [stderr]   -- Detecting CXX compile features - done
[INFO] [stderr]   -- Shared libraries enabled
[INFO] [stderr]   -- GCC13 detected disabling "-Wdangling-reference" in Cpp files as it appears to be a false positive
[INFO] [stderr]   -- Looking for ZLIB...
[INFO] [stderr]   -- Found PkgConfig: /usr/bin/pkg-config (found version "2.5.1")
[INFO] [stderr]   -- Checking for module 'zzip-zlib-config'
[INFO] [stderr]   --   Package 'zzip-zlib-config' not found
[INFO] [stderr]   -- Found ZLIB: optimized;/usr/lib/x86_64-linux-gnu/libz.so;debug;/usr/lib/x86_64-linux-gnu/libz.so
[INFO] [stderr]   -- Checking for module 'minizip'
[INFO] [stderr]   --   Package 'minizip' not found
[INFO] [stderr]   -- GCC13 detected disabling "-Warray-bounds and -Wstringop-overflow" for AssetLib/MDL/MDLLoader.cpp as it appears to be a false positive
[INFO] [stderr]   -- VRML disabled
[INFO] [stderr]   -- tinyusdz disabled
[INFO] [stderr]   -- Enabled importer formats: AMF 3DS AC ASE ASSBIN B3D BVH COLLADA DXF CSM HMP IRRMESH IQM IRR LWO LWS MD2 MD3 MD5 MDC MDL NFF NDO OFF OBJ OGRE OPENGEX PLY MS3D COB BLEND IFC XGL FBX Q3D Q3BSP RAW SIB SMD STL TERRAGEN 3D X X3D GLTF 3MF MMD
[INFO] [stderr]   -- Disabled importer formats: USD
[INFO] [stderr]   -- Enabled exporter formats: OBJ OPENGEX PLY 3DS ASSBIN ASSXML COLLADA FBX STL X X3D GLTF 3MF PBRT ASSJSON STEP
[INFO] [stderr]   -- Disabled exporter formats:
[INFO] [stderr]   -- Configuring done (5.6s)
[INFO] [stderr]   -- Generating done (0.4s)
[INFO] [stderr]   -- Build files have been written to: /opt/rustwide/target/debug/build/asset-importer-sys/e88a07faea3b2889/out/build
[INFO] [stderr]   [  0%] Building CXX object code/CMakeFiles/assimp.dir/Common/BaseImporter.cpp.o
[INFO] [stderr]   [  0%] Building CXX object code/CMakeFiles/assimp.dir/CApi/CInterfaceIOWrapper.cpp.o
[INFO] [stderr]   [  1%] Building CXX object code/CMakeFiles/assimp.dir/Common/BaseProcess.cpp.o
[INFO] [stderr]   [  1%] Building CXX object code/CMakeFiles/assimp.dir/Common/Assimp.cpp.o
[INFO] [stderr]   [  1%] Building CXX object code/CMakeFiles/assimp.dir/Common/IOSystem.cpp.o
[INFO] [stderr]   [  1%] Building CXX object code/CMakeFiles/assimp.dir/Common/PostStepRegistry.cpp.o
[INFO] [stderr]   [  1%] Building CXX object code/CMakeFiles/assimp.dir/Common/DefaultIOStream.cpp.o
[INFO] [stderr]   [  2%] Building CXX object code/CMakeFiles/assimp.dir/Common/ImporterRegistry.cpp.o
[INFO] [stderr]   [  3%] Building CXX object code/CMakeFiles/assimp.dir/Common/Compression.cpp.o
[INFO] [stderr]   [  4%] Building CXX object code/CMakeFiles/assimp.dir/Common/DefaultIOSystem.cpp.o
[INFO] [stderr]   [  4%] Building CXX object code/CMakeFiles/assimp.dir/Common/ZipArchiveIOSystem.cpp.o
[INFO] [stderr]   [  5%] Building CXX object code/CMakeFiles/assimp.dir/Common/Importer.cpp.o
[INFO] [stderr]   [  5%] Building CXX object code/CMakeFiles/assimp.dir/Common/SGSpatialSort.cpp.o
[INFO] [stderr]   [  6%] Building CXX object code/CMakeFiles/assimp.dir/Common/VertexTriangleAdjacency.cpp.o
[INFO] [stderr]   [  6%] Building CXX object code/CMakeFiles/assimp.dir/Common/SpatialSort.cpp.o
[INFO] [stderr]   [  6%] Building CXX object code/CMakeFiles/assimp.dir/Common/SceneCombiner.cpp.o
[INFO] [stderr]   [  7%] Building CXX object code/CMakeFiles/assimp.dir/Common/ScenePreprocessor.cpp.o
[INFO] [stderr]   [  7%] Building CXX object code/CMakeFiles/assimp.dir/Common/SkeletonMeshBuilder.cpp.o
[INFO] [stderr]   [  8%] Building CXX object code/CMakeFiles/assimp.dir/Common/StandardShapes.cpp.o
[INFO] [stderr]   [  8%] Building CXX object code/CMakeFiles/assimp.dir/Common/TargetAnimation.cpp.o
[INFO] [stderr] 
[INFO] [stderr]   --- stderr
[INFO] [stderr]   running: cd "/opt/rustwide/target/debug/build/asset-importer-sys/e88a07faea3b2889/out/build" && CMAKE_PREFIX_PATH="" LC_ALL="C" "cmake" "/opt/rustwide/cargo-home/registry/src/index.crates.io-1949cf8c6b5b557f/asset-importer-sys-0.8.0/assimp" "-B" "/opt/rustwide/target/debug/build/asset-importer-sys/e88a07faea3b2889/out/build" "-DASSIMP_BUILD_TESTS=OFF" "-DASSIMP_BUILD_SAMPLES=OFF" "-DASSIMP_BUILD_ASSIMP_TOOLS=OFF" "-DASSIMP_WARNINGS_AS_ERRORS=OFF" "-DBUILD_SHARED_LIBS=ON" "-DASSIMP_NO_EXPORT=OFF" "-DASSIMP_BUILD_ZLIB=OFF" "-DASSIMP_BUILD_NO_OWN_ZLIB=ON" "-DCMAKE_CXX_STANDARD=17" "-DCMAKE_CXX_STANDARD_REQUIRED=ON" "-DCMAKE_INSTALL_PREFIX=/opt/rustwide/target/debug/build/asset-importer-sys/e88a07faea3b2889/out" "-DCMAKE_C_FLAGS= -ffunction-sections -fdata-sections -fPIC -m64 -w" "-DCMAKE_C_COMPILER=/usr/bin/cc" "-DCMAKE_CXX_FLAGS= -ffunction-sections -fdata-sections -fPIC -m64 -w" "-DCMAKE_CXX_COMPILER=/usr/bin/c++" "-DCMAKE_ASM_FLAGS= -ffunction-sections -fdata-sections -fPIC -m64 -w" "-DCMAKE_ASM_COMPILER=/usr/bin/cc" "-DCMAKE_BUILD_TYPE=Debug"
[INFO] [stderr]   CMake Warning:
[INFO] [stderr]     Manually-specified variables were not used by the project:
[INFO] [stderr] 
[INFO] [stderr]       ASSIMP_BUILD_NO_OWN_ZLIB
[INFO] [stderr]       CMAKE_ASM_COMPILER
[INFO] [stderr]       CMAKE_ASM_FLAGS
[INFO] [stderr] 
[INFO] [stderr] 
[INFO] [stderr]   running: cd "/opt/rustwide/target/debug/build/asset-importer-sys/e88a07faea3b2889/out/build" && LC_ALL="C" MAKEFLAGS="-j --jobserver-fds=4,5 --jobserver-auth=4,5" "cmake" "--build" "/opt/rustwide/target/debug/build/asset-importer-sys/e88a07faea3b2889/out/build" "--target" "install" "--config" "Debug"
[INFO] [stderr]   c++: fatal error: Killed signal terminated program cc1plus
[INFO] [stderr]   compilation terminated.
[INFO] [stderr]   gmake[2]: *** [code/CMakeFiles/assimp.dir/build.make:163: code/CMakeFiles/assimp.dir/Common/ImporterRegistry.cpp.o] Error 1
[INFO] [stderr]   gmake[2]: *** Waiting for unfinished jobs....
[INFO] [stderr]   c++: fatal error: Killed signal terminated program cc1plus
[INFO] [stderr]   compilation terminated.
[INFO] [stderr]   gmake[2]: *** [code/CMakeFiles/assimp.dir/build.make:121: code/CMakeFiles/assimp.dir/Common/BaseImporter.cpp.o] Error 1
[INFO] [stderr]   gmake[1]: *** [CMakeFiles/Makefile2:139: code/CMakeFiles/assimp.dir/all] Error 2
[INFO] [stderr]   gmake: *** [Makefile:136: all] Error 2
[INFO] [stderr] 
[INFO] [stderr]   thread 'main' (323) panicked at /opt/rustwide/cargo-home/registry/src/index.crates.io-1949cf8c6b5b557f/cmake-0.1.58/src/lib.rs:1132:5:
[INFO] [stderr] 
[INFO] [stderr]   command did not execute successfully, got: exit status: 2
[INFO] [stderr] 
[INFO] [stderr]   build script failed, must exit now
[INFO] [stderr]   stack backtrace:
[INFO] [stderr]      0:     0x5695f91f5841 - std[3164a59e47d3bde]::backtrace_rs::backtrace::libunwind::trace
[INFO] [stderr]                                  at /rustc/3154cc1a3e6424e44f438a95007d043ed5ceaaf6/library/std/src/../../backtrace/src/backtrace/libunwind.rs:117:9
[INFO] [stderr]      1:     0x5695f91f5841 - std[3164a59e47d3bde]::backtrace_rs::backtrace::trace_unsynchronized::<std[3164a59e47d3bde]::sys::backtrace::_print_fmt::{closure#1}>
[INFO] [stderr]                                  at /rustc/3154cc1a3e6424e44f438a95007d043ed5ceaaf6/library/std/src/../../backtrace/src/backtrace/mod.rs:66:14
[INFO] [stderr]      2:     0x5695f91f5841 - std[3164a59e47d3bde]::sys::backtrace::_print_fmt
[INFO] [stderr]                                  at /rustc/3154cc1a3e6424e44f438a95007d043ed5ceaaf6/library/std/src/sys/backtrace.rs:74:9
[INFO] [stderr]      3:     0x5695f91f5841 - <<std[3164a59e47d3bde]::sys::backtrace::BacktraceLock>::print::DisplayBacktrace as core[934024a1e6126fb4]::fmt::Display>::fmt
[INFO] [stderr]                                  at /rustc/3154cc1a3e6424e44f438a95007d043ed5ceaaf6/library/std/src/sys/backtrace.rs:44:26
[INFO] [stderr]      4:     0x5695f920a71a - <core[934024a1e6126fb4]::fmt::rt::Argument>::fmt
[INFO] [stderr]                                  at /rustc/3154cc1a3e6424e44f438a95007d043ed5ceaaf6/library/core/src/fmt/rt.rs:152:76
[INFO] [stderr]      5:     0x5695f920a71a - core[934024a1e6126fb4]::fmt::write
[INFO] [stderr]      6:     0x5695f91fb30c - core[934024a1e6126fb4]::io::write::default_write_fmt::<std[3164a59e47d3bde]::sys::stdio::unix::Stderr>
[INFO] [stderr]                                  at /rustc/3154cc1a3e6424e44f438a95007d043ed5ceaaf6/library/core/src/io/write.rs:402:11
[INFO] [stderr]      7:     0x5695f91fb30c - <std[3164a59e47d3bde]::sys::stdio::unix::Stderr as core[934024a1e6126fb4]::io::write::Write>::write_fmt
[INFO] [stderr]                                  at /rustc/3154cc1a3e6424e44f438a95007d043ed5ceaaf6/library/core/src/io/write.rs:335:13
[INFO] [stderr]      8:     0x5695f91d2e26 - <std[3164a59e47d3bde]::sys::backtrace::BacktraceLock>::print
[INFO] [stderr]                                  at /rustc/3154cc1a3e6424e44f438a95007d043ed5ceaaf6/library/std/src/sys/backtrace.rs:47:9
[INFO] [stderr]      9:     0x5695f91d2e26 - std[3164a59e47d3bde]::panicking::default_hook::{closure#0}
[INFO] [stderr]                                  at /rustc/3154cc1a3e6424e44f438a95007d043ed5ceaaf6/library/std/src/panicking.rs:289:27
[INFO] [stderr]     10:     0x5695f91eefd1 - std[3164a59e47d3bde]::panicking::default_hook
[INFO] [stderr]                                  at /rustc/3154cc1a3e6424e44f438a95007d043ed5ceaaf6/library/std/src/panicking.rs:316:9
[INFO] [stderr]     11:     0x5695f91ef18b - std[3164a59e47d3bde]::panicking::panic_with_hook
[INFO] [stderr]                                  at /rustc/3154cc1a3e6424e44f438a95007d043ed5ceaaf6/library/std/src/panicking.rs:811:13
[INFO] [stderr]     12:     0x5695f91d2ed2 - std[3164a59e47d3bde]::panicking::panic_handler::{closure#0}
[INFO] [stderr]                                  at /rustc/3154cc1a3e6424e44f438a95007d043ed5ceaaf6/library/std/src/panicking.rs:685:13
[INFO] [stderr]     13:     0x5695f91cb8d9 - std[3164a59e47d3bde]::sys::backtrace::__rust_end_short_backtrace::<std[3164a59e47d3bde]::panicking::panic_handler::{closure#0}, !>
[INFO] [stderr]                                  at /rustc/3154cc1a3e6424e44f438a95007d043ed5ceaaf6/library/std/src/sys/backtrace.rs:182:18
[INFO] [stderr]     14:     0x5695f91d37ad - __rustc[2e7b49d4226056d3]::rust_begin_unwind
[INFO] [stderr]                                  at /rustc/3154cc1a3e6424e44f438a95007d043ed5ceaaf6/library/std/src/panicking.rs:676:5
[INFO] [stderr]     15:     0x5695f920af0c - core[934024a1e6126fb4]::panicking::panic_fmt
[INFO] [stderr]                                  at /rustc/3154cc1a3e6424e44f438a95007d043ed5ceaaf6/library/core/src/panicking.rs:80:14
[INFO] [stderr]     16:     0x5695f914aa77 - cmake[7a4f3f31f393ee58]::fail
[INFO] [stderr]     17:     0x5695f914a703 - cmake[7a4f3f31f393ee58]::run
[INFO] [stderr]     18:     0x5695f91506e5 - <cmake[7a4f3f31f393ee58]::Config>::build
[INFO] [stderr]     19:     0x5695f9134f44 - build_script_build[2cd0ae50392ac573]::build_support::vendored::build_assimp_with_cmake
[INFO] [stderr]     20:     0x5695f91361dd - build_script_build[2cd0ae50392ac573]::build_support::vendored::build
[INFO] [stderr]     21:     0x5695f913c37e - build_script_build[2cd0ae50392ac573]::build_support::plan::resolve
[INFO] [stderr]     22:     0x5695f912f301 - build_script_build[2cd0ae50392ac573]::main
[INFO] [stderr]     23:     0x5695f913d1d3 - <fn() as core[934024a1e6126fb4]::ops::function::FnOnce<()>>::call_once
[INFO] [stderr]     24:     0x5695f912e63e - std[3164a59e47d3bde]::sys::backtrace::__rust_begin_short_backtrace::<fn(), ()>
[INFO] [stderr]     25:     0x5695f913aa49 - std[3164a59e47d3bde]::rt::lang_start::<()>::{closure#0}
[INFO] [stderr]     26:     0x5695f91ee2d8 - <&dyn core[934024a1e6126fb4]::ops::function::Fn<(), Output = i32> + core[934024a1e6126fb4]::marker::Sync + core[934024a1e6126fb4]::panic::unwind_safe::RefUnwindSafe as core[934024a1e6126fb4]::ops::function::FnOnce<()>>::call_once
[INFO] [stderr]                                  at /rustc/3154cc1a3e6424e44f438a95007d043ed5ceaaf6/library/core/src/ops/function.rs:287:21
[INFO] [stderr]     27:     0x5695f91ee2d8 - std[3164a59e47d3bde]::panicking::catch_unwind::do_call::<&dyn core[934024a1e6126fb4]::ops::function::Fn<(), Output = i32> + core[934024a1e6126fb4]::marker::Sync + core[934024a1e6126fb4]::panic::unwind_safe::RefUnwindSafe, i32>
[INFO] [stderr]                                  at /rustc/3154cc1a3e6424e44f438a95007d043ed5ceaaf6/library/std/src/panicking.rs:573:43
[INFO] [stderr]     28:     0x5695f91ee2d8 - std[3164a59e47d3bde]::panicking::catch_unwind::<i32, &dyn core[934024a1e6126fb4]::ops::function::Fn<(), Output = i32> + core[934024a1e6126fb4]::marker::Sync + core[934024a1e6126fb4]::panic::unwind_safe::RefUnwindSafe>
[INFO] [stderr]                                  at /rustc/3154cc1a3e6424e44f438a95007d043ed5ceaaf6/library/std/src/panicking.rs:541:19
[INFO] [stderr]     29:     0x5695f91ee2d8 - std[3164a59e47d3bde]::panic::catch_unwind::<&dyn core[934024a1e6126fb4]::ops::function::Fn<(), Output = i32> + core[934024a1e6126fb4]::marker::Sync + core[934024a1e6126fb4]::panic::unwind_safe::RefUnwindSafe, i32>
[INFO] [stderr]                                  at /rustc/3154cc1a3e6424e44f438a95007d043ed5ceaaf6/library/std/src/panic.rs:359:14
[INFO] [stderr]     30:     0x5695f91ee2d8 - std[3164a59e47d3bde]::rt::lang_start_internal::{closure#0}
[INFO] [stderr]                                  at /rustc/3154cc1a3e6424e44f438a95007d043ed5ceaaf6/library/std/src/rt.rs:175:24
[INFO] [stderr]     31:     0x5695f91ee2d8 - std[3164a59e47d3bde]::panicking::catch_unwind::do_call::<std[3164a59e47d3bde]::rt::lang_start_internal::{closure#0}, isize>
[INFO] [stderr]                                  at /rustc/3154cc1a3e6424e44f438a95007d043ed5ceaaf6/library/std/src/panicking.rs:573:43
[INFO] [stderr]     32:     0x5695f91ee2d8 - std[3164a59e47d3bde]::panicking::catch_unwind::<isize, std[3164a59e47d3bde]::rt::lang_start_internal::{closure#0}>
[INFO] [stderr]                                  at /rustc/3154cc1a3e6424e44f438a95007d043ed5ceaaf6/library/std/src/panicking.rs:541:19
[INFO] [stderr]     33:     0x5695f91ee2d8 - std[3164a59e47d3bde]::panic::catch_unwind::<std[3164a59e47d3bde]::rt::lang_start_internal::{closure#0}, isize>
[INFO] [stderr]                                  at /rustc/3154cc1a3e6424e44f438a95007d043ed5ceaaf6/library/std/src/panic.rs:359:14
[INFO] [stderr]     34:     0x5695f91ee2d8 - std[3164a59e47d3bde]::rt::lang_start_internal
[INFO] [stderr]                                  at /rustc/3154cc1a3e6424e44f438a95007d043ed5ceaaf6/library/std/src/rt.rs:171:5
[INFO] [stderr]     35:     0x5695f913a671 - std[3164a59e47d3bde]::rt::lang_start::<()>
[INFO] [stderr]     36:     0x5695f91381c5 - main
[INFO] [stderr]     37:     0x7c48103a3601 - <unknown>
[INFO] [stderr]     38:     0x7c48103a3718 - __libc_start_main
[INFO] [stderr]     39:     0x5695f912d1d5 - _start
[INFO] [stderr]     40:                0x0 - <unknown>
[INFO] running `Command { std: "docker" "inspect" "48e290c6bc059f8730422c81bf0d9c1cd5ee6a908efe21bc4fc8f1fd415f6138", kill_on_drop: false }`
[INFO] running `Command { std: "docker" "rm" "-f" "48e290c6bc059f8730422c81bf0d9c1cd5ee6a908efe21bc4fc8f1fd415f6138", kill_on_drop: false }`
[INFO] [stdout] 48e290c6bc059f8730422c81bf0d9c1cd5ee6a908efe21bc4fc8f1fd415f6138
