[INFO] cloning repository https://github.com/fesm0750/aoc2025
[INFO] running `Command { std: "git" "-c" "credential.helper=" "-c" "credential.helper=/workspace/cargo-home/bin/git-credential-null" "clone" "--bare" "https://github.com/fesm0750/aoc2025" "/workspace/cache/git-repos/https%3A%2F%2Fgithub.com%2Ffesm0750%2Faoc2025", kill_on_drop: false }`
[INFO] [stderr] Cloning into bare repository '/workspace/cache/git-repos/https%3A%2F%2Fgithub.com%2Ffesm0750%2Faoc2025'...
[INFO] running `Command { std: "git" "rev-parse" "HEAD", kill_on_drop: false }`
[INFO] [stdout] 7bf0bd8824a404b3abb5416acee826833291fde9
[INFO] checking fesm0750/aoc2025 against 3154cc1a3e6424e44f438a95007d043ed5ceaaf6+rustflags=-Znext-solver=coherence for pr-133502-30
[INFO] running `Command { std: "git" "clone" "/workspace/cache/git-repos/https%3A%2F%2Fgithub.com%2Ffesm0750%2Faoc2025" "/workspace/builds/worker-7-tc1/source", kill_on_drop: false }`
[INFO] [stderr] Cloning into '/workspace/builds/worker-7-tc1/source'...
[INFO] [stderr] done.
[INFO] started tweaking git repo https://github.com/fesm0750/aoc2025
[INFO] finished tweaking git repo https://github.com/fesm0750/aoc2025
[INFO] tweaked toml for git repo https://github.com/fesm0750/aoc2025 written to /workspace/builds/worker-7-tc1/source/Cargo.toml
[INFO] validating manifest of git repo https://github.com/fesm0750/aoc2025 on toolchain 3154cc1a3e6424e44f438a95007d043ed5ceaaf6
[INFO] running `Command { std: CARGO_HOME="/workspace/cargo-home" RUSTUP_HOME="/workspace/rustup-home" "/workspace/cargo-home/bin/cargo" "+3154cc1a3e6424e44f438a95007d043ed5ceaaf6" "metadata" "--manifest-path" "Cargo.toml" "--no-deps", kill_on_drop: false }`
[INFO] crate git repo https://github.com/fesm0750/aoc2025 already has a lockfile, it will not be regenerated
[INFO] running `Command { std: CARGO_HOME="/workspace/cargo-home" RUSTUP_HOME="/workspace/rustup-home" "/workspace/cargo-home/bin/cargo" "+3154cc1a3e6424e44f438a95007d043ed5ceaaf6" "fetch" "--manifest-path" "Cargo.toml", kill_on_drop: false }`
[INFO] [stderr]     Updating git repository `https://github.com/fesm0750/aoc_tools`
[INFO] running `Command { std: "docker" "create" "-v" "/var/lib/crater-agent-workspace/builds/worker-7-tc1/source:/opt/rustwide/workdir:ro,Z" "-v" "/var/lib/crater-agent-workspace/builds/worker-7-tc1/target:/opt/rustwide/target:rw,Z" "-v" "/var/lib/crater-agent-workspace/cargo-home:/opt/rustwide/cargo-home:ro,Z" "-v" "/var/lib/crater-agent-workspace/rustup-home:/opt/rustwide/rustup-home:ro,Z" "-m" "1610612736" "--network" "none" "ghcr.io/rust-lang/crates-build-env/linux@sha256:77db811e55d90add9212f6832c23229e3de5f1c1f9905e8cb07319ea15df73ac" "sleep" "infinity", kill_on_drop: false }`
[INFO] [stdout] e14de3196e5da9bedb17e58ede380bdedeb63ab8257fe6d934d13e3f243d3111
[INFO] running `Command { std: "docker" "start" "e14de3196e5da9bedb17e58ede380bdedeb63ab8257fe6d934d13e3f243d3111", kill_on_drop: false }`
[INFO] running `Command { std: "docker" "inspect" "e14de3196e5da9bedb17e58ede380bdedeb63ab8257fe6d934d13e3f243d3111", kill_on_drop: false }`
[INFO] running `Command { std: "docker" "exec" "-e" "SOURCE_DIR=/opt/rustwide/workdir" "-e" "CARGO_HOME=/opt/rustwide/cargo-home" "-e" "RUSTUP_HOME=/opt/rustwide/rustup-home" "-e" "CARGO_TARGET_DIR=/opt/rustwide/target" "-w" "/opt/rustwide/workdir" "--user" "0:0" "e14de3196e5da9bedb17e58ede380bdedeb63ab8257fe6d934d13e3f243d3111" "/opt/rustwide/cargo-home/bin/cargo" "+3154cc1a3e6424e44f438a95007d043ed5ceaaf6" "metadata" "--no-deps" "--format-version=1", kill_on_drop: false }`
[INFO] running `Command { std: "docker" "inspect" "e14de3196e5da9bedb17e58ede380bdedeb63ab8257fe6d934d13e3f243d3111", kill_on_drop: false }`
[INFO] running `Command { std: "docker" "exec" "-e" "SOURCE_DIR=/opt/rustwide/workdir" "-e" "CARGO_HOME=/opt/rustwide/cargo-home" "-e" "RUSTUP_HOME=/opt/rustwide/rustup-home" "-e" "CARGO_TARGET_DIR=/opt/rustwide/target" "-e" "CARGO_INCREMENTAL=0" "-e" "RUST_BACKTRACE=full" "-e" "RUSTFLAGS=--cap-lints=forbid -Znext-solver=coherence" "-e" "RUSTDOCFLAGS=--cap-lints=forbid" "-w" "/opt/rustwide/workdir" "--user" "0:0" "e14de3196e5da9bedb17e58ede380bdedeb63ab8257fe6d934d13e3f243d3111" "/opt/rustwide/cargo-home/bin/cargo" "+3154cc1a3e6424e44f438a95007d043ed5ceaaf6" "check" "--frozen" "--all" "--all-targets" "--message-format=json", kill_on_drop: false }`
[INFO] [stderr]     Checking aoc_tools v0.1.1 (https://github.com/fesm0750/aoc_tools#da94c0da)
[INFO] [stderr]     Checking aoc2025 v0.1.0 (/opt/rustwide/workdir)
[INFO] [stdout] error[E0308]: mismatched types
[INFO] [stdout]   --> src/bin/day04.rs:88:32
[INFO] [stdout]    |
[INFO] [stdout] 88 |         .map(|offset| origin + offset)
[INFO] [stdout]    |                       ------   ^^^^^^ expected `Pair<i32>`, found `&Pair<i32>`
[INFO] [stdout]    |                       |
[INFO] [stdout]    |                       expected because this is `Pair<i32>`
[INFO] [stdout]    |
[INFO] [stdout]    = note: expected struct `Pair<_>`
[INFO] [stdout]            found reference `&Pair<_>`
[INFO] [stdout] help: consider dereferencing the borrow
[INFO] [stdout]    |
[INFO] [stdout] 88 |         .map(|offset| origin + *offset)
[INFO] [stdout]    |                                +
[INFO] [stdout] 
[INFO] [stdout] 
[INFO] [stdout] error[E0308]: mismatched types
[INFO] [stdout]   --> src/bin/day04.rs:88:32
[INFO] [stdout]    |
[INFO] [stdout] 88 |         .map(|offset| origin + offset)
[INFO] [stdout]    |                       ------   ^^^^^^ expected `Pair<i32>`, found `&Pair<i32>`
[INFO] [stdout]    |                       |
[INFO] [stdout]    |                       expected because this is `Pair<i32>`
[INFO] [stdout]    |
[INFO] [stdout]    = note: expected struct `Pair<_>`
[INFO] [stdout]            found reference `&Pair<_>`
[INFO] [stdout] help: consider dereferencing the borrow
[INFO] [stdout]    |
[INFO] [stdout] 88 |         .map(|offset| origin + *offset)
[INFO] [stdout]    |                                +
[INFO] [stdout] 
[INFO] [stdout] 
[INFO] [stdout] error[E0015]: cannot call non-const associated function `Pair::<i32>::new` in constants
[INFO] [stdout]   --> src/bin/day04.rs:79:9
[INFO] [stdout]    |
[INFO] [stdout] 79 |         Pair::new(-1, -1), Pair::new(0, -1), Pair::new(1, -1),
[INFO] [stdout]    |         ^^^^^^^^^^^^^^^^^
[INFO] [stdout]    |
[INFO] [stdout]    = note: calls in constants are limited to constant functions, tuple structs and tuple variants
[INFO] [stdout] 
[INFO] [stdout] 
[INFO] [stdout] error[E0015]: cannot call non-const associated function `Pair::<i32>::new` in constants
[INFO] [stdout]   --> src/bin/day04.rs:79:28
[INFO] [stdout]    |
[INFO] [stdout] 79 |         Pair::new(-1, -1), Pair::new(0, -1), Pair::new(1, -1),
[INFO] [stdout]    |                            ^^^^^^^^^^^^^^^^
[INFO] [stdout]    |
[INFO] [stdout]    = note: calls in constants are limited to constant functions, tuple structs and tuple variants
[INFO] [stdout] 
[INFO] [stdout] 
[INFO] [stdout] error[E0015]: cannot call non-const associated function `Pair::<i32>::new` in constants
[INFO] [stdout]   --> src/bin/day04.rs:79:46
[INFO] [stdout]    |
[INFO] [stdout] 79 |         Pair::new(-1, -1), Pair::new(0, -1), Pair::new(1, -1),
[INFO] [stdout]    |                                              ^^^^^^^^^^^^^^^^
[INFO] [stdout]    |
[INFO] [stdout]    = note: calls in constants are limited to constant functions, tuple structs and tuple variants
[INFO] [stdout] 
[INFO] [stdout] 
[INFO] [stdout] error[E0015]: cannot call non-const associated function `Pair::<i32>::new` in constants
[INFO] [stdout]   --> src/bin/day04.rs:80:9
[INFO] [stdout]    |
[INFO] [stdout] 80 |         Pair::new(-1,  0),                        Pair::new(1,  0),
[INFO] [stdout]    |         ^^^^^^^^^^^^^^^^^
[INFO] [stdout]    |
[INFO] [stdout]    = note: calls in constants are limited to constant functions, tuple structs and tuple variants
[INFO] [stdout] 
[INFO] [stdout] 
[INFO] [stdout] error[E0015]: cannot call non-const associated function `Pair::<i32>::new` in constants
[INFO] [stdout]   --> src/bin/day04.rs:80:51
[INFO] [stdout]    |
[INFO] [stdout] 80 |         Pair::new(-1,  0),                        Pair::new(1,  0),
[INFO] [stdout]    |                                                   ^^^^^^^^^^^^^^^^
[INFO] [stdout]    |
[INFO] [stdout]    = note: calls in constants are limited to constant functions, tuple structs and tuple variants
[INFO] [stdout] 
[INFO] [stdout] 
[INFO] [stdout] error[E0015]: cannot call non-const associated function `Pair::<i32>::new` in constants
[INFO] [stdout]   --> src/bin/day04.rs:81:9
[INFO] [stdout]    |
[INFO] [stdout] 81 |         Pair::new(-1,  1), Pair::new(0,  1), Pair::new(1,  1),
[INFO] [stdout]    |         ^^^^^^^^^^^^^^^^^
[INFO] [stdout]    |
[INFO] [stdout]    = note: calls in constants are limited to constant functions, tuple structs and tuple variants
[INFO] [stdout] 
[INFO] [stdout] 
[INFO] [stdout] error[E0015]: cannot call non-const associated function `Pair::<i32>::new` in constants
[INFO] [stdout]   --> src/bin/day04.rs:81:28
[INFO] [stdout]    |
[INFO] [stdout] 81 |         Pair::new(-1,  1), Pair::new(0,  1), Pair::new(1,  1),
[INFO] [stdout]    |                            ^^^^^^^^^^^^^^^^
[INFO] [stdout]    |
[INFO] [stdout]    = note: calls in constants are limited to constant functions, tuple structs and tuple variants
[INFO] [stdout] 
[INFO] [stdout] 
[INFO] [stdout] error[E0015]: cannot call non-const associated function `Pair::<i32>::new` in constants
[INFO] [stdout]   --> src/bin/day04.rs:79:9
[INFO] [stdout]    |
[INFO] [stdout] 79 |         Pair::new(-1, -1), Pair::new(0, -1), Pair::new(1, -1),
[INFO] [stdout]    |         ^^^^^^^^^^^^^^^^^
[INFO] [stdout]    |
[INFO] [stdout]    = note: calls in constants are limited to constant functions, tuple structs and tuple variants
[INFO] [stdout] 
[INFO] [stdout] 
[INFO] [stdout] error[E0015]: cannot call non-const associated function `Pair::<i32>::new` in constants
[INFO] [stdout]   --> src/bin/day04.rs:81:46
[INFO] [stdout]    |
[INFO] [stdout] 81 |         Pair::new(-1,  1), Pair::new(0,  1), Pair::new(1,  1),
[INFO] [stdout]    |                                              ^^^^^^^^^^^^^^^^
[INFO] [stdout]    |
[INFO] [stdout]    = note: calls in constants are limited to constant functions, tuple structs and tuple variants
[INFO] [stdout] 
[INFO] [stdout] 
[INFO] [stdout] error[E0015]: cannot call non-const associated function `Pair::<i32>::new` in constants
[INFO] [stdout]   --> src/bin/day04.rs:79:28
[INFO] [stdout]    |
[INFO] [stdout] 79 |         Pair::new(-1, -1), Pair::new(0, -1), Pair::new(1, -1),
[INFO] [stdout]    |                            ^^^^^^^^^^^^^^^^
[INFO] [stdout]    |
[INFO] [stdout]    = note: calls in constants are limited to constant functions, tuple structs and tuple variants
[INFO] [stdout] 
[INFO] [stdout] 
[INFO] [stdout] error[E0015]: cannot call non-const associated function `Pair::<i32>::new` in constants
[INFO] [stdout]   --> src/bin/day04.rs:79:46
[INFO] [stdout]    |
[INFO] [stdout] 79 |         Pair::new(-1, -1), Pair::new(0, -1), Pair::new(1, -1),
[INFO] [stdout]    |                                              ^^^^^^^^^^^^^^^^
[INFO] [stdout]    |
[INFO] [stdout]    = note: calls in constants are limited to constant functions, tuple structs and tuple variants
[INFO] [stdout] 
[INFO] [stdout] 
[INFO] [stdout] error[E0015]: cannot call non-const associated function `Pair::<i32>::new` in constants
[INFO] [stdout]   --> src/bin/day04.rs:80:9
[INFO] [stdout]    |
[INFO] [stdout] 80 |         Pair::new(-1,  0),                        Pair::new(1,  0),
[INFO] [stdout]    |         ^^^^^^^^^^^^^^^^^
[INFO] [stdout]    |
[INFO] [stdout]    = note: calls in constants are limited to constant functions, tuple structs and tuple variants
[INFO] [stdout] 
[INFO] [stdout] 
[INFO] [stdout] error[E0015]: cannot call non-const associated function `Pair::<i32>::new` in constants
[INFO] [stdout]   --> src/bin/day04.rs:80:51
[INFO] [stdout]    |
[INFO] [stdout] 80 |         Pair::new(-1,  0),                        Pair::new(1,  0),
[INFO] [stdout]    |                                                   ^^^^^^^^^^^^^^^^
[INFO] [stdout]    |
[INFO] [stdout]    = note: calls in constants are limited to constant functions, tuple structs and tuple variants
[INFO] [stdout] 
[INFO] [stdout] 
[INFO] [stdout] error[E0015]: cannot call non-const associated function `Pair::<i32>::new` in constants
[INFO] [stdout]   --> src/bin/day04.rs:81:9
[INFO] [stdout]    |
[INFO] [stdout] 81 |         Pair::new(-1,  1), Pair::new(0,  1), Pair::new(1,  1),
[INFO] [stdout]    |         ^^^^^^^^^^^^^^^^^
[INFO] [stdout]    |
[INFO] [stdout]    = note: calls in constants are limited to constant functions, tuple structs and tuple variants
[INFO] [stdout] 
[INFO] [stdout] 
[INFO] [stdout] error[E0015]: cannot call non-const associated function `Pair::<i32>::new` in constants
[INFO] [stdout]   --> src/bin/day04.rs:81:28
[INFO] [stdout]    |
[INFO] [stdout] 81 |         Pair::new(-1,  1), Pair::new(0,  1), Pair::new(1,  1),
[INFO] [stdout]    |                            ^^^^^^^^^^^^^^^^
[INFO] [stdout]    |
[INFO] [stdout]    = note: calls in constants are limited to constant functions, tuple structs and tuple variants
[INFO] [stdout] 
[INFO] [stdout] 
[INFO] [stdout] error[E0015]: cannot call non-const associated function `Pair::<i32>::new` in constants
[INFO] [stdout]   --> src/bin/day04.rs:81:46
[INFO] [stdout]    |
[INFO] [stdout] 81 |         Pair::new(-1,  1), Pair::new(0,  1), Pair::new(1,  1),
[INFO] [stdout]    |                                              ^^^^^^^^^^^^^^^^
[INFO] [stdout]    |
[INFO] [stdout]    = note: calls in constants are limited to constant functions, tuple structs and tuple variants
[INFO] [stdout] 
[INFO] [stdout] 
[INFO] [stdout] Some errors have detailed explanations: E0015, E0308.
[INFO] [stdout] 
[INFO] [stdout] For more information about an error, try `rustc --explain E0015`.
[INFO] [stdout] 
[INFO] [stdout] Some errors have detailed explanations: E0015, E0308.
[INFO] [stdout] 
[INFO] [stdout] For more information about an error, try `rustc --explain E0015`.
[INFO] [stdout] 
[INFO] [stderr] error: could not compile `aoc2025` (bin "day04" test) due to 9 previous errors
[INFO] [stderr] warning: build failed, waiting for other jobs to finish...
[INFO] [stderr] error: could not compile `aoc2025` (bin "day04") due to 9 previous errors
[INFO] running `Command { std: "docker" "inspect" "e14de3196e5da9bedb17e58ede380bdedeb63ab8257fe6d934d13e3f243d3111", kill_on_drop: false }`
[INFO] running `Command { std: "docker" "rm" "-f" "e14de3196e5da9bedb17e58ede380bdedeb63ab8257fe6d934d13e3f243d3111", kill_on_drop: false }`
[INFO] [stdout] e14de3196e5da9bedb17e58ede380bdedeb63ab8257fe6d934d13e3f243d3111
