[INFO] cloning repository https://github.com/fer2618/projeto_final_Rust_DIO
[INFO] running `Command { std: "git" "-c" "credential.helper=" "-c" "credential.helper=/workspace/cargo-home/bin/git-credential-null" "clone" "--bare" "https://github.com/fer2618/projeto_final_Rust_DIO" "/workspace/cache/git-repos/https%3A%2F%2Fgithub.com%2Ffer2618%2Fprojeto_final_Rust_DIO", kill_on_drop: false }`
[INFO] [stderr] Cloning into bare repository '/workspace/cache/git-repos/https%3A%2F%2Fgithub.com%2Ffer2618%2Fprojeto_final_Rust_DIO'...
[INFO] running `Command { std: "git" "rev-parse" "HEAD", kill_on_drop: false }`
[INFO] [stdout] 944074b07ca87993a8dbe0857781cd8163e57371
[INFO] checking fer2618/projeto_final_Rust_DIO against 3154cc1a3e6424e44f438a95007d043ed5ceaaf6+rustflags=-Znext-solver=coherence for pr-133502-30
[INFO] running `Command { std: "git" "clone" "/workspace/cache/git-repos/https%3A%2F%2Fgithub.com%2Ffer2618%2Fprojeto_final_Rust_DIO" "/workspace/builds/worker-1-tc1/source", kill_on_drop: false }`
[INFO] [stderr] Cloning into '/workspace/builds/worker-1-tc1/source'...
[INFO] [stderr] done.
[INFO] started tweaking git repo https://github.com/fer2618/projeto_final_Rust_DIO
[INFO] finished tweaking git repo https://github.com/fer2618/projeto_final_Rust_DIO
[INFO] tweaked toml for git repo https://github.com/fer2618/projeto_final_Rust_DIO written to /workspace/builds/worker-1-tc1/source/Cargo.toml
[INFO] validating manifest of git repo https://github.com/fer2618/projeto_final_Rust_DIO on toolchain 3154cc1a3e6424e44f438a95007d043ed5ceaaf6
[INFO] running `Command { std: CARGO_HOME="/workspace/cargo-home" RUSTUP_HOME="/workspace/rustup-home" "/workspace/cargo-home/bin/cargo" "+3154cc1a3e6424e44f438a95007d043ed5ceaaf6" "metadata" "--manifest-path" "Cargo.toml" "--no-deps", kill_on_drop: false }`
[INFO] crate git repo https://github.com/fer2618/projeto_final_Rust_DIO already has a lockfile, it will not be regenerated
[INFO] running `Command { std: CARGO_HOME="/workspace/cargo-home" RUSTUP_HOME="/workspace/rustup-home" "/workspace/cargo-home/bin/cargo" "+3154cc1a3e6424e44f438a95007d043ed5ceaaf6" "fetch" "--manifest-path" "Cargo.toml", kill_on_drop: false }`
[INFO] [stderr]     Updating crates.io index
[INFO] [stderr]  Downloading crates ...
[INFO] [stderr]   Downloaded thread_local v1.1.9
[INFO] [stderr]   Downloaded tokio-macros v2.6.1
[INFO] [stderr]   Downloaded socket2 v0.6.3
[INFO] [stderr]   Downloaded password-auth v1.0.0
[INFO] [stderr]   Downloaded hmac-sha256 v1.1.14
[INFO] [stderr]   Downloaded cpubits v0.1.0
[INFO] [stderr]   Downloaded ghash v0.5.1
[INFO] [stderr]   Downloaded crypto-common v0.2.1
[INFO] [stderr]   Downloaded hmac-sha512 v1.1.12
[INFO] [stderr]   Downloaded aes-keywrap v0.9.0
[INFO] [stderr]   Downloaded cipher v0.5.1
[INFO] [stderr]   Downloaded crossbeam-queue v0.3.12
[INFO] [stderr]   Downloaded ecdsa v0.16.9
[INFO] [stderr]   Downloaded ctr v0.9.2
[INFO] [stderr]   Downloaded coarsetime v0.1.37
[INFO] [stderr]   Downloaded hybrid-array v0.4.8
[INFO] [stderr]   Downloaded polyval v0.6.2
[INFO] [stderr]   Downloaded universal-hash v0.5.1
[INFO] [stderr]   Downloaded hmac-sha1-compact v1.1.7
[INFO] [stderr]   Downloaded glob v0.3.3
[INFO] [stderr]   Downloaded wasm-bindgen-shared v0.2.115
[INFO] [stderr]   Downloaded crc-catalog v2.4.0
[INFO] [stderr]   Downloaded aead v0.5.2
[INFO] [stderr]   Downloaded tokio-stream v0.1.18
[INFO] [stderr]   Downloaded libredox v0.1.15
[INFO] [stderr]   Downloaded primeorder v0.13.6
[INFO] [stderr]   Downloaded base16ct v0.2.0
[INFO] [stderr]   Downloaded wasm-bindgen-macro v0.2.115
[INFO] [stderr]   Downloaded num-iter v0.1.45
[INFO] [stderr]   Downloaded rfc6979 v0.4.0
[INFO] [stderr]   Downloaded indenter v0.3.4
[INFO] [stderr]   Downloaded num-conv v0.2.1
[INFO] [stderr]   Downloaded opaque-debug v0.3.1
[INFO] [stderr]   Downloaded rustc-hash v2.1.2
[INFO] [stderr]   Downloaded color-spantrace v0.3.0
[INFO] [stderr]   Downloaded wasm-bindgen-macro-support v0.2.115
[INFO] [stderr]   Downloaded rustc-demangle v0.1.27
[INFO] [stderr]   Downloaded ed25519-compact v2.2.0
[INFO] [stderr]   Downloaded ct-codecs v1.1.6
[INFO] [stderr]   Downloaded p256 v0.13.2
[INFO] [stderr]   Downloaded binstring v0.1.7
[INFO] [stderr]   Downloaded wasm-bindgen v0.2.115
[INFO] [stderr]   Downloaded eyre v0.6.12
[INFO] [stderr]   Downloaded askama_macros v0.15.6
[INFO] [stderr]   Downloaded tracing-error v0.2.1
[INFO] [stderr]   Downloaded time-macros v0.2.27
[INFO] [stderr]   Downloaded tinyvec v1.11.0
[INFO] [stderr]   Downloaded jwt-simple v0.12.14
[INFO] [stderr]   Downloaded sec1 v0.7.3
[INFO] [stderr]   Downloaded group v0.13.0
[INFO] [stderr]   Downloaded ff v0.13.1
[INFO] [stderr]   Downloaded blake2b_simd v1.0.4
[INFO] [stderr]   Downloaded owo-colors v4.3.0
[INFO] [stderr]   Downloaded axum-core v0.5.6
[INFO] [stderr]   Downloaded console v0.16.3
[INFO] [stderr]   Downloaded addr2line v0.25.1
[INFO] [stderr]   Downloaded askama v0.15.6
[INFO] [stderr]   Downloaded elliptic-curve v0.13.8
[INFO] [stderr]   Downloaded matchit v0.8.4
[INFO] [stderr]   Downloaded axum-macros v0.5.0
[INFO] [stderr]   Downloaded crypto-bigint v0.5.5
[INFO] [stderr]   Downloaded k256 v0.13.4
[INFO] [stderr]   Downloaded basic-toml v0.1.10
[INFO] [stderr]   Downloaded mio v1.2.0
[INFO] [stderr]   Downloaded cc v1.2.58
[INFO] [stderr]   Downloaded aes v0.9.0-rc.4
[INFO] [stderr]   Downloaded askama_parser v0.15.6
[INFO] [stderr]   Downloaded zerocopy-derive v0.8.47
[INFO] [stderr]   Downloaded axum-extra v0.12.5
[INFO] [stderr]   Downloaded js-sys v0.3.92
[INFO] [stderr]   Downloaded insta v1.47.0
[INFO] [stderr]   Downloaded backtrace v0.3.76
[INFO] [stderr]   Downloaded askama_derive v0.15.6
[INFO] [stderr]   Downloaded aes-gcm v0.10.3
[INFO] [stderr]   Downloaded regex v1.12.3
[INFO] [stderr]   Downloaded axum v0.8.8
[INFO] [stderr]   Downloaded boring v4.21.2
[INFO] [stderr]   Downloaded wasix v0.13.1
[INFO] [stderr]   Downloaded superboring v0.1.7
[INFO] [stderr]   Downloaded p384 v0.13.1
[INFO] [stderr]   Downloaded winnow v1.0.0
[INFO] [stderr]   Downloaded zerocopy v0.8.47
[INFO] [stderr]   Downloaded gimli v0.32.3
[INFO] [stderr]   Downloaded regex-syntax v0.8.10
[INFO] [stderr]   Downloaded object v0.37.3
[INFO] [stderr]   Downloaded regex-automata v0.4.14
[INFO] [stderr]   Downloaded tokio v1.50.0
[INFO] [stderr]   Downloaded color-eyre v0.6.5
[INFO] [stderr]   Downloaded libc v0.2.183
[INFO] [stderr]   Downloaded boring-sys v4.21.2
[INFO] running `Command { std: "docker" "create" "-v" "/var/lib/crater-agent-workspace/builds/worker-1-tc1/source:/opt/rustwide/workdir:ro,Z" "-v" "/var/lib/crater-agent-workspace/builds/worker-1-tc1/target:/opt/rustwide/target:rw,Z" "-v" "/var/lib/crater-agent-workspace/cargo-home:/opt/rustwide/cargo-home:ro,Z" "-v" "/var/lib/crater-agent-workspace/rustup-home:/opt/rustwide/rustup-home:ro,Z" "-m" "1610612736" "--network" "none" "ghcr.io/rust-lang/crates-build-env/linux@sha256:77db811e55d90add9212f6832c23229e3de5f1c1f9905e8cb07319ea15df73ac" "sleep" "infinity", kill_on_drop: false }`
[INFO] [stdout] 3cc816054ee67f736489f10239469e4476c721cfcea7ff55a0a8afe86fc410aa
[INFO] running `Command { std: "docker" "start" "3cc816054ee67f736489f10239469e4476c721cfcea7ff55a0a8afe86fc410aa", kill_on_drop: false }`
[INFO] running `Command { std: "docker" "inspect" "3cc816054ee67f736489f10239469e4476c721cfcea7ff55a0a8afe86fc410aa", kill_on_drop: false }`
[INFO] running `Command { std: "docker" "exec" "-e" "SOURCE_DIR=/opt/rustwide/workdir" "-e" "CARGO_HOME=/opt/rustwide/cargo-home" "-e" "RUSTUP_HOME=/opt/rustwide/rustup-home" "-e" "CARGO_TARGET_DIR=/opt/rustwide/target" "-w" "/opt/rustwide/workdir" "--user" "0:0" "3cc816054ee67f736489f10239469e4476c721cfcea7ff55a0a8afe86fc410aa" "/opt/rustwide/cargo-home/bin/cargo" "+3154cc1a3e6424e44f438a95007d043ed5ceaaf6" "metadata" "--no-deps" "--format-version=1", kill_on_drop: false }`
[INFO] running `Command { std: "docker" "inspect" "3cc816054ee67f736489f10239469e4476c721cfcea7ff55a0a8afe86fc410aa", kill_on_drop: false }`
[INFO] running `Command { std: "docker" "exec" "-e" "SOURCE_DIR=/opt/rustwide/workdir" "-e" "CARGO_HOME=/opt/rustwide/cargo-home" "-e" "RUSTUP_HOME=/opt/rustwide/rustup-home" "-e" "CARGO_TARGET_DIR=/opt/rustwide/target" "-e" "CARGO_INCREMENTAL=0" "-e" "RUST_BACKTRACE=full" "-e" "RUSTFLAGS=--cap-lints=forbid -Znext-solver=coherence" "-e" "RUSTDOCFLAGS=--cap-lints=forbid" "-w" "/opt/rustwide/workdir" "--user" "0:0" "3cc816054ee67f736489f10239469e4476c721cfcea7ff55a0a8afe86fc410aa" "/opt/rustwide/cargo-home/bin/cargo" "+3154cc1a3e6424e44f438a95007d043ed5ceaaf6" "check" "--frozen" "--all" "--all-targets" "--message-format=json", kill_on_drop: false }`
[INFO] [stderr]    Compiling proc-macro2 v1.0.106
[INFO] [stderr]    Compiling quote v1.0.45
[INFO] [stderr]    Compiling libc v0.2.183
[INFO] [stderr]    Compiling serde v1.0.228
[INFO] [stderr]    Compiling typenum v1.19.0
[INFO] [stderr]     Checking zeroize v1.8.2
[INFO] [stderr]    Compiling generic-array v0.14.7
[INFO] [stderr]    Compiling serde_core v1.0.228
[INFO] [stderr]     Checking subtle v2.6.1
[INFO] [stderr]     Checking const-oid v0.9.6
[INFO] [stderr]    Compiling memchr v2.8.0
[INFO] [stderr]    Compiling icu_normalizer_data v2.1.1
[INFO] [stderr]    Compiling stable_deref_trait v1.2.1
[INFO] [stderr]    Compiling icu_properties_data v2.1.2
[INFO] [stderr]    Compiling zerocopy v0.8.47
[INFO] [stderr]    Compiling crossbeam-utils v0.8.21
[INFO] [stderr]     Checking base64ct v1.8.3
[INFO] [stderr]    Compiling zmij v1.0.21
[INFO] [stderr]    Compiling syn v2.0.117
[INFO] [stderr]     Checking getrandom v0.2.17
[INFO] [stderr]     Checking bytes v1.11.1
[INFO] [stderr]     Checking rand_core v0.6.4
[INFO] [stderr]     Checking futures-core v0.3.32
[INFO] [stderr]     Checking tracing-core v0.1.36
[INFO] [stderr]    Compiling serde_json v1.0.149
[INFO] [stderr]     Checking block-buffer v0.10.4
[INFO] [stderr]     Checking crypto-common v0.1.7
[INFO] [stderr]     Checking log v0.4.29
[INFO] [stderr]     Checking digest v0.10.7
[INFO] [stderr]     Checking cpufeatures v0.2.17
[INFO] [stderr]    Compiling litemap v0.8.1
[INFO] [stderr]     Checking hmac v0.12.1
[INFO] [stderr]    Compiling writeable v0.6.2
[INFO] [stderr]     Checking pem-rfc7468 v0.7.0
[INFO] [stderr]    Compiling thiserror v2.0.18
[INFO] [stderr]    Compiling autocfg v1.5.0
[INFO] [stderr]     Checking der v0.7.10
[INFO] [stderr]     Checking mio v1.2.0
[INFO] [stderr]     Checking socket2 v0.6.3
[INFO] [stderr]    Compiling num-traits v0.2.19
[INFO] [stderr]    Compiling bitflags v2.11.0
[INFO] [stderr]    Compiling pin-project-lite v0.2.17
[INFO] [stderr]     Checking futures-sink v0.3.32
[INFO] [stderr]    Compiling glob v0.3.3
[INFO] [stderr]    Compiling rustc-hash v2.1.2
[INFO] [stderr]     Checking hkdf v0.12.4
[INFO] [stderr]     Checking sha2 v0.10.9
[INFO] [stderr]     Checking ff v0.13.1
[INFO] [stderr]    Compiling clang-sys v1.8.1
[INFO] [stderr]     Checking spki v0.7.3
[INFO] [stderr]    Compiling minimal-lexical v0.2.1
[INFO] [stderr]     Checking base16ct v0.2.0
[INFO] [stderr]     Checking pkcs8 v0.10.2
[INFO] [stderr]    Compiling shlex v1.3.0
[INFO] [stderr]    Compiling regex-syntax v0.8.10
[INFO] [stderr]     Checking sec1 v0.7.3
[INFO] [stderr]    Compiling nom v7.1.3
[INFO] [stderr]     Checking group v0.13.0
[INFO] [stderr]     Checking form_urlencoded v1.2.2
[INFO] [stderr]     Checking http v1.4.0
[INFO] [stderr]     Checking crypto-bigint v0.5.5
[INFO] [stderr]    Compiling libloading v0.8.9
[INFO] [stderr]    Compiling foldhash v0.1.5
[INFO] [stderr]    Compiling percent-encoding v2.3.2
[INFO] [stderr]     Checking futures-io v0.3.32
[INFO] [stderr]    Compiling tinyvec_macros v0.1.1
[INFO] [stderr]    Compiling regex-automata v0.4.14
[INFO] [stderr]    Compiling allocator-api2 v0.2.21
[INFO] [stderr]    Compiling bindgen v0.72.1
[INFO] [stderr]     Checking futures-task v0.3.32
[INFO] [stderr]    Compiling cexpr v0.6.0
[INFO] [stderr]    Compiling hashbrown v0.15.5
[INFO] [stderr]    Compiling tokio v1.50.0
[INFO] [stderr]     Checking futures-util v0.3.32
[INFO] [stderr]    Compiling synstructure v0.13.2
[INFO] [stderr]    Compiling regex v1.12.3
[INFO] [stderr]     Checking elliptic-curve v0.13.8
[INFO] [stderr]    Compiling tinyvec v1.11.0
[INFO] [stderr]    Compiling cc v1.2.58
[INFO] [stderr]    Compiling serde_derive v1.0.228
[INFO] [stderr]    Compiling zerofrom-derive v0.1.6
[INFO] [stderr]    Compiling yoke-derive v0.8.1
[INFO] [stderr]    Compiling zerovec-derive v0.11.2
[INFO] [stderr]    Compiling displaydoc v0.2.5
[INFO] [stderr]    Compiling tracing-attributes v0.1.31
[INFO] [stderr]    Compiling zerofrom v0.1.6
[INFO] [stderr]    Compiling thiserror-impl v2.0.18
[INFO] [stderr]    Compiling tokio-macros v2.6.1
[INFO] [stderr]    Compiling yoke v0.8.1
[INFO] [stderr]     Checking tracing v0.1.44
[INFO] [stderr]    Compiling zerovec v0.11.5
[INFO] [stderr]    Compiling zerotrie v0.2.3
[INFO] [stderr]     Checking ppv-lite86 v0.2.21
[INFO] [stderr]    Compiling tinystr v0.8.2
[INFO] [stderr]    Compiling potential_utf v0.1.4
[INFO] [stderr]    Compiling icu_locale_core v2.1.1
[INFO] [stderr]    Compiling icu_collections v2.1.1
[INFO] [stderr]     Checking rand_chacha v0.3.1
[INFO] [stderr]     Checking http-body v1.0.1
[INFO] [stderr]    Compiling concurrent-queue v2.5.0
[INFO] [stderr]     Checking icu_provider v2.1.1
[INFO] [stderr]     Checking futures-channel v0.3.32
[INFO] [stderr]     Checking icu_properties v2.1.2
[INFO] [stderr]     Checking scopeguard v1.2.0
[INFO] [stderr]    Compiling slab v0.4.12
[INFO] [stderr]    Compiling hashbrown v0.16.1
[INFO] [stderr]     Checking smallvec v1.15.1
[INFO] [stderr]    Compiling either v1.15.0
[INFO] [stderr]     Checking icu_normalizer v2.1.1
[INFO] [stderr]    Compiling parking_lot_core v0.9.12
[INFO] [stderr]    Compiling itertools v0.13.0
[INFO] [stderr]    Compiling parking_lot v0.12.5
[INFO] [stderr]    Compiling crc-catalog v2.4.0
[INFO] [stderr]    Compiling parking v2.2.1
[INFO] [stderr]    Compiling indexmap v2.13.0
[INFO] [stderr]    Compiling event-listener v5.4.1
[INFO] [stderr]    Compiling crc v3.4.0
[INFO] [stderr]    Compiling futures-intrusive v0.5.0
[INFO] [stderr]     Checking idna_adapter v1.2.1
[INFO] [stderr]    Compiling idna v1.1.0
[INFO] [stderr]     Checking lock_api v0.4.14
[INFO] [stderr]     Checking rand v0.8.5
[INFO] [stderr]    Compiling tokio-stream v0.1.18
[INFO] [stderr]    Compiling url v2.5.8
[INFO] [stderr]    Compiling cmake v0.1.58
[INFO] [stderr]    Compiling unicode-normalization v0.1.25
[INFO] [stderr]    Compiling hashlink v0.10.0
[INFO] [stderr]    Compiling crossbeam-queue v0.3.12
[INFO] [stderr]     Checking rfc6979 v0.4.0
[INFO] [stderr]     Checking signature v2.2.0
[INFO] [stderr]    Compiling fslock v0.2.1
[INFO] [stderr]    Compiling unicode-bidi v0.3.18
[INFO] [stderr]    Compiling unicode-properties v0.1.4
[INFO] [stderr]     Checking base64 v0.22.1
[INFO] [stderr]     Checking tower-service v0.3.3
[INFO] [stderr]     Checking lazy_static v1.5.0
[INFO] [stderr]    Compiling fs_extra v1.3.0
[INFO] [stderr]     Checking sharded-slab v0.1.7
[INFO] [stderr]    Compiling stringprep v0.1.5
[INFO] [stderr]     Checking ecdsa v0.16.9
[INFO] [stderr]    Compiling atoi v2.0.0
[INFO] [stderr]     Checking httparse v1.10.1
[INFO] [stderr]    Compiling md-5 v0.10.6
[INFO] [stderr]     Checking tracing-log v0.2.0
[INFO] [stderr]    Compiling winnow v1.0.0
[INFO] [stderr]     Checking thread_local v1.1.9
[INFO] [stderr]    Compiling dotenvy v0.15.7
[INFO] [stderr]    Compiling time-core v0.1.8
[INFO] [stderr]     Checking httpdate v1.0.3
[INFO] [stderr]     Checking tower-layer v0.3.3
[INFO] [stderr]     Checking atomic-waker v1.1.2
[INFO] [stderr]    Compiling home v0.5.12
[INFO] [stderr]    Compiling owo-colors v4.3.0
[INFO] [stderr]    Compiling getrandom v0.3.4
[INFO] [stderr]    Compiling num-conv v0.2.1
[INFO] [stderr]     Checking nu-ansi-term v0.50.3
[INFO] [stderr]    Compiling whoami v1.6.1
[INFO] [stderr]    Compiling hex v0.4.3
[INFO] [stderr]     Checking pin-utils v0.1.0
[INFO] [stderr]    Compiling byteorder v1.5.0
[INFO] [stderr]     Checking sync_wrapper v1.0.2
[INFO] [stderr]    Compiling object v0.37.3
[INFO] [stderr]     Checking deranged v0.5.8
[INFO] [stderr]     Checking tracing-subscriber v0.3.23
[INFO] [stderr]     Checking hyper v1.8.1
[INFO] [stderr]    Compiling sqlx-core v0.8.6
[INFO] [stderr]    Compiling time-macros v0.2.27
[INFO] [stderr]    Compiling askama_parser v0.15.6
[INFO] [stderr]    Compiling basic-toml v0.1.10
[INFO] [stderr]     Checking http-body-util v0.1.3
[INFO] [stderr]    Compiling foreign-types-macros v0.2.3
[INFO] [stderr]     Checking primeorder v0.13.6
[INFO] [stderr]    Compiling cookie v0.18.1
[INFO] [stderr]    Compiling rustix v1.1.4
[INFO] [stderr]    Compiling anyhow v1.0.102
[INFO] [stderr]     Checking adler2 v2.0.1
[INFO] [stderr]     Checking mime v0.3.17
[INFO] [stderr]    Compiling color-spantrace v0.3.0
[INFO] [stderr]     Checking gimli v0.32.3
[INFO] [stderr]    Compiling eyre v0.6.12
[INFO] [stderr]    Compiling getrandom v0.4.2
[INFO] [stderr]     Checking time v0.3.47
[INFO] [stderr]     Checking axum-core v0.5.6
[INFO] [stderr]     Checking foreign-types v0.5.0
[INFO] [stderr]     Checking miniz_oxide v0.8.9
[INFO] [stderr]     Checking serde_urlencoded v0.7.1
[INFO] [stderr]     Checking tracing-error v0.2.1
[INFO] [stderr]    Compiling sqlx-postgres v0.8.6
[INFO] [stderr]     Checking hyper-util v0.1.20
[INFO] [stderr]     Checking tower v0.5.3
[INFO] [stderr]    Compiling askama_derive v0.15.6
[INFO] [stderr]    Compiling openssl-macros v0.1.1
[INFO] [stderr]     Checking addr2line v0.25.1
[INFO] [stderr]    Compiling boring-sys v4.21.2
[INFO] [stderr]    Compiling axum-macros v0.5.0
[INFO] [stderr]     Checking serde_path_to_error v0.1.20
[INFO] [stderr]     Checking blake2 v0.10.6
[INFO] [stderr]     Checking password-hash v0.5.0
[INFO] [stderr]     Checking matchit v0.8.4
[INFO] [stderr]     Checking constant_time_eq v0.4.2
[INFO] [stderr]     Checking rustc-demangle v0.1.27
[INFO] [stderr]     Checking arrayref v0.3.9
[INFO] [stderr]     Checking indenter v0.3.4
[INFO] [stderr]     Checking ct-codecs v1.1.6
[INFO] [stderr]     Checking arrayvec v0.7.6
[INFO] [stderr]     Checking linux-raw-sys v0.12.1
[INFO] [stderr]     Checking blake2b_simd v1.0.4
[INFO] [stderr]     Checking axum v0.8.8
[INFO] [stderr]     Checking ed25519-compact v2.2.0
[INFO] [stderr]     Checking argon2 v0.5.3
[INFO] [stderr]     Checking backtrace v0.3.76
[INFO] [stderr]    Compiling sqlx-macros-core v0.8.6
[INFO] [stderr]     Checking p384 v0.13.1
[INFO] [stderr]     Checking p256 v0.13.2
[INFO] [stderr]     Checking k256 v0.13.4
[INFO] [stderr]     Checking hmac-sha256 v1.1.14
[INFO] [stderr]     Checking hmac-sha512 v1.1.12
[INFO] [stderr]     Checking coarsetime v0.1.37
[INFO] [stderr]     Checking binstring v0.1.7
[INFO] [stderr]     Checking fastrand v2.3.0
[INFO] [stderr]     Checking hmac-sha1-compact v1.1.7
[INFO] [stderr]     Checking color-eyre v0.6.5
[INFO] [stderr]    Compiling askama_macros v0.15.6
[INFO] [stderr]     Checking tempfile v3.27.0
[INFO] [stderr]     Checking password-auth v1.0.0
[INFO] [stderr]     Checking console v0.16.3
[INFO] [stderr]     Checking askama v0.15.6
[INFO] [stderr]     Checking similar v2.7.0
[INFO] [stderr]     Checking insta v1.47.0
[INFO] [stderr]    Compiling sqlx-macros v0.8.6
[INFO] [stderr]     Checking axum-extra v0.12.5
[INFO] [stderr]     Checking sqlx v0.8.6
[INFO] [stderr]     Checking boring v4.21.2
[INFO] [stderr]     Checking jwt-simple v0.12.14
[INFO] [stderr]     Checking wallet-live v0.1.0 (/opt/rustwide/workdir)
[INFO] [stdout] error: error communicating with database: Connection refused (os error 111)
[INFO] [stdout]   --> src/repository.rs:17:9
[INFO] [stdout]    |
[INFO] [stdout] 17 | /         sqlx::query_as!(
[INFO] [stdout] 18 | |             Asset,
[INFO] [stdout] 19 | |             "SELECT id, name, quantity, unit_value
[INFO] [stdout] 20 | |              FROM assets;"
[INFO] [stdout] 21 | |         )
[INFO] [stdout]    | |_________^
[INFO] [stdout]    |
[INFO] [stdout]    = note: this error originates in the macro `$crate::sqlx_macros::expand_query` which comes from the expansion of the macro `sqlx::query_as` (in Nightly builds, run with -Z macro-backtrace for more info)
[INFO] [stdout] 
[INFO] [stdout] 
[INFO] [stdout] error: error communicating with database: Connection refused (os error 111)
[INFO] [stdout]   --> src/repository.rs:32:9
[INFO] [stdout]    |
[INFO] [stdout] 32 | /         sqlx::query_as!(
[INFO] [stdout] 33 | |             Asset,
[INFO] [stdout] 34 | |             "INSERT INTO assets (name, quantity, unit_value)
[INFO] [stdout] 35 | |              VALUES ($1, $2, $3)
[INFO] [stdout] ...  |
[INFO] [stdout] 39 | |             unit_value
[INFO] [stdout] 40 | |         )
[INFO] [stdout]    | |_________^
[INFO] [stdout]    |
[INFO] [stdout]    = note: this error originates in the macro `$crate::sqlx_macros::expand_query` which comes from the expansion of the macro `sqlx::query_as` (in Nightly builds, run with -Z macro-backtrace for more info)
[INFO] [stdout] 
[INFO] [stdout] 
[INFO] [stdout] error: error communicating with database: Connection refused (os error 111)
[INFO] [stdout]   --> src/repository.rs:52:9
[INFO] [stdout]    |
[INFO] [stdout] 52 | /         sqlx::query_as!(
[INFO] [stdout] 53 | |             Asset,
[INFO] [stdout] 54 | |             "UPDATE assets
[INFO] [stdout] 55 | |              SET name=COALESCE($2, name),
[INFO] [stdout] ...  |
[INFO] [stdout] 63 | |             unit_value
[INFO] [stdout] 64 | |         )
[INFO] [stdout]    | |_________^
[INFO] [stdout]    |
[INFO] [stdout]    = note: this error originates in the macro `$crate::sqlx_macros::expand_query` which comes from the expansion of the macro `sqlx::query_as` (in Nightly builds, run with -Z macro-backtrace for more info)
[INFO] [stdout] 
[INFO] [stdout] 
[INFO] [stdout] error: error communicating with database: Connection refused (os error 111)
[INFO] [stdout]   --> src/repository.rs:70:22
[INFO] [stdout]    |
[INFO] [stdout] 70 |         let result = sqlx::query!("DELETE FROM assets WHERE id = $1", asset_id)
[INFO] [stdout]    |                      ^^^^^^^^^^^^^^^^^^^^^^^^^^^^^^^^^^^^^^^^^^^^^^^^^^^^^^^^^^
[INFO] [stdout]    |
[INFO] [stdout]    = note: this error originates in the macro `$crate::sqlx_macros::expand_query` which comes from the expansion of the macro `sqlx::query` (in Nightly builds, run with -Z macro-backtrace for more info)
[INFO] [stdout] 
[INFO] [stdout] 
[INFO] [stdout] error: error communicating with database: Connection refused (os error 111)
[INFO] [stdout]   --> src/repository.rs:78:9
[INFO] [stdout]    |
[INFO] [stdout] 78 | /         sqlx::query_as!(
[INFO] [stdout] 79 | |             UserRecord,
[INFO] [stdout] 80 | |             "INSERT INTO users (username, password_hash)
[INFO] [stdout] 81 | |              VALUES ($1, $2)
[INFO] [stdout] ...  |
[INFO] [stdout] 84 | |             password_hash,
[INFO] [stdout] 85 | |         )
[INFO] [stdout]    | |_________^
[INFO] [stdout]    |
[INFO] [stdout]    = note: this error originates in the macro `$crate::sqlx_macros::expand_query` which comes from the expansion of the macro `sqlx::query_as` (in Nightly builds, run with -Z macro-backtrace for more info)
[INFO] [stdout] 
[INFO] [stdout] 
[INFO] [stdout] error: error communicating with database: Connection refused (os error 111)
[INFO] [stdout]   --> src/repository.rs:91:9
[INFO] [stdout]    |
[INFO] [stdout] 91 | /         sqlx::query_as!(
[INFO] [stdout] 92 | |             UserRecord,
[INFO] [stdout] 93 | |             "SELECT id, username, password_hash
[INFO] [stdout] 94 | |              FROM users
[INFO] [stdout] 95 | |              WHERE username = $1;",
[INFO] [stdout] 96 | |             username
[INFO] [stdout] 97 | |         )
[INFO] [stdout]    | |_________^
[INFO] [stdout]    |
[INFO] [stdout]    = note: this error originates in the macro `$crate::sqlx_macros::expand_query` which comes from the expansion of the macro `sqlx::query_as` (in Nightly builds, run with -Z macro-backtrace for more info)
[INFO] [stdout] 
[INFO] [stdout] 
[INFO] [stdout] error: error communicating with database: Connection refused (os error 111)
[INFO] [stdout]   --> src/repository.rs:17:9
[INFO] [stdout]    |
[INFO] [stdout] 17 | /         sqlx::query_as!(
[INFO] [stdout] 18 | |             Asset,
[INFO] [stdout] 19 | |             "SELECT id, name, quantity, unit_value
[INFO] [stdout] 20 | |              FROM assets;"
[INFO] [stdout] 21 | |         )
[INFO] [stdout]    | |_________^
[INFO] [stdout]    |
[INFO] [stdout]    = note: this error originates in the macro `$crate::sqlx_macros::expand_query` which comes from the expansion of the macro `sqlx::query_as` (in Nightly builds, run with -Z macro-backtrace for more info)
[INFO] [stdout] 
[INFO] [stdout] 
[INFO] [stdout] error: error communicating with database: Connection refused (os error 111)
[INFO] [stdout]   --> src/repository.rs:32:9
[INFO] [stdout]    |
[INFO] [stdout] 32 | /         sqlx::query_as!(
[INFO] [stdout] 33 | |             Asset,
[INFO] [stdout] 34 | |             "INSERT INTO assets (name, quantity, unit_value)
[INFO] [stdout] 35 | |              VALUES ($1, $2, $3)
[INFO] [stdout] ...  |
[INFO] [stdout] 39 | |             unit_value
[INFO] [stdout] 40 | |         )
[INFO] [stdout]    | |_________^
[INFO] [stdout]    |
[INFO] [stdout]    = note: this error originates in the macro `$crate::sqlx_macros::expand_query` which comes from the expansion of the macro `sqlx::query_as` (in Nightly builds, run with -Z macro-backtrace for more info)
[INFO] [stdout] 
[INFO] [stdout] 
[INFO] [stdout] error: error communicating with database: Connection refused (os error 111)
[INFO] [stdout]   --> src/repository.rs:52:9
[INFO] [stdout]    |
[INFO] [stdout] 52 | /         sqlx::query_as!(
[INFO] [stdout] 53 | |             Asset,
[INFO] [stdout] 54 | |             "UPDATE assets
[INFO] [stdout] 55 | |              SET name=COALESCE($2, name),
[INFO] [stdout] ...  |
[INFO] [stdout] 63 | |             unit_value
[INFO] [stdout] 64 | |         )
[INFO] [stdout]    | |_________^
[INFO] [stdout]    |
[INFO] [stdout]    = note: this error originates in the macro `$crate::sqlx_macros::expand_query` which comes from the expansion of the macro `sqlx::query_as` (in Nightly builds, run with -Z macro-backtrace for more info)
[INFO] [stdout] 
[INFO] [stdout] 
[INFO] [stdout] error: error communicating with database: Connection refused (os error 111)
[INFO] [stdout]   --> src/repository.rs:70:22
[INFO] [stdout]    |
[INFO] [stdout] 70 |         let result = sqlx::query!("DELETE FROM assets WHERE id = $1", asset_id)
[INFO] [stdout]    |                      ^^^^^^^^^^^^^^^^^^^^^^^^^^^^^^^^^^^^^^^^^^^^^^^^^^^^^^^^^^
[INFO] [stdout]    |
[INFO] [stdout]    = note: this error originates in the macro `$crate::sqlx_macros::expand_query` which comes from the expansion of the macro `sqlx::query` (in Nightly builds, run with -Z macro-backtrace for more info)
[INFO] [stdout] 
[INFO] [stdout] 
[INFO] [stdout] error: error communicating with database: Connection refused (os error 111)
[INFO] [stdout]   --> src/repository.rs:78:9
[INFO] [stdout]    |
[INFO] [stdout] 78 | /         sqlx::query_as!(
[INFO] [stdout] 79 | |             UserRecord,
[INFO] [stdout] 80 | |             "INSERT INTO users (username, password_hash)
[INFO] [stdout] 81 | |              VALUES ($1, $2)
[INFO] [stdout] ...  |
[INFO] [stdout] 84 | |             password_hash,
[INFO] [stdout] 85 | |         )
[INFO] [stdout]    | |_________^
[INFO] [stdout]    |
[INFO] [stdout]    = note: this error originates in the macro `$crate::sqlx_macros::expand_query` which comes from the expansion of the macro `sqlx::query_as` (in Nightly builds, run with -Z macro-backtrace for more info)
[INFO] [stdout] 
[INFO] [stdout] 
[INFO] [stdout] error: error communicating with database: Connection refused (os error 111)
[INFO] [stdout]   --> src/repository.rs:91:9
[INFO] [stdout]    |
[INFO] [stdout] 91 | /         sqlx::query_as!(
[INFO] [stdout] 92 | |             UserRecord,
[INFO] [stdout] 93 | |             "SELECT id, username, password_hash
[INFO] [stdout] 94 | |              FROM users
[INFO] [stdout] 95 | |              WHERE username = $1;",
[INFO] [stdout] 96 | |             username
[INFO] [stdout] 97 | |         )
[INFO] [stdout]    | |_________^
[INFO] [stdout]    |
[INFO] [stdout]    = note: this error originates in the macro `$crate::sqlx_macros::expand_query` which comes from the expansion of the macro `sqlx::query_as` (in Nightly builds, run with -Z macro-backtrace for more info)
[INFO] [stdout] 
[INFO] [stdout] 
[INFO] [stdout] warning: method call on a diverging inference variable
[INFO] [stdout]   --> src/repository.rs:74:19
[INFO] [stdout]    |
[INFO] [stdout] 74 |         Ok(result.rows_affected() > 0)
[INFO] [stdout]    |                   ^^^^^^^^^^^^^
[INFO] [stdout]    |
[INFO] [stdout]    = help: consider providing a type annotation
[INFO] [stdout]    = warning: this was previously accepted by the compiler but is being phased out; it will become a hard error in a future release!
[INFO] [stdout]    = note: for more information, see issue #156047 <https://github.com/rust-lang/rust/issues/156047>
[INFO] [stdout]    = note: `#[warn(method_call_on_diverging_infer_var)]` (part of `#[warn(future_incompatible)]`) on by default
[INFO] [stdout] 
[INFO] [stdout] 
[INFO] [stdout] error[E0599]: no method named `rows_affected` found for type `!` in the current scope
[INFO] [stdout]   --> src/repository.rs:74:19
[INFO] [stdout]    |
[INFO] [stdout] 74 |         Ok(result.rows_affected() > 0)
[INFO] [stdout]    |                   ^^^^^^^^^^^^^ method not found in `!`
[INFO] [stdout] 
[INFO] [stdout] 
[INFO] [stdout] warning: method call on a diverging inference variable
[INFO] [stdout]   --> src/repository.rs:74:19
[INFO] [stdout]    |
[INFO] [stdout] 74 |         Ok(result.rows_affected() > 0)
[INFO] [stdout]    |                   ^^^^^^^^^^^^^
[INFO] [stdout]    |
[INFO] [stdout]    = help: consider providing a type annotation
[INFO] [stdout]    = warning: this was previously accepted by the compiler but is being phased out; it will become a hard error in a future release!
[INFO] [stdout]    = note: for more information, see issue #156047 <https://github.com/rust-lang/rust/issues/156047>
[INFO] [stdout]    = note: `#[warn(method_call_on_diverging_infer_var)]` (part of `#[warn(future_incompatible)]`) on by default
[INFO] [stdout] 
[INFO] [stdout] 
[INFO] [stdout] error[E0599]: no method named `rows_affected` found for type `!` in the current scope
[INFO] [stdout]   --> src/repository.rs:74:19
[INFO] [stdout]    |
[INFO] [stdout] 74 |         Ok(result.rows_affected() > 0)
[INFO] [stdout]    |                   ^^^^^^^^^^^^^ method not found in `!`
[INFO] [stdout] 
[INFO] [stdout] 
[INFO] [stdout] For more information about this error, try `rustc --explain E0599`.
[INFO] [stdout] 
[INFO] [stderr] error: could not compile `wallet-live` (bin "wallet-live" test) due to 7 previous errors; 2 warnings emitted
[INFO] [stderr] warning: build failed, waiting for other jobs to finish...
[INFO] [stdout] For more information about this error, try `rustc --explain E0599`.
[INFO] [stdout] 
[INFO] [stderr] error: could not compile `wallet-live` (bin "wallet-live") due to 7 previous errors; 2 warnings emitted
[INFO] running `Command { std: "docker" "inspect" "3cc816054ee67f736489f10239469e4476c721cfcea7ff55a0a8afe86fc410aa", kill_on_drop: false }`
[INFO] running `Command { std: "docker" "rm" "-f" "3cc816054ee67f736489f10239469e4476c721cfcea7ff55a0a8afe86fc410aa", kill_on_drop: false }`
[INFO] [stdout] 3cc816054ee67f736489f10239469e4476c721cfcea7ff55a0a8afe86fc410aa
